This is the mail archive of the
gcc-testresults@gcc.gnu.org
mailing list for the GCC project.
Results for 3.5.0 20040616 (experimental) testsuite on i686-pc-linux-gnu
- From: rasky at develer dot com
- To: gcc-testresults at gcc dot gnu dot org
- Date: 16 Jun 2004 14:58:53 -0000
- Subject: Results for 3.5.0 20040616 (experimental) testsuite on i686-pc-linux-gnu
LAST_UPDATED: Tue Dec 16 01:44:43 UTC 2003
Native configuration is i686-pc-linux-gnu
=== g++ tests ===
Running target unix
FAIL: g++.dg/other/abstract2.C (test for errors, line 9)
FAIL: g++.dg/other/abstract2.C (test for errors, line 10)
FAIL: g++.dg/other/abstract2.C (test for errors, line 11)
FAIL: g++.dg/other/abstract2.C (test for errors, line 17)
FAIL: g++.dg/other/abstract2.C (test for errors, line 18)
FAIL: g++.dg/other/abstract2.C (test for errors, line 19)
FAIL: g++.dg/other/abstract2.C (test for errors, line 22)
FAIL: g++.dg/other/abstract2.C (test for errors, line 23)
FAIL: g++.dg/other/abstract2.C (test for errors, line 28)
FAIL: g++.dg/other/abstract2.C (test for errors, line 29)
FAIL: g++.dg/other/abstract2.C (test for errors, line 30)
FAIL: g++.dg/other/abstract2.C (test for errors, line 31)
FAIL: g++.dg/other/abstract2.C (test for errors, line 32)
FAIL: g++.dg/other/abstract2.C (test for errors, line 36)
FAIL: g++.dg/other/abstract2.C (test for errors, line 37)
FAIL: g++.dg/other/abstract2.C (test for errors, line 38)
FAIL: g++.dg/other/abstract2.C (test for errors, line 39)
FAIL: g++.dg/other/abstract2.C (test for errors, line 40)
FAIL: g++.dg/other/abstract2.C (test for errors, line 49)
FAIL: g++.dg/other/abstract2.C (test for errors, line 50)
FAIL: g++.dg/other/abstract2.C (test for errors, line 55)
FAIL: g++.dg/other/abstract2.C (test for errors, line 57)
FAIL: g++.dg/template/dependent-expr4.C (test for excess errors)
FAIL: 258: expected branch percentages not found: 25
FAIL: g++.dg/gcov/gcov-1.C gcov: 0 failures in line counts, 1 in branch percentages, 0 in return percentages
XPASS: g++.old-deja/g++.bugs/900205_03.C (test for errors, line 21)
XPASS: g++.old-deja/g++.bugs/900205_03.C (test for errors, line 24)
XPASS: g++.old-deja/g++.bugs/900205_03.C (test for errors, line 44)
XPASS: g++.old-deja/g++.bugs/900205_03.C (test for errors, line 47)
XPASS: g++.old-deja/g++.jason/cond.C (test for errors, line 20)
XPASS: g++.old-deja/g++.jason/cond.C (test for errors, line 22)
XPASS: g++.old-deja/g++.jason/cond.C (test for errors, line 25)
XPASS: g++.old-deja/g++.jason/cond.C (test for errors, line 27)
WARNING: g++.old-deja/g++.mike/p10769a.C compilation failed to produce executable
XPASS: g++.old-deja/g++.mike/p646.C (test for warnings, line 105)
XPASS: g++.old-deja/g++.mike/p646.C (test for warnings, line 113)
XPASS: g++.old-deja/g++.mike/p646.C (test for warnings, line 121)
XPASS: g++.old-deja/g++.mike/p646.C (test for warnings, line 128)
XPASS: g++.old-deja/g++.mike/p646.C (test for warnings, line 134)
WARNING: g++.old-deja/g++.other/enum5.C compilation failed to produce executable
FAIL: g++.old-deja/g++.other/warn7.C (test for warnings, line 38)
WARNING: g++.old-deja/g++.pt/friend44.C compilation failed to produce executable
=== g++ Summary ===
# of expected passes 9877
# of unexpected failures 26
# of unexpected successes 13
# of expected failures 81
# of unsupported tests 42
/home/rasky/gcc/mainline/out/gcc/testsuite/../g++ version 3.5.0 20040616 (experimental)
=== gcc tests ===
Running target unix
FAIL: gcc.c-torture/compile/950613-1.c (test for excess errors)
FAIL: gcc.c-torture/compile/950613-1.c (test for excess errors)
FAIL: gcc.c-torture/execute/va-arg-25.c execution, -Os
FAIL: gcc.dg/debug/dwarf2/dwarf-die7.c scan-assembler 1.*DW_AT_inline
FAIL: gcc.dg/c90-const-expr-3.c (test for excess errors)
FAIL: gcc.dg/c99-const-expr-3.c (test for excess errors)
FAIL: gcc.dg/i386-sse-5.c (test for excess errors)
XPASS: gcc.dg/i386-ssetype-1.c scan-assembler-not movdqa
XPASS: gcc.dg/i386-ssetype-3.c scan-assembler-not movdqa
FAIL: gcc.dg/noreturn-1.c detect return from noreturn (test for warnings, line 37)
FAIL: gcc.dg/noreturn-1.c (test for excess errors)
XPASS: gcc.dg/setjmp-1.c spurious clobbered warning (test for bogus messages, line 16)
FAIL: gcc.dg/simd-1.c (test for excess errors)
FAIL: 209: expected branch percentages not found: 25
FAIL: gcc.misc-tests/gcov-4b.c gcov: 0 failures in line counts, 1 in branch percentages, 0 in return percentages
=== gcc Summary ===
# of expected passes 26403
# of unexpected failures 12
# of unexpected successes 3
# of expected failures 68
# of untested testcases 28
# of unsupported tests 207
/home/rasky/gcc/mainline/out/gcc/xgcc version 3.5.0 20040616 (experimental)
=== libffi tests ===
Running target unix
=== libffi Summary ===
# of expected passes 212
# of unsupported tests 2
=== libjava tests ===
Running target unix
=== libjava Summary ===
# of expected passes 3369
# of expected failures 14
# of untested testcases 16
=== libmudflap tests ===
Running target unix
FAIL: libmudflap.cth/pass40-frag.c execution test
FAIL: libmudflap.cth/pass40-frag.c output pattern test
FAIL: libmudflap.cth/pass40-frag.c (-O2) execution test
FAIL: libmudflap.cth/pass40-frag.c (-O2) output pattern test
FAIL: libmudflap.cth/pass40-frag.c (-O3) execution test
FAIL: libmudflap.cth/pass40-frag.c (-O3) output pattern test
=== libmudflap Summary ===
# of expected passes 1094
# of unexpected failures 6
=== libstdc++-v3 check-abi Summary ===
# of added symbols: 308
# of missing symbols: 291
# of incompatible symbols: 291
=== libstdc++ tests ===
Running target unix
XPASS: 26_numerics/c99_classification_macros_c.cc (test for excess errors)
=== libstdc++ Summary ===
# of expected passes 2686
# of unexpected successes 1
# of expected failures 5
Compiler version: 3.5.0 20040616 (experimental)
Platform: i686-pc-linux-gnu
configure flags: --enable-languages=c,c++,java