This is the mail archive of the
gcc-testresults@gcc.gnu.org
mailing list for the GCC project.
Results for 3.5.0-sh-elf 20040608 (experimental) testsuite on sh-unknown-elf
- From: Joern Rennecke <joern dot rennecke at superh dot com>
- To: gcc-testresults at gcc dot gnu dot org
- Date: Mon, 14 Jun 2004 17:46:31 +0100
- Subject: Results for 3.5.0-sh-elf 20040608 (experimental) testsuite on sh-unknown-elf
LAST_UPDATED:
Target is sh-unknown-elf
Host is i686-pc-linux-gnu
=== g++ tests ===
Running target sh-hms-sim
WARNING: program timed out.
FAIL: g++.dg/eh/cleanup1.C (test for excess errors)
ERROR: g++.dg/ext/altivec-1.C: 1: too many arguments for " dg-do 1 compile { target powerpc*-*-* } { xfail powerpc-ibm-aix* } "
UNRESOLVED: g++.dg/ext/altivec-1.C: 1: too many arguments for " dg-do 1 compile { target powerpc*-*-* } { xfail powerpc-ibm-aix* } "
ERROR: g++.dg/ext/altivec-10.C: 3: too many arguments for " dg-do 3 compile { target powerpc*-*-* } { xfail powerpc-ibm-aix* } "
UNRESOLVED: g++.dg/ext/altivec-10.C: 3: too many arguments for " dg-do 3 compile { target powerpc*-*-* } { xfail powerpc-ibm-aix* } "
ERROR: g++.dg/ext/altivec-2.C: 1: too many arguments for " dg-do 1 run { target powerpc*-*-* } { xfail powerpc-ibm-aix* } "
UNRESOLVED: g++.dg/ext/altivec-2.C: 1: too many arguments for " dg-do 1 run { target powerpc*-*-* } { xfail powerpc-ibm-aix* } "
ERROR: g++.dg/ext/altivec-3.C: 1: too many arguments for " dg-do 1 run { target powerpc*-*-* } { xfail powerpc-ibm-aix* } "
UNRESOLVED: g++.dg/ext/altivec-3.C: 1: too many arguments for " dg-do 1 run { target powerpc*-*-* } { xfail powerpc-ibm-aix* } "
ERROR: g++.dg/ext/altivec-4.C: 1: too many arguments for " dg-do 1 compile { target powerpc*-*-* } { xfail powerpc-ibm-aix* } "
UNRESOLVED: g++.dg/ext/altivec-4.C: 1: too many arguments for " dg-do 1 compile { target powerpc*-*-* } { xfail powerpc-ibm-aix* } "
ERROR: g++.dg/ext/altivec-5.C: 1: too many arguments for " dg-do 1 compile { target powerpc*-*-* } { xfail powerpc-ibm-aix* } "
UNRESOLVED: g++.dg/ext/altivec-5.C: 1: too many arguments for " dg-do 1 compile { target powerpc*-*-* } { xfail powerpc-ibm-aix* } "
ERROR: g++.dg/ext/altivec-6.C: 3: too many arguments for " dg-do 3 compile { target powerpc*-*-* } { xfail powerpc-ibm-aix* } "
UNRESOLVED: g++.dg/ext/altivec-6.C: 3: too many arguments for " dg-do 3 compile { target powerpc*-*-* } { xfail powerpc-ibm-aix* } "
ERROR: g++.dg/ext/altivec-7.C: 2: too many arguments for " dg-do 2 compile { target powerpc*-*-* } { xfail powerpc-ibm-aix* } "
UNRESOLVED: g++.dg/ext/altivec-7.C: 2: too many arguments for " dg-do 2 compile { target powerpc*-*-* } { xfail powerpc-ibm-aix* } "
ERROR: g++.dg/ext/altivec-8.C: 1: too many arguments for " dg-do 1 compile { target powerpc*-*-* } { xfail powerpc-ibm-aix* } "
UNRESOLVED: g++.dg/ext/altivec-8.C: 1: too many arguments for " dg-do 1 compile { target powerpc*-*-* } { xfail powerpc-ibm-aix* } "
ERROR: g++.dg/ext/altivec-9.C: 2: too many arguments for " dg-do 2 compile { target powerpc*-*-* } { xfail powerpc-ibm-aix* } "
UNRESOLVED: g++.dg/ext/altivec-9.C: 2: too many arguments for " dg-do 2 compile { target powerpc*-*-* } { xfail powerpc-ibm-aix* } "
FAIL: g++.dg/other/cxa-atexit1.C (test for excess errors)
FAIL: g++.dg/other/profile1.C execution test
FAIL: g++.dg/parse/stack1.C (test for excess errors)
FAIL: g++.dg/parse/varmod1.C (test for errors, line 5)
FAIL: g++.old-deja/g++.brendan/crash13.C (test for errors, line 34)
FAIL: g++.old-deja/g++.bugs/900205_03.C (test for errors, line 21)
FAIL: g++.old-deja/g++.bugs/900205_03.C (test for errors, line 24)
FAIL: g++.old-deja/g++.bugs/900205_03.C (test for errors, line 44)
FAIL: g++.old-deja/g++.bugs/900205_03.C (test for errors, line 47)
FAIL: g++.old-deja/g++.bugs/900322_01.C (test for errors, line 46)
FAIL: g++.old-deja/g++.bugs/900322_01.C (test for errors, line 51)
FAIL: g++.old-deja/g++.bugs/900322_01.C (test for errors, line 52)
FAIL: g++.old-deja/g++.jason/2371.C (test for excess errors)
FAIL: g++.old-deja/g++.jason/c-inline.C (test for excess errors)
FAIL: g++.old-deja/g++.jason/context.C (test for excess errors)
FAIL: g++.old-deja/g++.jason/inline.C (test for excess errors)
XPASS: g++.old-deja/g++.jason/rfg16.C (test for bogus messages, line 5)
FAIL: g++.old-deja/g++.jason/synth5.C (test for excess errors)
XPASS: g++.old-deja/g++.jason/thunk3.C execution test
FAIL: g++.old-deja/g++.law/friend5.C (test for errors, line 19)
FAIL: g++.old-deja/g++.law/friend5.C (test for errors, line 24)
WARNING: g++.old-deja/g++.mike/p10769a.C compilation failed to produce executable
FAIL: g++.old-deja/g++.mike/p646.C (test for warnings, line 104)
FAIL: g++.old-deja/g++.mike/p646.C (test for warnings, line 112)
FAIL: g++.old-deja/g++.mike/p646.C (test for warnings, line 120)
FAIL: g++.old-deja/g++.mike/p646.C (test for warnings, line 127)
FAIL: g++.old-deja/g++.mike/p646.C (test for warnings, line 133)
FAIL: g++.old-deja/g++.other/builtins9.C (test for excess errors)
WARNING: g++.old-deja/g++.other/builtins9.C compilation failed to produce executable
WARNING: g++.old-deja/g++.other/enum5.C compilation failed to produce executable
FAIL: g++.old-deja/g++.other/warn7.C (test for warnings, line 38)
WARNING: g++.old-deja/g++.pt/friend44.C compilation failed to produce executable
=== g++ Summary for sh-hms-sim ===
# of expected passes 9701
# of unexpected failures 27
# of unexpected successes 2
# of expected failures 84
# of unresolved testcases 10
# of unsupported tests 90
Running target sh-hms-sim/-m4/-ml
WARNING: program timed out.
FAIL: g++.dg/eh/cleanup1.C (test for excess errors)
ERROR: g++.dg/ext/altivec-1.C: 1: too many arguments for " dg-do 1 compile { target powerpc*-*-* } { xfail powerpc-ibm-aix* } "
UNRESOLVED: g++.dg/ext/altivec-1.C: 1: too many arguments for " dg-do 1 compile { target powerpc*-*-* } { xfail powerpc-ibm-aix* } "
ERROR: g++.dg/ext/altivec-10.C: 3: too many arguments for " dg-do 3 compile { target powerpc*-*-* } { xfail powerpc-ibm-aix* } "
UNRESOLVED: g++.dg/ext/altivec-10.C: 3: too many arguments for " dg-do 3 compile { target powerpc*-*-* } { xfail powerpc-ibm-aix* } "
ERROR: g++.dg/ext/altivec-2.C: 1: too many arguments for " dg-do 1 run { target powerpc*-*-* } { xfail powerpc-ibm-aix* } "
UNRESOLVED: g++.dg/ext/altivec-2.C: 1: too many arguments for " dg-do 1 run { target powerpc*-*-* } { xfail powerpc-ibm-aix* } "
ERROR: g++.dg/ext/altivec-3.C: 1: too many arguments for " dg-do 1 run { target powerpc*-*-* } { xfail powerpc-ibm-aix* } "
UNRESOLVED: g++.dg/ext/altivec-3.C: 1: too many arguments for " dg-do 1 run { target powerpc*-*-* } { xfail powerpc-ibm-aix* } "
ERROR: g++.dg/ext/altivec-4.C: 1: too many arguments for " dg-do 1 compile { target powerpc*-*-* } { xfail powerpc-ibm-aix* } "
UNRESOLVED: g++.dg/ext/altivec-4.C: 1: too many arguments for " dg-do 1 compile { target powerpc*-*-* } { xfail powerpc-ibm-aix* } "
ERROR: g++.dg/ext/altivec-5.C: 1: too many arguments for " dg-do 1 compile { target powerpc*-*-* } { xfail powerpc-ibm-aix* } "
UNRESOLVED: g++.dg/ext/altivec-5.C: 1: too many arguments for " dg-do 1 compile { target powerpc*-*-* } { xfail powerpc-ibm-aix* } "
ERROR: g++.dg/ext/altivec-6.C: 3: too many arguments for " dg-do 3 compile { target powerpc*-*-* } { xfail powerpc-ibm-aix* } "
UNRESOLVED: g++.dg/ext/altivec-6.C: 3: too many arguments for " dg-do 3 compile { target powerpc*-*-* } { xfail powerpc-ibm-aix* } "
ERROR: g++.dg/ext/altivec-7.C: 2: too many arguments for " dg-do 2 compile { target powerpc*-*-* } { xfail powerpc-ibm-aix* } "
UNRESOLVED: g++.dg/ext/altivec-7.C: 2: too many arguments for " dg-do 2 compile { target powerpc*-*-* } { xfail powerpc-ibm-aix* } "
ERROR: g++.dg/ext/altivec-8.C: 1: too many arguments for " dg-do 1 compile { target powerpc*-*-* } { xfail powerpc-ibm-aix* } "
UNRESOLVED: g++.dg/ext/altivec-8.C: 1: too many arguments for " dg-do 1 compile { target powerpc*-*-* } { xfail powerpc-ibm-aix* } "
ERROR: g++.dg/ext/altivec-9.C: 2: too many arguments for " dg-do 2 compile { target powerpc*-*-* } { xfail powerpc-ibm-aix* } "
UNRESOLVED: g++.dg/ext/altivec-9.C: 2: too many arguments for " dg-do 2 compile { target powerpc*-*-* } { xfail powerpc-ibm-aix* } "
FAIL: g++.dg/other/cxa-atexit1.C (test for excess errors)
FAIL: g++.dg/parse/stack1.C (test for excess errors)
FAIL: g++.dg/parse/varmod1.C (test for errors, line 5)
FAIL: g++.old-deja/g++.brendan/crash13.C (test for errors, line 34)
FAIL: g++.old-deja/g++.bugs/900205_03.C (test for errors, line 21)
FAIL: g++.old-deja/g++.bugs/900205_03.C (test for errors, line 24)
FAIL: g++.old-deja/g++.bugs/900205_03.C (test for errors, line 44)
FAIL: g++.old-deja/g++.bugs/900205_03.C (test for errors, line 47)
FAIL: g++.old-deja/g++.bugs/900322_01.C (test for errors, line 46)
FAIL: g++.old-deja/g++.bugs/900322_01.C (test for errors, line 51)
FAIL: g++.old-deja/g++.bugs/900322_01.C (test for errors, line 52)
FAIL: g++.old-deja/g++.jason/2371.C (test for excess errors)
FAIL: g++.old-deja/g++.jason/c-inline.C (test for excess errors)
FAIL: g++.old-deja/g++.jason/context.C (test for excess errors)
FAIL: g++.old-deja/g++.jason/inline.C (test for excess errors)
XPASS: g++.old-deja/g++.jason/rfg16.C (test for bogus messages, line 5)
FAIL: g++.old-deja/g++.jason/synth5.C (test for excess errors)
XPASS: g++.old-deja/g++.jason/thunk3.C execution test
FAIL: g++.old-deja/g++.law/friend5.C (test for errors, line 19)
FAIL: g++.old-deja/g++.law/friend5.C (test for errors, line 24)
WARNING: g++.old-deja/g++.mike/p10769a.C compilation failed to produce executable
FAIL: g++.old-deja/g++.mike/p646.C (test for warnings, line 104)
FAIL: g++.old-deja/g++.mike/p646.C (test for warnings, line 112)
FAIL: g++.old-deja/g++.mike/p646.C (test for warnings, line 120)
FAIL: g++.old-deja/g++.mike/p646.C (test for warnings, line 127)
FAIL: g++.old-deja/g++.mike/p646.C (test for warnings, line 133)
FAIL: g++.old-deja/g++.other/builtins9.C (test for excess errors)
WARNING: g++.old-deja/g++.other/builtins9.C compilation failed to produce executable
WARNING: g++.old-deja/g++.other/enum5.C compilation failed to produce executable
FAIL: g++.old-deja/g++.other/warn7.C (test for warnings, line 38)
WARNING: g++.old-deja/g++.pt/friend44.C compilation failed to produce executable
=== g++ Summary for sh-hms-sim/-m4/-ml ===
# of expected passes 9702
# of unexpected failures 26
# of unexpected successes 2
# of expected failures 84
# of unresolved testcases 10
# of unsupported tests 90
=== g++ Summary ===
# of expected passes 19403
# of unexpected failures 53
# of unexpected successes 4
# of expected failures 168
# of unresolved testcases 20
# of unsupported tests 180
/swbuild/nightly/sh-elf-3.5-2004-06-14/sh-elf/gcc/testsuite/../g++ version 3.5.0-sh-elf 20040608 (experimental)
Host is i686-pc-linux-gnu
=== gcc tests ===
Running target sh-hms-sim
WARNING: program timed out.
FAIL: gcc.c-torture/compile/20001226-1.c -O1 (test for excess errors)
WARNING: program timed out.
FAIL: gcc.c-torture/compile/20001226-1.c -O2 (test for excess errors)
WARNING: program timed out.
FAIL: gcc.c-torture/compile/20001226-1.c -O3 -fomit-frame-pointer (test for excess errors)
WARNING: program timed out.
FAIL: gcc.c-torture/compile/20001226-1.c -O3 -g (test for excess errors)
WARNING: program timed out.
FAIL: gcc.c-torture/compile/20001226-1.c -Os (test for excess errors)
UNRESOLVED: gcc.c-torture/execute/20020720-1.c execution, -O1
UNRESOLVED: gcc.c-torture/execute/20020720-1.c execution, -O2
UNRESOLVED: gcc.c-torture/execute/20020720-1.c execution, -O3 -fomit-frame-pointer
UNRESOLVED: gcc.c-torture/execute/20020720-1.c execution, -O3 -g
UNRESOLVED: gcc.c-torture/execute/20020720-1.c execution, -Os
FAIL: gcc.dg/debug/dwarf2/dwarf-die7.c scan-assembler 1.*DW_AT_inline
FAIL: gcc.dg/debug/dwarf2/dwarf-die7.c scan-assembler 1.*DW_AT_inline
FAIL: gcc.dg/builtin-apply2.c execution test
FAIL: gcc.dg/builtins-18.c (test for excess errors)
FAIL: gcc.dg/builtins-20.c (test for excess errors)
FAIL: gcc.dg/c90-const-expr-3.c (test for excess errors)
FAIL: gcc.dg/c99-const-expr-3.c (test for excess errors)
XPASS: gcc.dg/setjmp-1.c spurious clobbered warning (test for bogus messages, line 16)
FAIL: gcc.dg/uninit-H.c (test for bogus messages, line 20)
FAIL: gcc.dg/torture/builtin-convert-1.c -O1 (test for excess errors)
FAIL: gcc.dg/torture/builtin-convert-1.c -O2 (test for excess errors)
FAIL: gcc.dg/torture/builtin-convert-1.c -O3 -fomit-frame-pointer (test for excess errors)
FAIL: gcc.dg/torture/builtin-convert-1.c -O3 -g (test for excess errors)
FAIL: gcc.dg/torture/builtin-convert-1.c -Os (test for excess errors)
FAIL: gcc.dg/torture/builtin-convert-2.c -O1 (test for excess errors)
FAIL: gcc.dg/torture/builtin-convert-2.c -O2 (test for excess errors)
FAIL: gcc.dg/torture/builtin-convert-2.c -O3 -fomit-frame-pointer (test for excess errors)
FAIL: gcc.dg/torture/builtin-convert-2.c -O3 -g (test for excess errors)
FAIL: gcc.dg/torture/builtin-convert-2.c -Os (test for excess errors)
FAIL: gcc.dg/torture/builtin-convert-3.c -O1 (test for excess errors)
FAIL: gcc.dg/torture/builtin-convert-3.c -O2 (test for excess errors)
FAIL: gcc.dg/torture/builtin-convert-3.c -O3 -fomit-frame-pointer (test for excess errors)
FAIL: gcc.dg/torture/builtin-convert-3.c -O3 -g (test for excess errors)
FAIL: gcc.dg/torture/builtin-convert-3.c -Os (test for excess errors)
FAIL: gcc.dg/torture/builtin-power-1.c -O0 (test for excess errors)
FAIL: gcc.dg/torture/builtin-power-1.c -O1 (test for excess errors)
FAIL: gcc.dg/torture/builtin-power-1.c -O2 (test for excess errors)
FAIL: gcc.dg/torture/builtin-power-1.c -O3 -fomit-frame-pointer (test for excess errors)
FAIL: gcc.dg/torture/builtin-power-1.c -O3 -g (test for excess errors)
FAIL: gcc.dg/torture/builtin-power-1.c -Os (test for excess errors)
=== gcc Summary for sh-hms-sim ===
# of expected passes 26733
# of unexpected failures 34
# of unexpected successes 1
# of expected failures 70
# of unresolved testcases 5
# of untested testcases 28
# of unsupported tests 373
Running target sh-hms-sim/-m4/-ml
WARNING: program timed out.
FAIL: gcc.c-torture/compile/20001226-1.c -O3 -g (test for excess errors)
UNRESOLVED: gcc.c-torture/execute/20020720-1.c execution, -O1
UNRESOLVED: gcc.c-torture/execute/20020720-1.c execution, -O2
UNRESOLVED: gcc.c-torture/execute/20020720-1.c execution, -O3 -fomit-frame-pointer
UNRESOLVED: gcc.c-torture/execute/20020720-1.c execution, -O3 -g
UNRESOLVED: gcc.c-torture/execute/20020720-1.c execution, -Os
FAIL: gcc.c-torture/execute/930603-3.c compilation, -O2
UNRESOLVED: gcc.c-torture/execute/930603-3.c execution, -O2
FAIL: gcc.c-torture/execute/930603-3.c compilation, -O3 -fomit-frame-pointer
UNRESOLVED: gcc.c-torture/execute/930603-3.c execution, -O3 -fomit-frame-pointer
FAIL: gcc.c-torture/execute/930603-3.c compilation, -O3 -g
UNRESOLVED: gcc.c-torture/execute/930603-3.c execution, -O3 -g
FAIL: gcc.c-torture/execute/930603-3.c compilation, -Os
UNRESOLVED: gcc.c-torture/execute/930603-3.c execution, -Os
FAIL: gcc.c-torture/execute/simd-1.c execution, -O0
FAIL: gcc.c-torture/unsorted/SFset.c, -O2
FAIL: gcc.c-torture/unsorted/SFset.c, -O3 -fomit-frame-pointer
FAIL: gcc.c-torture/unsorted/SFset.c, -O3 -g
FAIL: gcc.c-torture/unsorted/SFset.c, -Os
FAIL: gcc.dg/compat/struct-by-value-19 c_compat_x_tst.o-c_compat_y_tst.o execute
FAIL: gcc.dg/compat/struct-return-19 c_compat_x_tst.o-c_compat_y_tst.o execute
FAIL: gcc.dg/debug/dwarf2/dwarf-die7.c scan-assembler 1.*DW_AT_inline
FAIL: gcc.dg/debug/dwarf2/dwarf-die7.c scan-assembler 1.*DW_AT_inline
FAIL: gcc.dg/builtins-20.c (test for excess errors)
FAIL: gcc.dg/c90-const-expr-3.c (test for excess errors)
FAIL: gcc.dg/c99-const-expr-3.c (test for excess errors)
XPASS: gcc.dg/setjmp-1.c spurious clobbered warning (test for bogus messages, line 16)
FAIL: gcc.dg/uninit-H.c (test for bogus messages, line 20)
FAIL: gcc.dg/torture/builtin-convert-1.c -O1 (test for excess errors)
FAIL: gcc.dg/torture/builtin-convert-1.c -O2 (test for excess errors)
FAIL: gcc.dg/torture/builtin-convert-1.c -O3 -fomit-frame-pointer (test for excess errors)
FAIL: gcc.dg/torture/builtin-convert-1.c -O3 -g (test for excess errors)
FAIL: gcc.dg/torture/builtin-convert-1.c -Os (test for excess errors)
FAIL: gcc.dg/torture/builtin-convert-2.c -O1 (test for excess errors)
FAIL: gcc.dg/torture/builtin-convert-2.c -O2 (test for excess errors)
FAIL: gcc.dg/torture/builtin-convert-2.c -O3 -fomit-frame-pointer (test for excess errors)
FAIL: gcc.dg/torture/builtin-convert-2.c -O3 -g (test for excess errors)
FAIL: gcc.dg/torture/builtin-convert-2.c -Os (test for excess errors)
FAIL: gcc.dg/torture/builtin-convert-3.c -O1 (test for excess errors)
FAIL: gcc.dg/torture/builtin-convert-3.c -O2 (test for excess errors)
FAIL: gcc.dg/torture/builtin-convert-3.c -O3 -fomit-frame-pointer (test for excess errors)
FAIL: gcc.dg/torture/builtin-convert-3.c -O3 -g (test for excess errors)
FAIL: gcc.dg/torture/builtin-convert-3.c -Os (test for excess errors)
FAIL: gcc.dg/torture/builtin-power-1.c -O0 (test for excess errors)
FAIL: gcc.dg/torture/builtin-power-1.c -O1 (test for excess errors)
FAIL: gcc.dg/torture/builtin-power-1.c -O2 (test for excess errors)
FAIL: gcc.dg/torture/builtin-power-1.c -O3 -fomit-frame-pointer (test for excess errors)
FAIL: gcc.dg/torture/builtin-power-1.c -O3 -g (test for excess errors)
FAIL: gcc.dg/torture/builtin-power-1.c -Os (test for excess errors)
=== gcc Summary for sh-hms-sim/-m4/-ml ===
# of expected passes 26724
# of unexpected failures 39
# of unexpected successes 1
# of expected failures 70
# of unresolved testcases 9
# of untested testcases 28
# of unsupported tests 373
=== gcc Summary ===
# of expected passes 53457
# of unexpected failures 73
# of unexpected successes 2
# of expected failures 140
# of unresolved testcases 14
# of untested testcases 56
# of unsupported tests 746
/swbuild/nightly/sh-elf-3.5-2004-06-14/sh-elf/gcc/xgcc version 3.5.0-sh-elf 20040608 (experimental)
Host is i686-pc-linux-gnu
=== objc tests ===
Running target sh-hms-sim
=== objc Summary for sh-hms-sim ===
# of expected passes 1398
# of unsupported tests 8
Running target sh-hms-sim/-m4/-ml
FAIL: objc/execute/bf-18.m execution, -O0
FAIL: objc/execute/bf-3.m execution, -O3 -g
=== objc Summary for sh-hms-sim/-m4/-ml ===
# of expected passes 1396
# of unexpected failures 2
# of unsupported tests 8
=== objc Summary ===
# of expected passes 2794
# of unexpected failures 2
# of unsupported tests 16
/swbuild/nightly/sh-elf-3.5-2004-06-14/sh-elf/gcc/xgcc version 3.5.0-sh-elf 20040608 (experimental)
Compiler version: 3.5.0-sh-elf 20040608 (experimental)
Platform: sh-unknown-elf
configure flags: --target=sh-elf --with-headers --with-newlib,;t t