This is the mail archive of the gcc-testresults@gcc.gnu.org mailing list for the GCC project.


Index Nav: [Date Index] [Subject Index] [Author Index] [Thread Index]
Message Nav: [Date Prev] [Date Next] [Thread Prev] [Thread Next]
Other format: [Raw text]

Results for 3.5.0 20040611 (experimental) testsuite on powerpc-apple-darwin7.2.0


LAST_UPDATED: 
Native configuration is powerpc-apple-darwin7.2.0

		=== g++ tests ===


Running target unix
WARNING: program timed out.
FAIL: g++.dg/eh/cleanup1.C (test for excess errors)
FAIL: g++.dg/eh/simd-2.C (test for excess errors)
WARNING: g++.dg/eh/simd-2.C compilation failed to produce executable
FAIL: g++.dg/ext/altivec-2.C (test for excess errors)
WARNING: g++.dg/ext/altivec-2.C compilation failed to produce executable
FAIL: g++.dg/ext/altivec-4.C (test for excess errors)
FAIL: g++.dg/ext/altivec-5.C (test for excess errors)
FAIL: g++.dg/ext/altivec-6.C (test for excess errors)
FAIL: g++.dg/ext/altivec-8.C (test for excess errors)
UNRESOLVED: g++.dg/init/init-ref4.C
XPASS: g++.dg/other/packed1.C execution test
FAIL: g++.dg/parse/stack1.C (test for excess errors)
FAIL: g++.dg/warn/weak1.C (test for excess errors)
FAIL: 258: expected branch percentages not found: 25
FAIL: g++.dg/gcov/gcov-1.C gcov: 0 failures in line counts, 1 in branch percentages, 0 in return percentages
FAIL: 23:is 2:should be 1
FAIL: g++.dg/gcov/gcov-2.C gcov: 1 failures in line counts, 0 in branch percentages, 0 in return percentages
FAIL: g++.dg/special/conpr-3.C execution test
FAIL: g++.old-deja/g++.abi/cxa_vec.C execution test
FAIL: g++.old-deja/g++.brendan/crash13.C  (test for errors, line 34)
FAIL: g++.old-deja/g++.brendan/new3.C execution test
FAIL: g++.old-deja/g++.bugs/900205_03.C  (test for errors, line 21)
FAIL: g++.old-deja/g++.bugs/900205_03.C  (test for errors, line 24)
FAIL: g++.old-deja/g++.bugs/900205_03.C  (test for errors, line 44)
FAIL: g++.old-deja/g++.bugs/900205_03.C  (test for errors, line 47)
UNRESOLVED: g++.old-deja/g++.ext/attrib5.C
FAIL: g++.old-deja/g++.law/friend5.C  (test for errors, line 19)
FAIL: g++.old-deja/g++.law/friend5.C  (test for errors, line 24)
WARNING: g++.old-deja/g++.mike/p10769a.C compilation failed to produce executable
FAIL: g++.old-deja/g++.mike/p646.C  (test for warnings, line 104)
FAIL: g++.old-deja/g++.mike/p646.C  (test for warnings, line 112)
FAIL: g++.old-deja/g++.mike/p646.C  (test for warnings, line 120)
FAIL: g++.old-deja/g++.mike/p646.C  (test for warnings, line 127)
FAIL: g++.old-deja/g++.mike/p646.C  (test for warnings, line 133)
FAIL: g++.old-deja/g++.other/builtins9.C (test for excess errors)
WARNING: g++.old-deja/g++.other/builtins9.C compilation failed to produce executable
WARNING: g++.old-deja/g++.other/enum5.C compilation failed to produce executable
FAIL: g++.old-deja/g++.other/warn7.C  (test for warnings, line 38)
WARNING: g++.old-deja/g++.pt/friend44.C compilation failed to produce executable
UNRESOLVED: g++.old-deja/g++.pt/static3.C

		=== g++ Summary ===

# of expected passes		9714
# of unexpected failures	30
# of unexpected successes	1
# of expected failures		85
# of unresolved testcases	3
# of unsupported tests		88
/Users/regress/tbox/native/build/gcc/testsuite/../g++ version 3.5.0 20040611 (experimental)

		=== gcc tests ===


Running target unix
WARNING: program timed out.
FAIL: gcc.c-torture/compile/20001226-1.c (test for excess errors)
FAIL: gcc.c-torture/compile/920501-4.c (test for excess errors)
FAIL: gcc.c-torture/compile/920501-4.c (test for excess errors)
FAIL: gcc.c-torture/compile/920501-4.c (test for excess errors)
FAIL: gcc.c-torture/compile/920501-4.c (test for excess errors)
FAIL: gcc.c-torture/compile/920501-4.c (test for excess errors)
FAIL: gcc.c-torture/compile/920501-4.c (test for excess errors)
FAIL: gcc.c-torture/compile/930523-1.c (test for excess errors)
FAIL: gcc.c-torture/compile/labels-1.c (test for excess errors)
FAIL: gcc.c-torture/compile/labels-1.c (test for excess errors)
FAIL: gcc.c-torture/compile/labels-1.c (test for excess errors)
FAIL: gcc.c-torture/compile/labels-1.c (test for excess errors)
FAIL: gcc.c-torture/compile/labels-1.c (test for excess errors)
FAIL: gcc.c-torture/compile/labels-2.c (test for excess errors)
FAIL: gcc.c-torture/compile/labels-2.c (test for excess errors)
FAIL: gcc.c-torture/compile/labels-2.c (test for excess errors)
FAIL: gcc.c-torture/compile/labels-2.c (test for excess errors)
FAIL: gcc.c-torture/compile/labels-2.c (test for excess errors)
FAIL: gcc.c-torture/execute/20030811-1.c compilation,  -O0 
UNRESOLVED: gcc.c-torture/execute/20030811-1.c execution,  -O0 
FAIL: gcc.c-torture/execute/20030811-1.c compilation,  -O1 
UNRESOLVED: gcc.c-torture/execute/20030811-1.c execution,  -O1 
FAIL: gcc.c-torture/execute/20030811-1.c compilation,  -O2 
UNRESOLVED: gcc.c-torture/execute/20030811-1.c execution,  -O2 
FAIL: gcc.c-torture/execute/20030811-1.c compilation,  -O3 -fomit-frame-pointer 
UNRESOLVED: gcc.c-torture/execute/20030811-1.c execution,  -O3 -fomit-frame-pointer 
FAIL: gcc.c-torture/execute/20030811-1.c compilation,  -O3 -g 
UNRESOLVED: gcc.c-torture/execute/20030811-1.c execution,  -O3 -g 
FAIL: gcc.c-torture/execute/20030811-1.c compilation,  -Os 
UNRESOLVED: gcc.c-torture/execute/20030811-1.c execution,  -Os 
FAIL: gcc.c-torture/execute/931004-12.c execution,  -O0 
FAIL: gcc.c-torture/execute/931004-12.c execution,  -O1 
FAIL: gcc.c-torture/execute/931004-12.c execution,  -O2 
FAIL: gcc.c-torture/execute/931004-12.c execution,  -O3 -fomit-frame-pointer 
FAIL: gcc.c-torture/execute/931004-12.c execution,  -O3 -fomit-frame-pointer -funroll-loops 
FAIL: gcc.c-torture/execute/931004-12.c execution,  -O3 -fomit-frame-pointer -funroll-all-loops -finline-functions 
FAIL: gcc.c-torture/execute/931004-12.c execution,  -O3 -g 
FAIL: gcc.c-torture/execute/931004-12.c execution,  -Os 
FAIL: gcc.c-torture/execute/va-arg-22.c execution,  -O0 
FAIL: gcc.c-torture/execute/va-arg-22.c execution,  -O1 
FAIL: gcc.c-torture/execute/va-arg-22.c execution,  -O2 
FAIL: gcc.c-torture/execute/va-arg-22.c execution,  -O3 -fomit-frame-pointer 
FAIL: gcc.c-torture/execute/va-arg-22.c execution,  -O3 -fomit-frame-pointer -funroll-loops 
FAIL: gcc.c-torture/execute/va-arg-22.c execution,  -O3 -fomit-frame-pointer -funroll-all-loops -finline-functions 
FAIL: gcc.c-torture/execute/va-arg-22.c execution,  -O3 -g 
FAIL: gcc.c-torture/execute/va-arg-22.c execution,  -Os 
FAIL: gcc.dg/compat/struct-by-value-1 c_compat_x_tst.o-c_compat_y_tst.o link
UNRESOLVED: gcc.dg/compat/struct-by-value-1 c_compat_x_tst.o-c_compat_y_tst.o execute 
FAIL: gcc.dg/compat/struct-by-value-2 c_compat_x_tst.o-c_compat_y_tst.o link
UNRESOLVED: gcc.dg/compat/struct-by-value-2 c_compat_x_tst.o-c_compat_y_tst.o execute 
FAIL: gcc.dg/compat/struct-by-value-4 c_compat_x_tst.o-c_compat_y_tst.o link
UNRESOLVED: gcc.dg/compat/struct-by-value-4 c_compat_x_tst.o-c_compat_y_tst.o execute 
FAIL: gcc.dg/compat/struct-by-value-8 c_compat_x_tst.o-c_compat_y_tst.o link
UNRESOLVED: gcc.dg/compat/struct-by-value-8 c_compat_x_tst.o-c_compat_y_tst.o execute 
FAIL: gcc.dg/compat/struct-by-value-9 c_compat_x_tst.o-c_compat_y_tst.o link
UNRESOLVED: gcc.dg/compat/struct-by-value-9 c_compat_x_tst.o-c_compat_y_tst.o execute 
FAIL: gcc.dg/compat/struct-return-2 c_compat_x_tst.o-c_compat_y_tst.o link
UNRESOLVED: gcc.dg/compat/struct-return-2 c_compat_x_tst.o-c_compat_y_tst.o execute 
FAIL: gcc.dg/compat/vector-1 c_compat_x_tst.o compile
FAIL: gcc.dg/compat/vector-1 c_compat_y_tst.o compile
UNRESOLVED: gcc.dg/compat/vector-1 c_compat_x_tst.o-c_compat_y_tst.o link 
UNRESOLVED: gcc.dg/compat/vector-1 c_compat_x_tst.o-c_compat_y_tst.o execute 
FAIL: gcc.dg/compat/vector-2 c_compat_x_tst.o compile
FAIL: gcc.dg/compat/vector-2 c_compat_y_tst.o compile
UNRESOLVED: gcc.dg/compat/vector-2 c_compat_x_tst.o-c_compat_y_tst.o link 
UNRESOLVED: gcc.dg/compat/vector-2 c_compat_x_tst.o-c_compat_y_tst.o execute 
FAIL: gcc.dg/debug/dwarf2/dwarf-die7.c scan-assembler 1.*DW_AT_inline
FAIL: gcc.dg/debug/dwarf2/dwarf-die7.c scan-assembler 1.*DW_AT_inline
FAIL: gcc.dg/altivec-varargs-1.c (test for excess errors)
FAIL: gcc.dg/array-quals-1.c scan-assembler-not \\\\.data(?!\\\\.rel\\\\.ro)
FAIL: gcc.dg/c90-const-expr-3.c (test for excess errors)
FAIL: gcc.dg/c99-const-expr-3.c (test for excess errors)
FAIL: gcc.dg/darwin-longlong.c (test for excess errors)
WARNING: gcc.dg/darwin-longlong.c compilation failed to produce executable
FAIL: gcc.dg/noreturn-1.c detect return from noreturn (test for warnings, line 37)
FAIL: gcc.dg/noreturn-1.c (test for excess errors)
FAIL: gcc.dg/rs6000-power2-2.c scan-assembler-not lfd
FAIL: gcc.dg/rs6000-power2-2.c scan-assembler sfq
XPASS: gcc.dg/setjmp-1.c spurious clobbered warning (test for bogus messages, line 16)
FAIL: gcc.dg/struct-by-value-1.c (test for excess errors)
WARNING: gcc.dg/struct-by-value-1.c compilation failed to produce executable
UNRESOLVED: gcc.dg/visibility-1.c
UNRESOLVED: gcc.dg/visibility-2.c
UNRESOLVED: gcc.dg/visibility-3.c
UNRESOLVED: gcc.dg/visibility-4.c
UNRESOLVED: gcc.dg/visibility-5.c
UNRESOLVED: gcc.dg/visibility-6.c
UNRESOLVED: gcc.dg/visibility-7.c
UNRESOLVED: gcc.dg/visibility-8.c
XPASS: gcc.dg/wchar_t-1.c (test for excess errors)
XPASS: gcc.dg/wint_t-1.c (test for excess errors)
UNRESOLVED: gcc.dg/special/weak-1.c
UNRESOLVED: gcc.dg/special/weak-2.c
UNRESOLVED: gcc.dg/special/wkali-1.c
UNRESOLVED: gcc.dg/special/wkali-2.c
FAIL: gcc.dg/torture/builtin-noret-1.c (test for excess errors)
FAIL: gcc.dg/torture/builtin-noret-1.c (test for excess errors)
FAIL: gcc.dg/torture/builtin-noret-1.c (test for excess errors)
FAIL: gcc.dg/torture/builtin-noret-1.c (test for excess errors)
FAIL: gcc.dg/torture/builtin-noret-1.c (test for excess errors)
FAIL: gcc.dg/torture/builtin-noret-1.c (test for excess errors)
FAIL: gcc.dg/torture/builtin-noret-2.c (test for excess errors)
FAIL: gcc.dg/torture/builtin-noret-2.c (test for excess errors)
FAIL: gcc.dg/torture/builtin-noret-2.c (test for excess errors)
FAIL: gcc.dg/torture/builtin-noret-2.c (test for excess errors)
FAIL: gcc.dg/torture/builtin-noret-2.c (test for excess errors)
FAIL: gcc.dg/torture/builtin-noret-2.c (test for excess errors)
FAIL: gcc.dg/vmx/ops.c (test for excess errors)
FAIL: gcc.dg/vmx/ops.c (test for excess errors)
FAIL: gcc.dg/vmx/ops.c (test for excess errors)
FAIL: gcc.dg/vmx/ops.c (test for excess errors)
FAIL: gcc.dg/vmx/ops.c (test for excess errors)
FAIL: gcc.dg/vmx/ops.c (test for excess errors)
UNRESOLVED: gcc.dg/weak/typeof-2.c
UNRESOLVED: gcc.dg/weak/weak-1.c
UNRESOLVED: gcc.dg/weak/weak-2.c
UNRESOLVED: gcc.dg/weak/weak-3.c
UNRESOLVED: gcc.dg/weak/weak-4.c
UNRESOLVED: gcc.dg/weak/weak-5.c
UNRESOLVED: gcc.dg/weak/weak-6.c
UNRESOLVED: gcc.dg/weak/weak-7.c
UNRESOLVED: gcc.dg/weak/weak-8.c
UNRESOLVED: gcc.dg/weak/weak-9.c
FAIL: 209: expected branch percentages not found: 25
FAIL: gcc.misc-tests/gcov-4b.c gcov: 0 failures in line counts, 1 in branch percentages, 0 in return percentages

		=== gcc Summary ===

# of expected passes		27407
# of unexpected failures	82
# of unexpected successes	3
# of expected failures		64
# of unresolved testcases	38
# of untested testcases		28
# of unsupported tests		347
/Users/regress/tbox/native/build/gcc/xgcc version 3.5.0 20040611 (experimental)

		=== objc tests ===


Running target unix
FAIL: objc.dg/const-str-3.m execution test
FAIL: objc.dg/const-str-4.m execution test

		=== objc Summary ===

# of expected passes		1416
# of unexpected failures	2
/Users/regress/tbox/native/build/gcc/xgcc version 3.5.0 20040611 (experimental)

		=== libffi tests ===


Running target unix
FAIL: libffi.call/cls_3_1byte.c output pattern test, is 12 13 14 178 179 180: 190 192 194

		=== libffi Summary ===

# of expected passes		211
# of unexpected failures	1
# of unsupported tests		2
		=== libjava tests ===


Running target unix
FAIL: cxxtest.cc compilation
FAIL: Throw_2 execution - source compiled test
FAIL: Throw_2 execution - gij test
FAIL: Throw_2 execution - bytecode->native test
FAIL: Throw_2 -O3 execution - source compiled test
FAIL: Throw_2 execution - gij test
FAIL: Throw_2 -O3 execution - bytecode->native test

		=== libjava Summary ===

# of expected passes		3352
# of unexpected failures	7
# of expected failures		14
# of untested testcases		22
		=== libstdc++ tests ===


Running target unix
FAIL: 20_util/auto_ptr/3.cc (test for excess errors)
WARNING: 20_util/auto_ptr/3.cc compilation failed to produce executable
FAIL: 26_numerics/complex/13450.cc (test for excess errors)
WARNING: 26_numerics/complex/13450.cc compilation failed to produce executable
FAIL: 27_io/basic_filebuf/open/char/9507.cc execution test
FAIL: 27_io/basic_filebuf/sputc/char/2-in.cc (test for excess errors)
WARNING: 27_io/basic_filebuf/sputc/char/2-in.cc compilation failed to produce executable
FAIL: 27_io/basic_filebuf/sputc/char/2-io.cc (test for excess errors)
WARNING: 27_io/basic_filebuf/sputc/char/2-io.cc compilation failed to produce executable
FAIL: 27_io/basic_filebuf/sputc/char/2-out.cc (test for excess errors)
WARNING: 27_io/basic_filebuf/sputc/char/2-out.cc compilation failed to produce executable
FAIL: 27_io/basic_filebuf/sungetc/char/2-io.cc (test for excess errors)
WARNING: 27_io/basic_filebuf/sungetc/char/2-io.cc compilation failed to produce executable
FAIL: 27_io/ios_base/storage/11584.cc execution test

		=== libstdc++ Summary ===

# of expected passes		2655
# of unexpected failures	8
# of expected failures		5
# of unsupported tests		9

Compiler version: 3.5.0 20040611 (experimental) 
Platform: powerpc-apple-darwin7.2.0
configure flags: --prefix=/Users/regress/tbox/objs --target=powerpc-apple-darwin7.2.0 --enable-languages=c,c++,java,objc


Index Nav: [Date Index] [Subject Index] [Author Index] [Thread Index]
Message Nav: [Date Prev] [Date Next] [Thread Prev] [Thread Next]