This is the mail archive of the gcc-testresults@gcc.gnu.org mailing list for the GCC project.


Index Nav: [Date Index] [Subject Index] [Author Index] [Thread Index]
Message Nav: [Date Prev] [Date Next] [Thread Prev] [Thread Next]
Other format: [Raw text]

Results for 3.4.0 testsuite on i686-pc-mingw32


The GCC patches availible at the following addresses will probably improve these testresults.
MinGW Project http://www.mingw.org
Mohan Embar's GCC patch collection http://www.thisiscool.com/gcc_mingw.htm


LAST_UPDATED: Obtained from CVS: -rgcc_3_4_0_release

Native configuration is i686-pc-mingw32

=== g++ tests ===


Running target unix
FAIL: g++.dg/abi/bitfield3.C execution test
FAIL: g++.dg/ext/dllexport1.C scan-assembler -export:_ZN3Bar10inline_barEi
FAIL: g++.dg/ext/instantiate3.C scan-assembler-not \\n_?_ZTV1AIcE(:|\\n|\\t)
FAIL: g++.dg/opt/vt1.C scan-assembler-not section[^\\n\\r]*_ZTV1S[^\\n\\r]*"[^w"\\n\\r]*"
FAIL: g++.dg/warn/weak1.C (test for excess errors)
FAIL: g++.dg/pch/empty.C (test for excess errors)
FAIL: g++.dg/pch/empty.C (test for excess errors)
FAIL: g++.dg/pch/empty.C (test for excess errors)
FAIL: ./static-1.H (test for excess errors)
FAIL: ./static-1.H (test for excess errors)
FAIL: g++.dg/pch/static-1.C (test for excess errors)
FAIL: ./system-1.H (test for excess errors)
FAIL: ./system-1.H (test for excess errors)
FAIL: g++.dg/pch/system-1.C (test for excess errors)
FAIL: ./system-2.H (test for excess errors)
FAIL: ./system-2.H (test for excess errors)
FAIL: g++.dg/pch/system-2.C (test for excess errors)
FAIL: ./uninst.H (test for excess errors)
FAIL: ./uninst.H (test for excess errors)
FAIL: g++.dg/pch/uninst.C (test for excess errors)
FAIL: g++.dg/special/initp1.C execution test
WARNING: g++.old-deja/g++.mike/p10769a.C compilation failed to produce executable
WARNING: g++.old-deja/g++.other/enum5.C compilation failed to produce executable
WARNING: g++.old-deja/g++.pt/friend44.C compilation failed to produce executable


=== g++ Summary ===

# of expected passes 9520
# of unexpected failures 21
# of expected failures 68
# of untested testcases 23
# of unsupported tests 35
/aaronwl/cs/compilers/gcc/build/mingw/3.4.0/objdir/gcc/testsuite/../g++ version 3.4.0


=== g77 tests ===


Running target unix
WARNING: program timed out.
FAIL: g77.f-torture/execute/labug1.f execution, -O2
WARNING: program timed out.
FAIL: g77.f-torture/execute/labug1.f execution, -O3 -g
FAIL: g77.f-torture/execute/u77-test.f execution, -O0
FAIL: g77.f-torture/execute/u77-test.f execution, -O1
FAIL: g77.f-torture/execute/u77-test.f execution, -O2
FAIL: g77.f-torture/execute/u77-test.f execution, -O3 -fomit-frame-pointer
FAIL: g77.f-torture/execute/u77-test.f execution, -O3 -fomit-frame-pointer -funroll-loops
FAIL: g77.f-torture/execute/u77-test.f execution, -O3 -fomit-frame-pointer -funroll-all-loops -finline-functions
FAIL: g77.f-torture/execute/u77-test.f execution, -O3 -g
FAIL: g77.f-torture/execute/u77-test.f execution, -Os


=== g77 Summary ===

# of expected passes 1802
# of unexpected failures 10
/aaronwl/cs/compilers/gcc/build/mingw/3.4.0/objdir/gcc/testsuite/../g77 version 3.4.0


=== gcc tests ===


Running target unix FAIL: gcc.c-torture/execute/multi-ix.c compilation, -O0 UNRESOLVED: gcc.c-torture/execute/multi-ix.c execution, -O0 FAIL: gcc.dg/20021014-1.c (test for excess errors) WARNING: gcc.dg/20021014-1.c compilation failed to produce executable FAIL: gcc.dg/bf-ms-layout.c execution test FAIL: gcc.dg/builtins-20.c (test for excess errors) FAIL: gcc.dg/i386-bitfield1.c execution test FAIL: gcc.dg/i386-bitfield2.c execution test FAIL: gcc.dg/i386-mmx-4.c execution test FAIL: gcc.dg/i386-pic-1.c (test for errors, line 9) FAIL: gcc.dg/i386-sse-6.c execution test FAIL: ./common-1.h (test for excess errors) FAIL: ./common-1.h (test for excess errors) FAIL: ./common-1.h (test for excess errors) FAIL: gcc.dg/pch/common-1.c (test for excess errors) FAIL: gcc.dg/pch/common-1.c (test for excess errors) FAIL: gcc.dg/pch/common-1.c (test for excess errors) FAIL: gcc.dg/pch/common-1.c (test for excess errors) FAIL: gcc.dg/pch/cpp-1.c (test for excess errors) FAIL: gcc.dg/pch/cpp-1.c (test for excess errors) FAIL: gcc.dg/pch/cpp-1.c (test for excess errors) FAIL: gcc.dg/pch/cpp-1.c (test for excess errors) FAIL: gcc.dg/pch/cpp-1.c (test for excess errors) FAIL: gcc.dg/pch/cpp-1.c (test for excess errors) FAIL: gcc.dg/pch/cpp-1.c (test for excess errors) FAIL: gcc.dg/pch/cpp-2.c (test for excess errors) FAIL: gcc.dg/pch/cpp-2.c (test for excess errors) FAIL: gcc.dg/pch/cpp-2.c (test for excess errors) FAIL: gcc.dg/pch/cpp-2.c (test for excess errors) FAIL: gcc.dg/pch/cpp-2.c (test for excess errors) FAIL: gcc.dg/pch/cpp-2.c (test for excess errors) FAIL: gcc.dg/pch/cpp-2.c (test for excess errors) FAIL: gcc.dg/pch/decl-1.c (test for excess errors) FAIL: gcc.dg/pch/decl-1.c (test for excess errors) FAIL: gcc.dg/pch/decl-1.c (test for excess errors) FAIL: gcc.dg/pch/decl-1.c (test for excess errors) FAIL: gcc.dg/pch/decl-1.c (test for excess errors) FAIL: gcc.dg/pch/decl-1.c (test for excess errors) FAIL: gcc.dg/pch/decl-1.c (test for excess errors) FAIL: gcc.dg/pch/decl-2.c (test for excess errors) FAIL: gcc.dg/pch/decl-2.c (test for excess errors) FAIL: gcc.dg/pch/decl-2.c (test for excess errors) FAIL: gcc.dg/pch/decl-2.c (test for excess errors) FAIL: gcc.dg/pch/decl-2.c (test for excess errors) FAIL: gcc.dg/pch/decl-2.c (test for excess errors) FAIL: gcc.dg/pch/decl-2.c (test for excess errors) FAIL: ./decl-3.h (test for excess errors) FAIL: gcc.dg/pch/decl-3.c (test for excess errors) FAIL: gcc.dg/pch/decl-3.c (test for excess errors) FAIL: gcc.dg/pch/decl-3.c (test for excess errors) FAIL: gcc.dg/pch/decl-3.c (test for excess errors) FAIL: ./decl-3.h (test for excess errors) FAIL: gcc.dg/pch/decl-3.c (test for excess errors) FAIL: ./decl-4.h (test for excess errors) FAIL: gcc.dg/pch/decl-4.c (test for excess errors) FAIL: gcc.dg/pch/decl-4.c (test for excess errors) FAIL: gcc.dg/pch/decl-4.c (test for excess errors) FAIL: gcc.dg/pch/decl-4.c (test for excess errors) FAIL: ./decl-4.h (test for excess errors) FAIL: gcc.dg/pch/decl-4.c (test for excess errors) FAIL: gcc.dg/pch/decl-5.c (test for excess errors) FAIL: gcc.dg/pch/decl-5.c (test for excess errors) FAIL: gcc.dg/pch/decl-5.c (test for excess errors) FAIL: gcc.dg/pch/decl-5.c (test for excess errors) FAIL: gcc.dg/pch/decl-5.c (test for excess errors) FAIL: gcc.dg/pch/decl-5.c (test for excess errors) FAIL: gcc.dg/pch/decl-5.c (test for excess errors) FAIL: gcc.dg/pch/empty.c (test for excess errors) FAIL: gcc.dg/pch/empty.c (test for excess errors) FAIL: gcc.dg/pch/empty.c (test for excess errors) FAIL: gcc.dg/pch/empty.c (test for excess errors) FAIL: gcc.dg/pch/empty.c (test for excess errors) FAIL: gcc.dg/pch/empty.c (test for excess errors) FAIL: gcc.dg/pch/empty.c (test for excess errors) FAIL: gcc.dg/pch/except-1.c (test for excess errors) FAIL: gcc.dg/pch/except-1.c (test for excess errors) FAIL: gcc.dg/pch/except-1.c (test for excess errors) FAIL: gcc.dg/pch/except-1.c (test for excess errors) FAIL: gcc.dg/pch/except-1.c (test for excess errors) FAIL: gcc.dg/pch/except-1.c (test for excess errors) FAIL: gcc.dg/pch/except-1.c (test for excess errors) FAIL: ./global-1.h (test for excess errors) FAIL: ./global-1.h (test for excess errors) FAIL: ./global-1.h (test for excess errors) FAIL: gcc.dg/pch/global-1.c (test for excess errors) FAIL: gcc.dg/pch/global-1.c (test for excess errors) FAIL: gcc.dg/pch/global-1.c (test for excess errors) FAIL: gcc.dg/pch/global-1.c (test for excess errors) FAIL: gcc.dg/pch/inline-1.c (test for excess errors) FAIL: gcc.dg/pch/inline-1.c (test for excess errors) FAIL: gcc.dg/pch/inline-1.c (test for excess errors) FAIL: gcc.dg/pch/inline-1.c (test for excess errors) FAIL: gcc.dg/pch/inline-1.c (test for excess errors) FAIL: gcc.dg/pch/inline-1.c (test for excess errors) FAIL: gcc.dg/pch/inline-1.c (test for excess errors) FAIL: gcc.dg/pch/inline-2.c (test for excess errors) FAIL: gcc.dg/pch/inline-2.c (test for excess errors) FAIL: gcc.dg/pch/inline-2.c (test for excess errors) FAIL: gcc.dg/pch/inline-2.c (test for excess errors) FAIL: gcc.dg/pch/inline-2.c (test for excess errors) FAIL: gcc.dg/pch/inline-2.c (test for excess errors) FAIL: gcc.dg/pch/inline-2.c (test for excess errors) FAIL: gcc.dg/pch/inline-3.c (test for excess errors) FAIL: gcc.dg/pch/inline-3.c (test for excess errors) FAIL: gcc.dg/pch/inline-3.c (test for excess errors) FAIL: gcc.dg/pch/inline-3.c (test for excess errors) FAIL: gcc.dg/pch/inline-3.c (test for excess errors) FAIL: gcc.dg/pch/inline-3.c (test for excess errors) FAIL: gcc.dg/pch/inline-3.c (test for excess errors) FAIL: gcc.dg/pch/inline-4.c (test for excess errors) FAIL: gcc.dg/pch/inline-4.c (test for excess errors) FAIL: gcc.dg/pch/inline-4.c (test for excess errors) FAIL: gcc.dg/pch/inline-4.c (test for excess errors) FAIL: gcc.dg/pch/inline-4.c (test for excess errors) FAIL: gcc.dg/pch/inline-4.c (test for excess errors) FAIL: gcc.dg/pch/inline-4.c (test for excess errors) FAIL: gcc.dg/pch/macro-1.c (test for excess errors) FAIL: gcc.dg/pch/macro-1.c (test for excess errors) FAIL: gcc.dg/pch/macro-1.c (test for excess errors) FAIL: gcc.dg/pch/macro-1.c (test for excess errors) FAIL: gcc.dg/pch/macro-1.c (test for excess errors) FAIL: gcc.dg/pch/macro-1.c (test for excess errors) FAIL: gcc.dg/pch/macro-1.c (test for excess errors) FAIL: gcc.dg/pch/macro-2.c (test for excess errors) FAIL: gcc.dg/pch/macro-2.c (test for excess errors) FAIL: gcc.dg/pch/macro-2.c (test for excess errors) FAIL: gcc.dg/pch/macro-2.c (test for excess errors) FAIL: gcc.dg/pch/macro-2.c (test for excess errors) FAIL: gcc.dg/pch/macro-2.c (test for excess errors) FAIL: gcc.dg/pch/macro-2.c (test for excess errors) FAIL: gcc.dg/pch/macro-3.c (test for excess errors) FAIL: gcc.dg/pch/macro-3.c (test for excess errors) FAIL: gcc.dg/pch/macro-3.c (test for excess errors) FAIL: gcc.dg/pch/macro-3.c (test for excess errors) FAIL: gcc.dg/pch/macro-3.c (test for excess errors) FAIL: gcc.dg/pch/macro-3.c (test for excess errors) FAIL: gcc.dg/pch/macro-3.c (test for excess errors) FAIL: ./static-1.h (test for excess errors) FAIL: ./static-1.h (test for excess errors) FAIL: ./static-1.h (test for excess errors) FAIL: gcc.dg/pch/static-1.c (test for excess errors) FAIL: gcc.dg/pch/static-1.c (test for excess errors) FAIL: gcc.dg/pch/static-1.c (test for excess errors) FAIL: gcc.dg/pch/static-1.c (test for excess errors) FAIL: ./static-2.h (test for excess errors) FAIL: ./static-2.h (test for excess errors) FAIL: ./static-2.h (test for excess errors) FAIL: gcc.dg/pch/static-2.c (test for excess errors) FAIL: gcc.dg/pch/static-2.c (test for excess errors) FAIL: gcc.dg/pch/static-2.c (test for excess errors) FAIL: gcc.dg/pch/static-2.c (test for excess errors) FAIL: ./static-3.h (test for excess errors) FAIL: ./static-3.h (test for excess errors) FAIL: ./static-3.h (test for excess errors) FAIL: gcc.dg/pch/static-3.c (test for excess errors) FAIL: gcc.dg/pch/static-3.c (test for excess errors) FAIL: gcc.dg/pch/static-3.c (test for excess errors) FAIL: gcc.dg/pch/static-3.c (test for excess errors) FAIL: ./system-1.h (test for excess errors) FAIL: gcc.dg/pch/system-1.c (test for excess errors) FAIL: gcc.dg/pch/system-1.c (test for excess errors) FAIL: gcc.dg/pch/system-1.c (test for excess errors) FAIL: gcc.dg/pch/system-1.c (test for excess errors) FAIL: ./system-1.h (test for excess errors) FAIL: gcc.dg/pch/system-1.c (test for excess errors) FAIL: ./warn-1.h (test for excess errors) FAIL: ./warn-1.h (test for excess errors) FAIL: gcc.dg/torture/builtin-noret-1.c (test for excess errors) FAIL: gcc.dg/torture/builtin-noret-1.c (test for excess errors) FAIL: gcc.dg/torture/builtin-noret-1.c (test for excess errors) FAIL: gcc.dg/torture/builtin-noret-1.c (test for excess errors) FAIL: gcc.dg/torture/builtin-noret-1.c (test for excess errors) FAIL: gcc.dg/torture/builtin-noret-1.c (test for excess errors) FAIL: gcc.dg/torture/builtin-noret-2.c (test for excess errors) FAIL: gcc.dg/torture/builtin-noret-2.c (test for excess errors) FAIL: gcc.dg/torture/builtin-noret-2.c (test for excess errors) FAIL: gcc.dg/torture/builtin-noret-2.c (test for excess errors) FAIL: gcc.dg/torture/builtin-noret-2.c (test for excess errors) FAIL: gcc.dg/torture/builtin-noret-2.c (test for excess errors)

=== gcc Summary ===

# of expected passes		24561
# of unexpected failures	177
# of expected failures		69
# of unresolved testcases	1
# of untested testcases		184
# of unsupported tests		202
/aaronwl/cs/compilers/gcc/build/mingw/3.4.0/objdir/gcc/xgcc version 3.4.0

=== objc tests ===


Running target unix


=== objc Summary ===

# of expected passes		1341
# of unsupported tests		8
/aaronwl/cs/compilers/gcc/build/mingw/3.4.0/objdir/gcc/xgcc version 3.4.0

=== libstdc++ tests ===


Running target unix
FAIL: 22_locale/money_put/put/char/12971.cc execution test
FAIL: 22_locale/money_put/put/char/4.cc execution test
FAIL: 22_locale/num_put/put/char/4.cc execution test
FAIL: 22_locale/num_put/put/char/6.cc execution test
FAIL: 26_numerics/c99_classification_macros_c.cc (test for excess errors)
FAIL: 27_io/basic_filebuf/close/char/4879.cc (test for excess errors)
WARNING: 27_io/basic_filebuf/close/char/4879.cc compilation failed to produce executable
FAIL: 27_io/basic_filebuf/close/char/9964.cc (test for excess errors)
WARNING: 27_io/basic_filebuf/close/char/9964.cc compilation failed to produce executable
FAIL: 27_io/basic_filebuf/imbue/char/13171-2.cc (test for excess errors)
WARNING: 27_io/basic_filebuf/imbue/char/13171-2.cc compilation failed to produce executable
FAIL: 27_io/basic_filebuf/imbue/char/13582-2.cc (test for excess errors)
WARNING: 27_io/basic_filebuf/imbue/char/13582-2.cc compilation failed to produce executable
FAIL: 27_io/basic_filebuf/open/char/9507.cc (test for excess errors)
WARNING: 27_io/basic_filebuf/open/char/9507.cc compilation failed to produce executable
FAIL: 27_io/basic_filebuf/seekoff/char/1-io.cc execution test
FAIL: 27_io/basic_filebuf/seekoff/char/2-io.cc execution test
FAIL: 27_io/basic_filebuf/showmanyc/char/9533-1.cc (test for excess errors)
WARNING: 27_io/basic_filebuf/showmanyc/char/9533-1.cc compilation failed to produce executable
FAIL: 27_io/basic_filebuf/underflow/char/10097.cc (test for excess errors)
WARNING: 27_io/basic_filebuf/underflow/char/10097.cc compilation failed to produce executable
FAIL: 27_io/basic_istream/extractors_arithmetic/char/12.cc execution test
FAIL: 27_io/basic_ostream/inserters_arithmetic/char/1.cc execution test
FAIL: 27_io/basic_ostream/inserters_arithmetic/char/4402.cc execution test
FAIL: 27_io/objects/char/10.cc execution test
FAIL: 27_io/objects/char/7.cc (test for excess errors)
WARNING: 27_io/objects/char/7.cc compilation failed to produce executable
FAIL: 27_io/objects/char/9.cc execution test
FAIL: 27_io/objects/char/9661-1.cc (test for excess errors)
WARNING: 27_io/objects/char/9661-1.cc compilation failed to produce executable


=== libstdc++ Summary ===

# of expected passes		1941
# of unexpected failures	21
# of expected failures		4
# of unsupported tests		8

Compiler version: 3.4.0
Platform: i686-pc-mingw32
configure flags: --prefix=/aaronwl/cs/env/mingw-3.4.0-2.15-3.3 --enable-languages=c,c++,f77,objc,java --enable-threads --with-included-gettext --with-libiconv-prefix=/aaronwl/cs/compilers/gcc/build/iconv/install



Index Nav: [Date Index] [Subject Index] [Author Index] [Thread Index]
Message Nav: [Date Prev] [Date Next] [Thread Prev] [Thread Next]