This is the mail archive of the gcc-testresults@gcc.gnu.org mailing list for the GCC project.


Index Nav: [Date Index] [Subject Index] [Author Index] [Thread Index]
Message Nav: [Date Prev] [Date Next] [Thread Prev] [Thread Next]
Other format: [Raw text]

Results for 3.3.4 testsuite on sparc-sun-solaris2.8


OS: Solaris 8 (or 2.8, or SunOS 5.8, you pick)
System: 4-way 400 MHz SUNW,UltraSPARC-II, 4GB RAM, 6.4GB swap
GNU as and GNU ld used (2.13.1)
gcc 2.95.2 used for bootstrapping

These tests were run with -m64.  All languages other than Ada were tested.

LAST_UPDATED: 
Native configuration is sparc-sun-solaris2.8

		=== g++ tests ===


Running target unix/-m64
XPASS: g++.dg/special/conpr-2.C conpr-2a.o execution test
XPASS: g++.dg/special/initp1.C execution test

		=== g++ Summary ===

# of expected passes		8177
# of unexpected successes	2
# of expected failures		100
# of untested testcases		21
# of unsupported tests		28
/remote/atg2/jbuck/solaris.tmp/3.3.4/gcc/testsuite/../g++ version 3.3.4

		=== g77 tests ===


Running target unix/-m64

		=== g77 Summary ===

# of expected passes		1720
# of unsupported tests		8
/remote/atg2/jbuck/solaris.tmp/3.3.4/gcc/testsuite/../g77 version 3.3.4

		=== gcc tests ===


Running target unix/-m64
WARNING: gcc.dg/20021014-1.c compilation failed to produce executable
FAIL: gcc.dg/duff-2.c (test for excess errors)
FAIL: gcc.dg/special/gcsec-1.c -ffunction-sections -fdata-sections -Wl,--gc-sections -static (test for excess errors)
WARNING: gcc.dg/special/gcsec-1.c -ffunction-sections -fdata-sections -Wl,--gc-sections -static compilation failed to produce executable

		=== gcc Summary ===

# of expected passes		21170
# of unexpected failures	2
# of expected failures		77
# of unsupported tests		181
/remote/atg2/jbuck/solaris.tmp/3.3.4/gcc/xgcc version 3.3.4

		=== objc tests ===


Running target unix/-m64

		=== objc Summary ===

# of expected passes		1166
/remote/atg2/jbuck/solaris.tmp/3.3.4/gcc/xgcc version 3.3.4

		=== libjava tests ===


Running target unix/-m64
FAIL: Array_3 execution - gij test
FAIL: Array_3 execution - gij test
FAIL: FileHandleGcTest execution - source compiled test
FAIL: FileHandleGcTest execution - gij test
FAIL: FileHandleGcTest execution - bytecode->native test
FAIL: FileHandleGcTest -O execution - source compiled test
FAIL: FileHandleGcTest execution - gij test
FAIL: FileHandleGcTest -O execution - bytecode->native test
WARNING: program timed out.
FAIL: SyncTest execution - bytecode->native test
FAIL: Thread_Wait_Interrupt execution - gij test
WARNING: program timed out.
FAIL: Thread_Wait_Interrupt execution - gij test

		=== libjava Summary ===

# of expected passes		2969
# of unexpected failures	11
# of expected failures		16
# of untested testcases		23
		=== libstdc++-v3 tests ===


Running target unix/-m64

		=== libstdc++-v3 Summary ===

# of expected passes		429
# of expected failures		18

Compiler version: 3.3.4 
Platform: sparc-sun-solaris2.8
configure flags: --host=sparc-sun-solaris2.8 --prefix=/u/jbuck/cvs.sol2/3.3.4 --with-gnu-as --with-as=/u/jbuck/gnu.sol2/bin/as --with-gnu-ld --with-ld=/u/jbuck/gnu.sol2/bin/ld


Index Nav: [Date Index] [Subject Index] [Author Index] [Thread Index]
Message Nav: [Date Prev] [Date Next] [Thread Prev] [Thread Next]