This is the mail archive of the gcc-testresults@gcc.gnu.org mailing list for the GCC project.


Index Nav: [Date Index] [Subject Index] [Author Index] [Thread Index]
Message Nav: [Date Prev] [Date Next] [Thread Prev] [Thread Next]
Other format: [Raw text]

Results for 3.3.4 testsuite on x86_64-unknown-linux-gnu


Red Hat Enterprise Linux WS release 3
Dual AMD 1.8 GHz Opteron system
kernel: 2.4.21-4.EL (from Red Hat)
glibc: 2.3.2-95.3 (from Red Hat)
binutils: 2.14.90.0.4 20030523 (RH: 2.14.90.0.4-26)

Bootstrap compiler is gcc version 3.2.3 20030502 (Red Hat Linux 3.2.3-20)
All languages were tested.
LAST_UPDATED: 
Native configuration is x86_64-unknown-linux-gnu

		=== g77 tests ===


Running target unix

		=== g77 Summary ===

# of expected passes		1720
# of unsupported tests		8
/remote/atg2/jbuck/amd64.tmp/3.3.4/gcc/testsuite/../g77 version 3.3.4

		=== gcc tests ===


Running target unix
FAIL: gcc.c-torture/compile/simd-5.c,  -O2  
FAIL: gcc.c-torture/compile/simd-5.c,  -O3 -fomit-frame-pointer  
FAIL: gcc.c-torture/compile/simd-5.c,  -O3 -g  
FAIL: gcc.c-torture/compile/simd-5.c,  -Os  
FAIL: gcc.c-torture/execute/20000822-1.c execution,  -O0 
FAIL: gcc.c-torture/execute/20000822-1.c execution,  -O1 
FAIL: gcc.c-torture/execute/20000822-1.c execution,  -O2 
FAIL: gcc.c-torture/execute/20000822-1.c execution,  -O3 -fomit-frame-pointer 
FAIL: gcc.c-torture/execute/20000822-1.c execution,  -O3 -g 
FAIL: gcc.c-torture/execute/20000822-1.c execution,  -Os 
XPASS: gcc.c-torture/execute/20020227-1.c execution,  -O0 
XPASS: gcc.c-torture/execute/20020227-1.c execution,  -O1 
XPASS: gcc.c-torture/execute/20020227-1.c execution,  -O2 
XPASS: gcc.c-torture/execute/20020227-1.c execution,  -O3 -fomit-frame-pointer 
XPASS: gcc.c-torture/execute/20020227-1.c execution,  -O3 -g 
XPASS: gcc.c-torture/execute/20020227-1.c execution,  -Os 
UNRESOLVED: gcc.c-torture/execute/20020720-1.c execution,  -O1 
UNRESOLVED: gcc.c-torture/execute/20020720-1.c execution,  -O2 
UNRESOLVED: gcc.c-torture/execute/20020720-1.c execution,  -O3 -fomit-frame-pointer 
UNRESOLVED: gcc.c-torture/execute/20020720-1.c execution,  -O3 -g 
UNRESOLVED: gcc.c-torture/execute/20020720-1.c execution,  -Os 
FAIL: gcc.c-torture/execute/921215-1.c execution,  -O0 
FAIL: gcc.c-torture/execute/921215-1.c execution,  -O1 
FAIL: gcc.c-torture/execute/921215-1.c execution,  -O2 
FAIL: gcc.c-torture/execute/921215-1.c execution,  -O3 -fomit-frame-pointer 
FAIL: gcc.c-torture/execute/921215-1.c execution,  -O3 -g 
FAIL: gcc.c-torture/execute/921215-1.c execution,  -Os 
FAIL: gcc.c-torture/execute/931002-1.c execution,  -O0 
FAIL: gcc.c-torture/execute/931002-1.c execution,  -O1 
FAIL: gcc.c-torture/execute/931002-1.c execution,  -O2 
FAIL: gcc.c-torture/execute/931002-1.c execution,  -O3 -fomit-frame-pointer 
FAIL: gcc.c-torture/execute/931002-1.c execution,  -O3 -g 
FAIL: gcc.c-torture/execute/931002-1.c execution,  -Os 
FAIL: gcc.c-torture/execute/990208-1.c execution,  -O3 -fomit-frame-pointer 
FAIL: gcc.c-torture/execute/990208-1.c execution,  -O3 -g 
FAIL: gcc.c-torture/execute/nestfunc-1.c execution,  -O0 
FAIL: gcc.c-torture/execute/nestfunc-1.c execution,  -O1 
FAIL: gcc.c-torture/execute/nestfunc-1.c execution,  -O2 
FAIL: gcc.c-torture/execute/nestfunc-1.c execution,  -O3 -fomit-frame-pointer 
FAIL: gcc.c-torture/execute/nestfunc-1.c execution,  -O3 -g 
FAIL: gcc.c-torture/execute/nestfunc-1.c execution,  -Os 
FAIL: gcc.c-torture/execute/nestfunc-2.c execution,  -O0 
FAIL: gcc.c-torture/execute/nestfunc-2.c execution,  -O1 
FAIL: gcc.c-torture/execute/nestfunc-2.c execution,  -O2 
FAIL: gcc.c-torture/execute/nestfunc-2.c execution,  -O3 -fomit-frame-pointer 
FAIL: gcc.c-torture/execute/nestfunc-2.c execution,  -O3 -fomit-frame-pointer -funroll-loops 
FAIL: gcc.c-torture/execute/nestfunc-2.c execution,  -O3 -fomit-frame-pointer -funroll-all-loops -finline-functions 
FAIL: gcc.c-torture/execute/nestfunc-2.c execution,  -O3 -g 
FAIL: gcc.c-torture/execute/nestfunc-2.c execution,  -Os 
FAIL: gcc.c-torture/execute/nestfunc-3.c execution,  -O0 
FAIL: gcc.c-torture/execute/nestfunc-3.c execution,  -O1 
FAIL: gcc.c-torture/execute/nestfunc-3.c execution,  -O2 
FAIL: gcc.c-torture/execute/nestfunc-3.c execution,  -O3 -fomit-frame-pointer 
FAIL: gcc.c-torture/execute/nestfunc-3.c execution,  -O3 -fomit-frame-pointer -funroll-loops 
FAIL: gcc.c-torture/execute/nestfunc-3.c execution,  -O3 -fomit-frame-pointer -funroll-all-loops -finline-functions 
FAIL: gcc.c-torture/execute/nestfunc-3.c execution,  -O3 -g 
FAIL: gcc.c-torture/execute/nestfunc-3.c execution,  -Os 
FAIL: gcc.dg/20020103-1.c scan-assembler-not LC
FAIL: gcc.dg/duff-2.c (test for excess errors)
FAIL: gcc.dg/trampoline-1.c execution test

		=== gcc Summary ===

# of expected passes		21190
# of unexpected failures	49
# of unexpected successes	6
# of expected failures		73
# of unresolved testcases	5
# of unsupported tests		180
/remote/atg2/jbuck/amd64.tmp/3.3.4/gcc/xgcc version 3.3.4

		=== g++ tests ===


Running target unix
FAIL: g++.robertl/eb132.C (test for excess errors)

		=== g++ Summary ===

# of expected passes		8199
# of unexpected failures	1
# of expected failures		98
# of untested testcases		22
# of unsupported tests		29
/remote/atg2/jbuck/amd64.tmp/3.3.4/gcc/testsuite/../g++ version 3.3.4

		=== objc tests ===


Running target unix

		=== objc Summary ===

# of expected passes		1166
/remote/atg2/jbuck/amd64.tmp/3.3.4/gcc/xgcc version 3.3.4

		=== libjava tests ===


Running target unix

		=== libjava Summary ===

# of expected passes		2991
# of expected failures		16
# of untested testcases		12

		=== libstdc++-v3 check-abi Summary ===

# of added symbols:		 3
# of missing symbols:		 0
# of incompatible symbols:	 0
		=== libstdc++-v3 tests ===


Running target unix
XPASS: 22_locale/collate_byname.cc execution test
XPASS: 22_locale/collate_members_char.cc execution test
XPASS: 22_locale/collate_members_wchar_t.cc execution test
XPASS: 22_locale/ctype_is_char.cc execution test
XPASS: 22_locale/ctype_is_wchar_t.cc execution test
XPASS: 22_locale/members.cc execution test
XPASS: 22_locale/messages_byname.cc execution test
XPASS: 22_locale/messages_members_char.cc execution test
XPASS: 22_locale/money_get_members_char.cc execution test
XPASS: 22_locale/money_get_members_wchar_t.cc execution test
XPASS: 22_locale/money_put_members_char.cc execution test
XPASS: 22_locale/money_put_members_wchar_t.cc execution test
XPASS: 22_locale/moneypunct_byname.cc execution test
XPASS: 22_locale/moneypunct_members_char.cc execution test
XPASS: 22_locale/moneypunct_members_wchar_t.cc execution test
XPASS: 22_locale/num_get_members_char.cc execution test
XPASS: 22_locale/num_get_members_wchar_t.cc execution test
XPASS: 22_locale/num_put_members_char.cc execution test
XPASS: 22_locale/num_put_members_wchar_t.cc execution test
XPASS: 22_locale/numpunct_byname.cc execution test
XPASS: 22_locale/numpunct_members_char.cc execution test
XPASS: 22_locale/numpunct_members_wchar_t.cc execution test
XPASS: 22_locale/time_get_members_char.cc execution test
XPASS: 22_locale/time_get_members_wchar_t.cc execution test

		=== libstdc++-v3 Summary ===

# of expected passes		453
# of unexpected successes	24
# of expected failures		4

Compiler version: 3.3.4 
Platform: x86_64-unknown-linux-gnu
configure flags: --host=x86_64-unknown-linux-gnu --prefix=/u/jbuck/cvs.x86_64/3.3.4 --with-gnu-as --with-as=/usr/bin/as --with-gnu-ld --with-ld=/usr/bin/ld


Index Nav: [Date Index] [Subject Index] [Author Index] [Thread Index]
Message Nav: [Date Prev] [Date Next] [Thread Prev] [Thread Next]