This is the mail archive of the gcc-testresults@gcc.gnu.org mailing list for the GCC project.


Index Nav: [Date Index] [Subject Index] [Author Index] [Thread Index]
Message Nav: [Date Prev] [Date Next] [Thread Prev] [Thread Next]
Other format: [Raw text]

Results for 3.5.0 20040601 (experimental) testsuite on i586-suse-linux-gnu


# Some comments about the system:

# SuSE Linux 9.1 (i586)
# VERSION = 9.1

# bash-2.05b-305.1
# binutils-2.15.90.0.1.1-31
# dejagnu-1.4.3-330
# expect-5.40-27
# gcc-3.3.3-41
# glibc-2.3.3-97
# kernel-default-2.6.4-54.5
# make-3.80-184
# tcl-8.4.6-26
# texinfo-4.6-61

# Linux 2.6.4-54.5-default #1 Fri May 7 21:43:10 UTC 2004 i686 athlon i386 GNU/Linux
#   3:18am  up  19:52,  12 users,  load average: 3.42, 2.24, 1.98

# Reading specs from /usr/lib/gcc-lib/i586-suse-linux/3.3.3/specs
# Configured with: ../configure --enable-threads=posix --prefix=/usr --with-local-prefix=/usr/local --infodir=/usr/share/info --mandir=/usr/share/man --enable-languages=c,c++,f77,objc,java,ada --disable-checking --libdir=/usr/lib --enable-libgcj --with-gxx-include-dir=/usr/include/g++ --with-slibdir=/lib --with-system-zlib --enable-shared --enable-__cxa_atexit i586-suse-linux
# Thread model: posix
# gcc version 3.3.3 (SuSE Linux)

# GNU C Library stable release version 2.3.3 (20040405), by Roland McGrath et al.
# Configured for i686-suse-linux.
# Compiled by GNU CC version 3.3.3 (SuSE Linux).
# Compiled on a Linux 2.6.4 system on 2004-04-05.
# Available extensions:
# 	GNU libio by Per Bothner
# 	crypt add-on version 2.1 by Michael Glad and others
# 	linuxthreads-0.10 by Xavier Leroy
# 	GNU Libidn by Simon Josefsson
# 	NoVersion patch for broken glibc 2.0 binaries
# 	BIND-8.2.3-T5B
# 	libthread_db work sponsored by Alpha Processor Inc
# 	NIS(YP)/NIS+ NSS modules 0.19 by Thorsten Kukuk
# Thread-local storage support included.

LAST_UPDATED: Tue Jun  1 22:59:38 UTC 2004

Native configuration is i586-suse-linux-gnu

		=== gcc tests ===


Running target unix
FAIL: gcc.c-torture/compile/920501-4.c (test for excess errors)
FAIL: gcc.c-torture/compile/920501-4.c (test for excess errors)
FAIL: gcc.c-torture/compile/920501-4.c (test for excess errors)
FAIL: gcc.c-torture/compile/930523-1.c (test for excess errors)
FAIL: gcc.c-torture/compile/930523-1.c (test for excess errors)
FAIL: gcc.c-torture/compile/930523-1.c (test for excess errors)
FAIL: gcc.c-torture/compile/930523-1.c (test for excess errors)
FAIL: gcc.c-torture/compile/930523-1.c (test for excess errors)
FAIL: gcc.c-torture/compile/930523-1.c (test for excess errors)
FAIL: gcc.c-torture/compile/941014-2.c (test for excess errors)
FAIL: gcc.c-torture/compile/941014-2.c (test for excess errors)
FAIL: gcc.c-torture/compile/941014-2.c (test for excess errors)
FAIL: gcc.c-torture/compile/950613-1.c (test for excess errors)
FAIL: gcc.c-torture/compile/950613-1.c (test for excess errors)
FAIL: gcc.c-torture/compile/990625-1.c (test for excess errors)
FAIL: gcc.c-torture/execute/va-arg-25.c execution,  -Os 
XPASS: gcc.dg/cpp/cmdlne-dI-M.c scan-file (^|\\\\n)cmdlne-dI-M.*:[^\\\\n]*cmdlne-dI-M.c
XPASS: gcc.dg/cpp/cmdlne-dM-M.c scan-file (^|\\\\n)cmdlne-dM-M[^\\\\n]*:[^\\\\n]*cmdlne-dM-M.c
FAIL: gcc.dg/debug/dwarf2/dwarf-die7.c scan-assembler 1.*DW_AT_inline
FAIL: gcc.dg/c90-const-expr-3.c (test for excess errors)
FAIL: gcc.dg/c99-const-expr-3.c (test for excess errors)
XPASS: gcc.dg/i386-ssetype-1.c scan-assembler-not movdqa
XPASS: gcc.dg/i386-ssetype-3.c scan-assembler-not movdqa
XPASS: gcc.dg/setjmp-1.c spurious clobbered warning (test for bogus messages, line 16)
FAIL: 209: expected branch percentages not found: 25
FAIL: gcc.misc-tests/gcov-4b.c gcov: 0 failures in line counts, 1 in branch percentages, 0 in return percentages

		=== gcc Summary ===

# of expected passes		26218
# of unexpected failures	21
# of unexpected successes	5
# of expected failures		62
# of untested testcases		28
# of unsupported tests		207
/local/build/gcc/xgcc version 3.5.0 20040601 (experimental)

		=== gfortran tests ===


Running target unix

		=== gfortran Summary ===

# of expected passes		2979
/local/build/gcc/testsuite/../gfortran version 3.5.0 20040601 (experimental)

		=== g++ tests ===


Running target unix
XPASS: g++.dg/eh/elide1.C execution test
FAIL: 258: expected branch percentages not found: 25
FAIL: g++.dg/gcov/gcov-1.C gcov: 0 failures in line counts, 1 in branch percentages, 0 in return percentages
FAIL: 23:is 2:should be 1
FAIL: g++.dg/gcov/gcov-2.C gcov: 1 failures in line counts, 0 in branch percentages, 0 in return percentages
FAIL: g++.old-deja/g++.brendan/crash13.C  (test for errors, line 34)
FAIL: g++.old-deja/g++.bugs/900205_03.C  (test for errors, line 21)
FAIL: g++.old-deja/g++.bugs/900205_03.C  (test for errors, line 24)
FAIL: g++.old-deja/g++.bugs/900205_03.C  (test for errors, line 44)
FAIL: g++.old-deja/g++.bugs/900205_03.C  (test for errors, line 47)
FAIL: g++.old-deja/g++.law/friend5.C  (test for errors, line 19)
FAIL: g++.old-deja/g++.law/friend5.C  (test for errors, line 24)
WARNING: g++.old-deja/g++.mike/p10769a.C compilation failed to produce executable
FAIL: g++.old-deja/g++.mike/p646.C  (test for warnings, line 104)
FAIL: g++.old-deja/g++.mike/p646.C  (test for warnings, line 112)
FAIL: g++.old-deja/g++.mike/p646.C  (test for warnings, line 120)
FAIL: g++.old-deja/g++.mike/p646.C  (test for warnings, line 127)
FAIL: g++.old-deja/g++.mike/p646.C  (test for warnings, line 133)
WARNING: g++.old-deja/g++.other/enum5.C compilation failed to produce executable
XPASS: g++.old-deja/g++.other/init5.C execution test
FAIL: g++.old-deja/g++.other/warn7.C  (test for warnings, line 38)
WARNING: g++.old-deja/g++.pt/friend44.C compilation failed to produce executable

		=== g++ Summary ===

# of expected passes		9809
# of unexpected failures	17
# of unexpected successes	2
# of expected failures		82
# of unsupported tests		42
/local/build/gcc/testsuite/../g++ version 3.5.0 20040601 (experimental)

		=== objc tests ===


Running target unix

		=== objc Summary ===

# of expected passes		1350
# of unsupported tests		8
/local/build/gcc/xgcc version 3.5.0 20040601 (experimental)

		=== libmudflap tests ===


Running target unix

		=== libmudflap Summary ===

# of expected passes		1092

		=== libstdc++-v3 check-abi Summary ===

# of added symbols:		 304
# of missing symbols:		 291
# of incompatible symbols:	 291
		=== libstdc++ tests ===


Running target unix
XPASS: 26_numerics/c99_classification_macros_c.cc (test for excess errors)
FAIL: 26_numerics/complex/13450.cc (test for excess errors)
WARNING: 26_numerics/complex/13450.cc compilation failed to produce executable
FAIL: 26_numerics/complex/pow.cc (test for excess errors)
WARNING: 26_numerics/complex/pow.cc compilation failed to produce executable

		=== libstdc++ Summary ===

# of expected passes		2682
# of unexpected failures	2
# of unexpected successes	1
# of expected failures		5

Compiler version: 3.5.0 20040601 (experimental) 
Platform: i586-suse-linux-gnu
configure flags: --enable-threads=posix --prefix=/local/inst/gcc350 --disable-checking --disable-libgcj --with-gxx-include-dir=/local/inst/gcc350/include/g++ --with-system-zlib --enable-shared --enable-__cxa_atexit i586-suse-linux --enable-languages=c,c++,f95,objc


Index Nav: [Date Index] [Subject Index] [Author Index] [Thread Index]
Message Nav: [Date Prev] [Date Next] [Thread Prev] [Thread Next]