This is the mail archive of the
gcc-testresults@gcc.gnu.org
mailing list for the GCC project.
Results for 3.5.020040531(experimental) testsuite oni686-pc-linux-gnu
- From: Serge Belyshev <belyshev at lubercy dot com>
- To: gcc-testresults at gcc dot gnu dot org
- Date: Mon, 31 May 2004 22:49:12 +0400
- Subject: Results for 3.5.020040531(experimental) testsuite oni686-pc-linux-gnu
Built with
make bootstrap STAGE1_CFLAGS='-O1 -funit-at-a-time -fomit-frame-pointer' CFLAGS='-g -O2 -fomit-frame-pointer' BOOT_CFLAGS='-g -O3 -fomit-frame-pointer -fweb -frename-registers'
bootstrap compiler is gcc version 3.5.0 20040529 (experimental)
LAST_UPDATED: 2004-05-31T12:42:56+0000
Native configuration is i686-pc-linux-gnu
=== gcc tests ===
Running target unix
FAIL: gcc.c-torture/compile/930623-1.c (test for excess errors)
FAIL: gcc.c-torture/compile/930623-1.c (test for excess errors)
FAIL: gcc.c-torture/compile/930623-1.c (test for excess errors)
FAIL: gcc.c-torture/compile/930623-1.c (test for excess errors)
FAIL: gcc.c-torture/compile/930623-1.c (test for excess errors)
FAIL: gcc.c-torture/compile/930623-1.c (test for excess errors)
FAIL: gcc.c-torture/compile/950613-1.c (test for excess errors)
FAIL: gcc.c-torture/compile/950613-1.c (test for excess errors)
FAIL: gcc.c-torture/compile/990625-1.c (test for excess errors)
FAIL: gcc.c-torture/execute/simd-1.c execution, -O0
FAIL: gcc.c-torture/execute/simd-1.c execution, -O1
FAIL: gcc.c-torture/execute/simd-1.c execution, -O2
FAIL: gcc.c-torture/execute/simd-1.c execution, -O3 -fomit-frame-pointer
FAIL: gcc.c-torture/execute/simd-1.c execution, -O3 -g
FAIL: gcc.c-torture/execute/simd-1.c execution, -Os
FAIL: gcc.c-torture/execute/simd-2.c execution, -O2
FAIL: gcc.c-torture/execute/simd-2.c execution, -Os
FAIL: gcc.c-torture/execute/va-arg-25.c execution, -O0
FAIL: gcc.c-torture/execute/va-arg-25.c execution, -O1
FAIL: gcc.c-torture/execute/va-arg-25.c execution, -O2
FAIL: gcc.c-torture/execute/va-arg-25.c execution, -O3 -fomit-frame-pointer
FAIL: gcc.c-torture/execute/va-arg-25.c execution, -O3 -g
FAIL: gcc.c-torture/execute/va-arg-25.c execution, -Os
FAIL: gcc.dg/compat/vector-1 c_compat_x_tst.o compile
FAIL: gcc.dg/compat/vector-1 c_compat_y_tst.o compile
UNRESOLVED: gcc.dg/compat/vector-1 c_compat_x_tst.o-c_compat_y_tst.o link
UNRESOLVED: gcc.dg/compat/vector-1 c_compat_x_tst.o-c_compat_y_tst.o execute
FAIL: gcc.dg/compat/vector-2 c_compat_x_tst.o compile
FAIL: gcc.dg/compat/vector-2 c_compat_y_tst.o compile
UNRESOLVED: gcc.dg/compat/vector-2 c_compat_x_tst.o-c_compat_y_tst.o link
UNRESOLVED: gcc.dg/compat/vector-2 c_compat_x_tst.o-c_compat_y_tst.o execute
FAIL: gcc.dg/debug/dwarf2/dwarf-die7.c scan-assembler 1.*DW_AT_inline
FAIL: gcc.dg/debug/dwarf2/dwarf-die7.c scan-assembler 1.*DW_AT_inline
FAIL: gcc.dg/20020218-1.c (test for excess errors)
ERROR: gcc.dg/20020218-1.c: error executing dg-final: couldn't open "20020218-1.s": no such file or directory
UNRESOLVED: gcc.dg/20020218-1.c: error executing dg-final: couldn't open "20020218-1.s": no such file or directory
FAIL: gcc.dg/builtin-apply1.c (test for excess errors)
FAIL: gcc.dg/builtin-apply2.c (test for excess errors)
WARNING: gcc.dg/builtin-apply2.c compilation failed to produce executable
FAIL: gcc.dg/builtin-apply3.c (test for excess errors)
WARNING: gcc.dg/builtin-apply3.c compilation failed to produce executable
FAIL: gcc.dg/builtin-return-1.c (test for excess errors)
WARNING: gcc.dg/builtin-return-1.c compilation failed to produce executable
FAIL: gcc.dg/c90-const-expr-3.c (test for excess errors)
FAIL: gcc.dg/c99-const-expr-3.c (test for excess errors)
XPASS: gcc.dg/i386-ssetype-1.c scan-assembler-not movdqa
XPASS: gcc.dg/i386-ssetype-3.c scan-assembler-not movdqa
XPASS: gcc.dg/setjmp-1.c spurious clobbered warning (test for bogus messages, line 16)
FAIL: gcc.dg/va-arg-3.c (test for excess errors)
UNRESOLVED: gcc.dg/visibility-1.c
UNRESOLVED: gcc.dg/visibility-2.c
UNRESOLVED: gcc.dg/visibility-3.c
UNRESOLVED: gcc.dg/visibility-4.c
UNRESOLVED: gcc.dg/visibility-5.c
UNRESOLVED: gcc.dg/visibility-6.c
UNRESOLVED: gcc.dg/visibility-7.c
UNRESOLVED: gcc.dg/visibility-8.c
ERROR: tcl error sourcing /usr/local/src/gcc/head/gcc/gcc/testsuite/gcc.dg/pch/pch.exp.
ERROR: error copying "/usr/local/src/gcc/head/gcc/gcc/testsuite/gcc.dg/pch/common-1.c.hs": no such file or directory
UNRESOLVED: gcc.dg/special/weak-1.c
UNRESOLVED: gcc.dg/special/weak-2.c
UNRESOLVED: gcc.dg/special/wkali-1.c
UNRESOLVED: gcc.dg/special/wkali-2.c
FAIL: gcc.dg/tls/diag-1.c (test for excess errors)
FAIL: gcc.dg/tls/trivial.c (test for excess errors)
FAIL: gcc.dg/tree-ssa/20030920-1.c (test for excess errors)
UNRESOLVED: gcc.dg/weak/typeof-2.c
UNRESOLVED: gcc.dg/weak/weak-1.c
UNRESOLVED: gcc.dg/weak/weak-2.c
UNRESOLVED: gcc.dg/weak/weak-3.c
UNRESOLVED: gcc.dg/weak/weak-4.c
UNRESOLVED: gcc.dg/weak/weak-5.c
UNRESOLVED: gcc.dg/weak/weak-6.c
UNRESOLVED: gcc.dg/weak/weak-7.c
UNRESOLVED: gcc.dg/weak/weak-8.c
UNRESOLVED: gcc.dg/weak/weak-9.c
FAIL: 209: expected branch percentages not found: 25
FAIL: gcc.misc-tests/gcov-4b.c gcov: 0 failures in line counts, 1 in branch percentages, 0 in return percentages
=== gcc Summary ===
# of expected passes 25919
# of unexpected failures 42
# of unexpected successes 3
# of expected failures 64
# of unresolved testcases 27
# of unsupported tests 228
/usr/local/src/gcc/head/full/gcc/xgcc version 3.5.0 20040531 (experimental)
=== gfortran tests ===
Running target unix
FAIL: gfortran.fortran-torture/compile/actual.f90, -O2
FAIL: gfortran.fortran-torture/compile/actual.f90, -O2 -fomit-frame-pointer -finline-functions
FAIL: gfortran.fortran-torture/compile/actual.f90, -O2 -fomit-frame-pointer -finline-functions -funroll-loops
FAIL: gfortran.fortran-torture/compile/actual.f90, -O2 -fomit-frame-pointer -finline-functions -funroll-all-loops
FAIL: gfortran.fortran-torture/compile/actual.f90, -O2 -fno-repack-arrays
FAIL: gfortran.fortran-torture/compile/actual.f90, -O3 -g
FAIL: gfortran.fortran-torture/compile/actual.f90, -Os
FAIL: gfortran.fortran-torture/execute/intrinsic_nearest.f90 execution, -Os
FAIL: gfortran.fortran-torture/execute/math.f90 execution, -Os
FAIL: gfortran.fortran-torture/execute/power.f90 execution, -Os
=== gfortran Summary ===
# of expected passes 2969
# of unexpected failures 10
/usr/local/src/gcc/head/full/gcc/testsuite/../gfortran version 3.5.0 20040531 (experimental)
=== g++ tests ===
Running target unix
XPASS: g++.dg/eh/elide1.C execution test
UNRESOLVED: g++.dg/init/init-ref4.C
FAIL: g++.dg/parse/stack1.C (test for excess errors)
FAIL: 258: expected branch percentages not found: 25
FAIL: g++.dg/gcov/gcov-1.C gcov: 0 failures in line counts, 1 in branch percentages, 0 in return percentages
FAIL: 23:is 2:should be 1
FAIL: g++.dg/gcov/gcov-2.C gcov: 1 failures in line counts, 0 in branch percentages, 0 in return percentages
ERROR: tcl error sourcing /usr/local/src/gcc/head/gcc/gcc/testsuite/g++.dg/pch/pch.exp.
ERROR: error copying "/usr/local/src/gcc/head/gcc/gcc/testsuite/g++.dg/pch/empty.C.Hs": no such file or directory
FAIL: g++.dg/tls/diag-1.C (test for excess errors)
FAIL: g++.dg/tls/init-1.C (test for excess errors)
FAIL: g++.dg/tls/trivial.C (test for excess errors)
FAIL: g++.old-deja/g++.brendan/crash13.C (test for errors, line 34)
FAIL: g++.old-deja/g++.bugs/900205_03.C (test for errors, line 21)
FAIL: g++.old-deja/g++.bugs/900205_03.C (test for errors, line 24)
FAIL: g++.old-deja/g++.bugs/900205_03.C (test for errors, line 44)
FAIL: g++.old-deja/g++.bugs/900205_03.C (test for errors, line 47)
UNRESOLVED: g++.old-deja/g++.ext/attrib5.C
FAIL: g++.old-deja/g++.law/friend5.C (test for errors, line 19)
FAIL: g++.old-deja/g++.law/friend5.C (test for errors, line 24)
WARNING: g++.old-deja/g++.mike/p10769a.C compilation failed to produce executable
FAIL: g++.old-deja/g++.mike/p646.C (test for warnings, line 104)
FAIL: g++.old-deja/g++.mike/p646.C (test for warnings, line 112)
FAIL: g++.old-deja/g++.mike/p646.C (test for warnings, line 120)
FAIL: g++.old-deja/g++.mike/p646.C (test for warnings, line 127)
FAIL: g++.old-deja/g++.mike/p646.C (test for warnings, line 133)
WARNING: g++.old-deja/g++.other/enum5.C compilation failed to produce executable
FAIL: g++.old-deja/g++.other/warn7.C (test for warnings, line 38)
WARNING: g++.old-deja/g++.pt/friend44.C compilation failed to produce executable
UNRESOLVED: g++.old-deja/g++.pt/static3.C
=== g++ Summary ===
# of expected passes 9710
# of unexpected failures 21
# of unexpected successes 1
# of expected failures 83
# of unresolved testcases 3
# of unsupported tests 45
/usr/local/src/gcc/head/full/gcc/testsuite/../g++ version 3.5.0 20040531 (experimental)
=== libffi tests ===
Running target unix
=== libffi Summary ===
# of expected passes 212
# of unsupported tests 2
=== libjava tests ===
Running target unix
ERROR: tcl error sourcing /usr/local/src/gcc/head/gcc/libjava/testsuite/libjava.cni/cni.exp.
ERROR: couldn't open "/usr/local/src/gcc/head/gcc/libjava/testsuite/libjava.cni/PR9577.java.out": no such file or directory
FAIL: G19990217_02 compilation from source
FAIL: G19990217_02 -O3 compilation from source
FAIL: MethodFailure4 compilation from source
FAIL: MethodFailure4 byte compilation
FAIL: MethodFailure4 -O3 compilation from source
FAIL: MethodFailure4 byte compilation
FAIL: PR11600 compilation from source
FAIL: PR11600 byte compilation
FAIL: PR11600 -O3 compilation from source
FAIL: PR11600 byte compilation
FAIL: PR124 compilation from source
FAIL: PR124 byte compilation
FAIL: PR124 -O3 compilation from source
FAIL: PR124 byte compilation
FAIL: PR127 compilation from source
FAIL: PR127 byte compilation
FAIL: PR127 -O3 compilation from source
FAIL: PR127 byte compilation
FAIL: PR129_B compilation from source
FAIL: PR129_B -O3 compilation from source
FAIL: PR13733 compilation from source
FAIL: PR13733 byte compilation
FAIL: PR13733 -O3 compilation from source
FAIL: PR13733 byte compilation
FAIL: PR140 compilation from source
FAIL: PR140 byte compilation
FAIL: PR140 -O3 compilation from source
FAIL: PR140 byte compilation
FAIL: PR163 compilation from source
FAIL: PR163 byte compilation
FAIL: PR163 -O3 compilation from source
FAIL: PR163 byte compilation
FAIL: PR164 compilation from source
FAIL: PR164 byte compilation
FAIL: PR164 -O3 compilation from source
FAIL: PR164 byte compilation
FAIL: PR207 compilation from source
FAIL: PR207 -O3 compilation from source
FAIL: PR224 compilation from source
FAIL: PR224 byte compilation
FAIL: PR224 -O3 compilation from source
FAIL: PR224 byte compilation
FAIL: PR310 compilation from source
FAIL: PR310 byte compilation
FAIL: PR310 -O3 compilation from source
FAIL: PR310 byte compilation
FAIL: PR3417 compilation from source
FAIL: PR3417 byte compilation
FAIL: PR3417 -O3 compilation from source
FAIL: PR3417 byte compilation
FAIL: PR4766 -O3 compilation from source
FAIL: PR5641 compilation from source
FAIL: PR5641 -O3 compilation from source
FAIL: PR6865 compilation from source
FAIL: PR6865 byte compilation
FAIL: PR6865 -O3 compilation from source
FAIL: PR6865 byte compilation
FAIL: Where compilation from source
FAIL: Where -O3 compilation from source
FAIL: block compilation from source
FAIL: block byte compilation
FAIL: block -O3 compilation from source
FAIL: block byte compilation
FAIL: consthrow compilation from source
FAIL: consthrow byte compilation
FAIL: consthrow -O3 compilation from source
FAIL: consthrow byte compilation
FAIL: final_assignment_check compilation from source
FAIL: final_assignment_check byte compilation
FAIL: final_assignment_check -O3 compilation from source
FAIL: final_assignment_check byte compilation
FAIL: inner_1 compilation from source
FAIL: inner_1 -O3 compilation from source
FAIL: not_a_redef compilation from source
FAIL: not_a_redef -O3 compilation from source
FAIL: redef1 compilation from source
FAIL: redef1 byte compilation
FAIL: redef1 -O3 compilation from source
FAIL: redef1 byte compilation
FAIL: redef2 compilation from source
FAIL: redef2 byte compilation
FAIL: redef2 -O3 compilation from source
FAIL: redef2 byte compilation
FAIL: redef3 compilation from source
FAIL: redef3 byte compilation
FAIL: redef3 -O3 compilation from source
FAIL: redef3 byte compilation
FAIL: redef4 compilation from source
FAIL: redef4 byte compilation
FAIL: redef4 -O3 compilation from source
FAIL: redef4 byte compilation
FAIL: redef5 compilation from source
FAIL: redef5 byte compilation
FAIL: redef5 -O3 compilation from source
FAIL: redef5 byte compilation
FAIL: redef6 compilation from source
FAIL: redef6 byte compilation
FAIL: redef6 -O3 compilation from source
FAIL: redef6 byte compilation
FAIL: static_1 compilation from source
FAIL: static_1 byte compilation
FAIL: static_1 -O3 compilation from source
FAIL: static_1 byte compilation
FAIL: static_2 compilation from source
FAIL: static_2 -O3 compilation from source
FAIL: static_3 compilation from source
FAIL: static_3 -O3 compilation from source
FAIL: static_init compilation from source
FAIL: static_init byte compilation
FAIL: static_init -O3 compilation from source
FAIL: static_init byte compilation
FAIL: uesc compilation from source
FAIL: uesc byte compilation
FAIL: uesc -O3 compilation from source
FAIL: uesc byte compilation
ERROR: tcl error sourcing /usr/local/src/gcc/head/gcc/libjava/testsuite/libjava.jar/jar.exp.
ERROR: couldn't open "/usr/local/src/gcc/head/gcc/libjava/testsuite/libjava.jar/simple.jar.out": no such file or directory
FAIL: bytecompile /usr/local/src/gcc/head/gcc/libjava/testsuite/libjava.jni/PR15133.java
FAIL: bytecompile /usr/local/src/gcc/head/gcc/libjava/testsuite/libjava.jni/calls.java
FAIL: bytecompile /usr/local/src/gcc/head/gcc/libjava/testsuite/libjava.jni/cxxtest.java
FAIL: bytecompile /usr/local/src/gcc/head/gcc/libjava/testsuite/libjava.jni/field.java
FAIL: bytecompile /usr/local/src/gcc/head/gcc/libjava/testsuite/libjava.jni/final_method.java
FAIL: bytecompile /usr/local/src/gcc/head/gcc/libjava/testsuite/libjava.jni/findclass.java
FAIL: bytecompile /usr/local/src/gcc/head/gcc/libjava/testsuite/libjava.jni/invoke.java
FAIL: bytecompile /usr/local/src/gcc/head/gcc/libjava/testsuite/libjava.jni/jniutf.java
FAIL: bytecompile /usr/local/src/gcc/head/gcc/libjava/testsuite/libjava.jni/martin.java
FAIL: bytecompile /usr/local/src/gcc/head/gcc/libjava/testsuite/libjava.jni/noclass.java
FAIL: bytecompile /usr/local/src/gcc/head/gcc/libjava/testsuite/libjava.jni/overload.java
FAIL: bytecompile /usr/local/src/gcc/head/gcc/libjava/testsuite/libjava.jni/pr11951.java
FAIL: bytecompile /usr/local/src/gcc/head/gcc/libjava/testsuite/libjava.jni/register.java
FAIL: bytecompile /usr/local/src/gcc/head/gcc/libjava/testsuite/libjava.jni/simple_int.java
FAIL: bytecompile /usr/local/src/gcc/head/gcc/libjava/testsuite/libjava.jni/throwit.java
FAIL: bytecompile /usr/local/src/gcc/head/gcc/libjava/testsuite/libjava.jni/virtual.java
=== libjava Summary ===
# of expected passes 3128
# of unexpected failures 131
# of expected failures 10
# of untested testcases 56
=== libmudflap tests ===
Running target unix
=== libmudflap Summary ===
# of expected passes 1092
=== libstdc++ tests ===
Running target unix
XPASS: 26_numerics/c99_classification_macros_c.cc (test for excess errors)
FAIL: 26_numerics/complex/13450.cc (test for excess errors)
WARNING: 26_numerics/complex/13450.cc compilation failed to produce executable
FAIL: 26_numerics/complex/pow.cc (test for excess errors)
WARNING: 26_numerics/complex/pow.cc compilation failed to produce executable
=== libstdc++ Summary ===
# of expected passes 2682
# of unexpected failures 2
# of unexpected successes 1
# of expected failures 5
Compiler version: 3.5.020040531(experimental)
Platform: i686-pc-linux-gnu
configure flags: --prefix=/usr/local/gcc-head --enable-checking --with-arch=athlon-xp --disable-werror --enable-languages=c,c++,f95,java