This is the mail archive of the
gcc-testresults@gcc.gnu.org
mailing list for the GCC project.
Results for 3.3.4 20040530 (prerelease) testsuite on sparc64-sun-solaris2.9
- From: Eric Botcazou <eric at localhost dot localdomain>
- To: gcc-testresults at gcc dot gnu dot org
- Date: Sun, 30 May 2004 18:58:22 +0200
- Subject: Results for 3.3.4 20040530 (prerelease) testsuite on sparc64-sun-solaris2.9
LAST_UPDATED: Sun May 30 06:18:34 UTC 2004
Native configuration is sparc64-sun-solaris2.9
=== g++ tests ===
Running target unix
FAIL: g++.dg/parse/stack1.C (test for excess errors)
FAIL: g++.other/decl5.C caused compiler crash
=== g++ Summary for unix ===
# of expected passes 8165
# of unexpected failures 2
# of expected failures 96
# of untested testcases 23
# of unsupported tests 28
Running target unix/-m32
FAIL: g++.dg/parse/stack1.C (test for excess errors)
FAIL: g++.other/decl5.C caused compiler crash
=== g++ Summary for unix/-m32 ===
# of expected passes 8166
# of unexpected failures 2
# of expected failures 95
# of untested testcases 23
# of unsupported tests 28
=== g++ Summary ===
# of expected passes 16331
# of unexpected failures 4
# of expected failures 191
# of untested testcases 46
# of unsupported tests 56
/opt/build/eric/gcc-3_3-branch/gcc/testsuite/../g++ version 3.3.4 20040530 (prerelease)
=== g77 tests ===
Running target unix
=== g77 Summary for unix ===
# of expected passes 1720
# of unsupported tests 8
Running target unix/-m32
=== g77 Summary for unix/-m32 ===
# of expected passes 1720
# of unsupported tests 8
=== g77 Summary ===
# of expected passes 3440
# of unsupported tests 16
/opt/build/eric/gcc-3_3-branch/gcc/testsuite/../g77 version 3.3.4 20040530 (prerelease)
=== gcc tests ===
Running target unix
WARNING: gcc.dg/20021014-1.c compilation failed to produce executable
FAIL: gcc.dg/duff-2.c (test for excess errors)
=== gcc Summary for unix ===
# of expected passes 21166
# of unexpected failures 1
# of expected failures 77
# of unsupported tests 186
Running target unix/-m32
WARNING: gcc.dg/20021014-1.c compilation failed to produce executable
FAIL: gcc.dg/duff-2.c (test for excess errors)
=== gcc Summary for unix/-m32 ===
# of expected passes 21176
# of unexpected failures 1
# of expected failures 67
# of unsupported tests 186
=== gcc Summary ===
# of expected passes 42342
# of unexpected failures 2
# of expected failures 144
# of unsupported tests 372
/opt/build/eric/gcc-3_3-branch/gcc/xgcc version 3.3.4 20040530 (prerelease)
=== objc tests ===
Running target unix
=== objc Summary for unix ===
# of expected passes 1166
Running target unix/-m32
=== objc Summary for unix/-m32 ===
# of expected passes 1166
=== objc Summary ===
# of expected passes 2332
/opt/build/eric/gcc-3_3-branch/gcc/xgcc version 3.3.4 20040530 (prerelease)
=== libjava tests ===
Running target unix
FAIL: Array_3 execution - gij test
FAIL: Array_3 execution - gij test
FAIL: FileHandleGcTest execution - source compiled test
FAIL: FileHandleGcTest execution - gij test
FAIL: FileHandleGcTest execution - bytecode->native test
FAIL: FileHandleGcTest -O execution - source compiled test
FAIL: FileHandleGcTest execution - gij test
FAIL: FileHandleGcTest -O execution - bytecode->native test
=== libjava Summary for unix ===
# of expected passes 2975
# of unexpected failures 8
# of expected failures 16
# of untested testcases 20
Running target unix/-m32
FAIL: Array_3 execution - gij test
FAIL: Array_3 execution - gij test
FAIL: FileHandleGcTest execution - source compiled test
FAIL: FileHandleGcTest execution - bytecode->native test
FAIL: FileHandleGcTest -O execution - source compiled test
FAIL: FileHandleGcTest -O execution - bytecode->native test
FAIL: Thread_Join execution - gij test
FAIL: Throw_2 execution - source compiled test
FAIL: Throw_2 execution - gij test
FAIL: Throw_2 execution - bytecode->native test
FAIL: Throw_2 -O execution - source compiled test
FAIL: Throw_2 execution - gij test
FAIL: Throw_2 -O execution - bytecode->native test
=== libjava Summary for unix/-m32 ===
# of expected passes 2965
# of unexpected failures 13
# of expected failures 16
# of untested testcases 25
=== libjava Summary ===
# of expected passes 5940
# of unexpected failures 21
# of expected failures 32
# of untested testcases 45
=== libstdc++-v3 tests ===
Running target unix
=== libstdc++-v3 Summary for unix ===
# of expected passes 429
# of expected failures 18
Running target unix/-m32
=== libstdc++-v3 Summary for unix/-m32 ===
# of expected passes 429
# of expected failures 18
=== libstdc++-v3 Summary ===
# of expected passes 858
# of expected failures 36
Compiler version: 3.3.4 20040530 (prerelease)
Platform: sparc64-sun-solaris2.9
configure flags: --host=sparc64-sun-solaris2.9 --prefix=/opt/build/eric/local/gcc-3.3.4 --enable-languages=c,c++,objc,f77,java --enable-checking=misc,tree,rtlflag