This is the mail archive of the
gcc-testresults@gcc.gnu.org
mailing list for the GCC project.
Results for 3.5.0 20040530 (experimental) testsuite on i686-pc-linux-gnu
- From: Christian Joensson <chj at j-son dot org>
- To: gcc-testresults at gcc dot gnu dot org
- Date: Sun, 30 May 2004 16:37:36 +0200
- Subject: Results for 3.5.0 20040530 (experimental) testsuite on i686-pc-linux-gnu
Fedora Core 2 (Tettnang) ia32 pentium III dual i686:
binutils-2.15.90.0.3-5
bison-1.875-7.1
dejagnu-1.4.2-11
expect-5.39.0-96.1
gcc-3.3.3-7
glibc-2.3.3-27
glibc-kernheaders-2.4-8.44
kernel-smp-2.6.5-1.358
tcl-8.4.5-7
LAST_UPDATED: Sun May 30 07:33:27 UTC 2004
Native configuration is i686-pc-linux-gnu
=== gcc tests ===
Running target unix/-fPIC
FAIL: gcc.c-torture/compile/20000804-1.c (test for excess errors)
FAIL: gcc.c-torture/compile/950613-1.c (test for excess errors)
FAIL: gcc.c-torture/compile/950613-1.c (test for excess errors)
FAIL: gcc.c-torture/execute/20020406-1.c execution, -O3 -fomit-frame-pointer
FAIL: gcc.c-torture/execute/20020406-1.c execution, -O3 -fomit-frame-pointer -funroll-loops
FAIL: gcc.c-torture/execute/20020406-1.c execution, -O3 -fomit-frame-pointer -funroll-all-loops -finline-functions
FAIL: gcc.c-torture/execute/va-arg-25.c execution, -Os
ERROR: ./tmp.x does not exist in unix_load.
UNRESOLVED: gcc.dg/charset/asm1.c
ERROR: ./tmp.x does not exist in unix_load.
UNRESOLVED: gcc.dg/charset/asm2.c
ERROR: ./tmp.x does not exist in unix_load.
UNRESOLVED: gcc.dg/charset/asm3.c
ERROR: ./tmp.x does not exist in unix_load.
UNRESOLVED: gcc.dg/charset/asm4.c
ERROR: ./tmp.x does not exist in unix_load.
UNRESOLVED: gcc.dg/charset/asm5.c
ERROR: ./tmp.x does not exist in unix_load.
UNRESOLVED: gcc.dg/charset/attribute1.c
ERROR: ./tmp.x does not exist in unix_load.
UNRESOLVED: gcc.dg/charset/attribute2.c
ERROR: ./tmp.x does not exist in unix_load.
UNRESOLVED: gcc.dg/charset/extern.c
ERROR: ./tmp.x does not exist in unix_load.
UNRESOLVED: gcc.dg/charset/function.c
ERROR: ./tmp.x does not exist in unix_load.
UNRESOLVED: gcc.dg/charset/string.c
FAIL: gcc.dg/debug/dwarf2/dwarf-die7.c scan-assembler 1.*DW_AT_inline
FAIL: gcc.dg/20011119-1.c (test for excess errors)
WARNING: gcc.dg/20011119-1.c compilation failed to produce executable
WARNING: program timed out.
FAIL: gcc.dg/20020616-1.c execution test
FAIL: gcc.dg/20020919-1.c (test for errors, line 132)
FAIL: gcc.dg/20020919-1.c (test for errors, line 177)
FAIL: gcc.dg/20020919-1.c (test for errors, line 231)
FAIL: gcc.dg/20020919-1.c (test for errors, line 244)
FAIL: gcc.dg/20020919-1.c (test for excess errors)
FAIL: gcc.dg/c90-const-expr-3.c (test for excess errors)
FAIL: gcc.dg/c99-const-expr-3.c (test for excess errors)
FAIL: gcc.dg/clobbers.c (test for excess errors)
WARNING: gcc.dg/clobbers.c compilation failed to produce executable
FAIL: gcc.dg/i386-387-3.c scan-assembler fldpi
FAIL: gcc.dg/i386-387-4.c scan-assembler fldpi
FAIL: gcc.dg/i386-cmov1.c scan-assembler sar[^\\\\n]*magic_namea
FAIL: gcc.dg/i386-cmov1.c scan-assembler sar[^\\\\n]*magic_nameb
FAIL: gcc.dg/i386-cmov1.c scan-assembler sar[^\\\\n]*magic_namec
FAIL: gcc.dg/i386-cmov1.c scan-assembler shr[^\\\\n]*magic_named
FAIL: gcc.dg/i386-cmov1.c scan-assembler shr[^\\\\n]*magic_namee
FAIL: gcc.dg/i386-cmov1.c scan-assembler shr[^\\\\n]*magic_namef
FAIL: gcc.dg/i386-local2.c scan-assembler-not sub[^\\\\n]*sp
FAIL: gcc.dg/i386-mul.c scan-assembler and[^\\\\n]*magic
FAIL: gcc.dg/i386-ssetype-1.c scan-assembler andpd[^\\\\n]*magic
FAIL: gcc.dg/i386-ssetype-1.c scan-assembler andnpd[^\\\\n]*magic
FAIL: gcc.dg/i386-ssetype-1.c scan-assembler xorpd[^\\\\n]*magic
FAIL: gcc.dg/i386-ssetype-1.c scan-assembler orpd[^\\\\n]*magic
XPASS: gcc.dg/i386-ssetype-1.c scan-assembler-not movdqa
FAIL: gcc.dg/i386-ssetype-1.c scan-assembler movapd[^\\\\n]*magic
FAIL: gcc.dg/i386-ssetype-3.c scan-assembler andps[^\\\\n]*magic
FAIL: gcc.dg/i386-ssetype-3.c scan-assembler andnps[^\\\\n]*magic
FAIL: gcc.dg/i386-ssetype-3.c scan-assembler xorps[^\\\\n]*magic
FAIL: gcc.dg/i386-ssetype-3.c scan-assembler orps[^\\\\n]*magic
XPASS: gcc.dg/i386-ssetype-3.c scan-assembler-not movdqa
FAIL: gcc.dg/i386-ssetype-3.c scan-assembler movaps[^\\\\n]*magic
FAIL: gcc.dg/i386-ssetype-5.c scan-assembler pand[^\\\\n]*magic
FAIL: gcc.dg/i386-ssetype-5.c scan-assembler pandn[^\\\\n]*magic
FAIL: gcc.dg/i386-ssetype-5.c scan-assembler pxor[^\\\\n]*magic
FAIL: gcc.dg/i386-ssetype-5.c scan-assembler por[^\\\\n]*magic
XPASS: gcc.dg/setjmp-1.c spurious clobbered warning (test for bogus messages, line 16)
FAIL: gcc.dg/sibcall-6.c execution test
FAIL: gcc.dg/va-arg-3.c (test for excess errors)
FAIL: gcc.dg/tree-ssa/ssa-dce-2.c scan-tree-dump-times if 0
FAIL: 209: expected branch percentages not found: 25
FAIL: gcc.misc-tests/gcov-4b.c gcov: 0 failures in line counts, 1 in branch percentages, 0 in return percentages
=== gcc Summary for unix/-fPIC ===
# of expected passes 26164
# of unexpected failures 47
# of unexpected successes 3
# of expected failures 64
# of unresolved testcases 10
# of untested testcases 28
# of unsupported tests 206
Running target unix
FAIL: gcc.c-torture/compile/950613-1.c (test for excess errors)
FAIL: gcc.c-torture/compile/950613-1.c (test for excess errors)
FAIL: gcc.c-torture/execute/va-arg-25.c execution, -Os
ERROR: ./tmp.x does not exist in unix_load.
UNRESOLVED: gcc.dg/charset/asm1.c
ERROR: ./tmp.x does not exist in unix_load.
UNRESOLVED: gcc.dg/charset/asm2.c
ERROR: ./tmp.x does not exist in unix_load.
UNRESOLVED: gcc.dg/charset/asm3.c
ERROR: ./tmp.x does not exist in unix_load.
UNRESOLVED: gcc.dg/charset/asm4.c
ERROR: ./tmp.x does not exist in unix_load.
UNRESOLVED: gcc.dg/charset/asm5.c
ERROR: ./tmp.x does not exist in unix_load.
UNRESOLVED: gcc.dg/charset/attribute1.c
ERROR: ./tmp.x does not exist in unix_load.
UNRESOLVED: gcc.dg/charset/attribute2.c
ERROR: ./tmp.x does not exist in unix_load.
UNRESOLVED: gcc.dg/charset/extern.c
ERROR: ./tmp.x does not exist in unix_load.
UNRESOLVED: gcc.dg/charset/function.c
ERROR: ./tmp.x does not exist in unix_load.
UNRESOLVED: gcc.dg/charset/string.c
FAIL: gcc.dg/debug/dwarf2/dwarf-die7.c scan-assembler 1.*DW_AT_inline
FAIL: gcc.dg/c90-const-expr-3.c (test for excess errors)
FAIL: gcc.dg/c99-const-expr-3.c (test for excess errors)
XPASS: gcc.dg/i386-ssetype-1.c scan-assembler-not movdqa
XPASS: gcc.dg/i386-ssetype-3.c scan-assembler-not movdqa
XPASS: gcc.dg/setjmp-1.c spurious clobbered warning (test for bogus messages, line 16)
FAIL: gcc.dg/va-arg-3.c (test for excess errors)
FAIL: 209: expected branch percentages not found: 25
FAIL: gcc.misc-tests/gcov-4b.c gcov: 0 failures in line counts, 1 in branch percentages, 0 in return percentages
=== gcc Summary for unix ===
# of expected passes 26204
# of unexpected failures 9
# of unexpected successes 3
# of expected failures 64
# of unresolved testcases 10
# of untested testcases 28
# of unsupported tests 206
=== gcc Summary ===
# of expected passes 52368
# of unexpected failures 56
# of unexpected successes 6
# of expected failures 128
# of unresolved testcases 20
# of untested testcases 56
# of unsupported tests 412
/usr/local/src/trunk/objdir/gcc/xgcc version 3.5.0 20040530 (experimental)
=== gfortran tests ===
Running target unix/-fPIC
FAIL: gfortran.fortran-torture/compile/actual.f90, -O2
FAIL: gfortran.fortran-torture/compile/actual.f90, -O2 -fomit-frame-pointer -finline-functions
FAIL: gfortran.fortran-torture/compile/actual.f90, -O2 -fomit-frame-pointer -finline-functions -funroll-loops
FAIL: gfortran.fortran-torture/compile/actual.f90, -O2 -fomit-frame-pointer -finline-functions -funroll-all-loops
FAIL: gfortran.fortran-torture/compile/actual.f90, -O2 -fno-repack-arrays
FAIL: gfortran.fortran-torture/compile/actual.f90, -O3 -g
FAIL: gfortran.fortran-torture/compile/actual.f90, -Os
FAIL: gfortran.fortran-torture/execute/forall_3.f90 execution, -Os
=== gfortran Summary for unix/-fPIC ===
# of expected passes 2917
# of unexpected failures 8
Running target unix
FAIL: gfortran.fortran-torture/compile/actual.f90, -O2
FAIL: gfortran.fortran-torture/compile/actual.f90, -O2 -fomit-frame-pointer -finline-functions
FAIL: gfortran.fortran-torture/compile/actual.f90, -O2 -fomit-frame-pointer -finline-functions -funroll-loops
FAIL: gfortran.fortran-torture/compile/actual.f90, -O2 -fomit-frame-pointer -finline-functions -funroll-all-loops
FAIL: gfortran.fortran-torture/compile/actual.f90, -O2 -fno-repack-arrays
FAIL: gfortran.fortran-torture/compile/actual.f90, -O3 -g
FAIL: gfortran.fortran-torture/compile/actual.f90, -Os
FAIL: gfortran.fortran-torture/execute/forall_3.f90 execution, -Os
=== gfortran Summary for unix ===
# of expected passes 2917
# of unexpected failures 8
=== gfortran Summary ===
# of expected passes 5834
# of unexpected failures 16
/usr/local/src/trunk/objdir/gcc/testsuite/../gfortran version 3.5.0 20040530 (experimental)
=== g++ tests ===
Running target unix/-fPIC
ERROR: ./tmp.x does not exist in unix_load.
UNRESOLVED: g++.dg/charset/asm1.c
ERROR: ./tmp.x does not exist in unix_load.
UNRESOLVED: g++.dg/charset/asm2.c
ERROR: ./tmp.x does not exist in unix_load.
UNRESOLVED: g++.dg/charset/asm3.c
ERROR: ./tmp.x does not exist in unix_load.
UNRESOLVED: g++.dg/charset/asm4.c
ERROR: ./tmp.x does not exist in unix_load.
UNRESOLVED: g++.dg/charset/attribute1.c
ERROR: ./tmp.x does not exist in unix_load.
UNRESOLVED: g++.dg/charset/attribute2.c
ERROR: ./tmp.x does not exist in unix_load.
UNRESOLVED: g++.dg/charset/extern1.cc
ERROR: ./tmp.x does not exist in unix_load.
UNRESOLVED: g++.dg/charset/extern2.cc
ERROR: ./tmp.x does not exist in unix_load.
UNRESOLVED: g++.dg/charset/extern3.cc
ERROR: ./tmp.x does not exist in unix_load.
UNRESOLVED: g++.dg/charset/function.cc
ERROR: ./tmp.x does not exist in unix_load.
UNRESOLVED: g++.dg/charset/string.c
WARNING: program timed out.
FAIL: g++.dg/eh/cleanup1.C (test for excess errors)
XPASS: g++.dg/eh/elide1.C execution test
FAIL: g++.dg/parse/stack1.C (test for excess errors)
FAIL: 258: expected branch percentages not found: 25
FAIL: g++.dg/gcov/gcov-1.C gcov: 0 failures in line counts, 1 in branch percentages, 0 in return percentages
FAIL: 23:is 2:should be 1
FAIL: g++.dg/gcov/gcov-2.C gcov: 1 failures in line counts, 0 in branch percentages, 0 in return percentages
FAIL: g++.old-deja/g++.brendan/crash13.C (test for errors, line 34)
FAIL: g++.old-deja/g++.bugs/900205_03.C (test for errors, line 21)
FAIL: g++.old-deja/g++.bugs/900205_03.C (test for errors, line 24)
FAIL: g++.old-deja/g++.bugs/900205_03.C (test for errors, line 44)
FAIL: g++.old-deja/g++.bugs/900205_03.C (test for errors, line 47)
FAIL: g++.old-deja/g++.law/friend5.C (test for errors, line 19)
FAIL: g++.old-deja/g++.law/friend5.C (test for errors, line 24)
WARNING: g++.old-deja/g++.mike/p10769a.C compilation failed to produce executable
FAIL: g++.old-deja/g++.mike/p646.C (test for warnings, line 104)
FAIL: g++.old-deja/g++.mike/p646.C (test for warnings, line 112)
FAIL: g++.old-deja/g++.mike/p646.C (test for warnings, line 120)
FAIL: g++.old-deja/g++.mike/p646.C (test for warnings, line 127)
FAIL: g++.old-deja/g++.mike/p646.C (test for warnings, line 133)
WARNING: g++.old-deja/g++.other/enum5.C compilation failed to produce executable
XPASS: g++.old-deja/g++.other/init5.C execution test
FAIL: g++.old-deja/g++.other/warn7.C (test for warnings, line 38)
FAIL: g++.old-deja/g++.pt/asm1.C (test for excess errors)
FAIL: g++.old-deja/g++.pt/asm2.C (test for excess errors)
WARNING: g++.old-deja/g++.pt/friend44.C compilation failed to produce executable
=== g++ Summary for unix/-fPIC ===
# of expected passes 9763
# of unexpected failures 21
# of unexpected successes 2
# of expected failures 82
# of unresolved testcases 11
# of unsupported tests 42
Running target unix
ERROR: ./tmp.x does not exist in unix_load.
UNRESOLVED: g++.dg/charset/asm1.c
ERROR: ./tmp.x does not exist in unix_load.
UNRESOLVED: g++.dg/charset/asm2.c
ERROR: ./tmp.x does not exist in unix_load.
UNRESOLVED: g++.dg/charset/asm3.c
ERROR: ./tmp.x does not exist in unix_load.
UNRESOLVED: g++.dg/charset/asm4.c
ERROR: ./tmp.x does not exist in unix_load.
UNRESOLVED: g++.dg/charset/attribute1.c
ERROR: ./tmp.x does not exist in unix_load.
UNRESOLVED: g++.dg/charset/attribute2.c
ERROR: ./tmp.x does not exist in unix_load.
UNRESOLVED: g++.dg/charset/extern1.cc
ERROR: ./tmp.x does not exist in unix_load.
UNRESOLVED: g++.dg/charset/extern2.cc
ERROR: ./tmp.x does not exist in unix_load.
UNRESOLVED: g++.dg/charset/extern3.cc
ERROR: ./tmp.x does not exist in unix_load.
UNRESOLVED: g++.dg/charset/function.cc
ERROR: ./tmp.x does not exist in unix_load.
UNRESOLVED: g++.dg/charset/string.c
WARNING: program timed out.
FAIL: g++.dg/eh/cleanup1.C (test for excess errors)
XPASS: g++.dg/eh/elide1.C execution test
FAIL: g++.dg/parse/stack1.C (test for excess errors)
FAIL: 258: expected branch percentages not found: 25
FAIL: g++.dg/gcov/gcov-1.C gcov: 0 failures in line counts, 1 in branch percentages, 0 in return percentages
FAIL: 23:is 2:should be 1
FAIL: g++.dg/gcov/gcov-2.C gcov: 1 failures in line counts, 0 in branch percentages, 0 in return percentages
FAIL: g++.old-deja/g++.brendan/crash13.C (test for errors, line 34)
FAIL: g++.old-deja/g++.bugs/900205_03.C (test for errors, line 21)
FAIL: g++.old-deja/g++.bugs/900205_03.C (test for errors, line 24)
FAIL: g++.old-deja/g++.bugs/900205_03.C (test for errors, line 44)
FAIL: g++.old-deja/g++.bugs/900205_03.C (test for errors, line 47)
FAIL: g++.old-deja/g++.law/friend5.C (test for errors, line 19)
FAIL: g++.old-deja/g++.law/friend5.C (test for errors, line 24)
WARNING: g++.old-deja/g++.mike/p10769a.C compilation failed to produce executable
FAIL: g++.old-deja/g++.mike/p646.C (test for warnings, line 104)
FAIL: g++.old-deja/g++.mike/p646.C (test for warnings, line 112)
FAIL: g++.old-deja/g++.mike/p646.C (test for warnings, line 120)
FAIL: g++.old-deja/g++.mike/p646.C (test for warnings, line 127)
FAIL: g++.old-deja/g++.mike/p646.C (test for warnings, line 133)
WARNING: g++.old-deja/g++.other/enum5.C compilation failed to produce executable
XPASS: g++.old-deja/g++.other/init5.C execution test
FAIL: g++.old-deja/g++.other/warn7.C (test for warnings, line 38)
WARNING: g++.old-deja/g++.pt/friend44.C compilation failed to produce executable
=== g++ Summary for unix ===
# of expected passes 9765
# of unexpected failures 19
# of unexpected successes 2
# of expected failures 82
# of unresolved testcases 11
# of unsupported tests 42
=== g++ Summary ===
# of expected passes 19528
# of unexpected failures 40
# of unexpected successes 4
# of expected failures 164
# of unresolved testcases 22
# of unsupported tests 84
/usr/local/src/trunk/objdir/gcc/testsuite/../g++ version 3.5.0 20040530 (experimental)
=== objc tests ===
Running target unix/-fPIC
=== objc Summary for unix/-fPIC ===
# of expected passes 1339
# of unsupported tests 8
Running target unix
=== objc Summary for unix ===
# of expected passes 1339
# of unsupported tests 8
=== objc Summary ===
# of expected passes 2678
# of unsupported tests 16
/usr/local/src/trunk/objdir/gcc/xgcc version 3.5.0 20040530 (experimental)
=== libffi tests ===
Running target unix/-fPIC
=== libffi Summary for unix/-fPIC ===
# of expected passes 212
# of unsupported tests 2
Running target unix
=== libffi Summary for unix ===
# of expected passes 212
# of unsupported tests 2
=== libffi Summary ===
# of expected passes 424
# of unsupported tests 4
=== libjava tests ===
Running target unix/-fPIC
FAIL: PR4766 -O3 compilation from source
=== libjava Summary for unix/-fPIC ===
# of expected passes 3362
# of unexpected failures 1
# of expected failures 14
# of untested testcases 16
Running target unix
FAIL: PR4766 -O3 compilation from source
=== libjava Summary for unix ===
# of expected passes 3362
# of unexpected failures 1
# of expected failures 14
# of untested testcases 16
=== libjava Summary ===
# of expected passes 6724
# of unexpected failures 2
# of expected failures 28
# of untested testcases 32
=== libmudflap tests ===
Running target unix/-fPIC
=== libmudflap Summary for unix/-fPIC ===
# of expected passes 1092
Running target unix
=== libmudflap Summary for unix ===
# of expected passes 1092
=== libmudflap Summary ===
# of expected passes 2184
=== libstdc++-v3 check-abi Summary ===
# of added symbols: 303
# of missing symbols: 291
# of incompatible symbols: 291
=== libstdc++ tests ===
Running target unix/-fPIC
ERROR: ./tmp.x does not exist in unix_load.
UNRESOLVED: 22_locale/collate/compare/wchar_t/2.cc
ERROR: ./tmp.x does not exist in unix_load.
UNRESOLVED: 22_locale/collate/compare/wchar_t/wrapped_env.cc
ERROR: ./tmp.x does not exist in unix_load.
UNRESOLVED: 22_locale/collate/compare/wchar_t/wrapped_locale.cc
ERROR: ./tmp.x does not exist in unix_load.
UNRESOLVED: 22_locale/collate/hash/wchar_t/2.cc
ERROR: ./tmp.x does not exist in unix_load.
UNRESOLVED: 22_locale/collate/hash/wchar_t/wrapped_env.cc
ERROR: ./tmp.x does not exist in unix_load.
UNRESOLVED: 22_locale/collate/hash/wchar_t/wrapped_locale.cc
ERROR: ./tmp.x does not exist in unix_load.
UNRESOLVED: 22_locale/collate/transform/wchar_t/2.cc
ERROR: ./tmp.x does not exist in unix_load.
UNRESOLVED: 22_locale/collate/transform/wchar_t/wrapped_env.cc
ERROR: ./tmp.x does not exist in unix_load.
UNRESOLVED: 22_locale/collate/transform/wchar_t/wrapped_locale.cc
FAIL: ext/enc_filebuf/char/13189.cc (test for excess errors)
WARNING: ext/enc_filebuf/char/13189.cc compilation failed to produce executable
FAIL: ext/enc_filebuf/wchar_t/13189.cc (test for excess errors)
WARNING: ext/enc_filebuf/wchar_t/13189.cc compilation failed to produce executable
=== libstdc++ Summary for unix/-fPIC ===
# of expected passes 2664
# of unexpected failures 2
# of expected failures 6
# of unresolved testcases 9
Running target unix
ERROR: ./tmp.x does not exist in unix_load.
UNRESOLVED: 22_locale/collate/compare/wchar_t/2.cc
ERROR: ./tmp.x does not exist in unix_load.
UNRESOLVED: 22_locale/collate/compare/wchar_t/wrapped_env.cc
ERROR: ./tmp.x does not exist in unix_load.
UNRESOLVED: 22_locale/collate/compare/wchar_t/wrapped_locale.cc
ERROR: ./tmp.x does not exist in unix_load.
UNRESOLVED: 22_locale/collate/hash/wchar_t/2.cc
ERROR: ./tmp.x does not exist in unix_load.
UNRESOLVED: 22_locale/collate/hash/wchar_t/wrapped_env.cc
ERROR: ./tmp.x does not exist in unix_load.
UNRESOLVED: 22_locale/collate/hash/wchar_t/wrapped_locale.cc
ERROR: ./tmp.x does not exist in unix_load.
UNRESOLVED: 22_locale/collate/transform/wchar_t/2.cc
ERROR: ./tmp.x does not exist in unix_load.
UNRESOLVED: 22_locale/collate/transform/wchar_t/wrapped_env.cc
ERROR: ./tmp.x does not exist in unix_load.
UNRESOLVED: 22_locale/collate/transform/wchar_t/wrapped_locale.cc
XPASS: 26_numerics/c99_classification_macros_c.cc (test for excess errors)
=== libstdc++ Summary for unix ===
# of expected passes 2668
# of unexpected successes 1
# of expected failures 5
# of unresolved testcases 9
=== libstdc++ Summary ===
# of expected passes 5332
# of unexpected failures 2
# of unexpected successes 1
# of expected failures 11
# of unresolved testcases 18
Compiler version: 3.5.0 20040530 (experimental)
Platform: i686-pc-linux-gnu
configure flags: pentium3-linux --prefix=/usr/local/gcc-binutils --enable-__cxa_atexit --enable-shared --enable-threads=posix --with-system-zlib --enable-languages=c,c++,f95,java,objc
Counting all warnings,
there are 156 warnings in stage0 of this bootstrap.
Number of warnings per file:
34 libbanshee/points-to/andersen_terms.c
14 libbanshee/engine/setif-sort.c
12 libiberty/regex.c
10 libiberty/concat.c
9 libcompat/pages.c
6 fastjar/jartool.c
5 libbanshee/engine/flowrow-sort.c
5 include/xregex2.h
4 libjava/java/lang/strtod.c
4 libcompat/regions.c
4 libcompat/alloc.c
4 include/fibheap.h
3 libjava/java/lang/e_exp.c
3 libjava/java/lang/dtoa.c
3 include/java-signal.h
3 <command line>
2 libtool
2 libobjc/encoding.c
2 libobjc/archive.c
2 libjava/java/lang/natClassLoader.cc
2 libiberty/pex-unix.c
2 libgfortran/intrinsics/random.c
2 libbanshee/engine/setst-sort.c
2 libbanshee/engine/jcollection.c
2 include/gc_config_macros.h
1 make[5]
1 libobjc/sendmsg.c
1 libmudflap/mf-hooks3.c
1 libjava/java/lang/e_rem_pio2.c
1 libjava/java/lang/e_asin.c
1 libjava/gnu/gcj/io/shs.cc
1 libjava/boehm.cc
1 libgfortran/intrinsics/abort.c
1 libcompat/radix-tree.c
1 java/net/natNetworkInterface.cc
1 include/private/../gc_config_macros.h
1 gcc/defaults.h
1 gcc/coretypes.h
1 gcc/boehm-gc/mark_rts.c
1 gcc/auto-host.h
Number of warning types:
35 no previous prototype for \`???'
12 signed and unsigned type in conditional expression
10 traditional C rejects ISO C style function definitions
7 ISO C forbids nested functions
7 ISO C90 forbids variable-size array \`???'
7 invalid storage class for function \`???'
6 unused parameter \`???'
5 this is the location of the previous definition
5 ISO C90 does not support \`static' or type qualifiers in parameter array declarators
5 bit-field \`???' type invalid in ISO C
4 pointer targets in passing arg ??? of \`???' differ in signedness
4 ISO C89 forbids compound literals
4 \`???' defined but not used
4 comparison between signed and unsigned integer expressions
3 'void restore()' declared \`static' but never defined
3 \`GC_LINUX_THREADS' redefined
2 variable 'out' might be clobbered by \`longjmp' or \`vfork'
2 string length \`???' is greater than the length \`???' ISO C89 compilers are required to support
2 initialization discards qualifiers from pointer target type
2 empty body in an if-statement
1 'z' is used uninitialized in this function
1 'void byteReverse()' declared \`static' but never defined
1 unused variable \`???'
1 to ensure that POSIX-compatible ar will work
1 't' may be used uninitialized in this function
1 (this will be reported only once per input file)
1 'target_flags' defined but not used
1 'spec_case' may be used uninitialized in this function
1 \`rtx' redefined
1 object name conflicts; overriding AR_FLAGS to 'cq'
1 \`noreturn' function does return
1 'lo' may be used uninitialized in this function
1 'k' may be used uninitialized in this function
1 jobserver unavailable: using -j1. Add \`???' to parent make rule.
1 implicit declaration of function 'read'
1 implicit declaration of function 'close'
1 implicit declaration of function 'abort'
1 'ilim' may be used uninitialized in this function
1 'ilim1' may be used uninitialized in this function
1 'hi' may be used uninitialized in this function
1 function returns address of local variable
1 'delta' may be used uninitialized in this function
1 \`DEFAULT_USE_CXA_ATEXIT' redefined
1 C++ style comments are not allowed in ISO C90
1 'bs' may be used uninitialized in this function
1 'bd' may be used uninitialized in this function
1 'bb' may be used uninitialized in this function
Counting all warnings,
there are 22 warnings in stage3 of this bootstrap.
Number of warnings per file:
5 gcc/config/i386/i386.md
3 insn-conditions.c
3 gengtype-lex.c
3 gcc/gengtype-yacc.y
3 gcc/gcc.c
2 gcc/objc/lang-specs.h
2 gcc/cp/lang-specs.h
1 gcc/java/jvspec.c
Number of warning types:
9 string length \`???' is greater than the length \`???' ISO C89 compilers are required to support
4 source missing a mode?
3 old-style function definition
3 initializer element is not computable at load time
1 operand 1 missing mode?
1 (near initialization for \`???')
1 missing initializer