This is the mail archive of the
gcc-testresults@gcc.gnu.org
mailing list for the GCC project.
Results for 3.5.0 20040529 (experimental) testsuite on i686-pc-linux-gnu
- From: hjl at gnu-psc dot sc dot intel dot com (H.J. Lu)
- To: gcc-testresults at gcc dot gnu dot org
- Date: Sat, 29 May 2004 11:39:59 -0700 (PDT)
- Subject: Results for 3.5.0 20040529 (experimental) testsuite on i686-pc-linux-gnu
LAST_UPDATED: Sat May 29 07:57:58 UTC 2004
Native configuration is i686-pc-linux-gnu
=== g++ tests ===
Running target unix
ERROR: ./tmp.x does not exist in unix_load.
UNRESOLVED: g++.dg/charset/asm1.c
ERROR: ./tmp.x does not exist in unix_load.
UNRESOLVED: g++.dg/charset/asm2.c
ERROR: ./tmp.x does not exist in unix_load.
UNRESOLVED: g++.dg/charset/asm3.c
ERROR: ./tmp.x does not exist in unix_load.
UNRESOLVED: g++.dg/charset/asm4.c
ERROR: ./tmp.x does not exist in unix_load.
UNRESOLVED: g++.dg/charset/attribute1.c
ERROR: ./tmp.x does not exist in unix_load.
UNRESOLVED: g++.dg/charset/attribute2.c
ERROR: ./tmp.x does not exist in unix_load.
UNRESOLVED: g++.dg/charset/extern1.cc
ERROR: ./tmp.x does not exist in unix_load.
UNRESOLVED: g++.dg/charset/extern2.cc
ERROR: ./tmp.x does not exist in unix_load.
UNRESOLVED: g++.dg/charset/extern3.cc
ERROR: ./tmp.x does not exist in unix_load.
UNRESOLVED: g++.dg/charset/function.cc
ERROR: ./tmp.x does not exist in unix_load.
UNRESOLVED: g++.dg/charset/string.c
XPASS: g++.dg/eh/elide1.C execution test
FAIL: g++.dg/parse/stack1.C (test for excess errors)
FAIL: 258: expected branch percentages not found: 25
FAIL: g++.dg/gcov/gcov-1.C gcov: 0 failures in line counts, 1 in branch percentages, 0 in return percentages
FAIL: 23:is 2:should be 1
FAIL: g++.dg/gcov/gcov-2.C gcov: 1 failures in line counts, 0 in branch percentages, 0 in return percentages
FAIL: g++.old-deja/g++.brendan/crash13.C (test for errors, line 34)
FAIL: g++.old-deja/g++.bugs/900205_03.C (test for errors, line 21)
FAIL: g++.old-deja/g++.bugs/900205_03.C (test for errors, line 24)
FAIL: g++.old-deja/g++.bugs/900205_03.C (test for errors, line 44)
FAIL: g++.old-deja/g++.bugs/900205_03.C (test for errors, line 47)
FAIL: g++.old-deja/g++.law/friend5.C (test for errors, line 19)
FAIL: g++.old-deja/g++.law/friend5.C (test for errors, line 24)
WARNING: g++.old-deja/g++.mike/p10769a.C compilation failed to produce executable
FAIL: g++.old-deja/g++.mike/p646.C (test for warnings, line 104)
FAIL: g++.old-deja/g++.mike/p646.C (test for warnings, line 112)
FAIL: g++.old-deja/g++.mike/p646.C (test for warnings, line 120)
FAIL: g++.old-deja/g++.mike/p646.C (test for warnings, line 127)
FAIL: g++.old-deja/g++.mike/p646.C (test for warnings, line 133)
WARNING: g++.old-deja/g++.other/enum5.C compilation failed to produce executable
FAIL: g++.old-deja/g++.other/warn7.C (test for warnings, line 38)
WARNING: g++.old-deja/g++.pt/friend44.C compilation failed to produce executable
=== g++ Summary ===
# of expected passes 9766
# of unexpected failures 18
# of unexpected successes 1
# of expected failures 83
# of unresolved testcases 11
# of unsupported tests 42
/export/build/gnu/gcc/build-pentium4-linux/gcc/testsuite/../g++ version 3.5.0 20040529 (experimental)
=== gcc tests ===
Running target unix
FAIL: gcc.c-torture/compile/950613-1.c (test for excess errors)
FAIL: gcc.c-torture/compile/950613-1.c (test for excess errors)
FAIL: gcc.c-torture/execute/va-arg-25.c execution, -Os
ERROR: ./tmp.x does not exist in unix_load.
UNRESOLVED: gcc.dg/charset/asm1.c
ERROR: ./tmp.x does not exist in unix_load.
UNRESOLVED: gcc.dg/charset/asm2.c
ERROR: ./tmp.x does not exist in unix_load.
UNRESOLVED: gcc.dg/charset/asm3.c
ERROR: ./tmp.x does not exist in unix_load.
UNRESOLVED: gcc.dg/charset/asm4.c
ERROR: ./tmp.x does not exist in unix_load.
UNRESOLVED: gcc.dg/charset/asm5.c
ERROR: ./tmp.x does not exist in unix_load.
UNRESOLVED: gcc.dg/charset/attribute1.c
ERROR: ./tmp.x does not exist in unix_load.
UNRESOLVED: gcc.dg/charset/attribute2.c
ERROR: ./tmp.x does not exist in unix_load.
UNRESOLVED: gcc.dg/charset/extern.c
ERROR: ./tmp.x does not exist in unix_load.
UNRESOLVED: gcc.dg/charset/function.c
ERROR: ./tmp.x does not exist in unix_load.
UNRESOLVED: gcc.dg/charset/string.c
FAIL: gcc.dg/debug/dwarf2/dwarf-die7.c scan-assembler 1.*DW_AT_inline
FAIL: gcc.dg/c90-const-expr-3.c (test for excess errors)
FAIL: gcc.dg/c99-const-expr-3.c (test for excess errors)
XPASS: gcc.dg/i386-ssetype-1.c scan-assembler-not movdqa
XPASS: gcc.dg/i386-ssetype-3.c scan-assembler-not movdqa
XPASS: gcc.dg/setjmp-1.c spurious clobbered warning (test for bogus messages, line 16)
XPASS: gcc.dg/tree-ssa/20040204-1.c scan-tree-dump-times link_error 0
FAIL: 209: expected branch percentages not found: 25
FAIL: gcc.misc-tests/gcov-4b.c gcov: 0 failures in line counts, 1 in branch percentages, 0 in return percentages
=== gcc Summary ===
# of expected passes 26205
# of unexpected failures 8
# of unexpected successes 4
# of expected failures 63
# of unresolved testcases 10
# of untested testcases 28
# of unsupported tests 207
/export/build/gnu/gcc/build-pentium4-linux/gcc/xgcc version 3.5.0 20040529 (experimental)
=== gfortran tests ===
Running target unix
FAIL: gfortran.fortran-torture/execute/der_io.f90 execution, -O2
FAIL: gfortran.fortran-torture/execute/der_io.f90 execution, -O2 -fomit-frame-pointer -finline-functions
FAIL: gfortran.fortran-torture/execute/der_io.f90 execution, -O2 -fomit-frame-pointer -finline-functions -funroll-loops
FAIL: gfortran.fortran-torture/execute/der_io.f90 execution, -O2 -fomit-frame-pointer -finline-functions -funroll-all-loops
FAIL: gfortran.fortran-torture/execute/der_io.f90 execution, -O2 -fno-repack-arrays
FAIL: gfortran.fortran-torture/execute/der_io.f90 execution, -O3 -g
FAIL: gfortran.fortran-torture/execute/der_io.f90 execution, -Os
FAIL: gfortran.fortran-torture/execute/forall_3.f90 execution, -O0
FAIL: gfortran.fortran-torture/execute/forall_3.f90 execution, -O1
FAIL: gfortran.fortran-torture/execute/forall_3.f90 execution, -O2
FAIL: gfortran.fortran-torture/execute/forall_3.f90 execution, -O2 -fomit-frame-pointer -finline-functions
FAIL: gfortran.fortran-torture/execute/forall_3.f90 execution, -O2 -fomit-frame-pointer -finline-functions -funroll-loops
FAIL: gfortran.fortran-torture/execute/forall_3.f90 execution, -O2 -fomit-frame-pointer -finline-functions -funroll-all-loops
FAIL: gfortran.fortran-torture/execute/forall_3.f90 execution, -O2 -fno-repack-arrays
FAIL: gfortran.fortran-torture/execute/forall_3.f90 execution, -O3 -g
FAIL: gfortran.fortran-torture/execute/forall_3.f90 execution, -Os
FAIL: gfortran.fortran-torture/execute/function_module_1.f90 execution, -O2
FAIL: gfortran.fortran-torture/execute/function_module_1.f90 execution, -O2 -fomit-frame-pointer -finline-functions
FAIL: gfortran.fortran-torture/execute/function_module_1.f90 execution, -O2 -fomit-frame-pointer -finline-functions -funroll-loops
FAIL: gfortran.fortran-torture/execute/function_module_1.f90 execution, -O2 -fomit-frame-pointer -finline-functions -funroll-all-loops
FAIL: gfortran.fortran-torture/execute/function_module_1.f90 execution, -O2 -fno-repack-arrays
FAIL: gfortran.fortran-torture/execute/function_module_1.f90 execution, -O3 -g
FAIL: gfortran.fortran-torture/execute/function_module_1.f90 execution, -Os
FAIL: gfortran.fortran-torture/execute/specifics.f90 execution, -O2
FAIL: gfortran.fortran-torture/execute/specifics.f90 execution, -O2 -fomit-frame-pointer -finline-functions
FAIL: gfortran.fortran-torture/execute/specifics.f90 execution, -O2 -fomit-frame-pointer -finline-functions -funroll-loops
FAIL: gfortran.fortran-torture/execute/specifics.f90 execution, -O2 -fomit-frame-pointer -finline-functions -funroll-all-loops
FAIL: gfortran.fortran-torture/execute/specifics.f90 execution, -O2 -fno-repack-arrays
FAIL: gfortran.fortran-torture/execute/specifics.f90 execution, -O3 -g
FAIL: gfortran.fortran-torture/execute/specifics.f90 execution, -Os
=== gfortran Summary ===
# of expected passes 2895
# of unexpected failures 30
/export/build/gnu/gcc/build-pentium4-linux/gcc/testsuite/../gfortran version 3.5.0 20040529 (experimental)
=== objc tests ===
Running target unix
=== objc Summary ===
# of expected passes 1339
# of unsupported tests 8
/export/build/gnu/gcc/build-pentium4-linux/gcc/xgcc version 3.5.0 20040529 (experimental)
=== libffi tests ===
Running target unix
=== libffi Summary ===
# of expected passes 212
# of unsupported tests 2
=== libjava tests ===
Running target unix
FAIL: PR4766 -O3 compilation from source
=== libjava Summary ===
# of expected passes 3362
# of unexpected failures 1
# of expected failures 14
# of untested testcases 16
=== libmudflap tests ===
Running target unix
=== libmudflap Summary ===
# of expected passes 1092
=== libstdc++-v3 check-abi Summary ===
# of added symbols: 302
# of missing symbols: 291
# of incompatible symbols: 291
=== libstdc++ tests ===
Running target unix
ERROR: ./tmp.x does not exist in unix_load.
UNRESOLVED: 22_locale/collate/compare/wchar_t/2.cc
ERROR: ./tmp.x does not exist in unix_load.
UNRESOLVED: 22_locale/collate/compare/wchar_t/wrapped_env.cc
ERROR: ./tmp.x does not exist in unix_load.
UNRESOLVED: 22_locale/collate/compare/wchar_t/wrapped_locale.cc
ERROR: ./tmp.x does not exist in unix_load.
UNRESOLVED: 22_locale/collate/hash/wchar_t/2.cc
ERROR: ./tmp.x does not exist in unix_load.
UNRESOLVED: 22_locale/collate/hash/wchar_t/wrapped_env.cc
ERROR: ./tmp.x does not exist in unix_load.
UNRESOLVED: 22_locale/collate/hash/wchar_t/wrapped_locale.cc
ERROR: ./tmp.x does not exist in unix_load.
UNRESOLVED: 22_locale/collate/transform/wchar_t/2.cc
ERROR: ./tmp.x does not exist in unix_load.
UNRESOLVED: 22_locale/collate/transform/wchar_t/wrapped_env.cc
ERROR: ./tmp.x does not exist in unix_load.
UNRESOLVED: 22_locale/collate/transform/wchar_t/wrapped_locale.cc
FAIL: 22_locale/locale/cons/12658_thread.cc execution test
XPASS: 26_numerics/c99_classification_macros_c.cc (test for excess errors)
=== libstdc++ Summary ===
# of expected passes 2667
# of unexpected failures 1
# of unexpected successes 1
# of expected failures 5
# of unresolved testcases 9
Compiler version: 3.5.0 20040529 (experimental)
Platform: i686-pc-linux-gnu
configure flags: --enable-clocale=gnu --with-system-zlib --with-cpu=prescott --enable-shared --enable-threads=posix --enable-haifa --disable-checking --prefix=/usr/gcc-3.5 --with-local-prefix=/usr/local --enable-languages=c,c++,f95,java,objc