This is the mail archive of the
gcc-testresults@gcc.gnu.org
mailing list for the GCC project.
Results for 3.5.0 20040529 (experimental) testsuite on i586-suse-linux-gnu
- From: rschiele at uni-mannheim dot de (Robert Schiele)
- To: gcc-testresults at gcc dot gnu dot org
- Date: Sat, 29 May 2004 05:07:42 +0200
- Subject: Results for 3.5.0 20040529 (experimental) testsuite on i586-suse-linux-gnu
# Some comments about the system:
# SuSE Linux 9.1 (i586)
# VERSION = 9.1
# bash-2.05b-305.1
# binutils-2.15.90.0.1.1-31
# dejagnu-1.4.3-330
# expect-5.40-27
# gcc-3.3.3-41
# glibc-2.3.3-97
# kernel-default-2.6.4-54.5
# make-3.80-184
# tcl-8.4.6-26
# texinfo-4.6-61
# Linux 2.6.4-54.5-default #1 Fri May 7 21:43:10 UTC 2004 i686 athlon i386 GNU/Linux
# 5:07am up 2 days 20:25, 16 users, load average: 3.88, 3.82, 3.69
# Reading specs from /usr/lib/gcc-lib/i586-suse-linux/3.3.3/specs
# Configured with: ../configure --enable-threads=posix --prefix=/usr --with-local-prefix=/usr/local --infodir=/usr/share/info --mandir=/usr/share/man --enable-languages=c,c++,f77,objc,java,ada --disable-checking --libdir=/usr/lib --enable-libgcj --with-gxx-include-dir=/usr/include/g++ --with-slibdir=/lib --with-system-zlib --enable-shared --enable-__cxa_atexit i586-suse-linux
# Thread model: posix
# gcc version 3.3.3 (SuSE Linux)
# GNU C Library stable release version 2.3.3 (20040405), by Roland McGrath et al.
# Configured for i686-suse-linux.
# Compiled by GNU CC version 3.3.3 (SuSE Linux).
# Compiled on a Linux 2.6.4 system on 2004-04-05.
# Available extensions:
# GNU libio by Per Bothner
# crypt add-on version 2.1 by Michael Glad and others
# linuxthreads-0.10 by Xavier Leroy
# GNU Libidn by Simon Josefsson
# NoVersion patch for broken glibc 2.0 binaries
# BIND-8.2.3-T5B
# libthread_db work sponsored by Alpha Processor Inc
# NIS(YP)/NIS+ NSS modules 0.19 by Thorsten Kukuk
# Thread-local storage support included.
LAST_UPDATED: Sat May 29 01:13:06 UTC 2004
Native configuration is i586-suse-linux-gnu
=== gcc tests ===
Running target unix
FAIL: gcc.c-torture/compile/920501-4.c (test for excess errors)
FAIL: gcc.c-torture/compile/920501-4.c (test for excess errors)
FAIL: gcc.c-torture/compile/920501-4.c (test for excess errors)
FAIL: gcc.c-torture/compile/930523-1.c (test for excess errors)
FAIL: gcc.c-torture/compile/930523-1.c (test for excess errors)
FAIL: gcc.c-torture/compile/930523-1.c (test for excess errors)
FAIL: gcc.c-torture/compile/930523-1.c (test for excess errors)
FAIL: gcc.c-torture/compile/930523-1.c (test for excess errors)
FAIL: gcc.c-torture/compile/930523-1.c (test for excess errors)
FAIL: gcc.c-torture/compile/941014-2.c (test for excess errors)
FAIL: gcc.c-torture/compile/941014-2.c (test for excess errors)
FAIL: gcc.c-torture/compile/941014-2.c (test for excess errors)
FAIL: gcc.c-torture/compile/950613-1.c (test for excess errors)
FAIL: gcc.c-torture/compile/950613-1.c (test for excess errors)
FAIL: gcc.c-torture/compile/990625-1.c (test for excess errors)
FAIL: gcc.c-torture/execute/va-arg-25.c execution, -Os
ERROR: ./tmp.x does not exist in unix_load.
UNRESOLVED: gcc.dg/charset/asm1.c
ERROR: ./tmp.x does not exist in unix_load.
UNRESOLVED: gcc.dg/charset/asm2.c
ERROR: ./tmp.x does not exist in unix_load.
UNRESOLVED: gcc.dg/charset/asm3.c
ERROR: ./tmp.x does not exist in unix_load.
UNRESOLVED: gcc.dg/charset/asm4.c
ERROR: ./tmp.x does not exist in unix_load.
UNRESOLVED: gcc.dg/charset/asm5.c
ERROR: ./tmp.x does not exist in unix_load.
UNRESOLVED: gcc.dg/charset/attribute1.c
ERROR: ./tmp.x does not exist in unix_load.
UNRESOLVED: gcc.dg/charset/attribute2.c
ERROR: ./tmp.x does not exist in unix_load.
UNRESOLVED: gcc.dg/charset/extern.c
ERROR: ./tmp.x does not exist in unix_load.
UNRESOLVED: gcc.dg/charset/function.c
ERROR: ./tmp.x does not exist in unix_load.
UNRESOLVED: gcc.dg/charset/string.c
XPASS: gcc.dg/cpp/cmdlne-dI-M.c scan-file (^|\\\\n)cmdlne-dI-M.*:[^\\\\n]*cmdlne-dI-M.c
XPASS: gcc.dg/cpp/cmdlne-dM-M.c scan-file (^|\\\\n)cmdlne-dM-M[^\\\\n]*:[^\\\\n]*cmdlne-dM-M.c
FAIL: gcc.dg/debug/dwarf2/dwarf-die7.c scan-assembler 1.*DW_AT_inline
FAIL: gcc.dg/c90-const-expr-3.c (test for excess errors)
FAIL: gcc.dg/c99-const-expr-3.c (test for excess errors)
XPASS: gcc.dg/i386-ssetype-1.c scan-assembler-not movdqa
XPASS: gcc.dg/i386-ssetype-3.c scan-assembler-not movdqa
XPASS: gcc.dg/setjmp-1.c spurious clobbered warning (test for bogus messages, line 16)
FAIL: 209: expected branch percentages not found: 25
FAIL: gcc.misc-tests/gcov-4b.c gcov: 0 failures in line counts, 1 in branch percentages, 0 in return percentages
=== gcc Summary ===
# of expected passes 26192
# of unexpected failures 21
# of unexpected successes 5
# of expected failures 62
# of unresolved testcases 10
# of untested testcases 28
# of unsupported tests 206
/local/build/gcc/xgcc version 3.5.0 20040529 (experimental)
=== gfortran tests ===
Running target unix
FAIL: gfortran.fortran-torture/execute/der_io.f90 execution, -O2
FAIL: gfortran.fortran-torture/execute/der_io.f90 execution, -O2 -fomit-frame-pointer -finline-functions
FAIL: gfortran.fortran-torture/execute/der_io.f90 execution, -O2 -fomit-frame-pointer -finline-functions -funroll-loops
FAIL: gfortran.fortran-torture/execute/der_io.f90 execution, -O2 -fomit-frame-pointer -finline-functions -funroll-all-loops
FAIL: gfortran.fortran-torture/execute/der_io.f90 execution, -O2 -fno-repack-arrays
FAIL: gfortran.fortran-torture/execute/der_io.f90 execution, -O3 -g
FAIL: gfortran.fortran-torture/execute/der_io.f90 execution, -Os
FAIL: gfortran.fortran-torture/execute/function_module_1.f90 execution, -O2
FAIL: gfortran.fortran-torture/execute/function_module_1.f90 execution, -O2 -fomit-frame-pointer -finline-functions
FAIL: gfortran.fortran-torture/execute/function_module_1.f90 execution, -O2 -fomit-frame-pointer -finline-functions -funroll-loops
FAIL: gfortran.fortran-torture/execute/function_module_1.f90 execution, -O2 -fomit-frame-pointer -finline-functions -funroll-all-loops
FAIL: gfortran.fortran-torture/execute/function_module_1.f90 execution, -O2 -fno-repack-arrays
FAIL: gfortran.fortran-torture/execute/function_module_1.f90 execution, -O3 -g
FAIL: gfortran.fortran-torture/execute/function_module_1.f90 execution, -Os
FAIL: gfortran.fortran-torture/execute/specifics.f90 execution, -O2
FAIL: gfortran.fortran-torture/execute/specifics.f90 execution, -O2 -fomit-frame-pointer -finline-functions
FAIL: gfortran.fortran-torture/execute/specifics.f90 execution, -O2 -fomit-frame-pointer -finline-functions -funroll-loops
FAIL: gfortran.fortran-torture/execute/specifics.f90 execution, -O2 -fomit-frame-pointer -finline-functions -funroll-all-loops
FAIL: gfortran.fortran-torture/execute/specifics.f90 execution, -O2 -fno-repack-arrays
FAIL: gfortran.fortran-torture/execute/specifics.f90 execution, -O3 -g
FAIL: gfortran.fortran-torture/execute/specifics.f90 execution, -Os
=== gfortran Summary ===
# of expected passes 2886
# of unexpected failures 21
/local/build/gcc/testsuite/../gfortran version 3.5.0 20040529 (experimental)
=== g++ tests ===
Running target unix
ERROR: ./tmp.x does not exist in unix_load.
UNRESOLVED: g++.dg/charset/asm1.c
ERROR: ./tmp.x does not exist in unix_load.
UNRESOLVED: g++.dg/charset/asm2.c
ERROR: ./tmp.x does not exist in unix_load.
UNRESOLVED: g++.dg/charset/asm3.c
ERROR: ./tmp.x does not exist in unix_load.
UNRESOLVED: g++.dg/charset/asm4.c
ERROR: ./tmp.x does not exist in unix_load.
UNRESOLVED: g++.dg/charset/attribute1.c
ERROR: ./tmp.x does not exist in unix_load.
UNRESOLVED: g++.dg/charset/attribute2.c
ERROR: ./tmp.x does not exist in unix_load.
UNRESOLVED: g++.dg/charset/extern1.cc
ERROR: ./tmp.x does not exist in unix_load.
UNRESOLVED: g++.dg/charset/extern2.cc
ERROR: ./tmp.x does not exist in unix_load.
UNRESOLVED: g++.dg/charset/extern3.cc
ERROR: ./tmp.x does not exist in unix_load.
UNRESOLVED: g++.dg/charset/function.cc
ERROR: ./tmp.x does not exist in unix_load.
UNRESOLVED: g++.dg/charset/string.c
XPASS: g++.dg/eh/elide1.C execution test
FAIL: 258: expected branch percentages not found: 25
FAIL: g++.dg/gcov/gcov-1.C gcov: 0 failures in line counts, 1 in branch percentages, 0 in return percentages
FAIL: 23:is 2:should be 1
FAIL: g++.dg/gcov/gcov-2.C gcov: 1 failures in line counts, 0 in branch percentages, 0 in return percentages
FAIL: g++.old-deja/g++.brendan/crash13.C (test for errors, line 34)
FAIL: g++.old-deja/g++.bugs/900205_03.C (test for errors, line 21)
FAIL: g++.old-deja/g++.bugs/900205_03.C (test for errors, line 24)
FAIL: g++.old-deja/g++.bugs/900205_03.C (test for errors, line 44)
FAIL: g++.old-deja/g++.bugs/900205_03.C (test for errors, line 47)
FAIL: g++.old-deja/g++.law/friend5.C (test for errors, line 19)
FAIL: g++.old-deja/g++.law/friend5.C (test for errors, line 24)
WARNING: g++.old-deja/g++.mike/p10769a.C compilation failed to produce executable
FAIL: g++.old-deja/g++.mike/p646.C (test for warnings, line 104)
FAIL: g++.old-deja/g++.mike/p646.C (test for warnings, line 112)
FAIL: g++.old-deja/g++.mike/p646.C (test for warnings, line 120)
FAIL: g++.old-deja/g++.mike/p646.C (test for warnings, line 127)
FAIL: g++.old-deja/g++.mike/p646.C (test for warnings, line 133)
WARNING: g++.old-deja/g++.other/enum5.C compilation failed to produce executable
XPASS: g++.old-deja/g++.other/init5.C execution test
FAIL: g++.old-deja/g++.other/warn7.C (test for warnings, line 38)
WARNING: g++.old-deja/g++.pt/friend44.C compilation failed to produce executable
=== g++ Summary ===
# of expected passes 9767
# of unexpected failures 17
# of unexpected successes 2
# of expected failures 82
# of unresolved testcases 11
# of unsupported tests 41
/local/build/gcc/testsuite/../g++ version 3.5.0 20040529 (experimental)
=== objc tests ===
Running target unix
=== objc Summary ===
# of expected passes 1339
# of unsupported tests 8
/local/build/gcc/xgcc version 3.5.0 20040529 (experimental)
=== libmudflap tests ===
Running target unix
=== libmudflap Summary ===
# of expected passes 1092
=== libstdc++-v3 check-abi Summary ===
# of added symbols: 302
# of missing symbols: 291
# of incompatible symbols: 291
=== libstdc++ tests ===
Running target unix
ERROR: ./tmp.x does not exist in unix_load.
UNRESOLVED: 22_locale/collate/compare/wchar_t/2.cc
ERROR: ./tmp.x does not exist in unix_load.
UNRESOLVED: 22_locale/collate/compare/wchar_t/wrapped_env.cc
ERROR: ./tmp.x does not exist in unix_load.
UNRESOLVED: 22_locale/collate/compare/wchar_t/wrapped_locale.cc
ERROR: ./tmp.x does not exist in unix_load.
UNRESOLVED: 22_locale/collate/hash/wchar_t/2.cc
ERROR: ./tmp.x does not exist in unix_load.
UNRESOLVED: 22_locale/collate/hash/wchar_t/wrapped_env.cc
ERROR: ./tmp.x does not exist in unix_load.
UNRESOLVED: 22_locale/collate/hash/wchar_t/wrapped_locale.cc
ERROR: ./tmp.x does not exist in unix_load.
UNRESOLVED: 22_locale/collate/transform/wchar_t/2.cc
ERROR: ./tmp.x does not exist in unix_load.
UNRESOLVED: 22_locale/collate/transform/wchar_t/wrapped_env.cc
ERROR: ./tmp.x does not exist in unix_load.
UNRESOLVED: 22_locale/collate/transform/wchar_t/wrapped_locale.cc
XPASS: 26_numerics/c99_classification_macros_c.cc (test for excess errors)
=== libstdc++ Summary ===
# of expected passes 2668
# of unexpected successes 1
# of expected failures 5
# of unresolved testcases 9
Compiler version: 3.5.0 20040529 (experimental)
Platform: i586-suse-linux-gnu
configure flags: --enable-threads=posix --prefix=/local/inst/gcc350 --disable-checking --disable-libgcj --with-gxx-include-dir=/local/inst/gcc350/include/g++ --with-system-zlib --enable-shared --enable-__cxa_atexit i586-suse-linux --enable-languages=c,c++,f95,objc