This is the mail archive of the
gcc-testresults@gcc.gnu.org
mailing list for the GCC project.
Results for 3.3.4 20040527 (prerelease) testsuite on alphaev6-dec-osf5.1
- From: Joe Buck <jbuck at dec-loan-ux-02 dot synopsys dot com>
- To: gcc-testresults at gcc dot gnu dot org
- Date: Fri, 28 May 2004 00:32:27 -0700 (PDT)
- Subject: Results for 3.3.4 20040527 (prerelease) testsuite on alphaev6-dec-osf5.1
Compaq Tru64 UNIX V5.1
Compaq AlphaServer ES40
Native cc used for bootstrap
Native as and ld
All languages were tested.
LAST_UPDATED: Fri May 28 00:14:20 UTC 2004
Native configuration is alphaev6-dec-osf5.1
=== libjava tests ===
Running target unix
FAIL: PR295 compilation from source
FAIL: PR295 compilation from bytecode
FAIL: PR295 -O compilation from source
FAIL: PR295 -O compilation from bytecode
FAIL: Statics compilation from source
FAIL: Statics compilation from bytecode
FAIL: Statics -O compilation from source
FAIL: Statics -O compilation from bytecode
FAIL: cxxtest.c compilation
FAIL: ArrayStore execution - gij test
FAIL: ArrayStore execution - gij test
FAIL: Array_3 execution - gij test
FAIL: Array_3 execution - gij test
FAIL: Class_1 compilation from source
FAIL: Class_1 compilation from bytecode
FAIL: Class_1 -O compilation from source
FAIL: Class_1 -O compilation from bytecode
FAIL: PR218 execution - gij test
FAIL: PR218 execution - gij test
FAIL: StringBuffer_1 execution - gij test
FAIL: StringBuffer_1 execution - gij test
FAIL: Throw_2 execution - source compiled test
FAIL: Throw_2 execution - gij test
FAIL: Throw_2 execution - bytecode->native test
FAIL: Throw_2 -O execution - source compiled test
FAIL: Throw_2 execution - gij test
FAIL: Throw_2 -O execution - bytecode->native test
FAIL: initexc execution - gij test
FAIL: initexc execution - gij test
FAIL: instinit2 execution - gij test
FAIL: instinit2 execution - gij test
FAIL: invokethrow execution - source compiled test
FAIL: invokethrow execution - gij test
FAIL: invokethrow execution - bytecode->native test
FAIL: invokethrow -O execution - source compiled test
FAIL: invokethrow execution - gij test
FAIL: invokethrow -O execution - bytecode->native test
FAIL: pr179 compilation from source
FAIL: pr179 compilation from bytecode
FAIL: pr179 -O compilation from source
FAIL: pr179 -O compilation from bytecode
FAIL: verify compilation from source
FAIL: verify compilation from bytecode
FAIL: verify -O compilation from source
FAIL: verify -O compilation from bytecode
FAIL: resource compilation dummy.class
=== libjava Summary ===
# of expected passes 2763
# of unexpected failures 46
# of expected failures 16
# of untested testcases 180
=== libstdc++-v3 tests ===
Running target unix
FAIL: 18_support/numeric_limits.cc execution test
FAIL: 27_io/istream_extractor_arith/12.cc execution test
=== libstdc++-v3 Summary ===
# of expected passes 416
# of unexpected failures 2
# of expected failures 17
# of unsupported tests 6
=== g++ tests ===
Running target unix
ERROR: g++.dg/abi/rtti1.C: error executing dg-final: couldn't execute "c++filt": no such file or directory
UNRESOLVED: g++.dg/abi/rtti1.C: error executing dg-final: couldn't execute "c++filt": no such file or directory
FAIL: g++.dg/parse/crash6.C (test for excess errors)
XPASS: g++.ext/attrib5.C (test for excess errors)
XPASS: g++.ext/attrib5.C Execution test
=== g++ Summary ===
# of expected passes 8181
# of unexpected failures 1
# of unexpected successes 2
# of expected failures 98
# of unresolved testcases 1
# of untested testcases 22
# of unsupported tests 28
/am/remote/atg2/jbuck/alpha.tmp/3_3_branch/gcc/testsuite/../g++ version 3.3.4 20040527 (prerelease)
=== g77 tests ===
Running target unix
FAIL: g77.f-torture/execute/19990826-2.f compilation, -O2
FAIL: g77.f-torture/execute/19990826-2.f compilation, -O3 -fomit-frame-pointer
FAIL: g77.f-torture/execute/19990826-2.f compilation, -O3 -g
FAIL: g77.f-torture/execute/19990826-2.f compilation, -Os
FAIL: g77.f-torture/execute/20010116.f compilation, -O2
FAIL: g77.f-torture/execute/20010116.f compilation, -O3 -fomit-frame-pointer
FAIL: g77.f-torture/execute/20010116.f compilation, -O3 -fomit-frame-pointer -funroll-loops
FAIL: g77.f-torture/execute/20010116.f compilation, -O3 -fomit-frame-pointer -funroll-all-loops -finline-functions
FAIL: g77.f-torture/execute/20010116.f compilation, -O3 -g
FAIL: g77.f-torture/execute/20010116.f compilation, -Os
=== g77 Summary ===
# of expected passes 1700
# of unexpected failures 10
# of untested testcases 10
# of unsupported tests 8
/am/remote/atg2/jbuck/alpha.tmp/3_3_branch/gcc/testsuite/../g77 version 3.3.4 20040527 (prerelease)
=== gcc tests ===
Running target unix
FAIL: gcc.c-torture/compile/labels-3.c, -O0
FAIL: gcc.c-torture/compile/labels-3.c, -O1
FAIL: gcc.c-torture/compile/labels-3.c, -O2
FAIL: gcc.c-torture/compile/labels-3.c, -O3 -fomit-frame-pointer
FAIL: gcc.c-torture/compile/labels-3.c, -O3 -g
FAIL: gcc.c-torture/compile/labels-3.c, -Os
FAIL: gcc.c-torture/execute/20020227-1.c compilation, -O2
UNRESOLVED: gcc.c-torture/execute/20020227-1.c execution, -O2
FAIL: gcc.c-torture/execute/20020227-1.c compilation, -O3 -fomit-frame-pointer
UNRESOLVED: gcc.c-torture/execute/20020227-1.c execution, -O3 -fomit-frame-pointer
FAIL: gcc.c-torture/execute/20020227-1.c compilation, -O3 -g
UNRESOLVED: gcc.c-torture/execute/20020227-1.c execution, -O3 -g
FAIL: gcc.c-torture/execute/20020227-1.c compilation, -Os
UNRESOLVED: gcc.c-torture/execute/20020227-1.c execution, -Os
FAIL: gcc.c-torture/execute/complex-5.c compilation, -O2
UNRESOLVED: gcc.c-torture/execute/complex-5.c execution, -O2
FAIL: gcc.c-torture/execute/complex-5.c compilation, -Os
UNRESOLVED: gcc.c-torture/execute/complex-5.c execution, -Os
FAIL: gcc.c-torture/execute/complex-6.c compilation, -O2
UNRESOLVED: gcc.c-torture/execute/complex-6.c execution, -O2
FAIL: gcc.c-torture/execute/complex-6.c compilation, -Os
UNRESOLVED: gcc.c-torture/execute/complex-6.c execution, -Os
FAIL: gcc.c-torture/execute/regstack-1.c execution, -O1
FAIL: gcc.c-torture/execute/ieee/20010226-1.c execution, -O1
FAIL: gcc.c-torture/execute/ieee/inf-1.c execution, -O1
FAIL: gcc.dg/20020607-2.c (test for excess errors)
WARNING: gcc.dg/20020607-2.c compilation failed to produce executable
FAIL: gcc.dg/duff-2.c (test for excess errors)
FAIL: gcc.dg/fastmath-1.c (test for excess errors)
WARNING: gcc.dg/fastmath-1.c compilation failed to produce executable
FAIL: gcc.dg/fnegate-1.c (test for excess errors)
WARNING: gcc.dg/fnegate-1.c compilation failed to produce executable
FAIL: gcc.dg/inline-2.c scan-assembler bsr
=== gcc Summary ===
# of expected passes 21125
# of unexpected failures 22
# of expected failures 74
# of unresolved testcases 8
# of unsupported tests 191
/am/remote/atg2/jbuck/alpha.tmp/3_3_branch/gcc/xgcc version 3.3.4 20040527 (prerelease)
=== objc tests ===
Running target unix
=== objc Summary ===
# of expected passes 1166
/am/remote/atg2/jbuck/alpha.tmp/3_3_branch/gcc/xgcc version 3.3.4 20040527 (prerelease)
Compiler version: 3.3.4 20040527 (prerelease)
Platform: alphaev6-dec-osf5.1
configure flags: --host=alphaev6-dec-osf5.1 --prefix=/u/jbuck/cvs.alpha/3_3_branch