This is the mail archive of the
gcc-testresults@gcc.gnu.org
mailing list for the GCC project.
Results for 3.5.0 20040527 (experimental) testsuite on i686-pc-linux-gnu
- From: Diego Novillo <dnovillo at redhat dot com>
- To: gcc-testresults at gcc dot gnu dot org
- Date: Thu, 27 May 2004 18:15:58 -0400
- Subject: Results for 3.5.0 20040527 (experimental) testsuite on i686-pc-linux-gnu
LAST_UPDATED:
Native configuration is i686-pc-linux-gnu
=== g++ tests ===
Running target unix
FAIL: g++.dg/compat/eh/ctor1 cp_compat_x_tst.o-cp_compat_y_tst.o execute
FAIL: g++.dg/compat/eh/ctor2 cp_compat_x_tst.o-cp_compat_y_tst.o execute
FAIL: g++.dg/compat/eh/dtor1 cp_compat_x_tst.o-cp_compat_y_tst.o execute
FAIL: g++.dg/compat/eh/new1 cp_compat_x_tst.o-cp_compat_y_tst.o execute
FAIL: g++.dg/compat/eh/nrv1 cp_compat_x_tst.o-cp_compat_y_tst.o execute
FAIL: g++.dg/compat/eh/spec3 cp_compat_x_tst.o-cp_compat_y_tst.o execute
FAIL: g++.dg/compat/eh/template1 cp_compat_x_tst.o-cp_compat_y_tst.o execute
FAIL: g++.dg/compat/eh/unexpected1 cp_compat_x_tst.o-cp_compat_y_tst.o execute
FAIL: g++.dg/compat/init/array5 cp_compat_x_tst.o-cp_compat_y_tst.o execute
FAIL: g++.dg/eh/cond1.C execution test
FAIL: g++.dg/eh/crossjump1.C execution test
FAIL: g++.dg/eh/ctor1.C execution test
FAIL: g++.dg/eh/ctor2.C execution test
FAIL: g++.dg/eh/delayslot1.C execution test
FAIL: g++.dg/eh/dtor1.C execution test
FAIL: g++.dg/eh/elide2.C execution test
FAIL: g++.dg/eh/forced1.C execution test
FAIL: g++.dg/eh/forced2.C execution test
FAIL: g++.dg/eh/forced4.C execution test
FAIL: g++.dg/eh/loop1.C execution test
FAIL: g++.dg/eh/loop2.C execution test
FAIL: g++.dg/eh/new1.C execution test
FAIL: g++.dg/eh/omit-frame-pointer.C execution test
FAIL: g++.dg/eh/omit-frame-pointer2.C execution test
FAIL: g++.dg/eh/registers1.C execution test
FAIL: g++.dg/eh/simd-1.C execution test
FAIL: g++.dg/eh/simd-2.C execution test
FAIL: g++.dg/eh/spec3.C execution test
FAIL: g++.dg/eh/spec7.C execution test
FAIL: g++.dg/eh/template1.C execution test
FAIL: g++.dg/eh/unexpected1.C execution test
FAIL: g++.dg/init/array5.C execution test
FAIL: g++.dg/init/ctor1.C execution test
FAIL: g++.dg/init/placement2.C execution test
FAIL: g++.dg/init/ref9.C execution test
FAIL: g++.dg/parse/stack1.C (test for excess errors)
FAIL: 258: expected branch percentages not found: 25
FAIL: g++.dg/gcov/gcov-1.C gcov: 0 failures in line counts, 1 in branch percentages, 0 in return percentages
FAIL: 23:is 2:should be 1
FAIL: g++.dg/gcov/gcov-2.C gcov: 1 failures in line counts, 0 in branch percentages, 0 in return percentages
FAIL: g++.old-deja/g++.abi/cxa_vec.C execution test
FAIL: g++.old-deja/g++.brendan/crash13.C (test for errors, line 34)
FAIL: g++.old-deja/g++.brendan/eh1.C execution test
FAIL: g++.old-deja/g++.bugs/900205_03.C (test for errors, line 21)
FAIL: g++.old-deja/g++.bugs/900205_03.C (test for errors, line 24)
FAIL: g++.old-deja/g++.bugs/900205_03.C (test for errors, line 44)
FAIL: g++.old-deja/g++.bugs/900205_03.C (test for errors, line 47)
FAIL: g++.old-deja/g++.eh/badalloc1.C execution test
FAIL: g++.old-deja/g++.eh/catch11.C execution test
FAIL: g++.old-deja/g++.eh/catch12.C execution test
FAIL: g++.old-deja/g++.eh/catch3.C execution test
FAIL: g++.old-deja/g++.eh/catch3p.C execution test
FAIL: g++.old-deja/g++.eh/catch4.C execution test
FAIL: g++.old-deja/g++.eh/catch4p.C execution test
FAIL: g++.old-deja/g++.eh/catch5.C execution test
FAIL: g++.old-deja/g++.eh/catch5p.C execution test
FAIL: g++.old-deja/g++.eh/catch6.C execution test
FAIL: g++.old-deja/g++.eh/catch6p.C execution test
FAIL: g++.old-deja/g++.eh/catch7.C execution test
FAIL: g++.old-deja/g++.eh/catch7p.C execution test
FAIL: g++.old-deja/g++.eh/catch8.C execution test
FAIL: g++.old-deja/g++.eh/catch8p.C execution test
FAIL: g++.old-deja/g++.eh/catch9.C execution test
FAIL: g++.old-deja/g++.eh/catch9p.C execution test
FAIL: g++.old-deja/g++.eh/catchptr1.C execution test
FAIL: g++.old-deja/g++.eh/cleanup1.C execution test
FAIL: g++.old-deja/g++.eh/cleanup2.C execution test
FAIL: g++.old-deja/g++.eh/flow1.C execution test
FAIL: g++.old-deja/g++.eh/fntry1.C execution test
FAIL: g++.old-deja/g++.eh/ia64-1.C execution test
FAIL: g++.old-deja/g++.eh/inline2.C execution test
FAIL: g++.old-deja/g++.eh/new1.C execution test
FAIL: g++.old-deja/g++.eh/new2.C execution test
FAIL: g++.old-deja/g++.eh/pdel1.C execution test
FAIL: g++.old-deja/g++.eh/pdel2.C execution test
FAIL: g++.old-deja/g++.eh/ptr1.C execution test
FAIL: g++.old-deja/g++.eh/ptrmem1.C execution test
FAIL: g++.old-deja/g++.eh/rethrow1.C execution test
FAIL: g++.old-deja/g++.eh/rethrow2.C execution test
FAIL: g++.old-deja/g++.eh/rethrow3.C execution test
FAIL: g++.old-deja/g++.eh/rethrow4.C execution test
FAIL: g++.old-deja/g++.eh/rethrow5.C execution test
FAIL: g++.old-deja/g++.eh/rethrow6.C execution test
FAIL: g++.old-deja/g++.eh/spec1.C execution test
FAIL: g++.old-deja/g++.eh/spec2.C execution test
FAIL: g++.old-deja/g++.eh/spec3.C execution test
FAIL: g++.old-deja/g++.eh/spec4.C execution test
FAIL: g++.old-deja/g++.eh/terminate1.C execution test
FAIL: g++.old-deja/g++.eh/tmpl1.C execution test
FAIL: g++.old-deja/g++.eh/unwind1.C execution test
FAIL: g++.old-deja/g++.eh/vbase1.C execution test
FAIL: g++.old-deja/g++.eh/vbase2.C execution test
FAIL: g++.old-deja/g++.eh/vbase4.C execution test
FAIL: g++.old-deja/g++.law/friend5.C (test for errors, line 19)
FAIL: g++.old-deja/g++.law/friend5.C (test for errors, line 24)
FAIL: g++.old-deja/g++.martin/new1.C execution test
FAIL: g++.old-deja/g++.mike/dyncast1.C execution test
FAIL: g++.old-deja/g++.mike/dyncast2.C execution test
FAIL: g++.old-deja/g++.mike/eh10.C execution test
FAIL: g++.old-deja/g++.mike/eh12.C execution test
FAIL: g++.old-deja/g++.mike/eh14.C execution test
FAIL: g++.old-deja/g++.mike/eh16.C execution test
FAIL: g++.old-deja/g++.mike/eh17.C execution test
FAIL: g++.old-deja/g++.mike/eh18.C execution test
FAIL: g++.old-deja/g++.mike/eh2.C execution test
FAIL: g++.old-deja/g++.mike/eh21.C execution test
FAIL: g++.old-deja/g++.mike/eh23.C execution test
FAIL: g++.old-deja/g++.mike/eh24.C execution test
FAIL: g++.old-deja/g++.mike/eh25.C execution test
FAIL: g++.old-deja/g++.mike/eh26.C execution test
FAIL: g++.old-deja/g++.mike/eh27.C execution test
FAIL: g++.old-deja/g++.mike/eh28.C execution test
FAIL: g++.old-deja/g++.mike/eh29.C execution test
FAIL: g++.old-deja/g++.mike/eh3.C execution test
FAIL: g++.old-deja/g++.mike/eh31.C execution test
FAIL: g++.old-deja/g++.mike/eh33.C execution test
FAIL: g++.old-deja/g++.mike/eh34.C execution test
FAIL: g++.old-deja/g++.mike/eh35.C execution test
FAIL: g++.old-deja/g++.mike/eh36.C execution test
FAIL: g++.old-deja/g++.mike/eh37.C execution test
FAIL: g++.old-deja/g++.mike/eh38.C execution test
FAIL: g++.old-deja/g++.mike/eh39.C execution test
FAIL: g++.old-deja/g++.mike/eh40.C execution test
FAIL: g++.old-deja/g++.mike/eh41.C execution test
FAIL: g++.old-deja/g++.mike/eh42.C execution test
FAIL: g++.old-deja/g++.mike/eh44.C execution test
FAIL: g++.old-deja/g++.mike/eh47.C execution test
FAIL: g++.old-deja/g++.mike/eh48.C execution test
FAIL: g++.old-deja/g++.mike/eh49.C execution test
FAIL: g++.old-deja/g++.mike/eh5.C execution test
FAIL: g++.old-deja/g++.mike/eh50.C execution test
FAIL: g++.old-deja/g++.mike/eh51.C execution test
FAIL: g++.old-deja/g++.mike/eh55.C execution test
FAIL: g++.old-deja/g++.mike/eh6.C execution test
FAIL: g++.old-deja/g++.mike/eh8.C execution test
WARNING: g++.old-deja/g++.mike/p10769a.C compilation failed to produce executable
FAIL: g++.old-deja/g++.mike/p646.C (test for warnings, line 104)
FAIL: g++.old-deja/g++.mike/p646.C (test for warnings, line 112)
FAIL: g++.old-deja/g++.mike/p646.C (test for warnings, line 120)
FAIL: g++.old-deja/g++.mike/p646.C (test for warnings, line 127)
FAIL: g++.old-deja/g++.mike/p646.C (test for warnings, line 133)
FAIL: g++.old-deja/g++.mike/p7912.C execution test
FAIL: g++.old-deja/g++.mike/p9706.C execution test
FAIL: g++.old-deja/g++.other/array1.C execution test
FAIL: g++.old-deja/g++.other/eh3.C execution test
WARNING: g++.old-deja/g++.other/enum5.C compilation failed to produce executable
FAIL: g++.old-deja/g++.other/init7.C execution test
FAIL: g++.old-deja/g++.other/new7.C execution test
FAIL: g++.old-deja/g++.other/singleton.C execution test
FAIL: g++.old-deja/g++.other/vbase2.C execution test
FAIL: g++.old-deja/g++.other/warn7.C (test for warnings, line 38)
FAIL: g++.old-deja/g++.pt/fntry1.C execution test
WARNING: g++.old-deja/g++.pt/friend44.C compilation failed to produce executable
FAIL: g++.old-deja/g++.robertl/eb31.C execution test
FAIL: g++.old-deja/g++.robertl/eb50.C execution test
FAIL: g++.old-deja/g++.robertl/eb66.C execution test
FAIL: g++.old-deja/g++.robertl/eb88.C execution test
FAIL: g++.old-deja/g++.robertl/eh990323-1.C execution test
FAIL: g++.old-deja/g++.robertl/eh990323-2.C execution test
FAIL: g++.old-deja/g++.robertl/eh990323-3.C execution test
FAIL: g++.old-deja/g++.robertl/eh990323-4.C execution test
FAIL: g++.old-deja/g++.robertl/eh990323-5.C execution test
FAIL: g++.old-deja/g++.robertl/ice990323-2.C execution test
=== g++ Summary ===
# of expected passes 9636
# of unexpected failures 160
# of expected failures 84
# of unsupported tests 41
/notnfs/dnovillo/sbox/gcc/bld.toribio/gcc/testsuite/../g++ version 3.5.0 20040527 (experimental)
=== gcc tests ===
Running target unix
FAIL: gcc.c-torture/compile/950613-1.c (test for excess errors)
FAIL: gcc.c-torture/compile/950613-1.c (test for excess errors)
FAIL: gcc.c-torture/execute/va-arg-25.c execution, -Os
FAIL: gcc.dg/debug/dwarf2/dwarf-die7.c scan-assembler 1.*DW_AT_inline
FAIL: gcc.dg/c90-const-expr-3.c (test for excess errors)
FAIL: gcc.dg/c99-const-expr-3.c (test for excess errors)
FAIL: gcc.dg/cleanup-10.c execution test
FAIL: gcc.dg/cleanup-11.c execution test
FAIL: gcc.dg/cleanup-8.c execution test
FAIL: gcc.dg/cleanup-9.c execution test
XPASS: gcc.dg/i386-ssetype-1.c scan-assembler-not movdqa
XPASS: gcc.dg/i386-ssetype-3.c scan-assembler-not movdqa
XPASS: gcc.dg/setjmp-1.c spurious clobbered warning (test for bogus messages, line 16)
FAIL: 209: expected branch percentages not found: 25
FAIL: gcc.misc-tests/gcov-4b.c gcov: 0 failures in line counts, 1 in branch percentages, 0 in return percentages
=== gcc Summary ===
# of expected passes 26174
# of unexpected failures 12
# of unexpected successes 3
# of expected failures 64
# of untested testcases 28
# of unsupported tests 204
/notnfs/dnovillo/sbox/gcc/bld.toribio/gcc/xgcc version 3.5.0 20040527 (experimental)
=== gfortran tests ===
Running target unix
FAIL: gfortran.fortran-torture/execute/der_io.f90 execution, -O2
FAIL: gfortran.fortran-torture/execute/der_io.f90 execution, -O2 -fomit-frame-pointer -finline-functions
FAIL: gfortran.fortran-torture/execute/der_io.f90 execution, -O2 -fomit-frame-pointer -finline-functions -funroll-loops
FAIL: gfortran.fortran-torture/execute/der_io.f90 execution, -O2 -fomit-frame-pointer -finline-functions -funroll-all-loops
FAIL: gfortran.fortran-torture/execute/der_io.f90 execution, -O2 -fno-repack-arrays
FAIL: gfortran.fortran-torture/execute/der_io.f90 execution, -O3 -g
FAIL: gfortran.fortran-torture/execute/der_io.f90 execution, -Os
FAIL: gfortran.fortran-torture/execute/forall_3.f90 execution, -O0
FAIL: gfortran.fortran-torture/execute/forall_3.f90 execution, -O1
FAIL: gfortran.fortran-torture/execute/forall_3.f90 execution, -O2
FAIL: gfortran.fortran-torture/execute/forall_3.f90 execution, -O2 -fomit-frame-pointer -finline-functions
FAIL: gfortran.fortran-torture/execute/forall_3.f90 execution, -O2 -fomit-frame-pointer -finline-functions -funroll-loops
FAIL: gfortran.fortran-torture/execute/forall_3.f90 execution, -O2 -fomit-frame-pointer -finline-functions -funroll-all-loops
FAIL: gfortran.fortran-torture/execute/forall_3.f90 execution, -O2 -fno-repack-arrays
FAIL: gfortran.fortran-torture/execute/forall_3.f90 execution, -O3 -g
FAIL: gfortran.fortran-torture/execute/forall_3.f90 execution, -Os
FAIL: gfortran.fortran-torture/execute/function_module_1.f90 execution, -O2
FAIL: gfortran.fortran-torture/execute/function_module_1.f90 execution, -O2 -fomit-frame-pointer -finline-functions
FAIL: gfortran.fortran-torture/execute/function_module_1.f90 execution, -O2 -fomit-frame-pointer -finline-functions -funroll-loops
FAIL: gfortran.fortran-torture/execute/function_module_1.f90 execution, -O2 -fomit-frame-pointer -finline-functions -funroll-all-loops
FAIL: gfortran.fortran-torture/execute/function_module_1.f90 execution, -O2 -fno-repack-arrays
FAIL: gfortran.fortran-torture/execute/function_module_1.f90 execution, -O3 -g
FAIL: gfortran.fortran-torture/execute/function_module_1.f90 execution, -Os
FAIL: gfortran.fortran-torture/execute/specifics.f90 execution, -O2
FAIL: gfortran.fortran-torture/execute/specifics.f90 execution, -O2 -fomit-frame-pointer -finline-functions
FAIL: gfortran.fortran-torture/execute/specifics.f90 execution, -O2 -fomit-frame-pointer -finline-functions -funroll-loops
FAIL: gfortran.fortran-torture/execute/specifics.f90 execution, -O2 -fomit-frame-pointer -finline-functions -funroll-all-loops
FAIL: gfortran.fortran-torture/execute/specifics.f90 execution, -O2 -fno-repack-arrays
FAIL: gfortran.fortran-torture/execute/specifics.f90 execution, -O3 -g
FAIL: gfortran.fortran-torture/execute/specifics.f90 execution, -Os
=== gfortran Summary ===
# of expected passes 2877
# of unexpected failures 30
/notnfs/dnovillo/sbox/gcc/bld.toribio/gcc/testsuite/../gfortran version 3.5.0 20040527 (experimental)
=== objc tests ===
Running target unix
=== objc Summary ===
# of expected passes 1339
# of unsupported tests 8
/notnfs/dnovillo/sbox/gcc/bld.toribio/gcc/xgcc version 3.5.0 20040527 (experimental)
=== libffi tests ===
Running target unix
FAIL: libffi.special/unwindtest.cc execution test
=== libffi Summary ===
# of expected passes 210
# of unexpected failures 1
# of unsupported tests 2
=== libjava tests ===
Running target unix
FAIL: PR4766 -O3 compilation from source
WARNING: program timed out.
FAIL: noclass run
WARNING: program timed out.
FAIL: pr11951 run
WARNING: program timed out.
FAIL: throwit run
WARNING: program timed out.
FAIL: ArrayStore execution - source compiled test
WARNING: program timed out.
FAIL: ArrayStore execution - gij test
WARNING: program timed out.
FAIL: ArrayStore execution - bytecode->native test
WARNING: program timed out.
FAIL: ArrayStore -O3 execution - source compiled test
WARNING: program timed out.
FAIL: ArrayStore execution - gij test
WARNING: program timed out.
FAIL: ArrayStore -O3 execution - bytecode->native test
FAIL: ArrayStore2 execution - source compiled test
WARNING: program timed out.
FAIL: ArrayStore2 execution - gij test
WARNING: program timed out.
FAIL: ArrayStore2 execution - bytecode->native test
WARNING: program timed out.
FAIL: ArrayStore2 -O3 execution - source compiled test
WARNING: program timed out.
FAIL: ArrayStore2 execution - gij test
WARNING: program timed out.
FAIL: ArrayStore2 -O3 execution - bytecode->native test
WARNING: program timed out.
FAIL: Array_3 execution - source compiled test
WARNING: program timed out.
FAIL: Array_3 execution - gij test
WARNING: program timed out.
FAIL: Array_3 execution - bytecode->native test
WARNING: program timed out.
FAIL: Array_3 -O3 execution - source compiled test
WARNING: program timed out.
FAIL: Array_3 execution - gij test
WARNING: program timed out.
FAIL: Array_3 -O3 execution - bytecode->native test
WARNING: program timed out.
FAIL: Divide_1 execution - source compiled test
WARNING: program timed out.
FAIL: Divide_1 execution - gij test
WARNING: program timed out.
FAIL: Divide_1 execution - bytecode->native test
WARNING: program timed out.
FAIL: Divide_1 -O3 execution - source compiled test
WARNING: program timed out.
FAIL: Divide_1 execution - gij test
WARNING: program timed out.
FAIL: Divide_1 -O3 execution - bytecode->native test
WARNING: program timed out.
FAIL: FileHandleGcTest execution - source compiled test
WARNING: program timed out.
FAIL: FileHandleGcTest execution - gij test
WARNING: program timed out.
FAIL: FileHandleGcTest execution - bytecode->native test
WARNING: program timed out.
FAIL: FileHandleGcTest -O3 execution - source compiled test
WARNING: program timed out.
FAIL: FileHandleGcTest execution - gij test
FAIL: FileHandleGcTest -O3 execution - bytecode->native test
WARNING: program timed out.
FAIL: Final execution - source compiled test
WARNING: program timed out.
FAIL: Final execution - gij test
WARNING: program timed out.
FAIL: Final execution - bytecode->native test
WARNING: program timed out.
FAIL: Final -O3 execution - source compiled test
WARNING: program timed out.
FAIL: Final execution - gij test
WARNING: program timed out.
FAIL: Final -O3 execution - bytecode->native test
WARNING: program timed out.
FAIL: G19990302_02 execution - source compiled test
WARNING: program timed out.
FAIL: G19990302_02 execution - gij test
WARNING: program timed out.
FAIL: G19990302_02 execution - bytecode->native test
WARNING: program timed out.
FAIL: G19990302_02 -O3 execution - source compiled test
WARNING: program timed out.
FAIL: G19990302_02 execution - gij test
WARNING: program timed out.
FAIL: G19990302_02 -O3 execution - bytecode->native test
WARNING: program timed out.
FAIL: G19990303_01 execution - source compiled test
WARNING: program timed out.
FAIL: G19990303_01 execution - gij test
WARNING: program timed out.
FAIL: G19990303_01 execution - bytecode->native test
WARNING: program timed out.
FAIL: G19990303_01 -O3 execution - source compiled test
WARNING: program timed out.
FAIL: G19990303_01 execution - gij test
WARNING: program timed out.
FAIL: G19990303_01 -O3 execution - bytecode->native test
WARNING: program timed out.
FAIL: G19990303_02 execution - source compiled test
WARNING: program timed out.
FAIL: G19990303_02 execution - gij test
WARNING: program timed out.
FAIL: G19990303_02 execution - bytecode->native test
WARNING: program timed out.
FAIL: G19990303_02 -O3 execution - source compiled test
WARNING: program timed out.
FAIL: G19990303_02 execution - gij test
WARNING: program timed out.
FAIL: G19990303_02 -O3 execution - bytecode->native test
WARNING: program timed out.
FAIL: G19990304_01 execution - source compiled test
WARNING: program timed out.
FAIL: G19990304_01 execution - gij test
WARNING: program timed out.
FAIL: G19990304_01 execution - bytecode->native test
WARNING: program timed out.
FAIL: G19990304_01 -O3 execution - source compiled test
WARNING: program timed out.
FAIL: G19990304_01 execution - gij test
WARNING: program timed out.
FAIL: G19990304_01 -O3 execution - bytecode->native test
WARNING: program timed out.
FAIL: InterfaceDispatch execution - source compiled test
WARNING: program timed out.
FAIL: InterfaceDispatch execution - gij test
WARNING: program timed out.
FAIL: InterfaceDispatch execution - bytecode->native test
FAIL: InterfaceDispatch -O3 execution - source compiled test
WARNING: program timed out.
FAIL: InterfaceDispatch execution - gij test
FAIL: InterfaceDispatch -O3 execution - bytecode->native test
WARNING: program timed out.
FAIL: Invoke_1 execution - source compiled test
WARNING: program timed out.
FAIL: Invoke_1 execution - gij test
WARNING: program timed out.
FAIL: Invoke_1 execution - bytecode->native test
WARNING: program timed out.
FAIL: Invoke_1 -O3 execution - source compiled test
WARNING: program timed out.
FAIL: Invoke_1 execution - gij test
WARNING: program timed out.
FAIL: Invoke_1 -O3 execution - bytecode->native test
WARNING: program timed out.
FAIL: PR141 execution - source compiled test
WARNING: program timed out.
FAIL: PR141 execution - gij test
WARNING: program timed out.
FAIL: PR141 execution - bytecode->native test
WARNING: program timed out.
FAIL: PR141 -O3 execution - source compiled test
WARNING: program timed out.
FAIL: PR141 execution - gij test
WARNING: program timed out.
FAIL: PR141 -O3 execution - bytecode->native test
WARNING: program timed out.
FAIL: PR218 execution - source compiled test
WARNING: program timed out.
FAIL: PR218 execution - gij test
WARNING: program timed out.
FAIL: PR218 execution - bytecode->native test
WARNING: program timed out.
FAIL: PR218 -O3 execution - source compiled test
WARNING: program timed out.
FAIL: PR218 execution - gij test
WARNING: program timed out.
FAIL: PR218 -O3 execution - bytecode->native test
WARNING: program timed out.
FAIL: StringBuffer_1 execution - source compiled test
WARNING: program timed out.
FAIL: StringBuffer_1 execution - gij test
WARNING: program timed out.
FAIL: StringBuffer_1 execution - bytecode->native test
WARNING: program timed out.
FAIL: StringBuffer_1 -O3 execution - source compiled test
WARNING: program timed out.
FAIL: StringBuffer_1 execution - gij test
WARNING: program timed out.
FAIL: StringBuffer_1 -O3 execution - bytecode->native test
WARNING: program timed out.
FAIL: StringBuffer_overflow execution - source compiled test
WARNING: program timed out.
FAIL: StringBuffer_overflow execution - gij test
WARNING: program timed out.
FAIL: StringBuffer_overflow execution - bytecode->native test
WARNING: program timed out.
FAIL: StringBuffer_overflow -O3 execution - source compiled test
WARNING: program timed out.
FAIL: StringBuffer_overflow execution - gij test
WARNING: program timed out.
FAIL: StringBuffer_overflow -O3 execution - bytecode->native test
WARNING: program timed out.
FAIL: String_overflow execution - source compiled test
WARNING: program timed out.
FAIL: String_overflow execution - gij test
WARNING: program timed out.
FAIL: String_overflow execution - bytecode->native test
WARNING: program timed out.
FAIL: String_overflow -O3 execution - source compiled test
WARNING: program timed out.
FAIL: String_overflow execution - gij test
WARNING: program timed out.
FAIL: String_overflow -O3 execution - bytecode->native test
WARNING: program timed out.
FAIL: Thread_Alive execution - source compiled test
WARNING: program timed out.
FAIL: Thread_Alive execution - gij test
WARNING: program timed out.
FAIL: Thread_Alive execution - bytecode->native test
WARNING: program timed out.
FAIL: Thread_Alive -O3 execution - source compiled test
WARNING: program timed out.
FAIL: Thread_Alive execution - gij test
WARNING: program timed out.
FAIL: Thread_Alive -O3 execution - bytecode->native test
FAIL: Thread_Interrupt execution - source compiled test
WARNING: program timed out.
FAIL: Thread_Interrupt execution - gij test
WARNING: program timed out.
FAIL: Thread_Interrupt execution - bytecode->native test
WARNING: program timed out.
FAIL: Thread_Interrupt -O3 execution - source compiled test
WARNING: program timed out.
FAIL: Thread_Interrupt execution - gij test
WARNING: program timed out.
FAIL: Thread_Interrupt -O3 execution - bytecode->native test
WARNING: program timed out.
FAIL: Thread_Wait_2 execution - source compiled test
WARNING: program timed out.
FAIL: Thread_Wait_2 execution - gij test
WARNING: program timed out.
FAIL: Thread_Wait_2 execution - bytecode->native test
WARNING: program timed out.
FAIL: Thread_Wait_2 -O3 execution - source compiled test
WARNING: program timed out.
FAIL: Thread_Wait_2 execution - gij test
WARNING: program timed out.
FAIL: Thread_Wait_2 -O3 execution - bytecode->native test
WARNING: program timed out.
FAIL: Thread_Wait_Interrupt execution - source compiled test
WARNING: program timed out.
FAIL: Thread_Wait_Interrupt execution - gij test
WARNING: program timed out.
FAIL: Thread_Wait_Interrupt execution - bytecode->native test
WARNING: program timed out.
FAIL: Thread_Wait_Interrupt -O3 execution - source compiled test
WARNING: program timed out.
FAIL: Thread_Wait_Interrupt execution - gij test
WARNING: program timed out.
FAIL: Thread_Wait_Interrupt -O3 execution - bytecode->native test
WARNING: program timed out.
FAIL: Throw_1 execution - source compiled test
WARNING: program timed out.
FAIL: Throw_1 execution - gij test
WARNING: program timed out.
FAIL: Throw_1 execution - bytecode->native test
WARNING: program timed out.
FAIL: Throw_1 -O3 execution - source compiled test
WARNING: program timed out.
FAIL: Throw_1 execution - gij test
WARNING: program timed out.
FAIL: Throw_1 -O3 execution - bytecode->native test
WARNING: program timed out.
FAIL: Throw_2 execution - source compiled test
WARNING: program timed out.
FAIL: Throw_2 execution - gij test
WARNING: program timed out.
FAIL: Throw_2 execution - bytecode->native test
WARNING: program timed out.
FAIL: Throw_2 -O3 execution - source compiled test
WARNING: program timed out.
FAIL: Throw_2 execution - gij test
WARNING: program timed out.
FAIL: Throw_2 -O3 execution - bytecode->native test
WARNING: program timed out.
FAIL: initexc execution - source compiled test
WARNING: program timed out.
FAIL: initexc execution - gij test
WARNING: program timed out.
FAIL: initexc execution - bytecode->native test
WARNING: program timed out.
FAIL: initexc -O3 execution - source compiled test
WARNING: program timed out.
FAIL: initexc execution - gij test
WARNING: program timed out.
FAIL: initexc -O3 execution - bytecode->native test
WARNING: program timed out.
FAIL: instinit2 execution - source compiled test
WARNING: program timed out.
FAIL: instinit2 execution - gij test
WARNING: program timed out.
FAIL: instinit2 execution - bytecode->native test
WARNING: program timed out.
FAIL: instinit2 -O3 execution - source compiled test
WARNING: program timed out.
FAIL: instinit2 execution - gij test
WARNING: program timed out.
FAIL: instinit2 -O3 execution - bytecode->native test
WARNING: program timed out.
FAIL: invokethrow execution - source compiled test
WARNING: program timed out.
FAIL: invokethrow execution - gij test
WARNING: program timed out.
FAIL: invokethrow execution - bytecode->native test
WARNING: program timed out.
FAIL: invokethrow -O3 execution - source compiled test
WARNING: program timed out.
FAIL: invokethrow execution - gij test
WARNING: program timed out.
FAIL: invokethrow -O3 execution - bytecode->native test
WARNING: program timed out.
FAIL: newarray_overflow execution - source compiled test
WARNING: program timed out.
FAIL: newarray_overflow execution - gij test
WARNING: program timed out.
FAIL: newarray_overflow execution - bytecode->native test
WARNING: program timed out.
FAIL: newarray_overflow -O3 execution - source compiled test
WARNING: program timed out.
FAIL: newarray_overflow execution - gij test
WARNING: program timed out.
FAIL: newarray_overflow -O3 execution - bytecode->native test
WARNING: program timed out.
FAIL: pr184 execution - source compiled test
WARNING: program timed out.
FAIL: pr184 execution - gij test
WARNING: program timed out.
FAIL: pr184 execution - bytecode->native test
WARNING: program timed out.
FAIL: pr184 -O3 execution - source compiled test
WARNING: program timed out.
FAIL: pr184 execution - gij test
WARNING: program timed out.
FAIL: pr184 -O3 execution - bytecode->native test
WARNING: program timed out.
FAIL: pr83 execution - source compiled test
WARNING: program timed out.
FAIL: pr83 execution - gij test
WARNING: program timed out.
FAIL: pr83 execution - bytecode->native test
FAIL: pr83 -O3 execution - source compiled test
WARNING: program timed out.
FAIL: pr83 execution - gij test
WARNING: program timed out.
FAIL: pr83 -O3 execution - bytecode->native test
=== libjava Summary ===
# of expected passes 3009
# of unexpected failures 178
# of expected failures 10
# of untested testcases 193
=== libmudflap tests ===
Running target unix
=== libmudflap Summary ===
# of expected passes 1092
=== libstdc++-v3 check-abi Summary ===
# of added symbols: 300
# of missing symbols: 296
# of incompatible symbols: 296
=== libstdc++ tests ===
Running target unix
FAIL: 18_support/14026.cc execution test
FAIL: 19_diagnostics/stdexceptions.cc execution test
FAIL: 21_strings/basic_string/append/char/1.cc execution test
FAIL: 21_strings/basic_string/append/wchar_t/1.cc execution test
FAIL: 21_strings/basic_string/cons/char/1.cc execution test
FAIL: 21_strings/basic_string/cons/char/3.cc execution test
FAIL: 21_strings/basic_string/cons/wchar_t/1.cc execution test
FAIL: 21_strings/basic_string/cons/wchar_t/3.cc execution test
FAIL: 21_strings/basic_string/element_access/char/1.cc execution test
FAIL: 21_strings/basic_string/element_access/wchar_t/1.cc execution test
FAIL: 21_strings/basic_string/insert/char/1.cc execution test
FAIL: 21_strings/basic_string/insert/wchar_t/1.cc execution test
FAIL: 21_strings/basic_string/inserters_extractors/pod/10081-in.cc execution test
FAIL: 21_strings/basic_string/substr/char/1.cc execution test
FAIL: 21_strings/basic_string/substr/wchar_t/1.cc execution test
FAIL: 22_locale/locale/cons/12352.cc execution test
FAIL: 22_locale/locale/cons/12438.cc execution test
FAIL: 22_locale/locale/cons/2.cc execution test
FAIL: 22_locale/numpunct/members/pod/2.cc execution test
FAIL: 23_containers/bitset/cons/1.cc execution test
FAIL: 23_containers/bitset/cons/6282.cc execution test
FAIL: 23_containers/bitset/test/1.cc execution test
FAIL: 23_containers/bitset/to_ulong/1.cc execution test
WARNING: program timed out.
FAIL: 23_containers/deque/cons/2.cc execution test
FAIL: 23_containers/list/modifiers/3.cc execution test
WARNING: program timed out.
FAIL: 23_containers/vector/capacity/2.cc execution test
FAIL: 23_containers/vector/capacity/8230.cc execution test
WARNING: program timed out.
FAIL: 23_containers/vector/cons/4.cc execution test
FAIL: 23_containers/vector/element_access/1.cc execution test
FAIL: 23_containers/vector/resize/1.cc execution test
XPASS: 26_numerics/c99_classification_macros_c.cc (test for excess errors)
FAIL: 27_io/basic_filebuf/cons/wchar_t/10132-1.cc execution test
FAIL: 27_io/basic_filebuf/imbue/char/14975-1.cc execution test
FAIL: 27_io/basic_filebuf/imbue/wchar_t/14975-2.cc execution test
FAIL: 27_io/basic_filebuf/overflow/char/13858.cc execution test
FAIL: 27_io/basic_filebuf/overflow/char/9182-2.cc execution test
FAIL: 27_io/basic_filebuf/overflow/wchar_t/13858.cc execution test
FAIL: 27_io/basic_filebuf/seekoff/wchar_t/3.cc execution test
FAIL: 27_io/basic_filebuf/seekpos/wchar_t/1.cc execution test
FAIL: 27_io/basic_filebuf/sync/char/9182-1.cc execution test
FAIL: 27_io/basic_filebuf/underflow/wchar_t/11544-1.cc execution test
FAIL: 27_io/basic_filebuf/underflow/wchar_t/11544-2.cc execution test
FAIL: 27_io/basic_filebuf/underflow/wchar_t/11603.cc execution test
FAIL: 27_io/basic_ios/copyfmt/char/1.cc execution test
FAIL: 27_io/basic_ios/exceptions/char/1.cc execution test
FAIL: 27_io/basic_ios/exceptions/char/2.cc execution test
FAIL: 27_io/basic_ios/imbue/14072.cc execution test
FAIL: 27_io/basic_istream/exceptions/char/9561.cc execution test
FAIL: 27_io/basic_istream/extractors_arithmetic/char/exceptions_badbit_throw.cc execution test
FAIL: 27_io/basic_istream/extractors_arithmetic/char/exceptions_failbit.cc execution test
FAIL: 27_io/basic_istream/extractors_arithmetic/char/exceptions_failbit_throw.cc execution test
FAIL: 27_io/basic_istream/extractors_arithmetic/pod/3983-1.cc execution test
FAIL: 27_io/basic_istream/extractors_character/pod/3983-2.cc execution test
FAIL: 27_io/basic_istream/extractors_other/char/error_failbit.cc execution test
FAIL: 27_io/basic_istream/extractors_other/char/exceptions_badbit_throw.cc execution test
FAIL: 27_io/basic_istream/extractors_other/char/exceptions_failbit_throw.cc execution test
FAIL: 27_io/basic_istream/extractors_other/char/exceptions_null.cc execution test
FAIL: 27_io/basic_istream/extractors_other/pod/3983-3.cc execution test
FAIL: 27_io/basic_istream/seekg/char/exceptions_badbit_throw.cc execution test
FAIL: 27_io/basic_istream/sentry/char/12297.cc execution test
FAIL: 27_io/basic_istream/sentry/pod/1.cc execution test
FAIL: 27_io/basic_istream/tellg/char/exceptions_badbit_throw.cc execution test
FAIL: 27_io/basic_ostream/exceptions/char/9561.cc execution test
FAIL: 27_io/basic_ostream/flush/char/exceptions_badbit_throw.cc execution test
FAIL: 27_io/basic_ostream/inserters_arithmetic/char/9555-oa.cc execution test
FAIL: 27_io/basic_ostream/inserters_arithmetic/char/exceptions_badbit_throw.cc execution test
FAIL: 27_io/basic_ostream/inserters_arithmetic/char/exceptions_failbit_throw.cc execution test
FAIL: 27_io/basic_ostream/inserters_character/char/9555-oc.cc execution test
FAIL: 27_io/basic_ostream/inserters_other/char/5.cc execution test
FAIL: 27_io/basic_ostream/inserters_other/char/error_failbit.cc execution test
FAIL: 27_io/basic_ostream/inserters_other/char/exceptions_badbit_throw.cc execution test
FAIL: 27_io/basic_ostream/inserters_other/char/exceptions_failbit_throw.cc execution test
FAIL: 27_io/basic_ostream/inserters_other/char/exceptions_null.cc execution test
FAIL: 27_io/basic_ostream/put/char/1.cc execution test
FAIL: 27_io/basic_ostream/seekp/char/exceptions_badbit_throw.cc execution test
FAIL: 27_io/basic_ostream/tellp/char/exceptions_badbit_throw.cc execution test
FAIL: 27_io/basic_ostream/write/char/1.cc execution test
FAIL: 27_io/ios_base/storage/11584.cc execution test
FAIL: 27_io/ios_base/storage/2.cc execution test
FAIL: 27_io/objects/char/6.cc execution test
FAIL: 27_io/objects/wchar_t/6.cc execution test
=== libstdc++ Summary ===
# of expected passes 2606
# of unexpected failures 80
# of unexpected successes 1
# of expected failures 5
Compiler version: 3.5.0 20040527 (experimental)
Platform: i686-pc-linux-gnu
configure flags: --prefix=/home/cygnus/dnovillo/perf/sbox/gcc/local.i686/inst.toribio --srcdir=/home/cygnus/dnovillo/perf/sbox/gcc/local.i686/src --disable-multilib --disable-checking --enable-languages=c,c++,f95,java,objc