This is the mail archive of the gcc-testresults@gcc.gnu.org mailing list for the GCC project.
Index Nav: | [Date Index] [Subject Index] [Author Index] [Thread Index] | |
---|---|---|
Message Nav: | [Date Prev] [Date Next] | [Thread Prev] [Thread Next] |
Other format: | [Raw text] |
LAST_UPDATED: Wed May 26 15:51:12 UTC 2004 Native configuration is ia64-unknown-linux-gnu === g++ tests === Running target unix XPASS: g++.dg/eh/elide1.C execution test WARNING: program timed out. FAIL: g++.dg/opt/longbranch1.C (test for excess errors) FAIL: g++.dg/parse/stack1.C (test for excess errors) FAIL: 258: expected branch percentages not found: 25 FAIL: g++.dg/gcov/gcov-1.C gcov: 0 failures in line counts, 1 in branch percentages, 0 in return percentages FAIL: 23:is 2:should be 1 FAIL: g++.dg/gcov/gcov-2.C gcov: 1 failures in line counts, 0 in branch percentages, 0 in return percentages FAIL: g++.old-deja/g++.brendan/crash13.C (test for errors, line 34) FAIL: g++.old-deja/g++.bugs/900205_03.C (test for errors, line 21) FAIL: g++.old-deja/g++.bugs/900205_03.C (test for errors, line 24) FAIL: g++.old-deja/g++.bugs/900205_03.C (test for errors, line 44) FAIL: g++.old-deja/g++.bugs/900205_03.C (test for errors, line 47) FAIL: g++.old-deja/g++.law/friend5.C (test for errors, line 19) FAIL: g++.old-deja/g++.law/friend5.C (test for errors, line 24) FAIL: g++.old-deja/g++.mike/net20.C (test for excess errors) WARNING: g++.old-deja/g++.mike/p10769a.C compilation failed to produce executable FAIL: g++.old-deja/g++.mike/p646.C (test for warnings, line 104) FAIL: g++.old-deja/g++.mike/p646.C (test for warnings, line 112) FAIL: g++.old-deja/g++.mike/p646.C (test for warnings, line 120) FAIL: g++.old-deja/g++.mike/p646.C (test for warnings, line 127) FAIL: g++.old-deja/g++.mike/p646.C (test for warnings, line 133) WARNING: g++.old-deja/g++.other/enum5.C compilation failed to produce executable FAIL: g++.old-deja/g++.other/warn7.C (test for warnings, line 38) WARNING: g++.old-deja/g++.pt/friend44.C compilation failed to produce executable === g++ Summary === # of expected passes 9376 # of unexpected failures 20 # of unexpected successes 1 # of expected failures 83 # of unsupported tests 79 /export/build/gnu/gcc/build-ia64-linux/gcc/testsuite/../g++ version 3.5.0 20040526 (experimental) === gcc tests === Running target unix FAIL: gcc.c-torture/execute/simd-1.c execution, -O0 FAIL: gcc.dg/compat/scalar-by-value-3 c_compat_x_tst.o-c_compat_y_tst.o execute FAIL: gcc.dg/compat/scalar-return-3 c_compat_x_tst.o-c_compat_y_tst.o execute FAIL: gcc.dg/compat/struct-by-value-18 c_compat_x_tst.o-c_compat_y_tst.o execute FAIL: gcc.dg/compat/struct-by-value-7a c_compat_x_tst.o-c_compat_y_tst.o execute FAIL: gcc.dg/compat/struct-by-value-7b c_compat_x_tst.o-c_compat_y_tst.o execute FAIL: gcc.dg/debug/dwarf2/dwarf-die7.c scan-assembler 1.*DW_AT_inline FAIL: gcc.dg/c90-const-expr-3.c (test for excess errors) FAIL: gcc.dg/c99-const-expr-3.c (test for excess errors) XPASS: gcc.dg/setjmp-1.c spurious clobbered warning (test for bogus messages, line 16) FAIL: gcc.dg/uninit-H.c (test for bogus messages, line 20) FAIL: gcc.dg/special/gcsec-1.c (test for excess errors) FAIL: 209: expected branch percentages not found: 25 FAIL: gcc.misc-tests/gcov-4b.c gcov: 0 failures in line counts, 1 in branch percentages, 0 in return percentages === gcc Summary === # of expected passes 25467 # of unexpected failures 13 # of unexpected successes 1 # of expected failures 69 # of untested testcases 28 # of unsupported tests 324 /export/build/gnu/gcc/build-ia64-linux/gcc/xgcc version 3.5.0 20040526 (experimental) === gfortran tests === Running target unix FAIL: gfortran.fortran-torture/execute/forall_3.f90 execution, -O0 FAIL: gfortran.fortran-torture/execute/forall_3.f90 execution, -O1 FAIL: gfortran.fortran-torture/execute/forall_3.f90 execution, -O2 FAIL: gfortran.fortran-torture/execute/forall_3.f90 execution, -O2 -fomit-frame-pointer -finline-functions FAIL: gfortran.fortran-torture/execute/forall_3.f90 execution, -O2 -fomit-frame-pointer -finline-functions -funroll-loops FAIL: gfortran.fortran-torture/execute/forall_3.f90 execution, -O2 -fomit-frame-pointer -finline-functions -funroll-all-loops FAIL: gfortran.fortran-torture/execute/forall_3.f90 execution, -O2 -fno-repack-arrays FAIL: gfortran.fortran-torture/execute/forall_3.f90 execution, -O3 -g FAIL: gfortran.fortran-torture/execute/forall_3.f90 execution, -Os FAIL: gfortran.fortran-torture/execute/forall_5.f90 execution, -O0 FAIL: gfortran.fortran-torture/execute/forall_5.f90 execution, -O1 FAIL: gfortran.fortran-torture/execute/forall_5.f90 execution, -O2 FAIL: gfortran.fortran-torture/execute/forall_5.f90 execution, -O2 -fomit-frame-pointer -finline-functions FAIL: gfortran.fortran-torture/execute/forall_5.f90 execution, -O2 -fomit-frame-pointer -finline-functions -funroll-loops FAIL: gfortran.fortran-torture/execute/forall_5.f90 execution, -O2 -fomit-frame-pointer -finline-functions -funroll-all-loops FAIL: gfortran.fortran-torture/execute/forall_5.f90 execution, -O2 -fno-repack-arrays FAIL: gfortran.fortran-torture/execute/forall_5.f90 execution, -O3 -g FAIL: gfortran.fortran-torture/execute/forall_5.f90 execution, -Os FAIL: gfortran.fortran-torture/execute/function_module_1.f90 execution, -O2 FAIL: gfortran.fortran-torture/execute/function_module_1.f90 execution, -O2 -fomit-frame-pointer -finline-functions FAIL: gfortran.fortran-torture/execute/function_module_1.f90 execution, -O2 -fomit-frame-pointer -finline-functions -funroll-loops FAIL: gfortran.fortran-torture/execute/function_module_1.f90 execution, -O2 -fomit-frame-pointer -finline-functions -funroll-all-loops FAIL: gfortran.fortran-torture/execute/function_module_1.f90 execution, -O2 -fno-repack-arrays FAIL: gfortran.fortran-torture/execute/function_module_1.f90 execution, -O3 -g FAIL: gfortran.fortran-torture/execute/function_module_1.f90 execution, -Os FAIL: gfortran.fortran-torture/execute/intrinsic_associated.f90 execution, -O0 FAIL: gfortran.fortran-torture/execute/intrinsic_associated.f90 execution, -O1 FAIL: gfortran.fortran-torture/execute/intrinsic_associated.f90 execution, -O2 FAIL: gfortran.fortran-torture/execute/intrinsic_associated.f90 execution, -O2 -fomit-frame-pointer -finline-functions FAIL: gfortran.fortran-torture/execute/intrinsic_associated.f90 execution, -O2 -fomit-frame-pointer -finline-functions -funroll-loops FAIL: gfortran.fortran-torture/execute/intrinsic_associated.f90 execution, -O2 -fomit-frame-pointer -finline-functions -funroll-all-loops FAIL: gfortran.fortran-torture/execute/intrinsic_associated.f90 execution, -O2 -fno-repack-arrays FAIL: gfortran.fortran-torture/execute/intrinsic_associated.f90 execution, -O3 -g FAIL: gfortran.fortran-torture/execute/intrinsic_associated.f90 execution, -Os FAIL: gfortran.fortran-torture/execute/power.f90 execution, -O0 FAIL: gfortran.fortran-torture/execute/ptr.f90 execution, -O0 FAIL: gfortran.fortran-torture/execute/ptr.f90 execution, -O1 FAIL: gfortran.fortran-torture/execute/ptr.f90 execution, -O2 FAIL: gfortran.fortran-torture/execute/ptr.f90 execution, -O2 -fomit-frame-pointer -finline-functions FAIL: gfortran.fortran-torture/execute/ptr.f90 execution, -O2 -fomit-frame-pointer -finline-functions -funroll-loops FAIL: gfortran.fortran-torture/execute/ptr.f90 execution, -O2 -fomit-frame-pointer -finline-functions -funroll-all-loops FAIL: gfortran.fortran-torture/execute/ptr.f90 execution, -O2 -fno-repack-arrays FAIL: gfortran.fortran-torture/execute/ptr.f90 execution, -O3 -g FAIL: gfortran.fortran-torture/execute/ptr.f90 execution, -Os FAIL: gfortran.fortran-torture/execute/specifics.f90 execution, -O2 FAIL: gfortran.fortran-torture/execute/specifics.f90 execution, -O2 -fomit-frame-pointer -finline-functions FAIL: gfortran.fortran-torture/execute/specifics.f90 execution, -O2 -fomit-frame-pointer -finline-functions -funroll-loops FAIL: gfortran.fortran-torture/execute/specifics.f90 execution, -O2 -fomit-frame-pointer -finline-functions -funroll-all-loops FAIL: gfortran.fortran-torture/execute/specifics.f90 execution, -O2 -fno-repack-arrays FAIL: gfortran.fortran-torture/execute/specifics.f90 execution, -O3 -g FAIL: gfortran.fortran-torture/execute/specifics.f90 execution, -Os FAIL: gfortran.fortran-torture/execute/where_3.f90 compilation, -O1 FAIL: gfortran.fortran-torture/execute/where_3.f90 compilation, -O2 FAIL: gfortran.fortran-torture/execute/where_3.f90 compilation, -O2 -fomit-frame-pointer -finline-functions FAIL: gfortran.fortran-torture/execute/where_3.f90 compilation, -O2 -fomit-frame-pointer -finline-functions -funroll-loops FAIL: gfortran.fortran-torture/execute/where_3.f90 compilation, -O2 -fomit-frame-pointer -finline-functions -funroll-all-loops FAIL: gfortran.fortran-torture/execute/where_3.f90 compilation, -O2 -fno-repack-arrays FAIL: gfortran.fortran-torture/execute/where_3.f90 compilation, -O3 -g FAIL: gfortran.fortran-torture/execute/where_3.f90 compilation, -Os === gfortran Summary === # of expected passes 2840 # of unexpected failures 59 # of untested testcases 8 /export/build/gnu/gcc/build-ia64-linux/gcc/testsuite/../gfortran version 3.5.0 20040526 (experimental) === objc tests === Running target unix === objc Summary === # of expected passes 1339 # of unsupported tests 8 /export/build/gnu/gcc/build-ia64-linux/gcc/xgcc version 3.5.0 20040526 (experimental) === libffi tests === Running target unix FAIL: libffi.call/cls_64byte.c execution test FAIL: libffi.call/cls_align_longdouble.c output pattern test, is 12 0 0 181 0 48: 193 0 48 FAIL: libffi.call/float.c execution test FAIL: libffi.call/float2.c execution test FAIL: libffi.call/nested_struct.c execution test FAIL: libffi.call/nested_struct1.c execution test === libffi Summary === # of expected passes 203 # of unexpected failures 6 # of unsupported tests 2 === libjava tests === Running target unix FAIL: Thread_Interrupt -O3 output - source compiled test FAIL: Thread_Interrupt -O3 output - bytecode->native test WARNING: program timed out. FAIL: Thread_Wait_2 compilation from bytecode === libjava Summary === # of expected passes 3358 # of unexpected failures 3 # of expected failures 14 # of untested testcases 18 === libmudflap tests === Running target unix FAIL: libmudflap.c/fail1-frag.c (-static) output pattern test FAIL: libmudflap.c/fail10-frag.c (-static) output pattern test FAIL: libmudflap.c/fail11-frag.c (-static) output pattern test FAIL: libmudflap.c/fail12-frag.c (-static) output pattern test FAIL: libmudflap.c/fail13-frag.c (-static) output pattern test FAIL: libmudflap.c/fail14-frag.c (-static) output pattern test FAIL: libmudflap.c/fail15-frag.c (-static) output pattern test FAIL: libmudflap.c/fail16-frag.c (-static) output pattern test FAIL: libmudflap.c/fail17-frag.c (-static) output pattern test FAIL: libmudflap.c/fail18-frag.c (-static) output pattern test FAIL: libmudflap.c/fail19-frag.c (-static) output pattern test FAIL: libmudflap.c/fail2-frag.c (-static) output pattern test FAIL: libmudflap.c/fail20-frag.c (-static) output pattern test FAIL: libmudflap.c/fail21-frag.c (-static) output pattern test FAIL: libmudflap.c/fail22-frag.c (-static) output pattern test FAIL: libmudflap.c/fail23-frag.c (-static) output pattern test FAIL: libmudflap.c/fail25-frag.c (-static) output pattern test FAIL: libmudflap.c/fail26-frag.c (-static) output pattern test FAIL: libmudflap.c/fail27-frag.c (-static) output pattern test FAIL: libmudflap.c/fail28-frag.c (-static) output pattern test FAIL: libmudflap.c/fail29-frag.c (-static) output pattern test FAIL: libmudflap.c/fail3-frag.c (-static) output pattern test FAIL: libmudflap.c/fail30-frag.c (-static) output pattern test FAIL: libmudflap.c/fail31-frag.c (-static) output pattern test FAIL: libmudflap.c/fail4-frag.c (-static) output pattern test FAIL: libmudflap.c/fail5-frag.c (-static) output pattern test FAIL: libmudflap.c/fail6-frag.c (-static) output pattern test FAIL: libmudflap.c/fail7-frag.c (-static) output pattern test FAIL: libmudflap.c/fail8-frag.c (-static) output pattern test FAIL: libmudflap.c/fail9-frag.c (-static) output pattern test FAIL: libmudflap.c/hook-allocstuff.c (-static) execution test FAIL: libmudflap.c/hook-allocstuff.c (-static) output pattern test FAIL: libmudflap.c/pass-stratcliff.c (-static) execution test FAIL: libmudflap.c/pass11-frag.c (-static) execution test FAIL: libmudflap.c/pass12-frag.c (-static) execution test FAIL: libmudflap.c/pass16-frag.c (-static) execution test FAIL: libmudflap.c/pass19-frag.c (-static) execution test FAIL: libmudflap.c/pass20-frag.c (-static) execution test FAIL: libmudflap.c/pass21-frag.c (-static) execution test FAIL: libmudflap.c/pass22-frag.c (-static) execution test FAIL: libmudflap.c/pass23-frag.c (-static) execution test FAIL: libmudflap.c/pass24-frag.c (-static) execution test FAIL: libmudflap.c/pass25-frag.c (-static) execution test FAIL: libmudflap.c/pass29-frag.c (-static) execution test FAIL: libmudflap.c/pass36-frag.c (-static) execution test FAIL: libmudflap.c/pass36-frag.c (-static) output pattern test FAIL: libmudflap.c/pass46-frag.c (-static) execution test FAIL: libmudflap.c/pass6-frag.c (-static) execution test FAIL: libmudflap.c/pass7-frag.c (-static) execution test FAIL: libmudflap.c/pass8-frag.c (-static) execution test FAIL: libmudflap.c/pass9-frag.c (-static) execution test FAIL: libmudflap.c++/pass41-frag.cxx (test for excess errors) WARNING: libmudflap.c++/pass41-frag.cxx compilation failed to produce executable FAIL: libmudflap.c++/fail24-frag.cxx (-static) output pattern test FAIL: libmudflap.c++/pass28-frag.cxx (-static) execution test FAIL: libmudflap.c++/pass41-frag.cxx (-static) execution test FAIL: libmudflap.c++/pass41-frag.cxx (-O2) (test for excess errors) WARNING: libmudflap.c++/pass41-frag.cxx (-O2) compilation failed to produce executable FAIL: libmudflap.c++/pass41-frag.cxx (-O3) (test for excess errors) WARNING: libmudflap.c++/pass41-frag.cxx (-O3) compilation failed to produce executable WARNING: program timed out. FAIL: libmudflap.cth/pass37-frag.c (rerun 10) execution test WARNING: program timed out. FAIL: libmudflap.cth/pass39-frag.c (rerun 3) execution test FAIL: libmudflap.cth/pass39-frag.c (rerun 3) output pattern test WARNING: program timed out. FAIL: libmudflap.cth/pass39-frag.c (rerun 4) execution test FAIL: libmudflap.cth/pass39-frag.c (rerun 4) output pattern test WARNING: program timed out. FAIL: libmudflap.cth/pass39-frag.c (rerun 5) execution test FAIL: libmudflap.cth/pass39-frag.c (rerun 5) output pattern test WARNING: program timed out. FAIL: libmudflap.cth/pass39-frag.c (rerun 6) execution test FAIL: libmudflap.cth/pass39-frag.c (rerun 6) output pattern test WARNING: program timed out. FAIL: libmudflap.cth/pass39-frag.c (rerun 7) execution test FAIL: libmudflap.cth/pass39-frag.c (rerun 7) output pattern test WARNING: program timed out. FAIL: libmudflap.cth/pass39-frag.c (rerun 8) execution test FAIL: libmudflap.cth/pass39-frag.c (rerun 8) output pattern test WARNING: program timed out. FAIL: libmudflap.cth/pass39-frag.c (rerun 9) execution test FAIL: libmudflap.cth/pass39-frag.c (rerun 9) output pattern test WARNING: program timed out. FAIL: libmudflap.cth/pass39-frag.c (rerun 10) execution test FAIL: libmudflap.cth/pass39-frag.c (rerun 10) output pattern test WARNING: program timed out. FAIL: libmudflap.cth/pass39-frag.c (rerun 11) execution test FAIL: libmudflap.cth/pass39-frag.c (rerun 11) output pattern test WARNING: program timed out. FAIL: libmudflap.cth/pass39-frag.c (rerun 12) execution test FAIL: libmudflap.cth/pass39-frag.c (rerun 12) output pattern test WARNING: program timed out. FAIL: libmudflap.cth/pass39-frag.c (rerun 13) execution test FAIL: libmudflap.cth/pass39-frag.c (rerun 13) output pattern test WARNING: program timed out. FAIL: libmudflap.cth/pass39-frag.c (rerun 14) execution test FAIL: libmudflap.cth/pass39-frag.c (rerun 14) output pattern test WARNING: program timed out. FAIL: libmudflap.cth/pass39-frag.c (rerun 15) execution test FAIL: libmudflap.cth/pass39-frag.c (rerun 15) output pattern test WARNING: program timed out. FAIL: libmudflap.cth/pass39-frag.c (rerun 16) execution test FAIL: libmudflap.cth/pass39-frag.c (rerun 16) output pattern test WARNING: program timed out. FAIL: libmudflap.cth/pass39-frag.c (rerun 17) execution test FAIL: libmudflap.cth/pass39-frag.c (rerun 17) output pattern test WARNING: program timed out. FAIL: libmudflap.cth/pass39-frag.c (rerun 18) execution test FAIL: libmudflap.cth/pass39-frag.c (rerun 18) output pattern test WARNING: program timed out. FAIL: libmudflap.cth/pass39-frag.c (rerun 19) execution test FAIL: libmudflap.cth/pass39-frag.c (rerun 19) output pattern test WARNING: program timed out. FAIL: libmudflap.cth/pass37-frag.c (-static -DSTATIC) (rerun 13) execution test FAIL: libmudflap.cth/pass37-frag.c (-static -DSTATIC) (rerun 13) output pattern test WARNING: program timed out. FAIL: libmudflap.cth/pass37-frag.c (-static -DSTATIC) (rerun 18) execution test FAIL: libmudflap.cth/pass37-frag.c (-static -DSTATIC) (rerun 18) output pattern test FAIL: libmudflap.cth/pass39-frag.c (-static -DSTATIC) execution test FAIL: libmudflap.cth/pass39-frag.c (-static -DSTATIC) output pattern test FAIL: libmudflap.cth/pass39-frag.c (-static -DSTATIC) (rerun 1) execution test FAIL: libmudflap.cth/pass39-frag.c (-static -DSTATIC) (rerun 1) output pattern test FAIL: libmudflap.cth/pass39-frag.c (-static -DSTATIC) (rerun 2) execution test FAIL: libmudflap.cth/pass39-frag.c (-static -DSTATIC) (rerun 2) output pattern test FAIL: libmudflap.cth/pass39-frag.c (-static -DSTATIC) (rerun 3) execution test FAIL: libmudflap.cth/pass39-frag.c (-static -DSTATIC) (rerun 3) output pattern test FAIL: libmudflap.cth/pass39-frag.c (-static -DSTATIC) (rerun 4) execution test FAIL: libmudflap.cth/pass39-frag.c (-static -DSTATIC) (rerun 4) output pattern test FAIL: libmudflap.cth/pass39-frag.c (-static -DSTATIC) (rerun 5) execution test FAIL: libmudflap.cth/pass39-frag.c (-static -DSTATIC) (rerun 5) output pattern test FAIL: libmudflap.cth/pass39-frag.c (-static -DSTATIC) (rerun 6) execution test FAIL: libmudflap.cth/pass39-frag.c (-static -DSTATIC) (rerun 6) output pattern test FAIL: libmudflap.cth/pass39-frag.c (-static -DSTATIC) (rerun 7) execution test FAIL: libmudflap.cth/pass39-frag.c (-static -DSTATIC) (rerun 7) output pattern test FAIL: libmudflap.cth/pass39-frag.c (-static -DSTATIC) (rerun 8) execution test FAIL: libmudflap.cth/pass39-frag.c (-static -DSTATIC) (rerun 8) output pattern test FAIL: libmudflap.cth/pass39-frag.c (-static -DSTATIC) (rerun 9) execution test FAIL: libmudflap.cth/pass39-frag.c (-static -DSTATIC) (rerun 9) output pattern test FAIL: libmudflap.cth/pass39-frag.c (-static -DSTATIC) (rerun 10) execution test FAIL: libmudflap.cth/pass39-frag.c (-static -DSTATIC) (rerun 10) output pattern test FAIL: libmudflap.cth/pass39-frag.c (-static -DSTATIC) (rerun 11) execution test FAIL: libmudflap.cth/pass39-frag.c (-static -DSTATIC) (rerun 11) output pattern test FAIL: libmudflap.cth/pass39-frag.c (-static -DSTATIC) (rerun 12) execution test FAIL: libmudflap.cth/pass39-frag.c (-static -DSTATIC) (rerun 12) output pattern test FAIL: libmudflap.cth/pass39-frag.c (-static -DSTATIC) (rerun 13) execution test FAIL: libmudflap.cth/pass39-frag.c (-static -DSTATIC) (rerun 13) output pattern test FAIL: libmudflap.cth/pass39-frag.c (-static -DSTATIC) (rerun 14) execution test FAIL: libmudflap.cth/pass39-frag.c (-static -DSTATIC) (rerun 14) output pattern test FAIL: libmudflap.cth/pass39-frag.c (-static -DSTATIC) (rerun 15) execution test FAIL: libmudflap.cth/pass39-frag.c (-static -DSTATIC) (rerun 15) output pattern test FAIL: libmudflap.cth/pass39-frag.c (-static -DSTATIC) (rerun 16) execution test FAIL: libmudflap.cth/pass39-frag.c (-static -DSTATIC) (rerun 16) output pattern test FAIL: libmudflap.cth/pass39-frag.c (-static -DSTATIC) (rerun 17) execution test FAIL: libmudflap.cth/pass39-frag.c (-static -DSTATIC) (rerun 17) output pattern test FAIL: libmudflap.cth/pass39-frag.c (-static -DSTATIC) (rerun 18) execution test FAIL: libmudflap.cth/pass39-frag.c (-static -DSTATIC) (rerun 18) output pattern test FAIL: libmudflap.cth/pass39-frag.c (-static -DSTATIC) (rerun 19) execution test FAIL: libmudflap.cth/pass39-frag.c (-static -DSTATIC) (rerun 19) output pattern test WARNING: program timed out. FAIL: libmudflap.cth/pass37-frag.c (-O2) execution test FAIL: libmudflap.cth/pass37-frag.c (-O2) output pattern test WARNING: program timed out. FAIL: libmudflap.cth/pass37-frag.c (-O2) (rerun 1) execution test FAIL: libmudflap.cth/pass37-frag.c (-O2) (rerun 1) output pattern test WARNING: program timed out. FAIL: libmudflap.cth/pass37-frag.c (-O2) (rerun 2) execution test FAIL: libmudflap.cth/pass37-frag.c (-O2) (rerun 2) output pattern test WARNING: program timed out. FAIL: libmudflap.cth/pass37-frag.c (-O2) (rerun 3) execution test FAIL: libmudflap.cth/pass37-frag.c (-O2) (rerun 3) output pattern test WARNING: program timed out. FAIL: libmudflap.cth/pass37-frag.c (-O2) (rerun 4) execution test FAIL: libmudflap.cth/pass37-frag.c (-O2) (rerun 4) output pattern test WARNING: program timed out. FAIL: libmudflap.cth/pass37-frag.c (-O2) (rerun 5) execution test FAIL: libmudflap.cth/pass37-frag.c (-O2) (rerun 5) output pattern test WARNING: program timed out. FAIL: libmudflap.cth/pass37-frag.c (-O2) (rerun 6) execution test FAIL: libmudflap.cth/pass37-frag.c (-O2) (rerun 6) output pattern test WARNING: program timed out. FAIL: libmudflap.cth/pass37-frag.c (-O2) (rerun 7) execution test FAIL: libmudflap.cth/pass37-frag.c (-O2) (rerun 7) output pattern test WARNING: program timed out. FAIL: libmudflap.cth/pass37-frag.c (-O2) (rerun 8) execution test FAIL: libmudflap.cth/pass37-frag.c (-O2) (rerun 8) output pattern test WARNING: program timed out. FAIL: libmudflap.cth/pass37-frag.c (-O2) (rerun 9) execution test FAIL: libmudflap.cth/pass37-frag.c (-O2) (rerun 9) output pattern test WARNING: program timed out. FAIL: libmudflap.cth/pass37-frag.c (-O2) (rerun 10) execution test FAIL: libmudflap.cth/pass37-frag.c (-O2) (rerun 10) output pattern test WARNING: program timed out. FAIL: libmudflap.cth/pass37-frag.c (-O2) (rerun 11) execution test FAIL: libmudflap.cth/pass37-frag.c (-O2) (rerun 11) output pattern test WARNING: program timed out. FAIL: libmudflap.cth/pass37-frag.c (-O2) (rerun 12) execution test FAIL: libmudflap.cth/pass37-frag.c (-O2) (rerun 12) output pattern test WARNING: program timed out. FAIL: libmudflap.cth/pass37-frag.c (-O2) (rerun 13) execution test FAIL: libmudflap.cth/pass37-frag.c (-O2) (rerun 13) output pattern test WARNING: program timed out. FAIL: libmudflap.cth/pass37-frag.c (-O2) (rerun 14) execution test FAIL: libmudflap.cth/pass37-frag.c (-O2) (rerun 14) output pattern test WARNING: program timed out. FAIL: libmudflap.cth/pass37-frag.c (-O2) (rerun 15) execution test FAIL: libmudflap.cth/pass37-frag.c (-O2) (rerun 15) output pattern test WARNING: program timed out. FAIL: libmudflap.cth/pass37-frag.c (-O2) (rerun 16) execution test FAIL: libmudflap.cth/pass37-frag.c (-O2) (rerun 16) output pattern test WARNING: program timed out. FAIL: libmudflap.cth/pass37-frag.c (-O2) (rerun 17) execution test FAIL: libmudflap.cth/pass37-frag.c (-O2) (rerun 17) output pattern test WARNING: program timed out. FAIL: libmudflap.cth/pass39-frag.c (-O2) execution test FAIL: libmudflap.cth/pass39-frag.c (-O2) output pattern test WARNING: program timed out. FAIL: libmudflap.cth/pass39-frag.c (-O2) (rerun 1) execution test FAIL: libmudflap.cth/pass39-frag.c (-O2) (rerun 1) output pattern test WARNING: program timed out. FAIL: libmudflap.cth/pass39-frag.c (-O2) (rerun 2) execution test FAIL: libmudflap.cth/pass39-frag.c (-O2) (rerun 2) output pattern test WARNING: program timed out. FAIL: libmudflap.cth/pass39-frag.c (-O2) (rerun 3) execution test FAIL: libmudflap.cth/pass39-frag.c (-O2) (rerun 3) output pattern test WARNING: program timed out. FAIL: libmudflap.cth/pass39-frag.c (-O2) (rerun 4) execution test FAIL: libmudflap.cth/pass39-frag.c (-O2) (rerun 4) output pattern test WARNING: program timed out. FAIL: libmudflap.cth/pass39-frag.c (-O2) (rerun 5) execution test FAIL: libmudflap.cth/pass39-frag.c (-O2) (rerun 5) output pattern test WARNING: program timed out. FAIL: libmudflap.cth/pass39-frag.c (-O2) (rerun 6) execution test FAIL: libmudflap.cth/pass39-frag.c (-O2) (rerun 6) output pattern test WARNING: program timed out. FAIL: libmudflap.cth/pass39-frag.c (-O2) (rerun 7) execution test FAIL: libmudflap.cth/pass39-frag.c (-O2) (rerun 7) output pattern test WARNING: program timed out. FAIL: libmudflap.cth/pass39-frag.c (-O2) (rerun 8) execution test FAIL: libmudflap.cth/pass39-frag.c (-O2) (rerun 8) output pattern test WARNING: program timed out. FAIL: libmudflap.cth/pass39-frag.c (-O2) (rerun 9) execution test FAIL: libmudflap.cth/pass39-frag.c (-O2) (rerun 9) output pattern test WARNING: program timed out. FAIL: libmudflap.cth/pass39-frag.c (-O2) (rerun 11) execution test FAIL: libmudflap.cth/pass39-frag.c (-O2) (rerun 11) output pattern test WARNING: program timed out. FAIL: libmudflap.cth/pass39-frag.c (-O2) (rerun 12) execution test FAIL: libmudflap.cth/pass39-frag.c (-O2) (rerun 12) output pattern test WARNING: program timed out. FAIL: libmudflap.cth/pass39-frag.c (-O2) (rerun 13) execution test FAIL: libmudflap.cth/pass39-frag.c (-O2) (rerun 13) output pattern test WARNING: program timed out. FAIL: libmudflap.cth/pass39-frag.c (-O2) (rerun 14) execution test FAIL: libmudflap.cth/pass39-frag.c (-O2) (rerun 14) output pattern test WARNING: program timed out. FAIL: libmudflap.cth/pass39-frag.c (-O2) (rerun 15) execution test FAIL: libmudflap.cth/pass39-frag.c (-O2) (rerun 15) output pattern test WARNING: program timed out. FAIL: libmudflap.cth/pass39-frag.c (-O2) (rerun 16) execution test FAIL: libmudflap.cth/pass39-frag.c (-O2) (rerun 16) output pattern test WARNING: program timed out. FAIL: libmudflap.cth/pass39-frag.c (-O2) (rerun 17) execution test FAIL: libmudflap.cth/pass39-frag.c (-O2) (rerun 17) output pattern test WARNING: program timed out. FAIL: libmudflap.cth/pass39-frag.c (-O2) (rerun 18) execution test FAIL: libmudflap.cth/pass39-frag.c (-O2) (rerun 18) output pattern test WARNING: program timed out. FAIL: libmudflap.cth/pass39-frag.c (-O2) (rerun 19) execution test FAIL: libmudflap.cth/pass39-frag.c (-O2) (rerun 19) output pattern test WARNING: program timed out. FAIL: libmudflap.cth/pass37-frag.c (-O3) (rerun 4) execution test WARNING: program timed out. FAIL: libmudflap.cth/pass37-frag.c (-O3) (rerun 5) execution test WARNING: program timed out. FAIL: libmudflap.cth/pass37-frag.c (-O3) (rerun 8) execution test FAIL: libmudflap.cth/pass37-frag.c (-O3) (rerun 8) output pattern test WARNING: program timed out. FAIL: libmudflap.cth/pass39-frag.c (-O3) execution test FAIL: libmudflap.cth/pass39-frag.c (-O3) output pattern test WARNING: program timed out. FAIL: libmudflap.cth/pass39-frag.c (-O3) (rerun 1) execution test FAIL: libmudflap.cth/pass39-frag.c (-O3) (rerun 1) output pattern test WARNING: program timed out. FAIL: libmudflap.cth/pass39-frag.c (-O3) (rerun 2) execution test FAIL: libmudflap.cth/pass39-frag.c (-O3) (rerun 2) output pattern test WARNING: program timed out. FAIL: libmudflap.cth/pass39-frag.c (-O3) (rerun 3) execution test FAIL: libmudflap.cth/pass39-frag.c (-O3) (rerun 3) output pattern test WARNING: program timed out. FAIL: libmudflap.cth/pass39-frag.c (-O3) (rerun 4) execution test FAIL: libmudflap.cth/pass39-frag.c (-O3) (rerun 4) output pattern test WARNING: program timed out. FAIL: libmudflap.cth/pass39-frag.c (-O3) (rerun 6) execution test FAIL: libmudflap.cth/pass39-frag.c (-O3) (rerun 6) output pattern test WARNING: program timed out. FAIL: libmudflap.cth/pass39-frag.c (-O3) (rerun 7) execution test FAIL: libmudflap.cth/pass39-frag.c (-O3) (rerun 7) output pattern test WARNING: program timed out. FAIL: libmudflap.cth/pass39-frag.c (-O3) (rerun 13) execution test FAIL: libmudflap.cth/pass39-frag.c (-O3) (rerun 13) output pattern test WARNING: program timed out. FAIL: libmudflap.cth/pass39-frag.c (-O3) (rerun 14) execution test FAIL: libmudflap.cth/pass39-frag.c (-O3) (rerun 14) output pattern test WARNING: program timed out. FAIL: libmudflap.cth/pass39-frag.c (-O3) (rerun 15) execution test FAIL: libmudflap.cth/pass39-frag.c (-O3) (rerun 15) output pattern test WARNING: program timed out. FAIL: libmudflap.cth/pass39-frag.c (-O3) (rerun 16) execution test FAIL: libmudflap.cth/pass39-frag.c (-O3) (rerun 16) output pattern test WARNING: program timed out. FAIL: libmudflap.cth/pass39-frag.c (-O3) (rerun 17) execution test FAIL: libmudflap.cth/pass39-frag.c (-O3) (rerun 17) output pattern test WARNING: program timed out. FAIL: libmudflap.cth/pass39-frag.c (-O3) (rerun 18) execution test FAIL: libmudflap.cth/pass39-frag.c (-O3) (rerun 18) output pattern test WARNING: program timed out. FAIL: libmudflap.cth/pass39-frag.c (-O3) (rerun 19) execution test FAIL: libmudflap.cth/pass39-frag.c (-O3) (rerun 19) output pattern test === libmudflap Summary === # of expected passes 847 # of unexpected failures 242 === libstdc++-v3 check-abi Summary === # of added symbols: 298 # of missing symbols: 260 # of incompatible symbols: 260 === libstdc++ tests === Running target unix XPASS: 26_numerics/c99_classification_macros_c.cc (test for excess errors) XPASS: 27_io/fpos/14320-1.cc execution test === libstdc++ Summary === # of expected passes 2686 # of unexpected successes 2 # of expected failures 4 Compiler version: 3.5.0 20040526 (experimental) Platform: ia64-unknown-linux-gnu configure flags: --enable-clocale=gnu --with-system-zlib --disable-libunwind-exceptions --enable-shared --enable-threads=posix --enable-haifa --disable-checking --prefix=/usr/gcc-3.5 --with-local-prefix=/usr/local --enable-languages=c,c++,f95,java,objc
Index Nav: | [Date Index] [Subject Index] [Author Index] [Thread Index] | |
---|---|---|
Message Nav: | [Date Prev] [Date Next] | [Thread Prev] [Thread Next] |