This is the mail archive of the
gcc-testresults@gcc.gnu.org
mailing list for the GCC project.
Results for 3.4.0 testsuite on sparc-sun-solaris2.9
- From: nick dot rosier at skynet dot be (Nick Rosier)
- To: gcc-testresults at gcc dot gnu dot org
- Date: Wed, 26 May 2004 09:50:12 +0200 (CEST)
- Subject: Results for 3.4.0 testsuite on sparc-sun-solaris2.9
LAST_UPDATED: Obtained from CVS: -rgcc_3_4_0_release
Native configuration is sparc-sun-solaris2.9
=== g++ tests ===
Running target unix
WARNING: g++.dg/eh/simd-1.C compilation failed to produce executable
WARNING: g++.dg/eh/simd-2.C compilation failed to produce executable
FAIL: g++.dg/other/classkey1.C (test for errors, line 9)
FAIL: g++.dg/other/classkey1.C (test for errors, line 11)
FAIL: g++.dg/other/classkey1.C (test for errors, line 14)
FAIL: g++.dg/other/classkey1.C (test for errors, line 17)
FAIL: g++.dg/other/classkey1.C (test for excess errors)
FAIL: g++.dg/parse/undefined3.C (test for errors, line 6)
FAIL: g++.dg/parse/undefined3.C (test for excess errors)
FAIL: g++.dg/parse/undefined6.C (test for errors, line 6)
FAIL: g++.dg/parse/undefined6.C (test for excess errors)
FAIL: g++.dg/parse/wrong-inline1.C (test for errors, line 12)
FAIL: g++.dg/parse/wrong-inline1.C (test for excess errors)
XPASS: g++.dg/special/conpr-2.C execution test
XPASS: g++.dg/special/initp1.C execution test
WARNING: g++.old-deja/g++.mike/p10769a.C compilation failed to produce executable
FAIL: g++.old-deja/g++.mike/p1989.C (test for errors, line 488)
FAIL: g++.old-deja/g++.mike/p1989.C (test for errors, line 489)
WARNING: g++.old-deja/g++.other/enum5.C compilation failed to produce executable
WARNING: g++.old-deja/g++.pt/friend44.C compilation failed to produce executable
=== g++ Summary ===
# of expected passes 9498
# of unexpected failures 13
# of unexpected successes 2
# of expected failures 69
# of unsupported tests 67
/home/nick/compile/gcc-3.4.0/objdir/gcc/testsuite/../g++ version 3.4.0
=== g77 tests ===
Running target unix
=== g77 Summary ===
# of expected passes 1800
# of unsupported tests 6
/home/nick/compile/gcc-3.4.0/objdir/gcc/testsuite/../g77 version 3.4.0
=== gcc tests ===
Running target unix
UNRESOLVED: gcc.c-torture/execute/simd-4.c execution, -O0
UNRESOLVED: gcc.dg/compat/vector-1 c_compat_x_tst.o-c_compat_y_tst.o link
UNRESOLVED: gcc.dg/compat/vector-1 c_compat_x_tst.o-c_compat_y_tst.o execute
UNRESOLVED: gcc.dg/compat/vector-2 c_compat_x_tst.o-c_compat_y_tst.o link
UNRESOLVED: gcc.dg/compat/vector-2 c_compat_x_tst.o-c_compat_y_tst.o execute
FAIL: gcc.dg/cpp/directiv.c (test for errors, line 11)
FAIL: gcc.dg/cpp/directiv.c (test for warnings, line 21)
FAIL: gcc.dg/cpp/directiv.c (test for warnings, line 22)
FAIL: gcc.dg/cpp/directiv.c (test for errors, line 34)
FAIL: gcc.dg/cpp/directiv.c (test for excess errors)
FAIL: gcc.dg/cpp/line2.c line # too low (test for errors, line 1)
FAIL: gcc.dg/cpp/line2.c line # too high (test for errors, line 2)
FAIL: gcc.dg/cpp/line2.c (test for excess errors)
FAIL: gcc.dg/return-type-1.c warning for falling off end of non-void function (test for warnings, line 8)
XPASS: gcc.dg/uninit-4.c uninitialized variable warning (test for bogus messages, line 26)
FAIL: gcc.dg/noncompile/920507-1.c -O1 (test for errors, line 4)
FAIL: gcc.dg/noncompile/920507-1.c -O1 (test for excess errors)
FAIL: gcc.dg/noncompile/930301-1.c -O0 (test for errors, line 4)
FAIL: gcc.dg/noncompile/930301-1.c -O0 (test for excess errors)
FAIL: gcc.dg/tls/alias-1.c unsupported (test for warnings, line 22)
=== gcc Summary ===
# of expected passes 24219
# of unexpected failures 14
# of unexpected successes 1
# of expected failures 73
# of unresolved testcases 5
# of untested testcases 7
# of unsupported tests 304
/home/nick/compile/gcc-3.4.0/objdir/gcc/xgcc version 3.4.0
=== objc tests ===
Running target unix
=== objc Summary ===
# of expected passes 1341
# of unsupported tests 8
/home/nick/compile/gcc-3.4.0/objdir/gcc/xgcc version 3.4.0
=== libffi tests ===
Running target unix
=== libffi Summary ===
# of expected passes 212
# of unsupported tests 2
=== libjava tests ===
Running target unix
ERROR: tcl error sourcing /home/nick/compile/gcc-3.4.0/libjava/testsuite/libjava.compile/compile.exp.
ERROR: can't read "x": no such variable
FAIL: linking simple
FAIL: cxxtest run
FAIL: Array_3 execution - gij test
FAIL: Array_3 execution - gij test
FAIL: FileHandleGcTest execution - source compiled test
FAIL: FileHandleGcTest execution - gij test
FAIL: FileHandleGcTest execution - bytecode->native test
FAIL: FileHandleGcTest -O3 execution - source compiled test
FAIL: FileHandleGcTest execution - gij test
FAIL: FileHandleGcTest -O3 execution - bytecode->native test
FAIL: SyncTest execution - gij test
FAIL: SyncTest execution - gij test
FAIL: Thread_Join execution - gij test
FAIL: Thread_Join execution - gij test
FAIL: Thread_Monitor execution - gij test
FAIL: Thread_Monitor execution - gij test
FAIL: Thread_Wait_Interrupt execution - gij test
FAIL: Thread_Wait_Interrupt execution - gij test
ERROR: No \`main' given in program anon_ctor_itf_arg
UNRESOLVED: anon_ctor_itf_arg -O3 compilation from source
FAIL: pr6388 -O3 compilation from bytecode
=== libjava Summary ===
# of expected passes 2929
# of unexpected failures 19
# of expected failures 7
# of unresolved testcases 1
# of untested testcases 19
=== libstdc++ tests ===
Running target unix
FAIL: 26_numerics/c_math_dynamic.cc (test for excess errors)
=== libstdc++ Summary ===
# of expected passes 2646
# of unexpected failures 1
# of expected failures 6
Compiler version: 3.4.0
Platform: sparc-sun-solaris2.9
configure flags: --disable-multilib --enable-threads=posix --with-gnu-as --with-as=/usr/local/bin/as --with-gnu-ld --with-ld=/usr/local/bin/ld --enable-libgcj --disable-nls