This is the mail archive of the gcc-testresults@gcc.gnu.org mailing list for the GCC project.
Index Nav: | [Date Index] [Subject Index] [Author Index] [Thread Index] | |
---|---|---|
Message Nav: | [Date Prev] [Date Next] | [Thread Prev] [Thread Next] |
Other format: | [Raw text] |
LAST_UPDATED: Mon May 24 13:08:35 UTC 2004 Native configuration is i386-pc-solaris2.10 === g++ tests === Running target unix XPASS: g++.dg/eh/elide1.C execution test FAIL: g++.dg/eh/simd-2.C (test for excess errors) WARNING: g++.dg/eh/simd-2.C compilation failed to produce executable FAIL: g++.dg/parse/stack1.C (test for excess errors) FAIL: 258: expected branch percentages not found: 25 FAIL: g++.dg/gcov/gcov-1.C gcov: 0 failures in line counts, 1 in branch percentages, 0 in return percentages FAIL: 23:is 2:should be 1 FAIL: g++.dg/gcov/gcov-2.C gcov: 1 failures in line counts, 0 in branch percentages, 0 in return percentages FAIL: g++.dg/special/conpr-1.C execution test FAIL: g++.dg/special/conpr-3.C execution test FAIL: g++.dg/special/conpr-4.C execution test FAIL: g++.old-deja/g++.brendan/crash13.C (test for errors, line 34) FAIL: g++.old-deja/g++.bugs/900205_03.C (test for errors, line 21) FAIL: g++.old-deja/g++.bugs/900205_03.C (test for errors, line 24) FAIL: g++.old-deja/g++.bugs/900205_03.C (test for errors, line 44) FAIL: g++.old-deja/g++.bugs/900205_03.C (test for errors, line 47) FAIL: g++.old-deja/g++.eh/badalloc1.C execution test FAIL: g++.old-deja/g++.law/friend5.C (test for errors, line 19) FAIL: g++.old-deja/g++.law/friend5.C (test for errors, line 24) WARNING: g++.old-deja/g++.mike/p10769a.C compilation failed to produce executable FAIL: g++.old-deja/g++.mike/p646.C (test for warnings, line 104) FAIL: g++.old-deja/g++.mike/p646.C (test for warnings, line 112) FAIL: g++.old-deja/g++.mike/p646.C (test for warnings, line 120) FAIL: g++.old-deja/g++.mike/p646.C (test for warnings, line 127) FAIL: g++.old-deja/g++.mike/p646.C (test for warnings, line 133) WARNING: g++.old-deja/g++.other/enum5.C compilation failed to produce executable FAIL: g++.old-deja/g++.other/warn7.C (test for warnings, line 38) WARNING: g++.old-deja/g++.pt/friend44.C compilation failed to produce executable === g++ Summary === # of expected passes 9706 # of unexpected failures 23 # of unexpected successes 1 # of expected failures 85 # of unsupported tests 63 /amnt/figaro/volumes/obj-gcc/gcc/obj.sol86/gcc-3.5.0-20040524/10-gcc/gcc/testsuite/../g++ version 3.5.0 20040524 (experimental) === gcc tests === Running target unix FAIL: gcc.c-torture/execute/va-arg-25.c execution, -Os FAIL: gcc.dg/compat/vector-1 c_compat_x_tst.o compile FAIL: gcc.dg/compat/vector-1 c_compat_y_tst.o compile UNRESOLVED: gcc.dg/compat/vector-1 c_compat_x_tst.o-c_compat_y_tst.o link UNRESOLVED: gcc.dg/compat/vector-1 c_compat_x_tst.o-c_compat_y_tst.o execute FAIL: gcc.dg/compat/vector-2 c_compat_x_tst.o compile FAIL: gcc.dg/compat/vector-2 c_compat_y_tst.o compile UNRESOLVED: gcc.dg/compat/vector-2 c_compat_x_tst.o-c_compat_y_tst.o link UNRESOLVED: gcc.dg/compat/vector-2 c_compat_x_tst.o-c_compat_y_tst.o execute FAIL: gcc.dg/debug/dwarf2/dwarf-die7.c scan-assembler 1.*DW_AT_inline FAIL: gcc.dg/20011009-1.c (test for excess errors) WARNING: gcc.dg/20011009-1.c compilation failed to produce executable FAIL: gcc.dg/c90-const-expr-3.c (test for excess errors) FAIL: gcc.dg/c99-const-expr-3.c (test for excess errors) FAIL: gcc.dg/i386-sse-6.c (test for excess errors) WARNING: gcc.dg/i386-sse-6.c compilation failed to produce executable XPASS: gcc.dg/i386-ssetype-1.c scan-assembler-not movdqa XPASS: gcc.dg/i386-ssetype-3.c scan-assembler-not movdqa XPASS: gcc.dg/setjmp-1.c spurious clobbered warning (test for bogus messages, line 16) FAIL: gcc.dg/visibility-1.c (test for excess errors) FAIL: gcc.dg/visibility-1.c scan-assembler \\\\.hidden.*foo FAIL: gcc.dg/visibility-2.c (test for excess errors) FAIL: gcc.dg/visibility-2.c scan-assembler \\\\.hidden.*foo FAIL: gcc.dg/visibility-3.c (test for excess errors) FAIL: gcc.dg/visibility-3.c scan-assembler \\\\.hidden.*xyzzy FAIL: gcc.dg/visibility-4.c (test for excess errors) FAIL: gcc.dg/visibility-4.c scan-assembler \\\\.hidden.*xyzzy FAIL: gcc.dg/visibility-5.c (test for excess errors) FAIL: gcc.dg/visibility-5.c scan-assembler \\\\.hidden.*foo FAIL: gcc.dg/visibility-6.c (test for excess errors) FAIL: gcc.dg/visibility-6.c scan-assembler \\\\.hidden.*xyzzy FAIL: gcc.dg/visibility-7.c (test for excess errors) FAIL: gcc.dg/visibility-7.c scan-assembler \\\\.hidden.*xyzzy FAIL: gcc.dg/visibility-8.c (test for excess errors) FAIL: gcc.dg/visibility-8.c scan-assembler \\\\.hidden.*__GI_fputs_unlocked FAIL: largefile.c (test for excess errors) FAIL: largefile.c (test for excess errors) FAIL: largefile.c (test for excess errors) FAIL: largefile.c (test for excess errors) FAIL: largefile.c (test for excess errors) FAIL: largefile.c (test for excess errors) FAIL: largefile.c (test for excess errors) XPASS: gcc.dg/tree-ssa/20040204-1.c scan-tree-dump-times link_error 0 FAIL: 209: expected branch percentages not found: 25 FAIL: gcc.misc-tests/gcov-4b.c gcov: 0 failures in line counts, 1 in branch percentages, 0 in return percentages === gcc Summary === # of expected passes 26036 # of unexpected failures 35 # of unexpected successes 4 # of expected failures 62 # of unresolved testcases 4 # of untested testcases 35 # of unsupported tests 220 /amnt/figaro/volumes/obj-gcc/gcc/obj.sol86/gcc-3.5.0-20040524/10-gcc/gcc/xgcc version 3.5.0 20040524 (experimental) === objc tests === Running target unix === objc Summary === # of expected passes 1339 # of unsupported tests 8 /amnt/figaro/volumes/obj-gcc/gcc/obj.sol86/gcc-3.5.0-20040524/10-gcc/gcc/xgcc version 3.5.0 20040524 (experimental) === libffi tests === Running target unix === libffi Summary === # of expected passes 212 # of unsupported tests 2 === libjava tests === Running target unix FAIL: FileHandleGcTest execution - source compiled test FAIL: FileHandleGcTest execution - gij test FAIL: FileHandleGcTest execution - bytecode->native test FAIL: FileHandleGcTest -O3 execution - source compiled test FAIL: FileHandleGcTest execution - gij test FAIL: FileHandleGcTest -O3 execution - bytecode->native test FAIL: Thread_Join execution - gij test FAIL: Thread_Monitor execution - gij test FAIL: Thread_Monitor execution - gij test FAIL: Thread_Wait_Interrupt execution - gij test FAIL: Thread_Wait_Interrupt execution - gij test FAIL: Throw_2 execution - source compiled test FAIL: Throw_2 execution - gij test FAIL: Throw_2 execution - bytecode->native test FAIL: Throw_2 -O3 execution - source compiled test FAIL: Throw_2 execution - gij test FAIL: Throw_2 -O3 execution - bytecode->native test === libjava Summary === # of expected passes 3329 # of unexpected failures 17 # of expected failures 14 # of untested testcases 33 === libstdc++ tests === Running target unix FAIL: 26_numerics/c99_classification_macros_c++.cc (test for excess errors) FAIL: 26_numerics/c99_classification_macros_c.cc (test for excess errors) FAIL: 27_io/basic_istream/extractors_arithmetic/char/12.cc execution test FAIL: 27_io/fpos/14775.cc execution test === libstdc++ Summary === # of expected passes 2683 # of unexpected failures 4 # of expected failures 5 Compiler version: 3.5.0 20040524 (experimental) Platform: i386-pc-solaris2.10 configure flags: --prefix=/vol/gcc --with-local-prefix=/vol/gcc --disable-nls --with-as=/vol/gcc/lib/as-7.0 --disable-libmudflap --enable-languages=c,c++,java,objc BOOT_CFLAGS=-g -O2
Index Nav: | [Date Index] [Subject Index] [Author Index] [Thread Index] | |
---|---|---|
Message Nav: | [Date Prev] [Date Next] | [Thread Prev] [Thread Next] |