This is the mail archive of the
gcc-testresults@gcc.gnu.org
mailing list for the GCC project.
Results for 3.5.0 20040524 (experimental) testsuite on s390x-ibm-linux-gnu
- From: Ulrich Weigand <weigand at i1 dot informatik dot uni-erlangen dot de>
- To: gcc-testresults at gcc dot gnu dot org
- Date: Mon, 24 May 2004 18:38:18 +0200 (CEST)
- Subject: Results for 3.5.0 20040524 (experimental) testsuite on s390x-ibm-linux-gnu
LAST_UPDATED:
Native configuration is s390x-ibm-linux-gnu
=== g++ tests ===
Running target unix
FAIL: g++.dg/abi/empty6.C (test for warnings, line 6)
WARNING: program timed out.
FAIL: g++.dg/eh/cleanup1.C (test for excess errors)
XPASS: g++.dg/eh/elide1.C execution test
FAIL: g++.dg/parse/stack1.C (test for excess errors)
FAIL: 23:is 2:should be 1
FAIL: g++.dg/gcov/gcov-2.C gcov: 1 failures in line counts, 0 in branch percentages, 0 in return percentages
FAIL: g++.old-deja/g++.brendan/crash13.C (test for errors, line 34)
FAIL: g++.old-deja/g++.bugs/900205_03.C (test for errors, line 21)
FAIL: g++.old-deja/g++.bugs/900205_03.C (test for errors, line 24)
FAIL: g++.old-deja/g++.bugs/900205_03.C (test for errors, line 44)
FAIL: g++.old-deja/g++.bugs/900205_03.C (test for errors, line 47)
FAIL: g++.old-deja/g++.law/friend5.C (test for errors, line 19)
FAIL: g++.old-deja/g++.law/friend5.C (test for errors, line 24)
WARNING: g++.old-deja/g++.mike/p10769a.C compilation failed to produce executable
FAIL: g++.old-deja/g++.mike/p646.C (test for warnings, line 104)
FAIL: g++.old-deja/g++.mike/p646.C (test for warnings, line 112)
FAIL: g++.old-deja/g++.mike/p646.C (test for warnings, line 120)
FAIL: g++.old-deja/g++.mike/p646.C (test for warnings, line 127)
FAIL: g++.old-deja/g++.mike/p646.C (test for warnings, line 133)
WARNING: g++.old-deja/g++.other/enum5.C compilation failed to produce executable
XPASS: g++.old-deja/g++.other/init5.C execution test
FAIL: g++.old-deja/g++.other/warn7.C (test for warnings, line 38)
WARNING: g++.old-deja/g++.pt/friend44.C compilation failed to produce executable
=== g++ Summary ===
# of expected passes 9697
# of unexpected failures 18
# of unexpected successes 2
# of expected failures 82
# of unsupported tests 81
/mnt/dasdc1/fsf/gcc-head-build/gcc/testsuite/../g++ version 3.5.0 20040524 (experimental)
=== gcc tests ===
Running target unix
FAIL: gcc.dg/debug/dwarf2/dwarf-die7.c scan-assembler 1.*DW_AT_inline
FAIL: gcc.dg/debug/dwarf2/dwarf-die7.c scan-assembler 1.*DW_AT_inline
FAIL: gcc.dg/20020425-1.c (test for excess errors)
FAIL: gcc.dg/Wunreachable-7.c (test for excess errors)
FAIL: gcc.dg/c90-const-expr-3.c (test for excess errors)
FAIL: gcc.dg/c99-const-expr-3.c (test for excess errors)
WARNING: program timed out.
FAIL: gcc.dg/c99-intconst-1.c (test for excess errors)
XPASS: gcc.dg/setjmp-1.c spurious clobbered warning (test for bogus messages, line 16)
XPASS: gcc.dg/tree-ssa/20040204-1.c scan-tree-dump-times link_error 0
=== gcc Summary ===
# of expected passes 26545
# of unexpected failures 7
# of unexpected successes 2
# of expected failures 62
# of untested testcases 28
# of unsupported tests 336
/mnt/dasdc1/fsf/gcc-head-build/gcc/xgcc version 3.5.0 20040524 (experimental)
=== gfortran tests ===
Running target unix
FAIL: gfortran.fortran-torture/compile/actual.f90, -O2
FAIL: gfortran.fortran-torture/compile/actual.f90, -O2 -fomit-frame-pointer -finline-functions
FAIL: gfortran.fortran-torture/compile/actual.f90, -O2 -fomit-frame-pointer -finline-functions -funroll-loops
FAIL: gfortran.fortran-torture/compile/actual.f90, -O2 -fomit-frame-pointer -finline-functions -funroll-all-loops
FAIL: gfortran.fortran-torture/compile/actual.f90, -O2 -fno-repack-arrays
FAIL: gfortran.fortran-torture/compile/actual.f90, -O3 -g
FAIL: gfortran.fortran-torture/compile/actual.f90, -Os
FAIL: gfortran.fortran-torture/execute/der_io.f90 execution, -O2
FAIL: gfortran.fortran-torture/execute/der_io.f90 execution, -O2 -fomit-frame-pointer -finline-functions
FAIL: gfortran.fortran-torture/execute/der_io.f90 execution, -O2 -fomit-frame-pointer -finline-functions -funroll-loops
FAIL: gfortran.fortran-torture/execute/der_io.f90 execution, -O2 -fomit-frame-pointer -finline-functions -funroll-all-loops
FAIL: gfortran.fortran-torture/execute/der_io.f90 execution, -O2 -fno-repack-arrays
FAIL: gfortran.fortran-torture/execute/der_io.f90 execution, -O3 -g
FAIL: gfortran.fortran-torture/execute/der_io.f90 execution, -Os
FAIL: gfortran.fortran-torture/execute/direct_io.f90 execution, -O0
FAIL: gfortran.fortran-torture/execute/direct_io.f90 execution, -O1
FAIL: gfortran.fortran-torture/execute/direct_io.f90 execution, -O2
FAIL: gfortran.fortran-torture/execute/direct_io.f90 execution, -O2 -fomit-frame-pointer -finline-functions
FAIL: gfortran.fortran-torture/execute/direct_io.f90 execution, -O2 -fomit-frame-pointer -finline-functions -funroll-loops
FAIL: gfortran.fortran-torture/execute/direct_io.f90 execution, -O2 -fomit-frame-pointer -finline-functions -funroll-all-loops
FAIL: gfortran.fortran-torture/execute/direct_io.f90 execution, -O2 -fno-repack-arrays
FAIL: gfortran.fortran-torture/execute/direct_io.f90 execution, -O3 -g
FAIL: gfortran.fortran-torture/execute/direct_io.f90 execution, -Os
FAIL: gfortran.fortran-torture/execute/forall_3.f90 execution, -O0
FAIL: gfortran.fortran-torture/execute/forall_3.f90 execution, -O1
FAIL: gfortran.fortran-torture/execute/forall_3.f90 execution, -O2
FAIL: gfortran.fortran-torture/execute/forall_3.f90 execution, -O2 -fomit-frame-pointer -finline-functions
FAIL: gfortran.fortran-torture/execute/forall_3.f90 execution, -O2 -fomit-frame-pointer -finline-functions -funroll-loops
FAIL: gfortran.fortran-torture/execute/forall_3.f90 execution, -O2 -fomit-frame-pointer -finline-functions -funroll-all-loops
FAIL: gfortran.fortran-torture/execute/forall_3.f90 execution, -O2 -fno-repack-arrays
FAIL: gfortran.fortran-torture/execute/forall_3.f90 execution, -O3 -g
FAIL: gfortran.fortran-torture/execute/forall_3.f90 execution, -Os
FAIL: gfortran.fortran-torture/execute/forall_5.f90 execution, -O0
FAIL: gfortran.fortran-torture/execute/forall_5.f90 execution, -O1
FAIL: gfortran.fortran-torture/execute/forall_5.f90 execution, -O2
FAIL: gfortran.fortran-torture/execute/forall_5.f90 execution, -O2 -fomit-frame-pointer -finline-functions
FAIL: gfortran.fortran-torture/execute/forall_5.f90 execution, -O2 -fomit-frame-pointer -finline-functions -funroll-loops
FAIL: gfortran.fortran-torture/execute/forall_5.f90 execution, -O2 -fomit-frame-pointer -finline-functions -funroll-all-loops
FAIL: gfortran.fortran-torture/execute/forall_5.f90 execution, -O2 -fno-repack-arrays
FAIL: gfortran.fortran-torture/execute/forall_5.f90 execution, -O3 -g
FAIL: gfortran.fortran-torture/execute/forall_5.f90 execution, -Os
FAIL: gfortran.fortran-torture/execute/function_module_1.f90 execution, -O2
FAIL: gfortran.fortran-torture/execute/function_module_1.f90 execution, -O2 -fomit-frame-pointer -finline-functions
FAIL: gfortran.fortran-torture/execute/function_module_1.f90 execution, -O2 -fomit-frame-pointer -finline-functions -funroll-loops
FAIL: gfortran.fortran-torture/execute/function_module_1.f90 execution, -O2 -fomit-frame-pointer -finline-functions -funroll-all-loops
FAIL: gfortran.fortran-torture/execute/function_module_1.f90 execution, -O2 -fno-repack-arrays
FAIL: gfortran.fortran-torture/execute/function_module_1.f90 execution, -O3 -g
FAIL: gfortran.fortran-torture/execute/function_module_1.f90 execution, -Os
FAIL: gfortran.fortran-torture/execute/inquire_3.f90 execution, -O0
FAIL: gfortran.fortran-torture/execute/inquire_3.f90 execution, -O1
FAIL: gfortran.fortran-torture/execute/inquire_3.f90 execution, -O2
FAIL: gfortran.fortran-torture/execute/inquire_3.f90 execution, -O2 -fomit-frame-pointer -finline-functions
FAIL: gfortran.fortran-torture/execute/inquire_3.f90 execution, -O2 -fomit-frame-pointer -finline-functions -funroll-loops
FAIL: gfortran.fortran-torture/execute/inquire_3.f90 execution, -O2 -fomit-frame-pointer -finline-functions -funroll-all-loops
FAIL: gfortran.fortran-torture/execute/inquire_3.f90 execution, -O2 -fno-repack-arrays
FAIL: gfortran.fortran-torture/execute/inquire_3.f90 execution, -O3 -g
FAIL: gfortran.fortran-torture/execute/inquire_3.f90 execution, -Os
FAIL: gfortran.fortran-torture/execute/inquire_4.f90 execution, -O0
FAIL: gfortran.fortran-torture/execute/inquire_4.f90 execution, -O1
FAIL: gfortran.fortran-torture/execute/inquire_4.f90 execution, -O2
FAIL: gfortran.fortran-torture/execute/inquire_4.f90 execution, -O2 -fomit-frame-pointer -finline-functions
FAIL: gfortran.fortran-torture/execute/inquire_4.f90 execution, -O2 -fomit-frame-pointer -finline-functions -funroll-loops
FAIL: gfortran.fortran-torture/execute/inquire_4.f90 execution, -O2 -fomit-frame-pointer -finline-functions -funroll-all-loops
FAIL: gfortran.fortran-torture/execute/inquire_4.f90 execution, -O2 -fno-repack-arrays
FAIL: gfortran.fortran-torture/execute/inquire_4.f90 execution, -O3 -g
FAIL: gfortran.fortran-torture/execute/inquire_4.f90 execution, -Os
FAIL: gfortran.fortran-torture/execute/intrinsic_associated.f90 execution, -O0
FAIL: gfortran.fortran-torture/execute/intrinsic_associated.f90 execution, -O1
FAIL: gfortran.fortran-torture/execute/intrinsic_associated.f90 execution, -O2
FAIL: gfortran.fortran-torture/execute/intrinsic_associated.f90 execution, -O2 -fomit-frame-pointer -finline-functions
FAIL: gfortran.fortran-torture/execute/intrinsic_associated.f90 execution, -O2 -fomit-frame-pointer -finline-functions -funroll-loops
FAIL: gfortran.fortran-torture/execute/intrinsic_associated.f90 execution, -O2 -fomit-frame-pointer -finline-functions -funroll-all-loops
FAIL: gfortran.fortran-torture/execute/intrinsic_associated.f90 execution, -O2 -fno-repack-arrays
FAIL: gfortran.fortran-torture/execute/intrinsic_associated.f90 execution, -O3 -g
FAIL: gfortran.fortran-torture/execute/intrinsic_associated.f90 execution, -Os
FAIL: gfortran.fortran-torture/execute/ptr.f90 execution, -O0
FAIL: gfortran.fortran-torture/execute/ptr.f90 execution, -O1
FAIL: gfortran.fortran-torture/execute/ptr.f90 execution, -O2
FAIL: gfortran.fortran-torture/execute/ptr.f90 execution, -O2 -fomit-frame-pointer -finline-functions
FAIL: gfortran.fortran-torture/execute/ptr.f90 execution, -O2 -fomit-frame-pointer -finline-functions -funroll-loops
FAIL: gfortran.fortran-torture/execute/ptr.f90 execution, -O2 -fomit-frame-pointer -finline-functions -funroll-all-loops
FAIL: gfortran.fortran-torture/execute/ptr.f90 execution, -O2 -fno-repack-arrays
FAIL: gfortran.fortran-torture/execute/ptr.f90 execution, -O3 -g
FAIL: gfortran.fortran-torture/execute/ptr.f90 execution, -Os
FAIL: gfortran.fortran-torture/execute/specifics.f90 execution, -O0
FAIL: gfortran.fortran-torture/execute/specifics.f90 execution, -O1
FAIL: gfortran.fortran-torture/execute/specifics.f90 execution, -O2
FAIL: gfortran.fortran-torture/execute/specifics.f90 execution, -O2 -fomit-frame-pointer -finline-functions
FAIL: gfortran.fortran-torture/execute/specifics.f90 execution, -O2 -fomit-frame-pointer -finline-functions -funroll-loops
FAIL: gfortran.fortran-torture/execute/specifics.f90 execution, -O2 -fomit-frame-pointer -finline-functions -funroll-all-loops
FAIL: gfortran.fortran-torture/execute/specifics.f90 execution, -O2 -fno-repack-arrays
FAIL: gfortran.fortran-torture/execute/specifics.f90 execution, -O3 -g
FAIL: gfortran.fortran-torture/execute/specifics.f90 execution, -Os
FAIL: gfortran.fortran-torture/execute/where_3.f90 compilation, -O1
FAIL: gfortran.fortran-torture/execute/where_3.f90 compilation, -O2
FAIL: gfortran.fortran-torture/execute/where_3.f90 compilation, -O2 -fomit-frame-pointer -finline-functions
FAIL: gfortran.fortran-torture/execute/where_3.f90 compilation, -O2 -fomit-frame-pointer -finline-functions -funroll-loops
FAIL: gfortran.fortran-torture/execute/where_3.f90 compilation, -O2 -fomit-frame-pointer -finline-functions -funroll-all-loops
FAIL: gfortran.fortran-torture/execute/where_3.f90 compilation, -O2 -fno-repack-arrays
FAIL: gfortran.fortran-torture/execute/where_3.f90 compilation, -O3 -g
FAIL: gfortran.fortran-torture/execute/where_3.f90 compilation, -Os
=== gfortran Summary ===
# of expected passes 2798
# of unexpected failures 101
# of untested testcases 8
/mnt/dasdc1/fsf/gcc-head-build/gcc/testsuite/../gfortran version 3.5.0 20040524 (experimental)
=== objc tests ===
Running target unix
=== objc Summary ===
# of expected passes 1339
# of unsupported tests 8
/mnt/dasdc1/fsf/gcc-head-build/gcc/xgcc version 3.5.0 20040524 (experimental)
=== libffi tests ===
Running target unix
=== libffi Summary ===
# of expected passes 212
# of unsupported tests 2
=== libjava tests ===
Running target unix
FAIL: PR15133 output - gij test
FAIL: invoke output - gij test
FAIL: overload output - gij test
FAIL: register output - gij test
FAIL: simple_int output - gij test
FAIL: throwit output - gij test
=== libjava Summary ===
# of expected passes 3357
# of unexpected failures 6
# of expected failures 14
# of untested testcases 16
=== libmudflap tests ===
Running target unix
FAIL: libmudflap.c/fail1-frag.c (-static) output pattern test
FAIL: libmudflap.c/fail10-frag.c (-static) output pattern test
FAIL: libmudflap.c/fail11-frag.c (-static) output pattern test
FAIL: libmudflap.c/fail12-frag.c (-static) output pattern test
FAIL: libmudflap.c/fail13-frag.c (-static) output pattern test
FAIL: libmudflap.c/fail14-frag.c (-static) output pattern test
FAIL: libmudflap.c/fail15-frag.c (-static) output pattern test
FAIL: libmudflap.c/fail16-frag.c (-static) output pattern test
FAIL: libmudflap.c/fail17-frag.c (-static) output pattern test
FAIL: libmudflap.c/fail18-frag.c (-static) output pattern test
FAIL: libmudflap.c/fail19-frag.c (-static) output pattern test
FAIL: libmudflap.c/fail2-frag.c (-static) output pattern test
FAIL: libmudflap.c/fail20-frag.c (-static) output pattern test
FAIL: libmudflap.c/fail21-frag.c (-static) output pattern test
FAIL: libmudflap.c/fail22-frag.c (-static) output pattern test
FAIL: libmudflap.c/fail23-frag.c (-static) output pattern test
FAIL: libmudflap.c/fail25-frag.c (-static) output pattern test
FAIL: libmudflap.c/fail26-frag.c (-static) output pattern test
FAIL: libmudflap.c/fail27-frag.c (-static) output pattern test
FAIL: libmudflap.c/fail28-frag.c (-static) output pattern test
FAIL: libmudflap.c/fail29-frag.c (-static) output pattern test
FAIL: libmudflap.c/fail3-frag.c (-static) output pattern test
FAIL: libmudflap.c/fail30-frag.c (-static) output pattern test
FAIL: libmudflap.c/fail31-frag.c (-static) output pattern test
FAIL: libmudflap.c/fail4-frag.c (-static) output pattern test
FAIL: libmudflap.c/fail5-frag.c (-static) output pattern test
FAIL: libmudflap.c/fail6-frag.c (-static) output pattern test
FAIL: libmudflap.c/fail7-frag.c (-static) output pattern test
FAIL: libmudflap.c/fail8-frag.c (-static) output pattern test
FAIL: libmudflap.c/fail9-frag.c (-static) output pattern test
FAIL: libmudflap.c/hook-allocstuff.c (-static) execution test
FAIL: libmudflap.c/hook-allocstuff.c (-static) output pattern test
FAIL: libmudflap.c/pass-stratcliff.c (-static) execution test
FAIL: libmudflap.c/pass11-frag.c (-static) execution test
FAIL: libmudflap.c/pass12-frag.c (-static) execution test
FAIL: libmudflap.c/pass16-frag.c (-static) execution test
FAIL: libmudflap.c/pass19-frag.c (-static) execution test
FAIL: libmudflap.c/pass20-frag.c (-static) execution test
FAIL: libmudflap.c/pass21-frag.c (-static) execution test
FAIL: libmudflap.c/pass22-frag.c (-static) execution test
FAIL: libmudflap.c/pass23-frag.c (-static) execution test
FAIL: libmudflap.c/pass24-frag.c (-static) execution test
FAIL: libmudflap.c/pass25-frag.c (-static) execution test
FAIL: libmudflap.c/pass29-frag.c (-static) execution test
FAIL: libmudflap.c/pass36-frag.c (-static) execution test
FAIL: libmudflap.c/pass36-frag.c (-static) output pattern test
FAIL: libmudflap.c/pass46-frag.c (-static) execution test
FAIL: libmudflap.c/pass6-frag.c (-static) execution test
FAIL: libmudflap.c/pass7-frag.c (-static) execution test
FAIL: libmudflap.c/pass8-frag.c (-static) execution test
FAIL: libmudflap.c/pass9-frag.c (-static) execution test
FAIL: libmudflap.c++/fail24-frag.cxx (-static) output pattern test
FAIL: libmudflap.c++/pass28-frag.cxx (-static) execution test
FAIL: libmudflap.c++/pass41-frag.cxx (-static) execution test
WARNING: program timed out.
FAIL: libmudflap.cth/pass37-frag.c (-static -DSTATIC) (rerun 4) execution test
FAIL: libmudflap.cth/pass37-frag.c (-static -DSTATIC) (rerun 4) output pattern test
FAIL: libmudflap.cth/pass39-frag.c (-static -DSTATIC) execution test
FAIL: libmudflap.cth/pass39-frag.c (-static -DSTATIC) output pattern test
FAIL: libmudflap.cth/pass39-frag.c (-static -DSTATIC) (rerun 1) execution test
FAIL: libmudflap.cth/pass39-frag.c (-static -DSTATIC) (rerun 1) output pattern test
FAIL: libmudflap.cth/pass39-frag.c (-static -DSTATIC) (rerun 2) execution test
FAIL: libmudflap.cth/pass39-frag.c (-static -DSTATIC) (rerun 2) output pattern test
FAIL: libmudflap.cth/pass39-frag.c (-static -DSTATIC) (rerun 3) execution test
FAIL: libmudflap.cth/pass39-frag.c (-static -DSTATIC) (rerun 3) output pattern test
FAIL: libmudflap.cth/pass39-frag.c (-static -DSTATIC) (rerun 4) execution test
FAIL: libmudflap.cth/pass39-frag.c (-static -DSTATIC) (rerun 4) output pattern test
FAIL: libmudflap.cth/pass39-frag.c (-static -DSTATIC) (rerun 5) execution test
FAIL: libmudflap.cth/pass39-frag.c (-static -DSTATIC) (rerun 5) output pattern test
FAIL: libmudflap.cth/pass39-frag.c (-static -DSTATIC) (rerun 6) execution test
FAIL: libmudflap.cth/pass39-frag.c (-static -DSTATIC) (rerun 6) output pattern test
FAIL: libmudflap.cth/pass39-frag.c (-static -DSTATIC) (rerun 7) execution test
FAIL: libmudflap.cth/pass39-frag.c (-static -DSTATIC) (rerun 7) output pattern test
FAIL: libmudflap.cth/pass39-frag.c (-static -DSTATIC) (rerun 8) execution test
FAIL: libmudflap.cth/pass39-frag.c (-static -DSTATIC) (rerun 8) output pattern test
FAIL: libmudflap.cth/pass39-frag.c (-static -DSTATIC) (rerun 9) execution test
FAIL: libmudflap.cth/pass39-frag.c (-static -DSTATIC) (rerun 9) output pattern test
FAIL: libmudflap.cth/pass39-frag.c (-static -DSTATIC) (rerun 10) execution test
FAIL: libmudflap.cth/pass39-frag.c (-static -DSTATIC) (rerun 10) output pattern test
FAIL: libmudflap.cth/pass39-frag.c (-static -DSTATIC) (rerun 11) execution test
FAIL: libmudflap.cth/pass39-frag.c (-static -DSTATIC) (rerun 11) output pattern test
FAIL: libmudflap.cth/pass39-frag.c (-static -DSTATIC) (rerun 12) execution test
FAIL: libmudflap.cth/pass39-frag.c (-static -DSTATIC) (rerun 12) output pattern test
FAIL: libmudflap.cth/pass39-frag.c (-static -DSTATIC) (rerun 13) execution test
FAIL: libmudflap.cth/pass39-frag.c (-static -DSTATIC) (rerun 13) output pattern test
FAIL: libmudflap.cth/pass39-frag.c (-static -DSTATIC) (rerun 14) execution test
FAIL: libmudflap.cth/pass39-frag.c (-static -DSTATIC) (rerun 14) output pattern test
FAIL: libmudflap.cth/pass39-frag.c (-static -DSTATIC) (rerun 15) execution test
FAIL: libmudflap.cth/pass39-frag.c (-static -DSTATIC) (rerun 15) output pattern test
FAIL: libmudflap.cth/pass39-frag.c (-static -DSTATIC) (rerun 16) execution test
FAIL: libmudflap.cth/pass39-frag.c (-static -DSTATIC) (rerun 16) output pattern test
FAIL: libmudflap.cth/pass39-frag.c (-static -DSTATIC) (rerun 17) execution test
FAIL: libmudflap.cth/pass39-frag.c (-static -DSTATIC) (rerun 17) output pattern test
FAIL: libmudflap.cth/pass39-frag.c (-static -DSTATIC) (rerun 18) execution test
FAIL: libmudflap.cth/pass39-frag.c (-static -DSTATIC) (rerun 18) output pattern test
FAIL: libmudflap.cth/pass39-frag.c (-static -DSTATIC) (rerun 19) execution test
FAIL: libmudflap.cth/pass39-frag.c (-static -DSTATIC) (rerun 19) output pattern test
WARNING: program timed out.
FAIL: libmudflap.cth/pass39-frag.c (-O3) (rerun 6) execution test
FAIL: libmudflap.cth/pass39-frag.c (-O3) (rerun 6) output pattern test
=== libmudflap Summary ===
# of expected passes 994
# of unexpected failures 98
=== libstdc++ tests ===
Running target unix
XPASS: 26_numerics/c99_classification_macros_c.cc (test for excess errors)
XPASS: 27_io/fpos/14320-1.cc execution test
=== libstdc++ Summary ===
# of expected passes 2686
# of unexpected successes 2
# of expected failures 4
Compiler version: 3.5.0 20040524 (experimental)
Platform: s390x-ibm-linux-gnu
configure flags: --prefix=/home/weigand/fsf/gcc-head-install --enable-__cxa_atexit --disable-multilib --enable-languages=c,c++,f95,java,objc