This is the mail archive of the
gcc-testresults@gcc.gnu.org
mailing list for the GCC project.
Results for 3.5.0 20040510 (experimental) testsuite on mips-sgi-irix6.5
- From: Rainer Orth <ro at TechFak dot Uni-Bielefeld dot DE>
- To: gcc-testresults at gcc dot gnu dot org
- Date: Mon, 24 May 2004 17:54:19 +0200 (MEST)
- Subject: Results for 3.5.0 20040510 (experimental) testsuite on mips-sgi-irix6.5
LAST_UPDATED: Mon May 10 17:14:43 UTC 2004
=== acats tests ===
FAIL: a83a02b
FAIL: a85013b
FAIL: a87b59a
FAIL: a95001c
FAIL: a95074d
FAIL: a97106a
FAIL: a99006a
FAIL: aa2010a
FAIL: ac3207a
FAIL: ad7201a
FAIL: ad7203b
FAIL: ad7205b
FAIL: ada101a
FAIL: c250002
FAIL: c34003a
FAIL: c34004a
FAIL: c34007j
FAIL: c34008a
FAIL: c34011b
FAIL: c35102a
FAIL: c352001
FAIL: c354003
FAIL: c35904a
FAIL: c35904b
FAIL: c35a05a
FAIL: c35a05n
FAIL: c37010a
FAIL: c37107a
FAIL: c37207a
FAIL: c37208a
FAIL: c37402a
FAIL: c37403a
FAIL: c380003
FAIL: c380004
FAIL: c38002a
FAIL: c38002b
FAIL: c38102d
FAIL: c38202a
FAIL: c39008a
FAIL: c39008b
FAIL: c39008c
FAIL: c392005
FAIL: c393012
FAIL: c3a1001
FAIL: c3a1002
FAIL: c410001
FAIL: c41306a
FAIL: c41306b
FAIL: c41306c
FAIL: c41307d
FAIL: c41401a
FAIL: c431001
FAIL: c43204g
FAIL: c450001
FAIL: c45242b
FAIL: c45282b
FAIL: c45291a
FAIL: c455001
FAIL: c45624a
FAIL: c45624b
FAIL: c460007
FAIL: c46024a
FAIL: c46032a
FAIL: c46051a
FAIL: c48004d
FAIL: c48004e
FAIL: c490001
FAIL: c490003
FAIL: c4a011a
FAIL: c4a013a
FAIL: c51004a
FAIL: c52011b
FAIL: c59002c
FAIL: c64201b
FAIL: c64201c
FAIL: c650001
FAIL: c74004a
FAIL: c74401k
FAIL: c74406a
FAIL: c761001
FAIL: c761003
FAIL: c761004
FAIL: c761005
FAIL: c761007
FAIL: c83023a
FAIL: c85004b
FAIL: c85005a
FAIL: c85005b
FAIL: c85005c
FAIL: c85005d
FAIL: c85005e
FAIL: c85006a
FAIL: c85006b
FAIL: c85006c
FAIL: c85006d
FAIL: c85006e
FAIL: c85014a
FAIL: c85014b
FAIL: c85014c
FAIL: c85018a
FAIL: c85018b
FAIL: c87b26b
FAIL: c87b35c
FAIL: c87b41a
FAIL: c87b45c
FAIL: c87b54a
FAIL: c87b62d
FAIL: c910001
FAIL: c910002
FAIL: c910003
FAIL: c91004b
FAIL: c91004c
FAIL: c91006a
FAIL: c91007a
FAIL: c92002a
FAIL: c92003a
FAIL: c92005a
FAIL: c92005b
FAIL: c92006a
FAIL: c930001
FAIL: c93001a
FAIL: c93002a
FAIL: c93003a
FAIL: c93004a
FAIL: c93004b
FAIL: c93004c
FAIL: c93004d
FAIL: c93004f
FAIL: c93005a
FAIL: c93005b
FAIL: c93005c
FAIL: c93005d
FAIL: c93005e
FAIL: c93005f
FAIL: c93005g
FAIL: c93005h
FAIL: c93006a
FAIL: c93007a
FAIL: c93008a
FAIL: c93008b
FAIL: c940001
FAIL: c940002
FAIL: c940004
FAIL: c940005
FAIL: c940006
FAIL: c940007
FAIL: c940010
FAIL: c940011
FAIL: c940012
FAIL: c940013
FAIL: c940014
FAIL: c940015
FAIL: c940016
FAIL: c94001a
FAIL: c94001b
FAIL: c94001c
FAIL: c94001e
FAIL: c94001f
FAIL: c94001g
FAIL: c94002a
FAIL: c94002b
FAIL: c94002d
FAIL: c94002e
FAIL: c94002f
FAIL: c94002g
FAIL: c94004a
FAIL: c94004b
FAIL: c94004c
FAIL: c94005a
FAIL: c94005b
FAIL: c94006a
FAIL: c94007a
FAIL: c94007b
FAIL: c94008a
FAIL: c94008b
FAIL: c94008c
FAIL: c94008d
FAIL: c94010a
FAIL: c94011a
FAIL: c94020a
FAIL: c940a03
FAIL: c95008a
FAIL: c95009a
FAIL: c95010a
FAIL: c95011a
FAIL: c95012a
FAIL: c95021a
FAIL: c95022a
FAIL: c95022b
FAIL: c95033a
FAIL: c95033b
FAIL: c95034a
FAIL: c95034b
FAIL: c95035a
FAIL: c95040a
FAIL: c95040b
FAIL: c95040c
FAIL: c95040d
FAIL: c95041a
FAIL: c95065a
FAIL: c95065b
FAIL: c95065c
FAIL: c95065d
FAIL: c95065e
FAIL: c95065f
FAIL: c95066a
FAIL: c95067a
FAIL: c95071a
FAIL: c95072a
FAIL: c95072b
FAIL: c95073a
FAIL: c95074c
FAIL: c95076a
FAIL: c95078a
FAIL: c95080b
FAIL: c95082g
FAIL: c95085a
FAIL: c95085b
FAIL: c95085c
FAIL: c95085d
FAIL: c95085e
FAIL: c95085f
FAIL: c95085g
FAIL: c95085h
FAIL: c95085i
FAIL: c95085j
FAIL: c95085k
FAIL: c95085l
FAIL: c95085m
FAIL: c95085n
FAIL: c95085o
FAIL: c95086a
FAIL: c95086b
FAIL: c95086c
FAIL: c95086d
FAIL: c95086e
FAIL: c95086f
FAIL: c95087a
FAIL: c95087b
FAIL: c95087c
FAIL: c95087d
FAIL: c95088a
FAIL: c95089a
FAIL: c95090a
FAIL: c95092a
FAIL: c95093a
FAIL: c95095a
FAIL: c95095b
FAIL: c95095c
FAIL: c95095d
FAIL: c95095e
FAIL: c951001
FAIL: c951002
FAIL: c953001
FAIL: c953002
FAIL: c953003
FAIL: c954001
FAIL: c954010
FAIL: c954011
FAIL: c954012
FAIL: c954013
FAIL: c954014
FAIL: c954015
FAIL: c954016
FAIL: c954017
FAIL: c954018
FAIL: c954019
FAIL: c954020
FAIL: c954021
FAIL: c954022
FAIL: c954023
FAIL: c954024
FAIL: c954025
FAIL: c954026
FAIL: c954a01
FAIL: c954a02
FAIL: c954a03
FAIL: c960001
FAIL: c960002
FAIL: c960004
FAIL: c96001a
FAIL: c97112a
FAIL: c97113a
FAIL: c97114a
FAIL: c97115a
FAIL: c97116a
FAIL: c97117a
FAIL: c97117b
FAIL: c97117c
FAIL: c97118a
FAIL: c97120a
FAIL: c97120b
FAIL: c97201a
FAIL: c97201b
FAIL: c97201c
FAIL: c97201d
FAIL: c97201e
FAIL: c97201g
FAIL: c97201h
FAIL: c97201x
FAIL: c97202a
FAIL: c97203a
FAIL: c97203b
FAIL: c97203c
FAIL: c97204a
FAIL: c97204b
FAIL: c97205a
FAIL: c97205b
FAIL: c97301a
FAIL: c97301b
FAIL: c97301c
FAIL: c97301d
FAIL: c97301e
FAIL: c97302a
FAIL: c97303a
FAIL: c97303b
FAIL: c97303c
FAIL: c97304a
FAIL: c97304b
FAIL: c97305a
FAIL: c97305b
FAIL: c97305c
FAIL: c97305d
FAIL: c97307a
FAIL: c974001
FAIL: c974002
FAIL: c974003
FAIL: c974004
FAIL: c974005
FAIL: c974006
FAIL: c974007
FAIL: c974008
FAIL: c974009
FAIL: c974010
FAIL: c974011
FAIL: c974012
FAIL: c974013
FAIL: c974014
FAIL: c980001
FAIL: c980002
FAIL: c980003
FAIL: c99004a
FAIL: c99005a
FAIL: c9a003a
FAIL: c9a004a
FAIL: c9a007a
FAIL: c9a009a
FAIL: c9a009c
FAIL: c9a009f
FAIL: c9a009g
FAIL: c9a009h
FAIL: c9a010a
FAIL: c9a011a
FAIL: c9a011b
FAIL: ca13001
FAIL: ca5004a
FAIL: cb1010a
FAIL: cb20001
FAIL: cb20004
FAIL: cb20005
FAIL: cb20006
FAIL: cb20007
FAIL: cb4013a
FAIL: cb41002
FAIL: cb5001a
FAIL: cb5001b
FAIL: cb5002a
FAIL: cc1104c
FAIL: cc1207b
FAIL: cc1222a
FAIL: cc1223a
FAIL: cc1225a
FAIL: cc1310a
FAIL: cc3019c
FAIL: cc3106b
FAIL: cc3120b
FAIL: cc3207b
FAIL: cc3221a
FAIL: cc3222a
FAIL: cc3225a
FAIL: cc3231a
FAIL: cc3232a
FAIL: cc3601c
FAIL: cc3602a
FAIL: cc40001
FAIL: cd10001
FAIL: cd10002
FAIL: cd1009k
FAIL: cd1009t
FAIL: cd1009u
FAIL: cd1c03e
FAIL: cd1c06a
FAIL: cd2a91c
FAIL: cd2c11a
FAIL: cd2c11d
FAIL: cd5003e
FAIL: cd5014e
FAIL: cd72a02
FAIL: cdb0a01
FAIL: cdb0a02
FAIL: ce3801a
FAIL: ce3801b
FAIL: ce3804a
FAIL: ce3804b
FAIL: ce3804c
FAIL: ce3804d
FAIL: ce3804e
FAIL: ce3804f
FAIL: ce3804g
FAIL: ce3804h
FAIL: ce3804i
FAIL: ce3804j
FAIL: ce3804m
FAIL: ce3804o
FAIL: ce3804p
FAIL: ce3805a
FAIL: ce3805b
FAIL: ce3806a
FAIL: ce3806b
FAIL: ce3806c
FAIL: ce3806d
FAIL: ce3806e
FAIL: ce3806f
FAIL: ce3806g
FAIL: ce3806h
FAIL: ce3809a
FAIL: ce3809b
FAIL: ce3810a
FAIL: ce3810b
FAIL: ce3815a
FAIL: ce3906f
FAIL: cxa5011
FAIL: cxa5012
FAIL: cxa5015
FAIL: cxa5a01
FAIL: cxa5a02
FAIL: cxa5a03
FAIL: cxa5a04
FAIL: cxa5a05
FAIL: cxa5a06
FAIL: cxa5a07
FAIL: cxa5a08
FAIL: cxa5a09
FAIL: cxa5a10
FAIL: cxaa008
FAIL: cxaa009
FAIL: cxaa010
FAIL: cxb3004
FAIL: cxb3006
FAIL: cxb5001
FAIL: cxb5002
FAIL: cxb5003
FAIL: cxf3001
FAIL: cxf3002
FAIL: cxf3003
FAIL: cxf3004
FAIL: cxf3a01
FAIL: cxf3a02
FAIL: cxf3a03
FAIL: cxf3a04
FAIL: cxf3a05
FAIL: cxf3a06
FAIL: cxf3a07
FAIL: cxf3a08
FAIL: cxg1001
FAIL: cxg1002
FAIL: cxg1003
FAIL: cxg1004
FAIL: cxg1005
FAIL: cxg2001
FAIL: cxg2002
FAIL: cxg2003
FAIL: cxg2004
FAIL: cxg2005
FAIL: cxg2006
FAIL: cxg2007
FAIL: cxg2008
FAIL: cxg2009
FAIL: cxg2010
FAIL: cxg2011
FAIL: cxg2012
FAIL: cxg2013
FAIL: cxg2014
FAIL: cxg2015
FAIL: cxg2016
FAIL: cxg2017
FAIL: cxg2018
FAIL: cxg2019
FAIL: cxg2020
FAIL: cxg2021
FAIL: cxg2022
FAIL: cxg2024
FAIL: cxh3001
FAIL: cxh3002
FAIL: cxh3003
FAIL: la14010
FAIL: la14027
=== acats Summary ===
# of expected passes 1825
# of unexpected failures 497
Native configuration is mips-sgi-irix6.5
=== g++ tests ===
Running target unix
FAIL: g++.dg/pch/static-1.C -g assembly comparison
FAIL: g++.dg/pch/system-1.C -g assembly comparison
FAIL: g++.dg/pch/system-2.C -g assembly comparison
WARNING: program timed out.
XPASS: g++.old-deja/g++.jason/thunk3.C execution test
WARNING: g++.old-deja/g++.mike/p10769a.C compilation failed to produce executable
WARNING: g++.old-deja/g++.other/enum5.C compilation failed to produce executable
FAIL: g++.old-deja/g++.other/warn7.C (test for warnings, line 38)
WARNING: g++.old-deja/g++.pt/friend44.C compilation failed to produce executable
=== g++ Summary for unix ===
# of expected passes 9285
# of unexpected failures 4
# of unexpected successes 1
# of expected failures 84
# of unsupported tests 92
Running target unix/-mabi=32
FAIL: g++.old-deja/g++.abi/ptrflags.C (test for excess errors)
WARNING: g++.old-deja/g++.abi/ptrflags.C compilation failed to produce executable
FAIL: g++.old-deja/g++.eh/catchptr1.C execution test
XPASS: g++.old-deja/g++.jason/thunk3.C execution test
WARNING: g++.old-deja/g++.mike/p10769a.C compilation failed to produce executable
WARNING: g++.old-deja/g++.other/enum5.C compilation failed to produce executable
FAIL: g++.old-deja/g++.other/warn7.C (test for warnings, line 38)
WARNING: g++.old-deja/g++.pt/friend44.C compilation failed to produce executable
=== g++ Summary for unix/-mabi=32 ===
# of expected passes 9285
# of unexpected failures 3
# of unexpected successes 1
# of expected failures 84
# of unsupported tests 92
Running target unix/-mabi=64
FAIL: g++.dg/pch/static-1.C -g assembly comparison
FAIL: g++.dg/pch/system-1.C -g assembly comparison
FAIL: g++.dg/pch/system-2.C -g assembly comparison
XPASS: g++.old-deja/g++.jason/thunk3.C execution test
WARNING: g++.old-deja/g++.mike/p10769a.C compilation failed to produce executable
WARNING: g++.old-deja/g++.other/enum5.C compilation failed to produce executable
FAIL: g++.old-deja/g++.other/warn7.C (test for warnings, line 38)
WARNING: g++.old-deja/g++.pt/friend44.C compilation failed to produce executable
=== g++ Summary for unix/-mabi=64 ===
# of expected passes 9285
# of unexpected failures 4
# of unexpected successes 1
# of expected failures 84
# of unsupported tests 92
=== g++ Summary ===
# of expected passes 27855
# of unexpected failures 11
# of unexpected successes 3
# of expected failures 252
# of unsupported tests 276
/.vol/gcc/obj/gcc-3.5.0-20040510/6.5-gcc-java-gas-gld/gcc/testsuite/../g++ version 3.5.0 20040510 (experimental)
=== g77 tests ===
Running target unix
=== g77 Summary for unix ===
# of expected passes 1788
# of unsupported tests 6
Running target unix/-mabi=32
=== g77 Summary for unix/-mabi=32 ===
# of expected passes 1788
# of unsupported tests 6
Running target unix/-mabi=64
=== g77 Summary for unix/-mabi=64 ===
# of expected passes 1788
# of unsupported tests 6
=== g77 Summary ===
# of expected passes 5364
# of unsupported tests 18
/.vol/gcc/obj/gcc-3.5.0-20040510/6.5-gcc-java-gas-gld/gcc/testsuite/../g77 version 3.5.0 20040510 (experimental)
=== gcc tests ===
Running target unix
WARNING: program timed out.
FAIL: gcc.c-torture/compile/20001226-1.c (test for excess errors)
WARNING: program timed out.
FAIL: gcc.c-torture/compile/20001226-1.c (test for excess errors)
WARNING: program timed out.
FAIL: gcc.c-torture/compile/20001226-1.c (test for excess errors)
WARNING: program timed out.
FAIL: gcc.c-torture/compile/20001226-1.c (test for excess errors)
FAIL: gcc.c-torture/execute/20010605-2.c compilation, -O0
UNRESOLVED: gcc.c-torture/execute/20010605-2.c execution, -O0
FAIL: gcc.c-torture/execute/20010605-2.c compilation, -O1
UNRESOLVED: gcc.c-torture/execute/20010605-2.c execution, -O1
FAIL: gcc.c-torture/execute/20010605-2.c compilation, -O2
UNRESOLVED: gcc.c-torture/execute/20010605-2.c execution, -O2
FAIL: gcc.c-torture/execute/20010605-2.c compilation, -O3 -fomit-frame-pointer
UNRESOLVED: gcc.c-torture/execute/20010605-2.c execution, -O3 -fomit-frame-pointer
FAIL: gcc.c-torture/execute/20010605-2.c compilation, -O3 -g
UNRESOLVED: gcc.c-torture/execute/20010605-2.c execution, -O3 -g
FAIL: gcc.c-torture/execute/20010605-2.c compilation, -Os
UNRESOLVED: gcc.c-torture/execute/20010605-2.c execution, -Os
FAIL: gcc.c-torture/execute/20020413-1.c compilation, -O0
UNRESOLVED: gcc.c-torture/execute/20020413-1.c execution, -O0
FAIL: gcc.c-torture/execute/20020413-1.c compilation, -O1
UNRESOLVED: gcc.c-torture/execute/20020413-1.c execution, -O1
FAIL: gcc.c-torture/execute/20020413-1.c compilation, -O2
UNRESOLVED: gcc.c-torture/execute/20020413-1.c execution, -O2
FAIL: gcc.c-torture/execute/20020413-1.c compilation, -O3 -fomit-frame-pointer
UNRESOLVED: gcc.c-torture/execute/20020413-1.c execution, -O3 -fomit-frame-pointer
FAIL: gcc.c-torture/execute/20020413-1.c compilation, -O3 -fomit-frame-pointer -funroll-loops
UNRESOLVED: gcc.c-torture/execute/20020413-1.c execution, -O3 -fomit-frame-pointer -funroll-loops
FAIL: gcc.c-torture/execute/20020413-1.c compilation, -O3 -fomit-frame-pointer -funroll-all-loops -finline-functions
UNRESOLVED: gcc.c-torture/execute/20020413-1.c execution, -O3 -fomit-frame-pointer -funroll-all-loops -finline-functions
FAIL: gcc.c-torture/execute/20020413-1.c compilation, -O3 -g
UNRESOLVED: gcc.c-torture/execute/20020413-1.c execution, -O3 -g
FAIL: gcc.c-torture/execute/20020413-1.c compilation, -Os
UNRESOLVED: gcc.c-torture/execute/20020413-1.c execution, -Os
FAIL: gcc.c-torture/execute/20030914-1.c compilation, -O0
UNRESOLVED: gcc.c-torture/execute/20030914-1.c execution, -O0
FAIL: gcc.c-torture/execute/20030914-1.c compilation, -O1
UNRESOLVED: gcc.c-torture/execute/20030914-1.c execution, -O1
FAIL: gcc.c-torture/execute/20030914-1.c compilation, -O2
UNRESOLVED: gcc.c-torture/execute/20030914-1.c execution, -O2
FAIL: gcc.c-torture/execute/20030914-1.c compilation, -O3 -fomit-frame-pointer
UNRESOLVED: gcc.c-torture/execute/20030914-1.c execution, -O3 -fomit-frame-pointer
FAIL: gcc.c-torture/execute/20030914-1.c compilation, -O3 -fomit-frame-pointer -funroll-loops
UNRESOLVED: gcc.c-torture/execute/20030914-1.c execution, -O3 -fomit-frame-pointer -funroll-loops
FAIL: gcc.c-torture/execute/20030914-1.c compilation, -O3 -fomit-frame-pointer -funroll-all-loops -finline-functions
UNRESOLVED: gcc.c-torture/execute/20030914-1.c execution, -O3 -fomit-frame-pointer -funroll-all-loops -finline-functions
FAIL: gcc.c-torture/execute/20030914-1.c compilation, -O3 -g
UNRESOLVED: gcc.c-torture/execute/20030914-1.c execution, -O3 -g
FAIL: gcc.c-torture/execute/20030914-1.c compilation, -Os
UNRESOLVED: gcc.c-torture/execute/20030914-1.c execution, -Os
FAIL: gcc.c-torture/execute/20040208-1.c compilation, -O0
UNRESOLVED: gcc.c-torture/execute/20040208-1.c execution, -O0
FAIL: gcc.c-torture/execute/20040208-1.c compilation, -O1
UNRESOLVED: gcc.c-torture/execute/20040208-1.c execution, -O1
FAIL: gcc.c-torture/execute/20040208-1.c compilation, -O2
UNRESOLVED: gcc.c-torture/execute/20040208-1.c execution, -O2
FAIL: gcc.c-torture/execute/20040208-1.c compilation, -O3 -fomit-frame-pointer
UNRESOLVED: gcc.c-torture/execute/20040208-1.c execution, -O3 -fomit-frame-pointer
FAIL: gcc.c-torture/execute/20040208-1.c compilation, -O3 -g
UNRESOLVED: gcc.c-torture/execute/20040208-1.c execution, -O3 -g
FAIL: gcc.c-torture/execute/20040208-1.c compilation, -Os
UNRESOLVED: gcc.c-torture/execute/20040208-1.c execution, -Os
FAIL: gcc.c-torture/execute/20040208-2.c compilation, -O0
UNRESOLVED: gcc.c-torture/execute/20040208-2.c execution, -O0
FAIL: gcc.c-torture/execute/20040208-2.c compilation, -O1
UNRESOLVED: gcc.c-torture/execute/20040208-2.c execution, -O1
FAIL: gcc.c-torture/execute/20040208-2.c compilation, -O2
UNRESOLVED: gcc.c-torture/execute/20040208-2.c execution, -O2
FAIL: gcc.c-torture/execute/20040208-2.c compilation, -O3 -fomit-frame-pointer
UNRESOLVED: gcc.c-torture/execute/20040208-2.c execution, -O3 -fomit-frame-pointer
FAIL: gcc.c-torture/execute/20040208-2.c compilation, -O3 -g
UNRESOLVED: gcc.c-torture/execute/20040208-2.c execution, -O3 -g
FAIL: gcc.c-torture/execute/20040208-2.c compilation, -Os
UNRESOLVED: gcc.c-torture/execute/20040208-2.c execution, -Os
FAIL: gcc.c-torture/execute/930622-2.c compilation, -O0
UNRESOLVED: gcc.c-torture/execute/930622-2.c execution, -O0
FAIL: gcc.c-torture/execute/930622-2.c compilation, -O1
UNRESOLVED: gcc.c-torture/execute/930622-2.c execution, -O1
FAIL: gcc.c-torture/execute/930622-2.c compilation, -O2
UNRESOLVED: gcc.c-torture/execute/930622-2.c execution, -O2
FAIL: gcc.c-torture/execute/930622-2.c compilation, -O3 -fomit-frame-pointer
UNRESOLVED: gcc.c-torture/execute/930622-2.c execution, -O3 -fomit-frame-pointer
FAIL: gcc.c-torture/execute/930622-2.c compilation, -O3 -g
UNRESOLVED: gcc.c-torture/execute/930622-2.c execution, -O3 -g
FAIL: gcc.c-torture/execute/930622-2.c compilation, -Os
UNRESOLVED: gcc.c-torture/execute/930622-2.c execution, -Os
FAIL: gcc.c-torture/execute/960215-1.c compilation, -O0
UNRESOLVED: gcc.c-torture/execute/960215-1.c execution, -O0
FAIL: gcc.c-torture/execute/960215-1.c compilation, -O1
UNRESOLVED: gcc.c-torture/execute/960215-1.c execution, -O1
FAIL: gcc.c-torture/execute/960215-1.c compilation, -O2
UNRESOLVED: gcc.c-torture/execute/960215-1.c execution, -O2
FAIL: gcc.c-torture/execute/960215-1.c compilation, -O3 -fomit-frame-pointer
UNRESOLVED: gcc.c-torture/execute/960215-1.c execution, -O3 -fomit-frame-pointer
FAIL: gcc.c-torture/execute/960215-1.c compilation, -O3 -g
UNRESOLVED: gcc.c-torture/execute/960215-1.c execution, -O3 -g
FAIL: gcc.c-torture/execute/960215-1.c compilation, -Os
UNRESOLVED: gcc.c-torture/execute/960215-1.c execution, -Os
FAIL: gcc.c-torture/execute/960405-1.c compilation, -O0
UNRESOLVED: gcc.c-torture/execute/960405-1.c execution, -O0
FAIL: gcc.c-torture/execute/960405-1.c compilation, -O1
UNRESOLVED: gcc.c-torture/execute/960405-1.c execution, -O1
FAIL: gcc.c-torture/execute/960405-1.c compilation, -O2
UNRESOLVED: gcc.c-torture/execute/960405-1.c execution, -O2
FAIL: gcc.c-torture/execute/960405-1.c compilation, -O3 -fomit-frame-pointer
UNRESOLVED: gcc.c-torture/execute/960405-1.c execution, -O3 -fomit-frame-pointer
FAIL: gcc.c-torture/execute/960405-1.c compilation, -O3 -g
UNRESOLVED: gcc.c-torture/execute/960405-1.c execution, -O3 -g
FAIL: gcc.c-torture/execute/960405-1.c compilation, -Os
UNRESOLVED: gcc.c-torture/execute/960405-1.c execution, -Os
FAIL: gcc.c-torture/execute/960513-1.c compilation, -O0
UNRESOLVED: gcc.c-torture/execute/960513-1.c execution, -O0
FAIL: gcc.c-torture/execute/960513-1.c compilation, -O1
UNRESOLVED: gcc.c-torture/execute/960513-1.c execution, -O1
FAIL: gcc.c-torture/execute/960513-1.c compilation, -O2
UNRESOLVED: gcc.c-torture/execute/960513-1.c execution, -O2
FAIL: gcc.c-torture/execute/960513-1.c compilation, -O3 -fomit-frame-pointer
UNRESOLVED: gcc.c-torture/execute/960513-1.c execution, -O3 -fomit-frame-pointer
FAIL: gcc.c-torture/execute/960513-1.c compilation, -O3 -g
UNRESOLVED: gcc.c-torture/execute/960513-1.c execution, -O3 -g
FAIL: gcc.c-torture/execute/960513-1.c compilation, -Os
UNRESOLVED: gcc.c-torture/execute/960513-1.c execution, -Os
FAIL: gcc.c-torture/execute/align-2.c compilation, -O0
UNRESOLVED: gcc.c-torture/execute/align-2.c execution, -O0
FAIL: gcc.c-torture/execute/align-2.c compilation, -O1
UNRESOLVED: gcc.c-torture/execute/align-2.c execution, -O1
FAIL: gcc.c-torture/execute/align-2.c compilation, -O2
UNRESOLVED: gcc.c-torture/execute/align-2.c execution, -O2
FAIL: gcc.c-torture/execute/align-2.c compilation, -O3 -fomit-frame-pointer
UNRESOLVED: gcc.c-torture/execute/align-2.c execution, -O3 -fomit-frame-pointer
FAIL: gcc.c-torture/execute/align-2.c compilation, -O3 -g
UNRESOLVED: gcc.c-torture/execute/align-2.c execution, -O3 -g
FAIL: gcc.c-torture/execute/align-2.c compilation, -Os
UNRESOLVED: gcc.c-torture/execute/align-2.c execution, -Os
FAIL: gcc.c-torture/execute/builtin-bitops-1.c compilation, -O0
UNRESOLVED: gcc.c-torture/execute/builtin-bitops-1.c execution, -O0
FAIL: gcc.c-torture/execute/builtin-bitops-1.c compilation, -O1
UNRESOLVED: gcc.c-torture/execute/builtin-bitops-1.c execution, -O1
FAIL: gcc.c-torture/execute/builtin-bitops-1.c compilation, -O2
UNRESOLVED: gcc.c-torture/execute/builtin-bitops-1.c execution, -O2
FAIL: gcc.c-torture/execute/builtin-bitops-1.c compilation, -O3 -fomit-frame-pointer
UNRESOLVED: gcc.c-torture/execute/builtin-bitops-1.c execution, -O3 -fomit-frame-pointer
FAIL: gcc.c-torture/execute/builtin-bitops-1.c compilation, -O3 -fomit-frame-pointer -funroll-loops
UNRESOLVED: gcc.c-torture/execute/builtin-bitops-1.c execution, -O3 -fomit-frame-pointer -funroll-loops
FAIL: gcc.c-torture/execute/builtin-bitops-1.c compilation, -O3 -fomit-frame-pointer -funroll-all-loops -finline-functions
UNRESOLVED: gcc.c-torture/execute/builtin-bitops-1.c execution, -O3 -fomit-frame-pointer -funroll-all-loops -finline-functions
FAIL: gcc.c-torture/execute/builtin-bitops-1.c compilation, -O3 -g
UNRESOLVED: gcc.c-torture/execute/builtin-bitops-1.c execution, -O3 -g
FAIL: gcc.c-torture/execute/builtin-bitops-1.c compilation, -Os
UNRESOLVED: gcc.c-torture/execute/builtin-bitops-1.c execution, -Os
FAIL: gcc.c-torture/execute/builtin-complex-1.c compilation, -O0
UNRESOLVED: gcc.c-torture/execute/builtin-complex-1.c execution, -O0
FAIL: gcc.c-torture/execute/builtin-complex-1.c compilation, -O1
UNRESOLVED: gcc.c-torture/execute/builtin-complex-1.c execution, -O1
FAIL: gcc.c-torture/execute/builtin-complex-1.c compilation, -O2
UNRESOLVED: gcc.c-torture/execute/builtin-complex-1.c execution, -O2
FAIL: gcc.c-torture/execute/builtin-complex-1.c compilation, -O3 -fomit-frame-pointer
UNRESOLVED: gcc.c-torture/execute/builtin-complex-1.c execution, -O3 -fomit-frame-pointer
FAIL: gcc.c-torture/execute/builtin-complex-1.c compilation, -O3 -g
UNRESOLVED: gcc.c-torture/execute/builtin-complex-1.c execution, -O3 -g
FAIL: gcc.c-torture/execute/builtin-complex-1.c compilation, -Os
UNRESOLVED: gcc.c-torture/execute/builtin-complex-1.c execution, -Os
FAIL: gcc.c-torture/execute/complex-6.c compilation, -O0
UNRESOLVED: gcc.c-torture/execute/complex-6.c execution, -O0
FAIL: gcc.c-torture/execute/complex-6.c compilation, -O1
UNRESOLVED: gcc.c-torture/execute/complex-6.c execution, -O1
FAIL: gcc.c-torture/execute/complex-6.c compilation, -O2
UNRESOLVED: gcc.c-torture/execute/complex-6.c execution, -O2
FAIL: gcc.c-torture/execute/complex-6.c compilation, -O3 -fomit-frame-pointer
UNRESOLVED: gcc.c-torture/execute/complex-6.c execution, -O3 -fomit-frame-pointer
FAIL: gcc.c-torture/execute/complex-6.c compilation, -O3 -g
UNRESOLVED: gcc.c-torture/execute/complex-6.c execution, -O3 -g
FAIL: gcc.c-torture/execute/complex-6.c compilation, -Os
UNRESOLVED: gcc.c-torture/execute/complex-6.c execution, -Os
WARNING: program timed out.
FAIL: gcc.c-torture/execute/conversion.c compilation, -O0
UNRESOLVED: gcc.c-torture/execute/conversion.c execution, -O0
FAIL: gcc.c-torture/execute/conversion.c compilation, -O1
UNRESOLVED: gcc.c-torture/execute/conversion.c execution, -O1
FAIL: gcc.c-torture/execute/conversion.c compilation, -O2
UNRESOLVED: gcc.c-torture/execute/conversion.c execution, -O2
FAIL: gcc.c-torture/execute/conversion.c compilation, -O3 -fomit-frame-pointer
UNRESOLVED: gcc.c-torture/execute/conversion.c execution, -O3 -fomit-frame-pointer
FAIL: gcc.c-torture/execute/conversion.c compilation, -O3 -g
UNRESOLVED: gcc.c-torture/execute/conversion.c execution, -O3 -g
FAIL: gcc.c-torture/execute/conversion.c compilation, -Os
UNRESOLVED: gcc.c-torture/execute/conversion.c execution, -Os
FAIL: gcc.c-torture/execute/regstack-1.c compilation, -O0
UNRESOLVED: gcc.c-torture/execute/regstack-1.c execution, -O0
FAIL: gcc.c-torture/execute/regstack-1.c compilation, -O1
UNRESOLVED: gcc.c-torture/execute/regstack-1.c execution, -O1
FAIL: gcc.c-torture/execute/regstack-1.c compilation, -O2
UNRESOLVED: gcc.c-torture/execute/regstack-1.c execution, -O2
FAIL: gcc.c-torture/execute/regstack-1.c compilation, -O3 -fomit-frame-pointer
UNRESOLVED: gcc.c-torture/execute/regstack-1.c execution, -O3 -fomit-frame-pointer
FAIL: gcc.c-torture/execute/regstack-1.c compilation, -O3 -g
UNRESOLVED: gcc.c-torture/execute/regstack-1.c execution, -O3 -g
FAIL: gcc.c-torture/execute/regstack-1.c compilation, -Os
UNRESOLVED: gcc.c-torture/execute/regstack-1.c execution, -Os
FAIL: gcc.c-torture/execute/va-arg-5.c compilation, -O0
UNRESOLVED: gcc.c-torture/execute/va-arg-5.c execution, -O0
FAIL: gcc.c-torture/execute/va-arg-5.c compilation, -O1
UNRESOLVED: gcc.c-torture/execute/va-arg-5.c execution, -O1
FAIL: gcc.c-torture/execute/va-arg-5.c compilation, -O2
UNRESOLVED: gcc.c-torture/execute/va-arg-5.c execution, -O2
FAIL: gcc.c-torture/execute/va-arg-5.c compilation, -O3 -fomit-frame-pointer
UNRESOLVED: gcc.c-torture/execute/va-arg-5.c execution, -O3 -fomit-frame-pointer
FAIL: gcc.c-torture/execute/va-arg-5.c compilation, -O3 -g
UNRESOLVED: gcc.c-torture/execute/va-arg-5.c execution, -O3 -g
FAIL: gcc.c-torture/execute/va-arg-5.c compilation, -Os
UNRESOLVED: gcc.c-torture/execute/va-arg-5.c execution, -Os
FAIL: gcc.c-torture/execute/va-arg-6.c compilation, -O0
UNRESOLVED: gcc.c-torture/execute/va-arg-6.c execution, -O0
FAIL: gcc.c-torture/execute/va-arg-6.c compilation, -O1
UNRESOLVED: gcc.c-torture/execute/va-arg-6.c execution, -O1
FAIL: gcc.c-torture/execute/va-arg-6.c compilation, -O2
UNRESOLVED: gcc.c-torture/execute/va-arg-6.c execution, -O2
FAIL: gcc.c-torture/execute/va-arg-6.c compilation, -O3 -fomit-frame-pointer
UNRESOLVED: gcc.c-torture/execute/va-arg-6.c execution, -O3 -fomit-frame-pointer
FAIL: gcc.c-torture/execute/va-arg-6.c compilation, -O3 -g
UNRESOLVED: gcc.c-torture/execute/va-arg-6.c execution, -O3 -g
FAIL: gcc.c-torture/execute/va-arg-6.c compilation, -Os
UNRESOLVED: gcc.c-torture/execute/va-arg-6.c execution, -Os
FAIL: gcc.c-torture/execute/ieee/20010226-1.c compilation, -O0
UNRESOLVED: gcc.c-torture/execute/ieee/20010226-1.c execution, -O0
FAIL: gcc.c-torture/execute/ieee/20010226-1.c compilation, -O1
UNRESOLVED: gcc.c-torture/execute/ieee/20010226-1.c execution, -O1
FAIL: gcc.c-torture/execute/ieee/20010226-1.c compilation, -O2
UNRESOLVED: gcc.c-torture/execute/ieee/20010226-1.c execution, -O2
FAIL: gcc.c-torture/execute/ieee/20010226-1.c compilation, -O3 -fomit-frame-pointer
UNRESOLVED: gcc.c-torture/execute/ieee/20010226-1.c execution, -O3 -fomit-frame-pointer
FAIL: gcc.c-torture/execute/ieee/20010226-1.c compilation, -O3 -g
UNRESOLVED: gcc.c-torture/execute/ieee/20010226-1.c execution, -O3 -g
FAIL: gcc.c-torture/execute/ieee/20010226-1.c compilation, -Os
UNRESOLVED: gcc.c-torture/execute/ieee/20010226-1.c execution, -Os
FAIL: gcc.c-torture/execute/ieee/20011123-1.c compilation, -O0
UNRESOLVED: gcc.c-torture/execute/ieee/20011123-1.c execution, -O0
FAIL: gcc.c-torture/execute/ieee/20011123-1.c compilation, -O1
UNRESOLVED: gcc.c-torture/execute/ieee/20011123-1.c execution, -O1
FAIL: gcc.c-torture/execute/ieee/20011123-1.c compilation, -O2
UNRESOLVED: gcc.c-torture/execute/ieee/20011123-1.c execution, -O2
FAIL: gcc.c-torture/execute/ieee/20011123-1.c compilation, -O3 -fomit-frame-pointer
UNRESOLVED: gcc.c-torture/execute/ieee/20011123-1.c execution, -O3 -fomit-frame-pointer
FAIL: gcc.c-torture/execute/ieee/20011123-1.c compilation, -O3 -g
UNRESOLVED: gcc.c-torture/execute/ieee/20011123-1.c execution, -O3 -g
FAIL: gcc.c-torture/execute/ieee/20011123-1.c compilation, -Os
UNRESOLVED: gcc.c-torture/execute/ieee/20011123-1.c execution, -Os
FAIL: gcc.c-torture/execute/ieee/fp-cmp-3.c compilation, -O0
UNRESOLVED: gcc.c-torture/execute/ieee/fp-cmp-3.c execution, -O0
FAIL: gcc.c-torture/execute/ieee/fp-cmp-3.c compilation, -O1
UNRESOLVED: gcc.c-torture/execute/ieee/fp-cmp-3.c execution, -O1
FAIL: gcc.c-torture/execute/ieee/fp-cmp-3.c compilation, -O2
UNRESOLVED: gcc.c-torture/execute/ieee/fp-cmp-3.c execution, -O2
FAIL: gcc.c-torture/execute/ieee/fp-cmp-3.c compilation, -O3 -fomit-frame-pointer
UNRESOLVED: gcc.c-torture/execute/ieee/fp-cmp-3.c execution, -O3 -fomit-frame-pointer
FAIL: gcc.c-torture/execute/ieee/fp-cmp-3.c compilation, -O3 -fomit-frame-pointer -funroll-loops
UNRESOLVED: gcc.c-torture/execute/ieee/fp-cmp-3.c execution, -O3 -fomit-frame-pointer -funroll-loops
FAIL: gcc.c-torture/execute/ieee/fp-cmp-3.c compilation, -O3 -fomit-frame-pointer -funroll-all-loops -finline-functions
UNRESOLVED: gcc.c-torture/execute/ieee/fp-cmp-3.c execution, -O3 -fomit-frame-pointer -funroll-all-loops -finline-functions
FAIL: gcc.c-torture/execute/ieee/fp-cmp-3.c compilation, -O3 -g
UNRESOLVED: gcc.c-torture/execute/ieee/fp-cmp-3.c execution, -O3 -g
FAIL: gcc.c-torture/execute/ieee/fp-cmp-3.c compilation, -Os
UNRESOLVED: gcc.c-torture/execute/ieee/fp-cmp-3.c execution, -Os
FAIL: gcc.c-torture/execute/ieee/hugeval.c compilation, -O1
UNRESOLVED: gcc.c-torture/execute/ieee/hugeval.c execution, -O1
FAIL: gcc.c-torture/execute/ieee/inf-1.c compilation, -O0
UNRESOLVED: gcc.c-torture/execute/ieee/inf-1.c execution, -O0
FAIL: gcc.c-torture/execute/ieee/inf-1.c compilation, -O1
UNRESOLVED: gcc.c-torture/execute/ieee/inf-1.c execution, -O1
FAIL: gcc.c-torture/execute/ieee/inf-1.c compilation, -O2
UNRESOLVED: gcc.c-torture/execute/ieee/inf-1.c execution, -O2
FAIL: gcc.c-torture/execute/ieee/inf-1.c compilation, -O3 -fomit-frame-pointer
UNRESOLVED: gcc.c-torture/execute/ieee/inf-1.c execution, -O3 -fomit-frame-pointer
FAIL: gcc.c-torture/execute/ieee/inf-1.c compilation, -O3 -g
UNRESOLVED: gcc.c-torture/execute/ieee/inf-1.c execution, -O3 -g
FAIL: gcc.c-torture/execute/ieee/inf-1.c compilation, -Os
UNRESOLVED: gcc.c-torture/execute/ieee/inf-1.c execution, -Os
FAIL: gcc.c-torture/execute/ieee/inf-2.c compilation, -O0
UNRESOLVED: gcc.c-torture/execute/ieee/inf-2.c execution, -O0
FAIL: gcc.c-torture/execute/ieee/inf-2.c compilation, -O1
UNRESOLVED: gcc.c-torture/execute/ieee/inf-2.c execution, -O1
FAIL: gcc.c-torture/execute/ieee/inf-2.c compilation, -O2
UNRESOLVED: gcc.c-torture/execute/ieee/inf-2.c execution, -O2
FAIL: gcc.c-torture/execute/ieee/inf-2.c compilation, -O3 -fomit-frame-pointer
UNRESOLVED: gcc.c-torture/execute/ieee/inf-2.c execution, -O3 -fomit-frame-pointer
FAIL: gcc.c-torture/execute/ieee/inf-2.c compilation, -O3 -g
UNRESOLVED: gcc.c-torture/execute/ieee/inf-2.c execution, -O3 -g
FAIL: gcc.c-torture/execute/ieee/inf-2.c compilation, -Os
UNRESOLVED: gcc.c-torture/execute/ieee/inf-2.c execution, -Os
FAIL: gcc.c-torture/execute/ieee/mul-subnormal-single-1.c execution, -O0
FAIL: gcc.c-torture/execute/ieee/mul-subnormal-single-1.c execution, -O1
FAIL: gcc.c-torture/execute/ieee/mul-subnormal-single-1.c execution, -O2
FAIL: gcc.c-torture/execute/ieee/mul-subnormal-single-1.c execution, -O3 -fomit-frame-pointer
FAIL: gcc.c-torture/execute/ieee/mul-subnormal-single-1.c execution, -O3 -fomit-frame-pointer -funroll-loops
FAIL: gcc.c-torture/execute/ieee/mul-subnormal-single-1.c execution, -O3 -fomit-frame-pointer -funroll-all-loops -finline-functions
FAIL: gcc.c-torture/execute/ieee/mul-subnormal-single-1.c execution, -O3 -g
FAIL: gcc.c-torture/execute/ieee/mul-subnormal-single-1.c execution, -Os
FAIL: gcc.c-torture/execute/ieee/mzero2.c compilation, -O0
UNRESOLVED: gcc.c-torture/execute/ieee/mzero2.c execution, -O0
FAIL: gcc.c-torture/execute/ieee/mzero2.c compilation, -O1
UNRESOLVED: gcc.c-torture/execute/ieee/mzero2.c execution, -O1
FAIL: gcc.dg/compat/scalar-by-value-1 c_compat_x_tst.o-c_compat_y_tst.o link
UNRESOLVED: gcc.dg/compat/scalar-by-value-1 c_compat_x_tst.o-c_compat_y_tst.o execute
FAIL: gcc.dg/compat/scalar-by-value-3 c_compat_x_tst.o-c_compat_y_tst.o link
UNRESOLVED: gcc.dg/compat/scalar-by-value-3 c_compat_x_tst.o-c_compat_y_tst.o execute
FAIL: gcc.dg/compat/scalar-return-1 c_compat_x_tst.o-c_compat_y_tst.o link
UNRESOLVED: gcc.dg/compat/scalar-return-1 c_compat_x_tst.o-c_compat_y_tst.o execute
FAIL: gcc.dg/compat/scalar-return-3 c_compat_x_tst.o-c_compat_y_tst.o link
UNRESOLVED: gcc.dg/compat/scalar-return-3 c_compat_x_tst.o-c_compat_y_tst.o execute
FAIL: gcc.dg/compat/struct-by-value-10 c_compat_x_tst.o-c_compat_y_tst.o link
UNRESOLVED: gcc.dg/compat/struct-by-value-10 c_compat_x_tst.o-c_compat_y_tst.o execute
FAIL: gcc.dg/compat/struct-by-value-18 c_compat_x_tst.o-c_compat_y_tst.o link
UNRESOLVED: gcc.dg/compat/struct-by-value-18 c_compat_x_tst.o-c_compat_y_tst.o execute
FAIL: gcc.dg/compat/struct-by-value-7a c_compat_x_tst.o-c_compat_y_tst.o link
UNRESOLVED: gcc.dg/compat/struct-by-value-7a c_compat_x_tst.o-c_compat_y_tst.o execute
FAIL: gcc.dg/compat/struct-by-value-7b c_compat_x_tst.o-c_compat_y_tst.o link
UNRESOLVED: gcc.dg/compat/struct-by-value-7b c_compat_x_tst.o-c_compat_y_tst.o execute
FAIL: gcc.dg/compat/struct-return-10 c_compat_x_tst.o-c_compat_y_tst.o link
UNRESOLVED: gcc.dg/compat/struct-return-10 c_compat_x_tst.o-c_compat_y_tst.o execute
FAIL: gcc.dg/debug/20020220-1.c (test for excess errors)
WARNING: gcc.dg/debug/20020220-1.c compilation failed to produce executable
FAIL: gcc.dg/debug/20020220-1.c (test for excess errors)
WARNING: gcc.dg/debug/20020220-1.c compilation failed to produce executable
FAIL: gcc.dg/debug/20020220-1.c (test for excess errors)
WARNING: gcc.dg/debug/20020220-1.c compilation failed to produce executable
FAIL: gcc.dg/builtins-18.c (test for excess errors)
FAIL: gcc.dg/c90-const-expr-3.c (test for excess errors)
FAIL: gcc.dg/c99-const-expr-3.c (test for excess errors)
XPASS: gcc.dg/sibcall-3.c execution test
XPASS: gcc.dg/sibcall-4.c execution test
UNRESOLVED: gcc.dg/visibility-1.c
UNRESOLVED: gcc.dg/visibility-2.c
UNRESOLVED: gcc.dg/visibility-3.c
UNRESOLVED: gcc.dg/visibility-4.c
UNRESOLVED: gcc.dg/visibility-5.c
UNRESOLVED: gcc.dg/visibility-6.c
UNRESOLVED: gcc.dg/visibility-7.c
UNRESOLVED: gcc.dg/visibility-8.c
FAIL: gcc.dg/wtr-func-def-1.c (test for excess errors)
WARNING: program timed out.
FAIL: largefile.c (test for excess errors)
FAIL: largefile.c (test for excess errors)
FAIL: largefile.c (test for excess errors)
FAIL: largefile.c (test for excess errors)
FAIL: largefile.c (test for excess errors)
FAIL: largefile.c (test for excess errors)
FAIL: largefile.c (test for excess errors)
FAIL: gcc.dg/special/gcsec-1.c (test for excess errors)
WARNING: gcc.dg/special/gcsec-1.c compilation failed to produce executable
=== gcc Summary for unix ===
# of expected passes 24361
# of unexpected failures 179
# of unexpected successes 2
# of expected failures 64
# of unresolved testcases 160
# of untested testcases 35
# of unsupported tests 321
Running target unix/-mabi=32
WARNING: program timed out.
FAIL: gcc.c-torture/compile/20001226-1.c (test for excess errors)
WARNING: program timed out.
FAIL: gcc.c-torture/compile/20001226-1.c (test for excess errors)
WARNING: program timed out.
FAIL: gcc.c-torture/compile/20001226-1.c (test for excess errors)
WARNING: program timed out.
FAIL: gcc.c-torture/compile/20001226-1.c (test for excess errors)
FAIL: gcc.c-torture/execute/20000402-1.c compilation, -O0
UNRESOLVED: gcc.c-torture/execute/20000402-1.c execution, -O0
FAIL: gcc.c-torture/execute/20020201-1.c compilation, -O0
UNRESOLVED: gcc.c-torture/execute/20020201-1.c execution, -O0
FAIL: gcc.c-torture/execute/20020201-1.c compilation, -O1
UNRESOLVED: gcc.c-torture/execute/20020201-1.c execution, -O1
FAIL: gcc.c-torture/execute/20020201-1.c compilation, -O2
UNRESOLVED: gcc.c-torture/execute/20020201-1.c execution, -O2
FAIL: gcc.c-torture/execute/20020201-1.c compilation, -O3 -fomit-frame-pointer
UNRESOLVED: gcc.c-torture/execute/20020201-1.c execution, -O3 -fomit-frame-pointer
FAIL: gcc.c-torture/execute/20020201-1.c compilation, -O3 -g
UNRESOLVED: gcc.c-torture/execute/20020201-1.c execution, -O3 -g
FAIL: gcc.c-torture/execute/20020201-1.c compilation, -Os
UNRESOLVED: gcc.c-torture/execute/20020201-1.c execution, -Os
XPASS: gcc.c-torture/execute/20020227-1.c execution, -O0
XPASS: gcc.c-torture/execute/20020227-1.c execution, -O1
XPASS: gcc.c-torture/execute/20020227-1.c execution, -O2
XPASS: gcc.c-torture/execute/20020227-1.c execution, -O3 -fomit-frame-pointer
XPASS: gcc.c-torture/execute/20020227-1.c execution, -O3 -g
XPASS: gcc.c-torture/execute/20020227-1.c execution, -Os
FAIL: gcc.c-torture/execute/920501-2.c compilation, -O0
UNRESOLVED: gcc.c-torture/execute/920501-2.c execution, -O0
FAIL: gcc.c-torture/execute/920501-2.c compilation, -O1
UNRESOLVED: gcc.c-torture/execute/920501-2.c execution, -O1
FAIL: gcc.c-torture/execute/920501-2.c compilation, -O2
UNRESOLVED: gcc.c-torture/execute/920501-2.c execution, -O2
FAIL: gcc.c-torture/execute/920501-2.c compilation, -O3 -fomit-frame-pointer
UNRESOLVED: gcc.c-torture/execute/920501-2.c execution, -O3 -fomit-frame-pointer
FAIL: gcc.c-torture/execute/920501-2.c compilation, -O3 -fomit-frame-pointer -funroll-loops
UNRESOLVED: gcc.c-torture/execute/920501-2.c execution, -O3 -fomit-frame-pointer -funroll-loops
FAIL: gcc.c-torture/execute/920501-2.c compilation, -O3 -fomit-frame-pointer -funroll-all-loops -finline-functions
UNRESOLVED: gcc.c-torture/execute/920501-2.c execution, -O3 -fomit-frame-pointer -funroll-all-loops -finline-functions
FAIL: gcc.c-torture/execute/920501-2.c compilation, -O3 -g
UNRESOLVED: gcc.c-torture/execute/920501-2.c execution, -O3 -g
FAIL: gcc.c-torture/execute/920501-2.c compilation, -Os
UNRESOLVED: gcc.c-torture/execute/920501-2.c execution, -Os
FAIL: gcc.c-torture/execute/920501-6.c compilation, -O0
UNRESOLVED: gcc.c-torture/execute/920501-6.c execution, -O0
FAIL: gcc.c-torture/execute/920501-6.c compilation, -O1
UNRESOLVED: gcc.c-torture/execute/920501-6.c execution, -O1
FAIL: gcc.c-torture/execute/920501-6.c compilation, -O2
UNRESOLVED: gcc.c-torture/execute/920501-6.c execution, -O2
FAIL: gcc.c-torture/execute/920501-6.c compilation, -O3 -fomit-frame-pointer
UNRESOLVED: gcc.c-torture/execute/920501-6.c execution, -O3 -fomit-frame-pointer
FAIL: gcc.c-torture/execute/920501-6.c compilation, -O3 -fomit-frame-pointer -funroll-loops
UNRESOLVED: gcc.c-torture/execute/920501-6.c execution, -O3 -fomit-frame-pointer -funroll-loops
FAIL: gcc.c-torture/execute/920501-6.c compilation, -O3 -fomit-frame-pointer -funroll-all-loops -finline-functions
UNRESOLVED: gcc.c-torture/execute/920501-6.c execution, -O3 -fomit-frame-pointer -funroll-all-loops -finline-functions
FAIL: gcc.c-torture/execute/920501-6.c compilation, -O3 -g
UNRESOLVED: gcc.c-torture/execute/920501-6.c execution, -O3 -g
FAIL: gcc.c-torture/execute/920501-6.c compilation, -Os
UNRESOLVED: gcc.c-torture/execute/920501-6.c execution, -Os
FAIL: gcc.c-torture/execute/920604-1.c compilation, -O0
UNRESOLVED: gcc.c-torture/execute/920604-1.c execution, -O0
FAIL: gcc.c-torture/execute/920604-1.c compilation, -O1
UNRESOLVED: gcc.c-torture/execute/920604-1.c execution, -O1
FAIL: gcc.c-torture/execute/920604-1.c compilation, -O2
UNRESOLVED: gcc.c-torture/execute/920604-1.c execution, -O2
FAIL: gcc.c-torture/execute/920604-1.c compilation, -O3 -fomit-frame-pointer
UNRESOLVED: gcc.c-torture/execute/920604-1.c execution, -O3 -fomit-frame-pointer
FAIL: gcc.c-torture/execute/920604-1.c compilation, -O3 -g
UNRESOLVED: gcc.c-torture/execute/920604-1.c execution, -O3 -g
FAIL: gcc.c-torture/execute/920604-1.c compilation, -Os
UNRESOLVED: gcc.c-torture/execute/920604-1.c execution, -Os
FAIL: gcc.c-torture/execute/930111-1.c compilation, -O0
UNRESOLVED: gcc.c-torture/execute/930111-1.c execution, -O0
FAIL: gcc.c-torture/execute/930111-1.c compilation, -O1
UNRESOLVED: gcc.c-torture/execute/930111-1.c execution, -O1
FAIL: gcc.c-torture/execute/930111-1.c compilation, -O2
UNRESOLVED: gcc.c-torture/execute/930111-1.c execution, -O2
FAIL: gcc.c-torture/execute/930111-1.c compilation, -O3 -fomit-frame-pointer
UNRESOLVED: gcc.c-torture/execute/930111-1.c execution, -O3 -fomit-frame-pointer
FAIL: gcc.c-torture/execute/930111-1.c compilation, -O3 -g
UNRESOLVED: gcc.c-torture/execute/930111-1.c execution, -O3 -g
FAIL: gcc.c-torture/execute/930111-1.c compilation, -Os
UNRESOLVED: gcc.c-torture/execute/930111-1.c execution, -Os
FAIL: gcc.c-torture/execute/930622-2.c compilation, -O0
UNRESOLVED: gcc.c-torture/execute/930622-2.c execution, -O0
FAIL: gcc.c-torture/execute/930622-2.c compilation, -O1
UNRESOLVED: gcc.c-torture/execute/930622-2.c execution, -O1
FAIL: gcc.c-torture/execute/930622-2.c compilation, -O2
UNRESOLVED: gcc.c-torture/execute/930622-2.c execution, -O2
FAIL: gcc.c-torture/execute/930622-2.c compilation, -O3 -fomit-frame-pointer
UNRESOLVED: gcc.c-torture/execute/930622-2.c execution, -O3 -fomit-frame-pointer
FAIL: gcc.c-torture/execute/930622-2.c compilation, -O3 -g
UNRESOLVED: gcc.c-torture/execute/930622-2.c execution, -O3 -g
FAIL: gcc.c-torture/execute/930622-2.c compilation, -Os
UNRESOLVED: gcc.c-torture/execute/930622-2.c execution, -Os
FAIL: gcc.c-torture/execute/arith-rand-ll.c compilation, -O0
UNRESOLVED: gcc.c-torture/execute/arith-rand-ll.c execution, -O0
FAIL: gcc.c-torture/execute/arith-rand-ll.c compilation, -O1
UNRESOLVED: gcc.c-torture/execute/arith-rand-ll.c execution, -O1
FAIL: gcc.c-torture/execute/arith-rand-ll.c compilation, -O2
UNRESOLVED: gcc.c-torture/execute/arith-rand-ll.c execution, -O2
FAIL: gcc.c-torture/execute/arith-rand-ll.c compilation, -O3 -fomit-frame-pointer
UNRESOLVED: gcc.c-torture/execute/arith-rand-ll.c execution, -O3 -fomit-frame-pointer
FAIL: gcc.c-torture/execute/arith-rand-ll.c compilation, -O3 -fomit-frame-pointer -funroll-loops
UNRESOLVED: gcc.c-torture/execute/arith-rand-ll.c execution, -O3 -fomit-frame-pointer -funroll-loops
FAIL: gcc.c-torture/execute/arith-rand-ll.c compilation, -O3 -fomit-frame-pointer -funroll-all-loops -finline-functions
UNRESOLVED: gcc.c-torture/execute/arith-rand-ll.c execution, -O3 -fomit-frame-pointer -funroll-all-loops -finline-functions
FAIL: gcc.c-torture/execute/arith-rand-ll.c compilation, -O3 -g
UNRESOLVED: gcc.c-torture/execute/arith-rand-ll.c execution, -O3 -g
FAIL: gcc.c-torture/execute/arith-rand-ll.c compilation, -Os
UNRESOLVED: gcc.c-torture/execute/arith-rand-ll.c execution, -Os
FAIL: gcc.c-torture/execute/builtin-bitops-1.c compilation, -O0
UNRESOLVED: gcc.c-torture/execute/builtin-bitops-1.c execution, -O0
FAIL: gcc.c-torture/execute/builtin-bitops-1.c compilation, -O1
UNRESOLVED: gcc.c-torture/execute/builtin-bitops-1.c execution, -O1
FAIL: gcc.c-torture/execute/builtin-bitops-1.c compilation, -O2
UNRESOLVED: gcc.c-torture/execute/builtin-bitops-1.c execution, -O2
FAIL: gcc.c-torture/execute/builtin-bitops-1.c compilation, -O3 -fomit-frame-pointer
UNRESOLVED: gcc.c-torture/execute/builtin-bitops-1.c execution, -O3 -fomit-frame-pointer
FAIL: gcc.c-torture/execute/builtin-bitops-1.c compilation, -O3 -fomit-frame-pointer -funroll-loops
UNRESOLVED: gcc.c-torture/execute/builtin-bitops-1.c execution, -O3 -fomit-frame-pointer -funroll-loops
FAIL: gcc.c-torture/execute/builtin-bitops-1.c compilation, -O3 -fomit-frame-pointer -funroll-all-loops -finline-functions
UNRESOLVED: gcc.c-torture/execute/builtin-bitops-1.c execution, -O3 -fomit-frame-pointer -funroll-all-loops -finline-functions
FAIL: gcc.c-torture/execute/builtin-bitops-1.c compilation, -O3 -g
UNRESOLVED: gcc.c-torture/execute/builtin-bitops-1.c execution, -O3 -g
FAIL: gcc.c-torture/execute/builtin-bitops-1.c compilation, -Os
UNRESOLVED: gcc.c-torture/execute/builtin-bitops-1.c execution, -Os
FAIL: gcc.c-torture/execute/conversion.c compilation, -O0
UNRESOLVED: gcc.c-torture/execute/conversion.c execution, -O0
FAIL: gcc.c-torture/execute/conversion.c compilation, -O1
UNRESOLVED: gcc.c-torture/execute/conversion.c execution, -O1
FAIL: gcc.c-torture/execute/conversion.c compilation, -O2
UNRESOLVED: gcc.c-torture/execute/conversion.c execution, -O2
FAIL: gcc.c-torture/execute/conversion.c compilation, -O3 -fomit-frame-pointer
UNRESOLVED: gcc.c-torture/execute/conversion.c execution, -O3 -fomit-frame-pointer
FAIL: gcc.c-torture/execute/conversion.c compilation, -O3 -g
UNRESOLVED: gcc.c-torture/execute/conversion.c execution, -O3 -g
FAIL: gcc.c-torture/execute/conversion.c compilation, -Os
UNRESOLVED: gcc.c-torture/execute/conversion.c execution, -Os
FAIL: gcc.c-torture/execute/divconst-3.c compilation, -O0
UNRESOLVED: gcc.c-torture/execute/divconst-3.c execution, -O0
FAIL: gcc.c-torture/execute/divconst-3.c compilation, -O1
UNRESOLVED: gcc.c-torture/execute/divconst-3.c execution, -O1
FAIL: gcc.c-torture/execute/divconst-3.c compilation, -O2
UNRESOLVED: gcc.c-torture/execute/divconst-3.c execution, -O2
FAIL: gcc.c-torture/execute/divconst-3.c compilation, -O3 -fomit-frame-pointer
UNRESOLVED: gcc.c-torture/execute/divconst-3.c execution, -O3 -fomit-frame-pointer
FAIL: gcc.c-torture/execute/divconst-3.c compilation, -O3 -g
UNRESOLVED: gcc.c-torture/execute/divconst-3.c execution, -O3 -g
FAIL: gcc.c-torture/execute/divconst-3.c compilation, -Os
UNRESOLVED: gcc.c-torture/execute/divconst-3.c execution, -Os
FAIL: gcc.c-torture/execute/ieee/hugeval.c compilation, -O1
UNRESOLVED: gcc.c-torture/execute/ieee/hugeval.c execution, -O1
FAIL: gcc.c-torture/execute/ieee/mzero2.c compilation, -O0
UNRESOLVED: gcc.c-torture/execute/ieee/mzero2.c execution, -O0
FAIL: gcc.c-torture/execute/ieee/mzero2.c compilation, -O1
UNRESOLVED: gcc.c-torture/execute/ieee/mzero2.c execution, -O1
FAIL: gcc.c-torture/execute/ieee/rbug.c compilation, -O0
UNRESOLVED: gcc.c-torture/execute/ieee/rbug.c execution, -O0
FAIL: gcc.c-torture/execute/ieee/rbug.c compilation, -O1
UNRESOLVED: gcc.c-torture/execute/ieee/rbug.c execution, -O1
FAIL: gcc.c-torture/execute/ieee/rbug.c compilation, -O2
UNRESOLVED: gcc.c-torture/execute/ieee/rbug.c execution, -O2
FAIL: gcc.c-torture/execute/ieee/rbug.c compilation, -O3 -fomit-frame-pointer
UNRESOLVED: gcc.c-torture/execute/ieee/rbug.c execution, -O3 -fomit-frame-pointer
FAIL: gcc.c-torture/execute/ieee/rbug.c compilation, -O3 -g
UNRESOLVED: gcc.c-torture/execute/ieee/rbug.c execution, -O3 -g
FAIL: gcc.c-torture/execute/ieee/rbug.c compilation, -Os
UNRESOLVED: gcc.c-torture/execute/ieee/rbug.c execution, -Os
FAIL: gcc.dg/compat/sdata-1 c_compat_y_tst.o compile
UNRESOLVED: gcc.dg/compat/sdata-1 c_compat_x_tst.o-c_compat_y_tst.o link
UNRESOLVED: gcc.dg/compat/sdata-1 c_compat_x_tst.o-c_compat_y_tst.o execute
FAIL: gcc.dg/builtins-18.c (test for excess errors)
FAIL: gcc.dg/c90-const-expr-3.c (test for excess errors)
FAIL: gcc.dg/c99-const-expr-3.c (test for excess errors)
XPASS: gcc.dg/sibcall-3.c execution test
XPASS: gcc.dg/sibcall-4.c execution test
UNRESOLVED: gcc.dg/visibility-1.c
UNRESOLVED: gcc.dg/visibility-2.c
UNRESOLVED: gcc.dg/visibility-3.c
UNRESOLVED: gcc.dg/visibility-4.c
UNRESOLVED: gcc.dg/visibility-5.c
UNRESOLVED: gcc.dg/visibility-6.c
UNRESOLVED: gcc.dg/visibility-7.c
UNRESOLVED: gcc.dg/visibility-8.c
FAIL: gcc.dg/wtr-func-def-1.c (test for excess errors)
FAIL: largefile.c (test for excess errors)
FAIL: largefile.c (test for excess errors)
FAIL: largefile.c (test for excess errors)
FAIL: largefile.c (test for excess errors)
FAIL: largefile.c (test for excess errors)
FAIL: largefile.c (test for excess errors)
FAIL: largefile.c (test for excess errors)
FAIL: gcc.dg/special/gcsec-1.c (test for excess errors)
WARNING: gcc.dg/special/gcsec-1.c compilation failed to produce executable
=== gcc Summary for unix/-mabi=32 ===
# of expected passes 24520
# of unexpected failures 95
# of unexpected successes 8
# of expected failures 58
# of unresolved testcases 88
# of untested testcases 35
# of unsupported tests 321
Running target unix/-mabi=64
FAIL: gcc.c-torture/execute/20010605-2.c compilation, -O0
UNRESOLVED: gcc.c-torture/execute/20010605-2.c execution, -O0
FAIL: gcc.c-torture/execute/20010605-2.c compilation, -O1
UNRESOLVED: gcc.c-torture/execute/20010605-2.c execution, -O1
FAIL: gcc.c-torture/execute/20010605-2.c compilation, -O2
UNRESOLVED: gcc.c-torture/execute/20010605-2.c execution, -O2
FAIL: gcc.c-torture/execute/20010605-2.c compilation, -O3 -fomit-frame-pointer
UNRESOLVED: gcc.c-torture/execute/20010605-2.c execution, -O3 -fomit-frame-pointer
FAIL: gcc.c-torture/execute/20010605-2.c compilation, -O3 -g
UNRESOLVED: gcc.c-torture/execute/20010605-2.c execution, -O3 -g
FAIL: gcc.c-torture/execute/20010605-2.c compilation, -Os
UNRESOLVED: gcc.c-torture/execute/20010605-2.c execution, -Os
FAIL: gcc.c-torture/execute/20020413-1.c compilation, -O0
UNRESOLVED: gcc.c-torture/execute/20020413-1.c execution, -O0
FAIL: gcc.c-torture/execute/20020413-1.c compilation, -O1
UNRESOLVED: gcc.c-torture/execute/20020413-1.c execution, -O1
FAIL: gcc.c-torture/execute/20020413-1.c compilation, -O2
UNRESOLVED: gcc.c-torture/execute/20020413-1.c execution, -O2
FAIL: gcc.c-torture/execute/20020413-1.c compilation, -O3 -fomit-frame-pointer
UNRESOLVED: gcc.c-torture/execute/20020413-1.c execution, -O3 -fomit-frame-pointer
FAIL: gcc.c-torture/execute/20020413-1.c compilation, -O3 -fomit-frame-pointer -funroll-loops
UNRESOLVED: gcc.c-torture/execute/20020413-1.c execution, -O3 -fomit-frame-pointer -funroll-loops
FAIL: gcc.c-torture/execute/20020413-1.c compilation, -O3 -fomit-frame-pointer -funroll-all-loops -finline-functions
UNRESOLVED: gcc.c-torture/execute/20020413-1.c execution, -O3 -fomit-frame-pointer -funroll-all-loops -finline-functions
FAIL: gcc.c-torture/execute/20020413-1.c compilation, -O3 -g
UNRESOLVED: gcc.c-torture/execute/20020413-1.c execution, -O3 -g
FAIL: gcc.c-torture/execute/20020413-1.c compilation, -Os
UNRESOLVED: gcc.c-torture/execute/20020413-1.c execution, -Os
FAIL: gcc.c-torture/execute/20030914-1.c compilation, -O0
UNRESOLVED: gcc.c-torture/execute/20030914-1.c execution, -O0
FAIL: gcc.c-torture/execute/20030914-1.c compilation, -O1
UNRESOLVED: gcc.c-torture/execute/20030914-1.c execution, -O1
FAIL: gcc.c-torture/execute/20030914-1.c compilation, -O2
UNRESOLVED: gcc.c-torture/execute/20030914-1.c execution, -O2
FAIL: gcc.c-torture/execute/20030914-1.c compilation, -O3 -fomit-frame-pointer
UNRESOLVED: gcc.c-torture/execute/20030914-1.c execution, -O3 -fomit-frame-pointer
FAIL: gcc.c-torture/execute/20030914-1.c compilation, -O3 -fomit-frame-pointer -funroll-loops
UNRESOLVED: gcc.c-torture/execute/20030914-1.c execution, -O3 -fomit-frame-pointer -funroll-loops
FAIL: gcc.c-torture/execute/20030914-1.c compilation, -O3 -fomit-frame-pointer -funroll-all-loops -finline-functions
UNRESOLVED: gcc.c-torture/execute/20030914-1.c execution, -O3 -fomit-frame-pointer -funroll-all-loops -finline-functions
FAIL: gcc.c-torture/execute/20030914-1.c compilation, -O3 -g
UNRESOLVED: gcc.c-torture/execute/20030914-1.c execution, -O3 -g
FAIL: gcc.c-torture/execute/20030914-1.c compilation, -Os
UNRESOLVED: gcc.c-torture/execute/20030914-1.c execution, -Os
FAIL: gcc.c-torture/execute/20040208-1.c compilation, -O0
UNRESOLVED: gcc.c-torture/execute/20040208-1.c execution, -O0
FAIL: gcc.c-torture/execute/20040208-1.c compilation, -O1
UNRESOLVED: gcc.c-torture/execute/20040208-1.c execution, -O1
FAIL: gcc.c-torture/execute/20040208-1.c compilation, -O2
UNRESOLVED: gcc.c-torture/execute/20040208-1.c execution, -O2
FAIL: gcc.c-torture/execute/20040208-1.c compilation, -O3 -fomit-frame-pointer
UNRESOLVED: gcc.c-torture/execute/20040208-1.c execution, -O3 -fomit-frame-pointer
FAIL: gcc.c-torture/execute/20040208-1.c compilation, -O3 -g
UNRESOLVED: gcc.c-torture/execute/20040208-1.c execution, -O3 -g
FAIL: gcc.c-torture/execute/20040208-1.c compilation, -Os
UNRESOLVED: gcc.c-torture/execute/20040208-1.c execution, -Os
FAIL: gcc.c-torture/execute/20040208-2.c compilation, -O0
UNRESOLVED: gcc.c-torture/execute/20040208-2.c execution, -O0
FAIL: gcc.c-torture/execute/20040208-2.c compilation, -O1
UNRESOLVED: gcc.c-torture/execute/20040208-2.c execution, -O1
FAIL: gcc.c-torture/execute/20040208-2.c compilation, -O2
UNRESOLVED: gcc.c-torture/execute/20040208-2.c execution, -O2
FAIL: gcc.c-torture/execute/20040208-2.c compilation, -O3 -fomit-frame-pointer
UNRESOLVED: gcc.c-torture/execute/20040208-2.c execution, -O3 -fomit-frame-pointer
FAIL: gcc.c-torture/execute/20040208-2.c compilation, -O3 -g
UNRESOLVED: gcc.c-torture/execute/20040208-2.c execution, -O3 -g
FAIL: gcc.c-torture/execute/20040208-2.c compilation, -Os
UNRESOLVED: gcc.c-torture/execute/20040208-2.c execution, -Os
FAIL: gcc.c-torture/execute/930622-2.c compilation, -O0
UNRESOLVED: gcc.c-torture/execute/930622-2.c execution, -O0
FAIL: gcc.c-torture/execute/930622-2.c compilation, -O1
UNRESOLVED: gcc.c-torture/execute/930622-2.c execution, -O1
FAIL: gcc.c-torture/execute/930622-2.c compilation, -O2
UNRESOLVED: gcc.c-torture/execute/930622-2.c execution, -O2
FAIL: gcc.c-torture/execute/930622-2.c compilation, -O3 -fomit-frame-pointer
UNRESOLVED: gcc.c-torture/execute/930622-2.c execution, -O3 -fomit-frame-pointer
FAIL: gcc.c-torture/execute/930622-2.c compilation, -O3 -g
UNRESOLVED: gcc.c-torture/execute/930622-2.c execution, -O3 -g
FAIL: gcc.c-torture/execute/930622-2.c compilation, -Os
UNRESOLVED: gcc.c-torture/execute/930622-2.c execution, -Os
FAIL: gcc.c-torture/execute/960215-1.c compilation, -O0
UNRESOLVED: gcc.c-torture/execute/960215-1.c execution, -O0
FAIL: gcc.c-torture/execute/960215-1.c compilation, -O1
UNRESOLVED: gcc.c-torture/execute/960215-1.c execution, -O1
FAIL: gcc.c-torture/execute/960215-1.c compilation, -O2
UNRESOLVED: gcc.c-torture/execute/960215-1.c execution, -O2
FAIL: gcc.c-torture/execute/960215-1.c compilation, -O3 -fomit-frame-pointer
UNRESOLVED: gcc.c-torture/execute/960215-1.c execution, -O3 -fomit-frame-pointer
FAIL: gcc.c-torture/execute/960215-1.c compilation, -O3 -g
UNRESOLVED: gcc.c-torture/execute/960215-1.c execution, -O3 -g
FAIL: gcc.c-torture/execute/960215-1.c compilation, -Os
UNRESOLVED: gcc.c-torture/execute/960215-1.c execution, -Os
FAIL: gcc.c-torture/execute/960405-1.c compilation, -O0
UNRESOLVED: gcc.c-torture/execute/960405-1.c execution, -O0
FAIL: gcc.c-torture/execute/960405-1.c compilation, -O1
UNRESOLVED: gcc.c-torture/execute/960405-1.c execution, -O1
FAIL: gcc.c-torture/execute/960405-1.c compilation, -O2
UNRESOLVED: gcc.c-torture/execute/960405-1.c execution, -O2
FAIL: gcc.c-torture/execute/960405-1.c compilation, -O3 -fomit-frame-pointer
UNRESOLVED: gcc.c-torture/execute/960405-1.c execution, -O3 -fomit-frame-pointer
FAIL: gcc.c-torture/execute/960405-1.c compilation, -O3 -g
UNRESOLVED: gcc.c-torture/execute/960405-1.c execution, -O3 -g
FAIL: gcc.c-torture/execute/960405-1.c compilation, -Os
UNRESOLVED: gcc.c-torture/execute/960405-1.c execution, -Os
FAIL: gcc.c-torture/execute/960513-1.c compilation, -O0
UNRESOLVED: gcc.c-torture/execute/960513-1.c execution, -O0
FAIL: gcc.c-torture/execute/960513-1.c compilation, -O1
UNRESOLVED: gcc.c-torture/execute/960513-1.c execution, -O1
FAIL: gcc.c-torture/execute/960513-1.c compilation, -O2
UNRESOLVED: gcc.c-torture/execute/960513-1.c execution, -O2
FAIL: gcc.c-torture/execute/960513-1.c compilation, -O3 -fomit-frame-pointer
UNRESOLVED: gcc.c-torture/execute/960513-1.c execution, -O3 -fomit-frame-pointer
FAIL: gcc.c-torture/execute/960513-1.c compilation, -O3 -g
UNRESOLVED: gcc.c-torture/execute/960513-1.c execution, -O3 -g
FAIL: gcc.c-torture/execute/960513-1.c compilation, -Os
UNRESOLVED: gcc.c-torture/execute/960513-1.c execution, -Os
FAIL: gcc.c-torture/execute/align-2.c compilation, -O0
UNRESOLVED: gcc.c-torture/execute/align-2.c execution, -O0
FAIL: gcc.c-torture/execute/align-2.c compilation, -O1
UNRESOLVED: gcc.c-torture/execute/align-2.c execution, -O1
FAIL: gcc.c-torture/execute/align-2.c compilation, -O2
UNRESOLVED: gcc.c-torture/execute/align-2.c execution, -O2
FAIL: gcc.c-torture/execute/align-2.c compilation, -O3 -fomit-frame-pointer
UNRESOLVED: gcc.c-torture/execute/align-2.c execution, -O3 -fomit-frame-pointer
FAIL: gcc.c-torture/execute/align-2.c compilation, -O3 -g
UNRESOLVED: gcc.c-torture/execute/align-2.c execution, -O3 -g
FAIL: gcc.c-torture/execute/align-2.c compilation, -Os
UNRESOLVED: gcc.c-torture/execute/align-2.c execution, -Os
FAIL: gcc.c-torture/execute/builtin-bitops-1.c compilation, -O0
UNRESOLVED: gcc.c-torture/execute/builtin-bitops-1.c execution, -O0
FAIL: gcc.c-torture/execute/builtin-bitops-1.c compilation, -O1
UNRESOLVED: gcc.c-torture/execute/builtin-bitops-1.c execution, -O1
FAIL: gcc.c-torture/execute/builtin-bitops-1.c compilation, -O2
UNRESOLVED: gcc.c-torture/execute/builtin-bitops-1.c execution, -O2
FAIL: gcc.c-torture/execute/builtin-bitops-1.c compilation, -O3 -fomit-frame-pointer
UNRESOLVED: gcc.c-torture/execute/builtin-bitops-1.c execution, -O3 -fomit-frame-pointer
FAIL: gcc.c-torture/execute/builtin-bitops-1.c compilation, -O3 -fomit-frame-pointer -funroll-loops
UNRESOLVED: gcc.c-torture/execute/builtin-bitops-1.c execution, -O3 -fomit-frame-pointer -funroll-loops
FAIL: gcc.c-torture/execute/builtin-bitops-1.c compilation, -O3 -fomit-frame-pointer -funroll-all-loops -finline-functions
UNRESOLVED: gcc.c-torture/execute/builtin-bitops-1.c execution, -O3 -fomit-frame-pointer -funroll-all-loops -finline-functions
FAIL: gcc.c-torture/execute/builtin-bitops-1.c compilation, -O3 -g
UNRESOLVED: gcc.c-torture/execute/builtin-bitops-1.c execution, -O3 -g
FAIL: gcc.c-torture/execute/builtin-bitops-1.c compilation, -Os
UNRESOLVED: gcc.c-torture/execute/builtin-bitops-1.c execution, -Os
FAIL: gcc.c-torture/execute/builtin-complex-1.c compilation, -O0
UNRESOLVED: gcc.c-torture/execute/builtin-complex-1.c execution, -O0
FAIL: gcc.c-torture/execute/builtin-complex-1.c compilation, -O1
UNRESOLVED: gcc.c-torture/execute/builtin-complex-1.c execution, -O1
FAIL: gcc.c-torture/execute/builtin-complex-1.c compilation, -O2
UNRESOLVED: gcc.c-torture/execute/builtin-complex-1.c execution, -O2
FAIL: gcc.c-torture/execute/builtin-complex-1.c compilation, -O3 -fomit-frame-pointer
UNRESOLVED: gcc.c-torture/execute/builtin-complex-1.c execution, -O3 -fomit-frame-pointer
FAIL: gcc.c-torture/execute/builtin-complex-1.c compilation, -O3 -g
UNRESOLVED: gcc.c-torture/execute/builtin-complex-1.c execution, -O3 -g
FAIL: gcc.c-torture/execute/builtin-complex-1.c compilation, -Os
UNRESOLVED: gcc.c-torture/execute/builtin-complex-1.c execution, -Os
FAIL: gcc.c-torture/execute/complex-6.c compilation, -O0
UNRESOLVED: gcc.c-torture/execute/complex-6.c execution, -O0
FAIL: gcc.c-torture/execute/complex-6.c compilation, -O1
UNRESOLVED: gcc.c-torture/execute/complex-6.c execution, -O1
FAIL: gcc.c-torture/execute/complex-6.c compilation, -O2
UNRESOLVED: gcc.c-torture/execute/complex-6.c execution, -O2
FAIL: gcc.c-torture/execute/complex-6.c compilation, -O3 -fomit-frame-pointer
UNRESOLVED: gcc.c-torture/execute/complex-6.c execution, -O3 -fomit-frame-pointer
FAIL: gcc.c-torture/execute/complex-6.c compilation, -O3 -g
UNRESOLVED: gcc.c-torture/execute/complex-6.c execution, -O3 -g
FAIL: gcc.c-torture/execute/complex-6.c compilation, -Os
UNRESOLVED: gcc.c-torture/execute/complex-6.c execution, -Os
FAIL: gcc.c-torture/execute/conversion.c compilation, -O0
UNRESOLVED: gcc.c-torture/execute/conversion.c execution, -O0
FAIL: gcc.c-torture/execute/conversion.c compilation, -O1
UNRESOLVED: gcc.c-torture/execute/conversion.c execution, -O1
FAIL: gcc.c-torture/execute/conversion.c compilation, -O2
UNRESOLVED: gcc.c-torture/execute/conversion.c execution, -O2
FAIL: gcc.c-torture/execute/conversion.c compilation, -O3 -fomit-frame-pointer
UNRESOLVED: gcc.c-torture/execute/conversion.c execution, -O3 -fomit-frame-pointer
FAIL: gcc.c-torture/execute/conversion.c compilation, -O3 -g
UNRESOLVED: gcc.c-torture/execute/conversion.c execution, -O3 -g
FAIL: gcc.c-torture/execute/conversion.c compilation, -Os
UNRESOLVED: gcc.c-torture/execute/conversion.c execution, -Os
FAIL: gcc.c-torture/execute/regstack-1.c compilation, -O0
UNRESOLVED: gcc.c-torture/execute/regstack-1.c execution, -O0
FAIL: gcc.c-torture/execute/regstack-1.c compilation, -O1
UNRESOLVED: gcc.c-torture/execute/regstack-1.c execution, -O1
FAIL: gcc.c-torture/execute/regstack-1.c compilation, -O2
UNRESOLVED: gcc.c-torture/execute/regstack-1.c execution, -O2
FAIL: gcc.c-torture/execute/regstack-1.c compilation, -O3 -fomit-frame-pointer
UNRESOLVED: gcc.c-torture/execute/regstack-1.c execution, -O3 -fomit-frame-pointer
FAIL: gcc.c-torture/execute/regstack-1.c compilation, -O3 -g
UNRESOLVED: gcc.c-torture/execute/regstack-1.c execution, -O3 -g
FAIL: gcc.c-torture/execute/regstack-1.c compilation, -Os
UNRESOLVED: gcc.c-torture/execute/regstack-1.c execution, -Os
FAIL: gcc.c-torture/execute/va-arg-5.c compilation, -O0
UNRESOLVED: gcc.c-torture/execute/va-arg-5.c execution, -O0
FAIL: gcc.c-torture/execute/va-arg-5.c compilation, -O1
UNRESOLVED: gcc.c-torture/execute/va-arg-5.c execution, -O1
FAIL: gcc.c-torture/execute/va-arg-5.c compilation, -O2
UNRESOLVED: gcc.c-torture/execute/va-arg-5.c execution, -O2
FAIL: gcc.c-torture/execute/va-arg-5.c compilation, -O3 -fomit-frame-pointer
UNRESOLVED: gcc.c-torture/execute/va-arg-5.c execution, -O3 -fomit-frame-pointer
FAIL: gcc.c-torture/execute/va-arg-5.c compilation, -O3 -g
UNRESOLVED: gcc.c-torture/execute/va-arg-5.c execution, -O3 -g
FAIL: gcc.c-torture/execute/va-arg-5.c compilation, -Os
UNRESOLVED: gcc.c-torture/execute/va-arg-5.c execution, -Os
FAIL: gcc.c-torture/execute/va-arg-6.c compilation, -O0
UNRESOLVED: gcc.c-torture/execute/va-arg-6.c execution, -O0
FAIL: gcc.c-torture/execute/va-arg-6.c compilation, -O1
UNRESOLVED: gcc.c-torture/execute/va-arg-6.c execution, -O1
FAIL: gcc.c-torture/execute/va-arg-6.c compilation, -O2
UNRESOLVED: gcc.c-torture/execute/va-arg-6.c execution, -O2
FAIL: gcc.c-torture/execute/va-arg-6.c compilation, -O3 -fomit-frame-pointer
UNRESOLVED: gcc.c-torture/execute/va-arg-6.c execution, -O3 -fomit-frame-pointer
FAIL: gcc.c-torture/execute/va-arg-6.c compilation, -O3 -g
UNRESOLVED: gcc.c-torture/execute/va-arg-6.c execution, -O3 -g
FAIL: gcc.c-torture/execute/va-arg-6.c compilation, -Os
UNRESOLVED: gcc.c-torture/execute/va-arg-6.c execution, -Os
FAIL: gcc.c-torture/execute/ieee/20010226-1.c compilation, -O0
UNRESOLVED: gcc.c-torture/execute/ieee/20010226-1.c execution, -O0
FAIL: gcc.c-torture/execute/ieee/20010226-1.c compilation, -O1
UNRESOLVED: gcc.c-torture/execute/ieee/20010226-1.c execution, -O1
FAIL: gcc.c-torture/execute/ieee/20010226-1.c compilation, -O2
UNRESOLVED: gcc.c-torture/execute/ieee/20010226-1.c execution, -O2
FAIL: gcc.c-torture/execute/ieee/20010226-1.c compilation, -O3 -fomit-frame-pointer
UNRESOLVED: gcc.c-torture/execute/ieee/20010226-1.c execution, -O3 -fomit-frame-pointer
FAIL: gcc.c-torture/execute/ieee/20010226-1.c compilation, -O3 -g
UNRESOLVED: gcc.c-torture/execute/ieee/20010226-1.c execution, -O3 -g
FAIL: gcc.c-torture/execute/ieee/20010226-1.c compilation, -Os
UNRESOLVED: gcc.c-torture/execute/ieee/20010226-1.c execution, -Os
FAIL: gcc.c-torture/execute/ieee/20011123-1.c compilation, -O0
UNRESOLVED: gcc.c-torture/execute/ieee/20011123-1.c execution, -O0
FAIL: gcc.c-torture/execute/ieee/20011123-1.c compilation, -O1
UNRESOLVED: gcc.c-torture/execute/ieee/20011123-1.c execution, -O1
FAIL: gcc.c-torture/execute/ieee/20011123-1.c compilation, -O2
UNRESOLVED: gcc.c-torture/execute/ieee/20011123-1.c execution, -O2
FAIL: gcc.c-torture/execute/ieee/20011123-1.c compilation, -O3 -fomit-frame-pointer
UNRESOLVED: gcc.c-torture/execute/ieee/20011123-1.c execution, -O3 -fomit-frame-pointer
FAIL: gcc.c-torture/execute/ieee/20011123-1.c compilation, -O3 -g
UNRESOLVED: gcc.c-torture/execute/ieee/20011123-1.c execution, -O3 -g
FAIL: gcc.c-torture/execute/ieee/20011123-1.c compilation, -Os
UNRESOLVED: gcc.c-torture/execute/ieee/20011123-1.c execution, -Os
FAIL: gcc.c-torture/execute/ieee/fp-cmp-3.c compilation, -O0
UNRESOLVED: gcc.c-torture/execute/ieee/fp-cmp-3.c execution, -O0
FAIL: gcc.c-torture/execute/ieee/fp-cmp-3.c compilation, -O1
UNRESOLVED: gcc.c-torture/execute/ieee/fp-cmp-3.c execution, -O1
FAIL: gcc.c-torture/execute/ieee/fp-cmp-3.c compilation, -O2
UNRESOLVED: gcc.c-torture/execute/ieee/fp-cmp-3.c execution, -O2
FAIL: gcc.c-torture/execute/ieee/fp-cmp-3.c compilation, -O3 -fomit-frame-pointer
UNRESOLVED: gcc.c-torture/execute/ieee/fp-cmp-3.c execution, -O3 -fomit-frame-pointer
FAIL: gcc.c-torture/execute/ieee/fp-cmp-3.c compilation, -O3 -fomit-frame-pointer -funroll-loops
UNRESOLVED: gcc.c-torture/execute/ieee/fp-cmp-3.c execution, -O3 -fomit-frame-pointer -funroll-loops
FAIL: gcc.c-torture/execute/ieee/fp-cmp-3.c compilation, -O3 -fomit-frame-pointer -funroll-all-loops -finline-functions
UNRESOLVED: gcc.c-torture/execute/ieee/fp-cmp-3.c execution, -O3 -fomit-frame-pointer -funroll-all-loops -finline-functions
FAIL: gcc.c-torture/execute/ieee/fp-cmp-3.c compilation, -O3 -g
UNRESOLVED: gcc.c-torture/execute/ieee/fp-cmp-3.c execution, -O3 -g
FAIL: gcc.c-torture/execute/ieee/fp-cmp-3.c compilation, -Os
UNRESOLVED: gcc.c-torture/execute/ieee/fp-cmp-3.c execution, -Os
FAIL: gcc.c-torture/execute/ieee/hugeval.c compilation, -O1
UNRESOLVED: gcc.c-torture/execute/ieee/hugeval.c execution, -O1
FAIL: gcc.c-torture/execute/ieee/inf-1.c compilation, -O0
UNRESOLVED: gcc.c-torture/execute/ieee/inf-1.c execution, -O0
FAIL: gcc.c-torture/execute/ieee/inf-1.c compilation, -O1
UNRESOLVED: gcc.c-torture/execute/ieee/inf-1.c execution, -O1
FAIL: gcc.c-torture/execute/ieee/inf-1.c compilation, -O2
UNRESOLVED: gcc.c-torture/execute/ieee/inf-1.c execution, -O2
FAIL: gcc.c-torture/execute/ieee/inf-1.c compilation, -O3 -fomit-frame-pointer
UNRESOLVED: gcc.c-torture/execute/ieee/inf-1.c execution, -O3 -fomit-frame-pointer
FAIL: gcc.c-torture/execute/ieee/inf-1.c compilation, -O3 -g
UNRESOLVED: gcc.c-torture/execute/ieee/inf-1.c execution, -O3 -g
FAIL: gcc.c-torture/execute/ieee/inf-1.c compilation, -Os
UNRESOLVED: gcc.c-torture/execute/ieee/inf-1.c execution, -Os
FAIL: gcc.c-torture/execute/ieee/inf-2.c compilation, -O0
UNRESOLVED: gcc.c-torture/execute/ieee/inf-2.c execution, -O0
FAIL: gcc.c-torture/execute/ieee/inf-2.c compilation, -O1
UNRESOLVED: gcc.c-torture/execute/ieee/inf-2.c execution, -O1
FAIL: gcc.c-torture/execute/ieee/inf-2.c compilation, -O2
UNRESOLVED: gcc.c-torture/execute/ieee/inf-2.c execution, -O2
FAIL: gcc.c-torture/execute/ieee/inf-2.c compilation, -O3 -fomit-frame-pointer
UNRESOLVED: gcc.c-torture/execute/ieee/inf-2.c execution, -O3 -fomit-frame-pointer
FAIL: gcc.c-torture/execute/ieee/inf-2.c compilation, -O3 -g
UNRESOLVED: gcc.c-torture/execute/ieee/inf-2.c execution, -O3 -g
FAIL: gcc.c-torture/execute/ieee/inf-2.c compilation, -Os
UNRESOLVED: gcc.c-torture/execute/ieee/inf-2.c execution, -Os
FAIL: gcc.c-torture/execute/ieee/mul-subnormal-single-1.c execution, -O0
FAIL: gcc.c-torture/execute/ieee/mul-subnormal-single-1.c execution, -O1
FAIL: gcc.c-torture/execute/ieee/mul-subnormal-single-1.c execution, -O2
FAIL: gcc.c-torture/execute/ieee/mul-subnormal-single-1.c execution, -O3 -fomit-frame-pointer
FAIL: gcc.c-torture/execute/ieee/mul-subnormal-single-1.c execution, -O3 -fomit-frame-pointer -funroll-loops
FAIL: gcc.c-torture/execute/ieee/mul-subnormal-single-1.c execution, -O3 -fomit-frame-pointer -funroll-all-loops -finline-functions
FAIL: gcc.c-torture/execute/ieee/mul-subnormal-single-1.c execution, -O3 -g
FAIL: gcc.c-torture/execute/ieee/mul-subnormal-single-1.c execution, -Os
FAIL: gcc.c-torture/execute/ieee/mzero2.c compilation, -O0
UNRESOLVED: gcc.c-torture/execute/ieee/mzero2.c execution, -O0
FAIL: gcc.c-torture/execute/ieee/mzero2.c compilation, -O1
UNRESOLVED: gcc.c-torture/execute/ieee/mzero2.c execution, -O1
FAIL: gcc.dg/compat/scalar-by-value-1 c_compat_x_tst.o-c_compat_y_tst.o link
UNRESOLVED: gcc.dg/compat/scalar-by-value-1 c_compat_x_tst.o-c_compat_y_tst.o execute
FAIL: gcc.dg/compat/scalar-by-value-3 c_compat_x_tst.o-c_compat_y_tst.o link
UNRESOLVED: gcc.dg/compat/scalar-by-value-3 c_compat_x_tst.o-c_compat_y_tst.o execute
FAIL: gcc.dg/compat/scalar-return-1 c_compat_x_tst.o-c_compat_y_tst.o link
UNRESOLVED: gcc.dg/compat/scalar-return-1 c_compat_x_tst.o-c_compat_y_tst.o execute
FAIL: gcc.dg/compat/scalar-return-3 c_compat_x_tst.o-c_compat_y_tst.o link
UNRESOLVED: gcc.dg/compat/scalar-return-3 c_compat_x_tst.o-c_compat_y_tst.o execute
FAIL: gcc.dg/compat/struct-by-value-10 c_compat_x_tst.o-c_compat_y_tst.o link
UNRESOLVED: gcc.dg/compat/struct-by-value-10 c_compat_x_tst.o-c_compat_y_tst.o execute
FAIL: gcc.dg/compat/struct-by-value-18 c_compat_x_tst.o-c_compat_y_tst.o link
UNRESOLVED: gcc.dg/compat/struct-by-value-18 c_compat_x_tst.o-c_compat_y_tst.o execute
FAIL: gcc.dg/compat/struct-by-value-7a c_compat_x_tst.o-c_compat_y_tst.o link
UNRESOLVED: gcc.dg/compat/struct-by-value-7a c_compat_x_tst.o-c_compat_y_tst.o execute
FAIL: gcc.dg/compat/struct-by-value-7b c_compat_x_tst.o-c_compat_y_tst.o link
UNRESOLVED: gcc.dg/compat/struct-by-value-7b c_compat_x_tst.o-c_compat_y_tst.o execute
FAIL: gcc.dg/compat/struct-return-10 c_compat_x_tst.o-c_compat_y_tst.o link
UNRESOLVED: gcc.dg/compat/struct-return-10 c_compat_x_tst.o-c_compat_y_tst.o execute
FAIL: gcc.dg/debug/20020220-1.c (test for excess errors)
WARNING: gcc.dg/debug/20020220-1.c compilation failed to produce executable
FAIL: gcc.dg/debug/20020220-1.c (test for excess errors)
WARNING: gcc.dg/debug/20020220-1.c compilation failed to produce executable
FAIL: gcc.dg/debug/20020220-1.c (test for excess errors)
WARNING: gcc.dg/debug/20020220-1.c compilation failed to produce executable
FAIL: gcc.dg/builtins-18.c (test for excess errors)
FAIL: gcc.dg/c90-const-expr-3.c (test for excess errors)
FAIL: gcc.dg/c99-const-expr-3.c (test for excess errors)
FAIL: gcc.dg/funcorder.c scan-assembler-not link_error
XPASS: gcc.dg/sibcall-3.c execution test
XPASS: gcc.dg/sibcall-4.c execution test
UNRESOLVED: gcc.dg/visibility-1.c
UNRESOLVED: gcc.dg/visibility-2.c
UNRESOLVED: gcc.dg/visibility-3.c
UNRESOLVED: gcc.dg/visibility-4.c
UNRESOLVED: gcc.dg/visibility-5.c
UNRESOLVED: gcc.dg/visibility-6.c
UNRESOLVED: gcc.dg/visibility-7.c
UNRESOLVED: gcc.dg/visibility-8.c
FAIL: gcc.dg/wtr-func-def-1.c (test for excess errors)
FAIL: largefile.c (test for excess errors)
FAIL: largefile.c (test for excess errors)
FAIL: largefile.c (test for excess errors)
FAIL: largefile.c (test for excess errors)
FAIL: largefile.c (test for excess errors)
FAIL: largefile.c (test for excess errors)
FAIL: largefile.c (test for excess errors)
FAIL: gcc.dg/special/gcsec-1.c (test for excess errors)
WARNING: gcc.dg/special/gcsec-1.c compilation failed to produce executable
=== gcc Summary for unix/-mabi=64 ===
# of expected passes 24364
# of unexpected failures 176
# of unexpected successes 2
# of expected failures 64
# of unresolved testcases 160
# of untested testcases 35
# of unsupported tests 321
=== gcc Summary ===
# of expected passes 73245
# of unexpected failures 450
# of unexpected successes 12
# of expected failures 186
# of unresolved testcases 408
# of untested testcases 105
# of unsupported tests 963
/.vol/gcc/obj/gcc-3.5.0-20040510/6.5-gcc-java-gas-gld/gcc/xgcc version 3.5.0 20040510 (experimental)
=== objc tests ===
Running target unix
=== objc Summary for unix ===
# of expected passes 1339
# of unsupported tests 8
Running target unix/-mabi=32
=== objc Summary for unix/-mabi=32 ===
# of expected passes 1339
# of unsupported tests 8
Running target unix/-mabi=64
=== objc Summary for unix/-mabi=64 ===
# of expected passes 1339
# of unsupported tests 8
=== objc Summary ===
# of expected passes 4017
# of unsupported tests 24
/.vol/gcc/obj/gcc-3.5.0-20040510/6.5-gcc-java-gas-gld/gcc/xgcc version 3.5.0 20040510 (experimental)
=== libffi tests ===
Running target unix
FAIL: libffi.call/closure_fn0.c (test for excess errors)
WARNING: libffi.call/closure_fn0.c compilation failed to produce executable
FAIL: libffi.call/closure_fn1.c (test for excess errors)
WARNING: libffi.call/closure_fn1.c compilation failed to produce executable
FAIL: libffi.call/closure_fn2.c (test for excess errors)
WARNING: libffi.call/closure_fn2.c compilation failed to produce executable
FAIL: libffi.call/closure_fn3.c (test for excess errors)
WARNING: libffi.call/closure_fn3.c compilation failed to produce executable
FAIL: libffi.call/closure_fn4.c (test for excess errors)
WARNING: libffi.call/closure_fn4.c compilation failed to produce executable
FAIL: libffi.call/closure_fn5.c (test for excess errors)
WARNING: libffi.call/closure_fn5.c compilation failed to produce executable
FAIL: libffi.call/cls_12byte.c (test for excess errors)
WARNING: libffi.call/cls_12byte.c compilation failed to produce executable
FAIL: libffi.call/cls_16byte.c (test for excess errors)
WARNING: libffi.call/cls_16byte.c compilation failed to produce executable
FAIL: libffi.call/cls_18byte.c (test for excess errors)
WARNING: libffi.call/cls_18byte.c compilation failed to produce executable
FAIL: libffi.call/cls_19byte.c (test for excess errors)
WARNING: libffi.call/cls_19byte.c compilation failed to produce executable
FAIL: libffi.call/cls_1_1byte.c (test for excess errors)
WARNING: libffi.call/cls_1_1byte.c compilation failed to produce executable
FAIL: libffi.call/cls_20byte.c (test for excess errors)
WARNING: libffi.call/cls_20byte.c compilation failed to produce executable
FAIL: libffi.call/cls_20byte1.c (test for excess errors)
WARNING: libffi.call/cls_20byte1.c compilation failed to produce executable
FAIL: libffi.call/cls_24byte.c (test for excess errors)
WARNING: libffi.call/cls_24byte.c compilation failed to produce executable
FAIL: libffi.call/cls_2byte.c (test for excess errors)
WARNING: libffi.call/cls_2byte.c compilation failed to produce executable
FAIL: libffi.call/cls_3_1byte.c (test for excess errors)
WARNING: libffi.call/cls_3_1byte.c compilation failed to produce executable
FAIL: libffi.call/cls_3byte1.c (test for excess errors)
WARNING: libffi.call/cls_3byte1.c compilation failed to produce executable
FAIL: libffi.call/cls_3byte2.c (test for excess errors)
WARNING: libffi.call/cls_3byte2.c compilation failed to produce executable
FAIL: libffi.call/cls_4_1byte.c (test for excess errors)
WARNING: libffi.call/cls_4_1byte.c compilation failed to produce executable
FAIL: libffi.call/cls_4byte.c (test for excess errors)
WARNING: libffi.call/cls_4byte.c compilation failed to produce executable
FAIL: libffi.call/cls_5byte.c (test for excess errors)
WARNING: libffi.call/cls_5byte.c compilation failed to produce executable
FAIL: libffi.call/cls_64byte.c (test for excess errors)
WARNING: libffi.call/cls_64byte.c compilation failed to produce executable
FAIL: libffi.call/cls_6byte.c (test for excess errors)
WARNING: libffi.call/cls_6byte.c compilation failed to produce executable
FAIL: libffi.call/cls_7byte.c (test for excess errors)
WARNING: libffi.call/cls_7byte.c compilation failed to produce executable
FAIL: libffi.call/cls_8byte.c (test for excess errors)
WARNING: libffi.call/cls_8byte.c compilation failed to produce executable
FAIL: libffi.call/cls_9byte1.c (test for excess errors)
WARNING: libffi.call/cls_9byte1.c compilation failed to produce executable
FAIL: libffi.call/cls_9byte2.c (test for excess errors)
WARNING: libffi.call/cls_9byte2.c compilation failed to produce executable
FAIL: libffi.call/cls_align_double.c (test for excess errors)
WARNING: libffi.call/cls_align_double.c compilation failed to produce executable
FAIL: libffi.call/cls_align_float.c (test for excess errors)
WARNING: libffi.call/cls_align_float.c compilation failed to produce executable
FAIL: libffi.call/cls_align_longdouble.c (test for excess errors)
WARNING: libffi.call/cls_align_longdouble.c compilation failed to produce executable
FAIL: libffi.call/cls_align_pointer.c (test for excess errors)
WARNING: libffi.call/cls_align_pointer.c compilation failed to produce executable
FAIL: libffi.call/cls_align_sint16.c (test for excess errors)
WARNING: libffi.call/cls_align_sint16.c compilation failed to produce executable
FAIL: libffi.call/cls_align_sint32.c (test for excess errors)
WARNING: libffi.call/cls_align_sint32.c compilation failed to produce executable
FAIL: libffi.call/cls_align_sint64.c (test for excess errors)
WARNING: libffi.call/cls_align_sint64.c compilation failed to produce executable
FAIL: libffi.call/cls_align_uint16.c (test for excess errors)
WARNING: libffi.call/cls_align_uint16.c compilation failed to produce executable
FAIL: libffi.call/cls_align_uint32.c (test for excess errors)
WARNING: libffi.call/cls_align_uint32.c compilation failed to produce executable
FAIL: libffi.call/cls_align_uint64.c (test for excess errors)
WARNING: libffi.call/cls_align_uint64.c compilation failed to produce executable
FAIL: libffi.call/cls_double.c (test for excess errors)
WARNING: libffi.call/cls_double.c compilation failed to produce executable
FAIL: libffi.call/cls_float.c (test for excess errors)
WARNING: libffi.call/cls_float.c compilation failed to produce executable
FAIL: libffi.call/cls_multi_schar.c (test for excess errors)
WARNING: libffi.call/cls_multi_schar.c compilation failed to produce executable
FAIL: libffi.call/cls_multi_sshort.c (test for excess errors)
WARNING: libffi.call/cls_multi_sshort.c compilation failed to produce executable
FAIL: libffi.call/cls_multi_sshortchar.c (test for excess errors)
WARNING: libffi.call/cls_multi_sshortchar.c compilation failed to produce executable
FAIL: libffi.call/cls_multi_uchar.c (test for excess errors)
WARNING: libffi.call/cls_multi_uchar.c compilation failed to produce executable
FAIL: libffi.call/cls_multi_ushort.c (test for excess errors)
WARNING: libffi.call/cls_multi_ushort.c compilation failed to produce executable
FAIL: libffi.call/cls_multi_ushortchar.c (test for excess errors)
WARNING: libffi.call/cls_multi_ushortchar.c compilation failed to produce executable
FAIL: libffi.call/cls_schar.c (test for excess errors)
WARNING: libffi.call/cls_schar.c compilation failed to produce executable
FAIL: libffi.call/cls_sint.c (test for excess errors)
WARNING: libffi.call/cls_sint.c compilation failed to produce executable
FAIL: libffi.call/cls_sshort.c (test for excess errors)
WARNING: libffi.call/cls_sshort.c compilation failed to produce executable
FAIL: libffi.call/cls_uchar.c (test for excess errors)
WARNING: libffi.call/cls_uchar.c compilation failed to produce executable
FAIL: libffi.call/cls_uint.c (test for excess errors)
WARNING: libffi.call/cls_uint.c compilation failed to produce executable
FAIL: libffi.call/cls_ulonglong.c (test for excess errors)
WARNING: libffi.call/cls_ulonglong.c compilation failed to produce executable
FAIL: libffi.call/cls_ushort.c (test for excess errors)
WARNING: libffi.call/cls_ushort.c compilation failed to produce executable
FAIL: libffi.call/float1.c (test for excess errors)
FAIL: libffi.call/float2.c (test for excess errors)
WARNING: libffi.call/float2.c compilation failed to produce executable
FAIL: libffi.call/many.c (test for excess errors)
FAIL: libffi.call/nested_struct.c (test for excess errors)
WARNING: libffi.call/nested_struct.c compilation failed to produce executable
FAIL: libffi.call/nested_struct1.c (test for excess errors)
WARNING: libffi.call/nested_struct1.c compilation failed to produce executable
FAIL: libffi.call/nested_struct2.c (test for excess errors)
WARNING: libffi.call/nested_struct2.c compilation failed to produce executable
FAIL: libffi.call/nested_struct3.c (test for excess errors)
WARNING: libffi.call/nested_struct3.c compilation failed to produce executable
FAIL: libffi.call/problem1.c (test for excess errors)
WARNING: libffi.call/problem1.c compilation failed to produce executable
FAIL: libffi.call/promotion.c (test for excess errors)
FAIL: libffi.call/pyobjc-tc.c (test for excess errors)
FAIL: libffi.call/return_ll.c (test for excess errors)
FAIL: libffi.call/return_sc.c (test for excess errors)
FAIL: libffi.call/return_uc.c (test for excess errors)
FAIL: libffi.call/strlen.c (test for excess errors)
FAIL: libffi.call/struct1.c (test for excess errors)
FAIL: libffi.call/struct2.c (test for excess errors)
FAIL: libffi.call/struct3.c (test for excess errors)
FAIL: libffi.call/struct4.c (test for excess errors)
FAIL: libffi.call/struct5.c (test for excess errors)
FAIL: libffi.call/struct6.c (test for excess errors)
FAIL: libffi.call/struct6.c execution test
FAIL: libffi.call/struct7.c (test for excess errors)
FAIL: libffi.call/struct7.c execution test
FAIL: libffi.call/struct8.c (test for excess errors)
FAIL: libffi.call/struct9.c (test for excess errors)
FAIL: libffi.special/unwindtest.cc (test for excess errors)
WARNING: libffi.special/unwindtest.cc compilation failed to produce executable
=== libffi Summary for unix ===
# of expected passes 17
# of unexpected failures 78
# of unsupported tests 2
Running target unix/-mabi=32
FAIL: libffi.call/closure_fn0.c (test for excess errors)
WARNING: libffi.call/closure_fn0.c compilation failed to produce executable
FAIL: libffi.call/closure_fn1.c (test for excess errors)
WARNING: libffi.call/closure_fn1.c compilation failed to produce executable
FAIL: libffi.call/closure_fn2.c (test for excess errors)
WARNING: libffi.call/closure_fn2.c compilation failed to produce executable
FAIL: libffi.call/closure_fn3.c (test for excess errors)
WARNING: libffi.call/closure_fn3.c compilation failed to produce executable
FAIL: libffi.call/closure_fn4.c (test for excess errors)
WARNING: libffi.call/closure_fn4.c compilation failed to produce executable
FAIL: libffi.call/closure_fn5.c (test for excess errors)
WARNING: libffi.call/closure_fn5.c compilation failed to produce executable
FAIL: libffi.call/cls_12byte.c (test for excess errors)
WARNING: libffi.call/cls_12byte.c compilation failed to produce executable
FAIL: libffi.call/cls_16byte.c (test for excess errors)
WARNING: libffi.call/cls_16byte.c compilation failed to produce executable
FAIL: libffi.call/cls_18byte.c (test for excess errors)
WARNING: libffi.call/cls_18byte.c compilation failed to produce executable
FAIL: libffi.call/cls_19byte.c (test for excess errors)
WARNING: libffi.call/cls_19byte.c compilation failed to produce executable
FAIL: libffi.call/cls_1_1byte.c (test for excess errors)
WARNING: libffi.call/cls_1_1byte.c compilation failed to produce executable
FAIL: libffi.call/cls_20byte.c (test for excess errors)
WARNING: libffi.call/cls_20byte.c compilation failed to produce executable
FAIL: libffi.call/cls_20byte1.c (test for excess errors)
WARNING: libffi.call/cls_20byte1.c compilation failed to produce executable
FAIL: libffi.call/cls_24byte.c (test for excess errors)
WARNING: libffi.call/cls_24byte.c compilation failed to produce executable
FAIL: libffi.call/cls_2byte.c (test for excess errors)
WARNING: libffi.call/cls_2byte.c compilation failed to produce executable
FAIL: libffi.call/cls_3_1byte.c (test for excess errors)
WARNING: libffi.call/cls_3_1byte.c compilation failed to produce executable
FAIL: libffi.call/cls_3byte1.c (test for excess errors)
WARNING: libffi.call/cls_3byte1.c compilation failed to produce executable
FAIL: libffi.call/cls_3byte2.c (test for excess errors)
WARNING: libffi.call/cls_3byte2.c compilation failed to produce executable
FAIL: libffi.call/cls_4_1byte.c (test for excess errors)
WARNING: libffi.call/cls_4_1byte.c compilation failed to produce executable
FAIL: libffi.call/cls_4byte.c (test for excess errors)
WARNING: libffi.call/cls_4byte.c compilation failed to produce executable
FAIL: libffi.call/cls_5byte.c (test for excess errors)
WARNING: libffi.call/cls_5byte.c compilation failed to produce executable
FAIL: libffi.call/cls_64byte.c (test for excess errors)
WARNING: libffi.call/cls_64byte.c compilation failed to produce executable
FAIL: libffi.call/cls_6byte.c (test for excess errors)
WARNING: libffi.call/cls_6byte.c compilation failed to produce executable
FAIL: libffi.call/cls_7byte.c (test for excess errors)
WARNING: libffi.call/cls_7byte.c compilation failed to produce executable
FAIL: libffi.call/cls_8byte.c (test for excess errors)
WARNING: libffi.call/cls_8byte.c compilation failed to produce executable
FAIL: libffi.call/cls_9byte1.c (test for excess errors)
WARNING: libffi.call/cls_9byte1.c compilation failed to produce executable
FAIL: libffi.call/cls_9byte2.c (test for excess errors)
WARNING: libffi.call/cls_9byte2.c compilation failed to produce executable
FAIL: libffi.call/cls_align_double.c (test for excess errors)
WARNING: libffi.call/cls_align_double.c compilation failed to produce executable
FAIL: libffi.call/cls_align_float.c (test for excess errors)
WARNING: libffi.call/cls_align_float.c compilation failed to produce executable
FAIL: libffi.call/cls_align_longdouble.c (test for excess errors)
WARNING: libffi.call/cls_align_longdouble.c compilation failed to produce executable
FAIL: libffi.call/cls_align_pointer.c (test for excess errors)
WARNING: libffi.call/cls_align_pointer.c compilation failed to produce executable
FAIL: libffi.call/cls_align_sint16.c (test for excess errors)
WARNING: libffi.call/cls_align_sint16.c compilation failed to produce executable
FAIL: libffi.call/cls_align_sint32.c (test for excess errors)
WARNING: libffi.call/cls_align_sint32.c compilation failed to produce executable
FAIL: libffi.call/cls_align_sint64.c (test for excess errors)
WARNING: libffi.call/cls_align_sint64.c compilation failed to produce executable
FAIL: libffi.call/cls_align_uint16.c (test for excess errors)
WARNING: libffi.call/cls_align_uint16.c compilation failed to produce executable
FAIL: libffi.call/cls_align_uint32.c (test for excess errors)
WARNING: libffi.call/cls_align_uint32.c compilation failed to produce executable
FAIL: libffi.call/cls_align_uint64.c (test for excess errors)
WARNING: libffi.call/cls_align_uint64.c compilation failed to produce executable
FAIL: libffi.call/cls_double.c (test for excess errors)
WARNING: libffi.call/cls_double.c compilation failed to produce executable
FAIL: libffi.call/cls_float.c (test for excess errors)
WARNING: libffi.call/cls_float.c compilation failed to produce executable
FAIL: libffi.call/cls_multi_schar.c (test for excess errors)
WARNING: libffi.call/cls_multi_schar.c compilation failed to produce executable
FAIL: libffi.call/cls_multi_sshort.c (test for excess errors)
WARNING: libffi.call/cls_multi_sshort.c compilation failed to produce executable
FAIL: libffi.call/cls_multi_sshortchar.c (test for excess errors)
WARNING: libffi.call/cls_multi_sshortchar.c compilation failed to produce executable
FAIL: libffi.call/cls_multi_uchar.c (test for excess errors)
WARNING: libffi.call/cls_multi_uchar.c compilation failed to produce executable
FAIL: libffi.call/cls_multi_ushort.c (test for excess errors)
WARNING: libffi.call/cls_multi_ushort.c compilation failed to produce executable
FAIL: libffi.call/cls_multi_ushortchar.c (test for excess errors)
WARNING: libffi.call/cls_multi_ushortchar.c compilation failed to produce executable
FAIL: libffi.call/cls_schar.c (test for excess errors)
WARNING: libffi.call/cls_schar.c compilation failed to produce executable
FAIL: libffi.call/cls_sint.c (test for excess errors)
WARNING: libffi.call/cls_sint.c compilation failed to produce executable
FAIL: libffi.call/cls_sshort.c (test for excess errors)
WARNING: libffi.call/cls_sshort.c compilation failed to produce executable
FAIL: libffi.call/cls_uchar.c (test for excess errors)
WARNING: libffi.call/cls_uchar.c compilation failed to produce executable
FAIL: libffi.call/cls_uint.c (test for excess errors)
WARNING: libffi.call/cls_uint.c compilation failed to produce executable
FAIL: libffi.call/cls_ulonglong.c (test for excess errors)
WARNING: libffi.call/cls_ulonglong.c compilation failed to produce executable
FAIL: libffi.call/cls_ushort.c (test for excess errors)
WARNING: libffi.call/cls_ushort.c compilation failed to produce executable
FAIL: libffi.call/float1.c (test for excess errors)
FAIL: libffi.call/float2.c (test for excess errors)
FAIL: libffi.call/many.c (test for excess errors)
FAIL: libffi.call/nested_struct.c (test for excess errors)
WARNING: libffi.call/nested_struct.c compilation failed to produce executable
FAIL: libffi.call/nested_struct1.c (test for excess errors)
WARNING: libffi.call/nested_struct1.c compilation failed to produce executable
FAIL: libffi.call/nested_struct2.c (test for excess errors)
WARNING: libffi.call/nested_struct2.c compilation failed to produce executable
FAIL: libffi.call/nested_struct3.c (test for excess errors)
WARNING: libffi.call/nested_struct3.c compilation failed to produce executable
FAIL: libffi.call/problem1.c (test for excess errors)
WARNING: libffi.call/problem1.c compilation failed to produce executable
FAIL: libffi.call/promotion.c (test for excess errors)
FAIL: libffi.call/pyobjc-tc.c (test for excess errors)
FAIL: libffi.call/return_ll.c (test for excess errors)
FAIL: libffi.call/return_ll.c execution test
FAIL: libffi.call/return_sc.c (test for excess errors)
FAIL: libffi.call/return_uc.c (test for excess errors)
FAIL: libffi.call/strlen.c (test for excess errors)
FAIL: libffi.call/struct1.c (test for excess errors)
FAIL: libffi.call/struct2.c (test for excess errors)
FAIL: libffi.call/struct3.c (test for excess errors)
FAIL: libffi.call/struct4.c (test for excess errors)
FAIL: libffi.call/struct5.c (test for excess errors)
FAIL: libffi.call/struct6.c (test for excess errors)
FAIL: libffi.call/struct7.c (test for excess errors)
FAIL: libffi.call/struct8.c (test for excess errors)
FAIL: libffi.call/struct9.c (test for excess errors)
FAIL: libffi.special/unwindtest.cc (test for excess errors)
WARNING: libffi.special/unwindtest.cc compilation failed to produce executable
=== libffi Summary for unix/-mabi=32 ===
# of expected passes 19
# of unexpected failures 77
# of unsupported tests 2
Running target unix/-mabi=64
FAIL: libffi.call/closure_fn0.c (test for excess errors)
WARNING: libffi.call/closure_fn0.c compilation failed to produce executable
FAIL: libffi.call/closure_fn1.c (test for excess errors)
WARNING: libffi.call/closure_fn1.c compilation failed to produce executable
FAIL: libffi.call/closure_fn2.c (test for excess errors)
WARNING: libffi.call/closure_fn2.c compilation failed to produce executable
FAIL: libffi.call/closure_fn3.c (test for excess errors)
WARNING: libffi.call/closure_fn3.c compilation failed to produce executable
FAIL: libffi.call/closure_fn4.c (test for excess errors)
WARNING: libffi.call/closure_fn4.c compilation failed to produce executable
FAIL: libffi.call/closure_fn5.c (test for excess errors)
WARNING: libffi.call/closure_fn5.c compilation failed to produce executable
FAIL: libffi.call/cls_12byte.c (test for excess errors)
WARNING: libffi.call/cls_12byte.c compilation failed to produce executable
FAIL: libffi.call/cls_16byte.c (test for excess errors)
WARNING: libffi.call/cls_16byte.c compilation failed to produce executable
FAIL: libffi.call/cls_18byte.c (test for excess errors)
WARNING: libffi.call/cls_18byte.c compilation failed to produce executable
FAIL: libffi.call/cls_19byte.c (test for excess errors)
WARNING: libffi.call/cls_19byte.c compilation failed to produce executable
FAIL: libffi.call/cls_1_1byte.c (test for excess errors)
WARNING: libffi.call/cls_1_1byte.c compilation failed to produce executable
FAIL: libffi.call/cls_20byte.c (test for excess errors)
WARNING: libffi.call/cls_20byte.c compilation failed to produce executable
FAIL: libffi.call/cls_20byte1.c (test for excess errors)
WARNING: libffi.call/cls_20byte1.c compilation failed to produce executable
FAIL: libffi.call/cls_24byte.c (test for excess errors)
WARNING: libffi.call/cls_24byte.c compilation failed to produce executable
FAIL: libffi.call/cls_2byte.c (test for excess errors)
WARNING: libffi.call/cls_2byte.c compilation failed to produce executable
FAIL: libffi.call/cls_3_1byte.c (test for excess errors)
WARNING: libffi.call/cls_3_1byte.c compilation failed to produce executable
FAIL: libffi.call/cls_3byte1.c (test for excess errors)
WARNING: libffi.call/cls_3byte1.c compilation failed to produce executable
FAIL: libffi.call/cls_3byte2.c (test for excess errors)
WARNING: libffi.call/cls_3byte2.c compilation failed to produce executable
FAIL: libffi.call/cls_4_1byte.c (test for excess errors)
WARNING: libffi.call/cls_4_1byte.c compilation failed to produce executable
FAIL: libffi.call/cls_4byte.c (test for excess errors)
WARNING: libffi.call/cls_4byte.c compilation failed to produce executable
FAIL: libffi.call/cls_5byte.c (test for excess errors)
WARNING: libffi.call/cls_5byte.c compilation failed to produce executable
FAIL: libffi.call/cls_64byte.c (test for excess errors)
WARNING: libffi.call/cls_64byte.c compilation failed to produce executable
FAIL: libffi.call/cls_6byte.c (test for excess errors)
WARNING: libffi.call/cls_6byte.c compilation failed to produce executable
FAIL: libffi.call/cls_7byte.c (test for excess errors)
WARNING: libffi.call/cls_7byte.c compilation failed to produce executable
FAIL: libffi.call/cls_8byte.c (test for excess errors)
WARNING: libffi.call/cls_8byte.c compilation failed to produce executable
FAIL: libffi.call/cls_9byte1.c (test for excess errors)
WARNING: libffi.call/cls_9byte1.c compilation failed to produce executable
FAIL: libffi.call/cls_9byte2.c (test for excess errors)
WARNING: libffi.call/cls_9byte2.c compilation failed to produce executable
FAIL: libffi.call/cls_align_double.c (test for excess errors)
WARNING: libffi.call/cls_align_double.c compilation failed to produce executable
FAIL: libffi.call/cls_align_float.c (test for excess errors)
WARNING: libffi.call/cls_align_float.c compilation failed to produce executable
FAIL: libffi.call/cls_align_longdouble.c (test for excess errors)
WARNING: libffi.call/cls_align_longdouble.c compilation failed to produce executable
FAIL: libffi.call/cls_align_pointer.c (test for excess errors)
WARNING: libffi.call/cls_align_pointer.c compilation failed to produce executable
FAIL: libffi.call/cls_align_sint16.c (test for excess errors)
WARNING: libffi.call/cls_align_sint16.c compilation failed to produce executable
FAIL: libffi.call/cls_align_sint32.c (test for excess errors)
WARNING: libffi.call/cls_align_sint32.c compilation failed to produce executable
FAIL: libffi.call/cls_align_sint64.c (test for excess errors)
WARNING: libffi.call/cls_align_sint64.c compilation failed to produce executable
FAIL: libffi.call/cls_align_uint16.c (test for excess errors)
WARNING: libffi.call/cls_align_uint16.c compilation failed to produce executable
FAIL: libffi.call/cls_align_uint32.c (test for excess errors)
WARNING: libffi.call/cls_align_uint32.c compilation failed to produce executable
FAIL: libffi.call/cls_align_uint64.c (test for excess errors)
WARNING: libffi.call/cls_align_uint64.c compilation failed to produce executable
FAIL: libffi.call/cls_double.c (test for excess errors)
WARNING: libffi.call/cls_double.c compilation failed to produce executable
FAIL: libffi.call/cls_float.c (test for excess errors)
WARNING: libffi.call/cls_float.c compilation failed to produce executable
FAIL: libffi.call/cls_multi_schar.c (test for excess errors)
WARNING: libffi.call/cls_multi_schar.c compilation failed to produce executable
FAIL: libffi.call/cls_multi_sshort.c (test for excess errors)
WARNING: libffi.call/cls_multi_sshort.c compilation failed to produce executable
FAIL: libffi.call/cls_multi_sshortchar.c (test for excess errors)
WARNING: libffi.call/cls_multi_sshortchar.c compilation failed to produce executable
FAIL: libffi.call/cls_multi_uchar.c (test for excess errors)
WARNING: libffi.call/cls_multi_uchar.c compilation failed to produce executable
FAIL: libffi.call/cls_multi_ushort.c (test for excess errors)
WARNING: libffi.call/cls_multi_ushort.c compilation failed to produce executable
FAIL: libffi.call/cls_multi_ushortchar.c (test for excess errors)
WARNING: libffi.call/cls_multi_ushortchar.c compilation failed to produce executable
FAIL: libffi.call/cls_schar.c (test for excess errors)
WARNING: libffi.call/cls_schar.c compilation failed to produce executable
FAIL: libffi.call/cls_sint.c (test for excess errors)
WARNING: libffi.call/cls_sint.c compilation failed to produce executable
FAIL: libffi.call/cls_sshort.c (test for excess errors)
WARNING: libffi.call/cls_sshort.c compilation failed to produce executable
FAIL: libffi.call/cls_uchar.c (test for excess errors)
WARNING: libffi.call/cls_uchar.c compilation failed to produce executable
FAIL: libffi.call/cls_uint.c (test for excess errors)
WARNING: libffi.call/cls_uint.c compilation failed to produce executable
FAIL: libffi.call/cls_ulonglong.c (test for excess errors)
WARNING: libffi.call/cls_ulonglong.c compilation failed to produce executable
FAIL: libffi.call/cls_ushort.c (test for excess errors)
WARNING: libffi.call/cls_ushort.c compilation failed to produce executable
FAIL: libffi.call/float.c execution test
FAIL: libffi.call/float1.c (test for excess errors)
FAIL: libffi.call/float2.c (test for excess errors)
WARNING: libffi.call/float2.c compilation failed to produce executable
FAIL: libffi.call/many.c (test for excess errors)
FAIL: libffi.call/nested_struct.c (test for excess errors)
WARNING: libffi.call/nested_struct.c compilation failed to produce executable
FAIL: libffi.call/nested_struct1.c (test for excess errors)
WARNING: libffi.call/nested_struct1.c compilation failed to produce executable
FAIL: libffi.call/nested_struct2.c (test for excess errors)
WARNING: libffi.call/nested_struct2.c compilation failed to produce executable
FAIL: libffi.call/nested_struct3.c (test for excess errors)
WARNING: libffi.call/nested_struct3.c compilation failed to produce executable
FAIL: libffi.call/problem1.c (test for excess errors)
WARNING: libffi.call/problem1.c compilation failed to produce executable
FAIL: libffi.call/promotion.c (test for excess errors)
FAIL: libffi.call/promotion.c execution test
FAIL: libffi.call/pyobjc-tc.c (test for excess errors)
FAIL: libffi.call/return_ll.c (test for excess errors)
FAIL: libffi.call/return_ll.c execution test
FAIL: libffi.call/return_sc.c (test for excess errors)
FAIL: libffi.call/return_sc.c execution test
FAIL: libffi.call/return_uc.c (test for excess errors)
FAIL: libffi.call/return_uc.c execution test
FAIL: libffi.call/strlen.c (test for excess errors)
FAIL: libffi.call/strlen.c execution test
FAIL: libffi.call/struct1.c (test for excess errors)
FAIL: libffi.call/struct1.c execution test
FAIL: libffi.call/struct2.c (test for excess errors)
FAIL: libffi.call/struct2.c execution test
FAIL: libffi.call/struct3.c (test for excess errors)
FAIL: libffi.call/struct3.c execution test
FAIL: libffi.call/struct4.c (test for excess errors)
FAIL: libffi.call/struct4.c execution test
FAIL: libffi.call/struct5.c (test for excess errors)
FAIL: libffi.call/struct5.c execution test
FAIL: libffi.call/struct6.c (test for excess errors)
FAIL: libffi.call/struct6.c execution test
FAIL: libffi.call/struct7.c (test for excess errors)
FAIL: libffi.call/struct7.c execution test
FAIL: libffi.call/struct8.c (test for excess errors)
FAIL: libffi.call/struct8.c execution test
FAIL: libffi.call/struct9.c (test for excess errors)
FAIL: libffi.call/struct9.c execution test
FAIL: libffi.special/unwindtest.cc (test for excess errors)
WARNING: libffi.special/unwindtest.cc compilation failed to produce executable
=== libffi Summary for unix/-mabi=64 ===
# of expected passes 4
# of unexpected failures 91
# of unsupported tests 2
=== libffi Summary ===
# of expected passes 40
# of unexpected failures 246
# of unsupported tests 6
=== libjava tests ===
Running target unix
FAIL: PR9577 run
FAIL: longfield run
FAIL: shortfield run
FAIL: PR295 compilation from source
FAIL: PR295 compilation from bytecode
FAIL: PR295 -O3 compilation from source
FAIL: PR295 -O3 compilation from bytecode
FAIL: Statics compilation from source
FAIL: Statics compilation from bytecode
FAIL: Statics -O3 compilation from source
FAIL: Statics -O3 compilation from bytecode
FAIL: simple run
FAIL: PR15133 run
FAIL: calls run
FAIL: cxxtest.cc compilation
FAIL: field run
FAIL: final_method run
FAIL: findclass run
FAIL: invoke run
FAIL: jniutf run
FAIL: martin run
FAIL: noclass run
FAIL: overload run
FAIL: pr11951 run
FAIL: register run
FAIL: simple_int run
FAIL: throwit run
FAIL: virtual run
FAIL: ArrayStore execution - source compiled test
FAIL: ArrayStore execution - bytecode->native test
FAIL: ArrayStore -O3 execution - source compiled test
FAIL: ArrayStore -O3 execution - bytecode->native test
FAIL: ArrayStore2 execution - source compiled test
FAIL: ArrayStore2 execution - bytecode->native test
FAIL: ArrayStore2 -O3 execution - source compiled test
FAIL: ArrayStore2 -O3 execution - bytecode->native test
FAIL: Array_1 execution - source compiled test
FAIL: Array_1 execution - bytecode->native test
FAIL: Array_1 -O3 execution - source compiled test
FAIL: Array_1 -O3 execution - bytecode->native test
FAIL: Array_2 execution - source compiled test
FAIL: Array_2 execution - bytecode->native test
FAIL: Array_2 -O3 execution - source compiled test
FAIL: Array_2 -O3 execution - bytecode->native test
FAIL: Array_3 execution - source compiled test
FAIL: Array_3 execution - bytecode->native test
FAIL: Array_3 -O3 execution - source compiled test
FAIL: Array_3 -O3 execution - bytecode->native test
FAIL: Class_1 compilation from source
FAIL: Class_1 compilation from bytecode
FAIL: Class_1 -O3 compilation from source
FAIL: Class_1 -O3 compilation from bytecode
FAIL: CompareNaN execution - source compiled test
FAIL: CompareNaN execution - bytecode->native test
FAIL: CompareNaN -O3 execution - source compiled test
FAIL: CompareNaN -O3 execution - bytecode->native test
FAIL: Divide_1 execution - source compiled test
FAIL: Divide_1 execution - bytecode->native test
FAIL: Divide_1 -O3 execution - source compiled test
FAIL: Divide_1 -O3 execution - bytecode->native test
FAIL: EvaluationOrder execution - source compiled test
FAIL: EvaluationOrder execution - bytecode->native test
FAIL: EvaluationOrder -O3 execution - source compiled test
FAIL: EvaluationOrder -O3 execution - bytecode->native test
FAIL: FileHandleGcTest execution - source compiled test
FAIL: FileHandleGcTest execution - bytecode->native test
FAIL: FileHandleGcTest -O3 execution - source compiled test
FAIL: FileHandleGcTest -O3 execution - bytecode->native test
FAIL: Final execution - source compiled test
FAIL: Final execution - bytecode->native test
FAIL: Final -O3 execution - source compiled test
FAIL: Final -O3 execution - bytecode->native test
FAIL: Float_1 execution - source compiled test
FAIL: Float_1 execution - bytecode->native test
FAIL: Float_1 -O3 execution - source compiled test
FAIL: Float_1 -O3 execution - bytecode->native test
FAIL: G19990301_01 execution - source compiled test
FAIL: G19990301_01 execution - bytecode->native test
FAIL: G19990301_01 -O3 execution - source compiled test
FAIL: G19990301_01 -O3 execution - bytecode->native test
FAIL: G19990302_02 execution - source compiled test
FAIL: G19990302_02 execution - bytecode->native test
FAIL: G19990302_02 -O3 execution - source compiled test
FAIL: G19990302_02 -O3 execution - bytecode->native test
FAIL: G19990303_01 execution - source compiled test
FAIL: G19990303_01 execution - bytecode->native test
FAIL: G19990303_01 -O3 execution - source compiled test
FAIL: G19990303_01 -O3 execution - bytecode->native test
FAIL: G19990303_02 execution - source compiled test
FAIL: G19990303_02 execution - bytecode->native test
FAIL: G19990303_02 -O3 execution - source compiled test
FAIL: G19990303_02 -O3 execution - bytecode->native test
FAIL: G19990304_01 execution - source compiled test
FAIL: G19990304_01 execution - bytecode->native test
FAIL: G19990304_01 -O3 execution - source compiled test
FAIL: G19990304_01 -O3 execution - bytecode->native test
FAIL: G19990310_01 execution - source compiled test
FAIL: G19990310_01 execution - bytecode->native test
FAIL: G19990310_01 -O3 execution - source compiled test
FAIL: G19990310_01 -O3 execution - bytecode->native test
FAIL: II execution - source compiled test
FAIL: II execution - bytecode->native test
FAIL: II -O3 execution - source compiled test
FAIL: II -O3 execution - bytecode->native test
FAIL: InterfaceDispatch execution - source compiled test
FAIL: InterfaceDispatch execution - bytecode->native test
FAIL: InterfaceDispatch -O3 execution - source compiled test
FAIL: InterfaceDispatch -O3 execution - bytecode->native test
FAIL: InvokeInterface execution - source compiled test
FAIL: InvokeInterface execution - bytecode->native test
FAIL: InvokeInterface -O3 execution - source compiled test
FAIL: InvokeInterface -O3 execution - bytecode->native test
FAIL: InvokeReturn execution - source compiled test
FAIL: InvokeReturn execution - bytecode->native test
FAIL: InvokeReturn -O3 execution - source compiled test
FAIL: InvokeReturn -O3 execution - bytecode->native test
FAIL: Invoke_1 execution - source compiled test
FAIL: Invoke_1 execution - bytecode->native test
FAIL: Invoke_1 -O3 execution - source compiled test
FAIL: Invoke_1 -O3 execution - bytecode->native test
FAIL: Invoke_2 execution - source compiled test
FAIL: Invoke_2 execution - bytecode->native test
FAIL: Invoke_2 -O3 execution - source compiled test
FAIL: Invoke_2 -O3 execution - bytecode->native test
FAIL: KeepInline execution - source compiled test
FAIL: KeepInline execution - bytecode->native test
FAIL: KeepInline -O3 execution - source compiled test
FAIL: KeepInline -O3 execution - bytecode->native test
FAIL: MathBuiltin execution - source compiled test
FAIL: MathBuiltin execution - bytecode->native test
FAIL: MathBuiltin -O3 execution - source compiled test
FAIL: MathBuiltin -O3 execution - bytecode->native test
FAIL: Matrix4f execution - source compiled test
FAIL: Matrix4f execution - bytecode->native test
FAIL: Matrix4f -O3 execution - source compiled test
FAIL: Matrix4f -O3 execution - bytecode->native test
FAIL: N19990310_02 execution - source compiled test
FAIL: N19990310_02 execution - bytecode->native test
FAIL: N19990310_02 -O3 execution - source compiled test
FAIL: N19990310_02 -O3 execution - bytecode->native test
FAIL: N19990310_3 execution - source compiled test
FAIL: N19990310_3 execution - bytecode->native test
FAIL: N19990310_3 -O3 execution - source compiled test
FAIL: N19990310_3 -O3 execution - bytecode->native test
FAIL: N19990310_4 execution - source compiled test
FAIL: N19990310_4 execution - bytecode->native test
FAIL: N19990310_4 -O3 execution - source compiled test
FAIL: N19990310_4 -O3 execution - bytecode->native test
FAIL: N19990310_5 execution - source compiled test
FAIL: N19990310_5 execution - bytecode->native test
FAIL: N19990310_5 -O3 execution - source compiled test
FAIL: N19990310_5 -O3 execution - bytecode->native test
FAIL: Overflow execution - source compiled test
FAIL: Overflow execution - bytecode->native test
FAIL: Overflow -O3 execution - source compiled test
FAIL: Overflow -O3 execution - bytecode->native test
FAIL: PR12350 execution - source compiled test
FAIL: PR12350 execution - bytecode->native test
FAIL: PR12350 -O3 execution - source compiled test
FAIL: PR12350 -O3 execution - bytecode->native test
FAIL: PR12416 compilation from source
FAIL: PR12416 compilation from bytecode
FAIL: PR12416 -O3 compilation from source
FAIL: PR12416 -O3 compilation from bytecode
FAIL: PR12656 execution - source compiled test
FAIL: PR12656 execution - bytecode->native test
FAIL: PR12656 -O3 execution - source compiled test
FAIL: PR12656 -O3 execution - bytecode->native test
FAIL: PR12915 execution - source compiled test
FAIL: PR12915 execution - bytecode->native test
FAIL: PR12915 -O3 execution - source compiled test
FAIL: PR12915 -O3 execution - bytecode->native test
FAIL: PR141 execution - source compiled test
FAIL: PR141 execution - bytecode->native test
FAIL: PR141 -O3 execution - source compiled test
FAIL: PR141 -O3 execution - bytecode->native test
FAIL: PR160 execution - source compiled test
FAIL: PR160 execution - bytecode->native test
FAIL: PR160 -O3 execution - source compiled test
FAIL: PR160 -O3 execution - bytecode->native test
FAIL: PR162 execution - source compiled test
FAIL: PR162 execution - bytecode->native test
FAIL: PR162 -O3 execution - source compiled test
FAIL: PR162 -O3 execution - bytecode->native test
FAIL: PR218 execution - source compiled test
FAIL: PR218 execution - bytecode->native test
FAIL: PR218 -O3 execution - source compiled test
FAIL: PR218 -O3 execution - bytecode->native test
FAIL: PR242 execution - source compiled test
FAIL: PR242 execution - bytecode->native test
FAIL: PR242 -O3 execution - source compiled test
FAIL: PR242 -O3 execution - bytecode->native test
FAIL: PR260 execution - source compiled test
FAIL: PR260 execution - bytecode->native test
FAIL: PR260 -O3 execution - source compiled test
FAIL: PR260 -O3 execution - bytecode->native test
FAIL: PR3096 execution - source compiled test
FAIL: PR3096 execution - bytecode->native test
FAIL: PR3096 -O3 execution - source compiled test
FAIL: PR3096 -O3 execution - bytecode->native test
FAIL: PR3731 execution - source compiled test
FAIL: PR3731 execution - bytecode->native test
FAIL: PR3731 -O3 execution - source compiled test
FAIL: PR3731 -O3 execution - bytecode->native test
FAIL: PR5057 execution - source compiled test
FAIL: PR5057 execution - bytecode->native test
FAIL: PR5057 -O3 execution - source compiled test
FAIL: PR5057 -O3 execution - bytecode->native test
FAIL: PR5057_2 execution - source compiled test
FAIL: PR5057_2 execution - bytecode->native test
FAIL: PR5057_2 -O3 execution - source compiled test
FAIL: PR5057_2 -O3 execution - bytecode->native test
FAIL: PR55 execution - source compiled test
FAIL: PR55 execution - bytecode->native test
FAIL: PR55 -O3 execution - source compiled test
FAIL: PR55 -O3 execution - bytecode->native test
FAIL: PR56 execution - source compiled test
FAIL: PR56 execution - bytecode->native test
FAIL: PR56 -O3 execution - source compiled test
FAIL: PR56 -O3 execution - bytecode->native test
FAIL: PR6085 execution - source compiled test
FAIL: PR6085 execution - bytecode->native test
FAIL: PR6085 -O3 execution - source compiled test
FAIL: PR6085 -O3 execution - bytecode->native test
FAIL: PR6204 execution - source compiled test
FAIL: PR6204 execution - bytecode->native test
FAIL: PR6204 -O3 execution - source compiled test
FAIL: PR6204 -O3 execution - bytecode->native test
FAIL: PR6729 execution - source compiled test
FAIL: PR6729 execution - bytecode->native test
FAIL: PR6729 -O3 execution - source compiled test
FAIL: PR6729 -O3 execution - bytecode->native test
FAIL: PR6820 execution - source compiled test
FAIL: PR6820 execution - bytecode->native test
FAIL: PR6820 -O3 execution - source compiled test
FAIL: PR6820 -O3 execution - bytecode->native test
FAIL: PR7482 compilation from source
FAIL: PR7482 compilation from bytecode
FAIL: PR7482 -O3 compilation from source
FAIL: PR7482 -O3 compilation from bytecode
FAIL: Shazam execution - source compiled test
FAIL: Shazam execution - bytecode->native test
FAIL: Shazam -O3 execution - source compiled test
FAIL: Shazam -O3 execution - bytecode->native test
FAIL: StaticConstructor execution - source compiled test
FAIL: StaticConstructor execution - bytecode->native test
FAIL: StaticConstructor -O3 execution - source compiled test
FAIL: StaticConstructor -O3 execution - bytecode->native test
FAIL: StringBuffer_1 execution - source compiled test
FAIL: StringBuffer_1 execution - bytecode->native test
FAIL: StringBuffer_1 -O3 execution - source compiled test
FAIL: StringBuffer_1 -O3 execution - bytecode->native test
FAIL: StringBuffer_overflow execution - source compiled test
FAIL: StringBuffer_overflow execution - bytecode->native test
FAIL: StringBuffer_overflow -O3 execution - source compiled test
FAIL: StringBuffer_overflow -O3 execution - bytecode->native test
FAIL: String_overflow execution - source compiled test
FAIL: String_overflow execution - bytecode->native test
FAIL: String_overflow -O3 execution - source compiled test
FAIL: String_overflow -O3 execution - bytecode->native test
FAIL: SyncGlobal execution - source compiled test
FAIL: SyncGlobal execution - bytecode->native test
FAIL: SyncGlobal -O3 execution - source compiled test
FAIL: SyncGlobal -O3 execution - bytecode->native test
FAIL: Synch execution - source compiled test
FAIL: Synch execution - bytecode->native test
FAIL: Synch -O3 execution - source compiled test
FAIL: Synch -O3 execution - bytecode->native test
FAIL: TestProxy execution - source compiled test
FAIL: TestProxy execution - bytecode->native test
FAIL: TestProxy -O3 execution - source compiled test
FAIL: TestProxy -O3 execution - bytecode->native test
FAIL: Throw_1 execution - source compiled test
FAIL: Throw_1 execution - bytecode->native test
FAIL: Throw_1 -O3 execution - source compiled test
FAIL: Throw_1 -O3 execution - bytecode->native test
FAIL: Throw_2 execution - source compiled test
FAIL: Throw_2 execution - bytecode->native test
FAIL: Throw_2 -O3 execution - source compiled test
FAIL: Throw_2 -O3 execution - bytecode->native test
FAIL: anfi execution - source compiled test
FAIL: anfi execution - bytecode->native test
FAIL: anfi -O3 execution - source compiled test
FAIL: anfi -O3 execution - bytecode->native test
FAIL: anon execution - source compiled test
FAIL: anon execution - bytecode->native test
FAIL: anon -O3 execution - source compiled test
FAIL: anon -O3 execution - bytecode->native test
FAIL: anon2 execution - source compiled test
FAIL: anon2 execution - bytecode->native test
FAIL: anon2 -O3 execution - source compiled test
FAIL: anon2 -O3 execution - bytecode->native test
FAIL: anon3 execution - source compiled test
FAIL: anon3 execution - bytecode->native test
FAIL: anon3 -O3 execution - source compiled test
FAIL: anon3 -O3 execution - bytecode->native test
FAIL: anon4 execution - source compiled test
FAIL: anon4 execution - bytecode->native test
FAIL: anon4 -O3 execution - source compiled test
FAIL: anon4 -O3 execution - bytecode->native test
FAIL: anon_ctor_itf_arg execution - source compiled test
FAIL: anon_ctor_itf_arg execution - bytecode->native test
FAIL: anon_ctor_itf_arg -O3 execution - source compiled test
FAIL: anon_ctor_itf_arg -O3 execution - bytecode->native test
FAIL: anonarray execution - source compiled test
FAIL: anonarray execution - bytecode->native test
FAIL: anonarray -O3 execution - source compiled test
FAIL: anonarray -O3 execution - bytecode->native test
FAIL: anonarray2 execution - source compiled test
FAIL: anonarray2 execution - bytecode->native test
FAIL: anonarray2 -O3 execution - source compiled test
FAIL: anonarray2 -O3 execution - bytecode->native test
FAIL: anonarray3 execution - source compiled test
FAIL: anonarray3 execution - bytecode->native test
FAIL: anonarray3 -O3 execution - source compiled test
FAIL: anonarray3 -O3 execution - bytecode->native test
FAIL: assign execution - source compiled test
FAIL: assign execution - bytecode->native test
FAIL: assign -O3 execution - source compiled test
FAIL: assign -O3 execution - bytecode->native test
FAIL: direct_read execution - source compiled test
FAIL: direct_read execution - bytecode->native test
FAIL: direct_read -O3 execution - source compiled test
FAIL: direct_read -O3 execution - bytecode->native test
FAIL: direct_write execution - source compiled test
FAIL: direct_write execution - bytecode->native test
FAIL: direct_write -O3 execution - source compiled test
FAIL: direct_write -O3 execution - bytecode->native test
FAIL: emptystring execution - source compiled test
FAIL: emptystring execution - bytecode->native test
FAIL: emptystring -O3 execution - source compiled test
FAIL: emptystring -O3 execution - bytecode->native test
FAIL: err1 execution - source compiled test
FAIL: err1 execution - bytecode->native test
FAIL: err1 -O3 execution - source compiled test
FAIL: err1 -O3 execution - bytecode->native test
FAIL: err10 execution - source compiled test
FAIL: err10 execution - bytecode->native test
FAIL: err10 -O3 execution - source compiled test
FAIL: err10 -O3 execution - bytecode->native test
FAIL: err11 execution - source compiled test
FAIL: err11 execution - bytecode->native test
FAIL: err11 -O3 execution - source compiled test
FAIL: err11 -O3 execution - bytecode->native test
FAIL: err12 execution - source compiled test
FAIL: err12 execution - bytecode->native test
FAIL: err12 -O3 execution - source compiled test
FAIL: err12 -O3 execution - bytecode->native test
FAIL: err13 execution - source compiled test
FAIL: err13 execution - bytecode->native test
FAIL: err13 -O3 execution - source compiled test
FAIL: err13 -O3 execution - bytecode->native test
FAIL: err2 execution - source compiled test
FAIL: err2 execution - bytecode->native test
FAIL: err2 -O3 execution - source compiled test
FAIL: err2 -O3 execution - bytecode->native test
FAIL: err3 execution - source compiled test
FAIL: err3 execution - bytecode->native test
FAIL: err3 -O3 execution - source compiled test
FAIL: err3 -O3 execution - bytecode->native test
FAIL: err4 execution - source compiled test
FAIL: err4 execution - bytecode->native test
FAIL: err4 -O3 execution - source compiled test
FAIL: err4 -O3 execution - bytecode->native test
FAIL: err5 execution - source compiled test
FAIL: err5 execution - bytecode->native test
FAIL: err5 -O3 execution - source compiled test
FAIL: err5 -O3 execution - bytecode->native test
FAIL: err6 execution - source compiled test
FAIL: err6 execution - bytecode->native test
FAIL: err6 -O3 execution - source compiled test
FAIL: err6 -O3 execution - bytecode->native test
FAIL: err7 execution - source compiled test
FAIL: err7 execution - bytecode->native test
FAIL: err7 -O3 execution - source compiled test
FAIL: err7 -O3 execution - bytecode->native test
FAIL: err8 execution - source compiled test
FAIL: err8 execution - bytecode->native test
FAIL: err8 -O3 execution - source compiled test
FAIL: err8 -O3 execution - bytecode->native test
FAIL: err9 execution - source compiled test
FAIL: err9 execution - bytecode->native test
FAIL: err9 -O3 execution - source compiled test
FAIL: err9 -O3 execution - bytecode->native test
FAIL: final_inner execution - source compiled test
FAIL: final_inner execution - bytecode->native test
FAIL: final_inner -O3 execution - source compiled test
FAIL: final_inner -O3 execution - bytecode->native test
FAIL: final_int execution - source compiled test
FAIL: final_int execution - bytecode->native test
FAIL: final_int -O3 execution - source compiled test
FAIL: final_int -O3 execution - bytecode->native test
FAIL: final_static_and_friend execution - source compiled test
FAIL: final_static_and_friend execution - bytecode->native test
FAIL: final_static_and_friend -O3 execution - source compiled test
FAIL: final_static_and_friend -O3 execution - bytecode->native test
FAIL: indirect execution - source compiled test
FAIL: indirect execution - bytecode->native test
FAIL: indirect -O3 execution - source compiled test
FAIL: indirect -O3 execution - bytecode->native test
FAIL: indirect_read execution - source compiled test
FAIL: indirect_read execution - bytecode->native test
FAIL: indirect_read -O3 execution - source compiled test
FAIL: indirect_read -O3 execution - bytecode->native test
FAIL: indirect_write execution - source compiled test
FAIL: indirect_write execution - bytecode->native test
FAIL: indirect_write -O3 execution - source compiled test
FAIL: indirect_write -O3 execution - bytecode->native test
FAIL: initexc execution - source compiled test
FAIL: initexc execution - bytecode->native test
FAIL: initexc -O3 execution - source compiled test
FAIL: initexc -O3 execution - bytecode->native test
FAIL: initfield execution - source compiled test
FAIL: initfield execution - bytecode->native test
FAIL: initfield -O3 execution - source compiled test
FAIL: initfield -O3 execution - bytecode->native test
FAIL: inline execution - source compiled test
FAIL: inline execution - bytecode->native test
FAIL: inline -O3 execution - source compiled test
FAIL: inline -O3 execution - bytecode->native test
FAIL: inner1 execution - source compiled test
FAIL: inner1 execution - bytecode->native test
FAIL: inner1 -O3 execution - source compiled test
FAIL: inner1 -O3 execution - bytecode->native test
FAIL: inner2 execution - source compiled test
FAIL: inner2 execution - bytecode->native test
FAIL: inner2 -O3 execution - source compiled test
FAIL: inner2 -O3 execution - bytecode->native test
FAIL: inner3 execution - source compiled test
FAIL: inner3 execution - bytecode->native test
FAIL: inner3 -O3 execution - source compiled test
FAIL: inner3 -O3 execution - bytecode->native test
FAIL: inner4 execution - source compiled test
FAIL: inner4 execution - bytecode->native test
FAIL: inner4 -O3 execution - source compiled test
FAIL: inner4 -O3 execution - bytecode->native test
FAIL: inner_array execution - source compiled test
FAIL: inner_array execution - bytecode->native test
FAIL: inner_array -O3 execution - source compiled test
FAIL: inner_array -O3 execution - bytecode->native test
FAIL: inner_interface execution - source compiled test
FAIL: inner_interface execution - bytecode->native test
FAIL: inner_interface -O3 execution - source compiled test
FAIL: inner_interface -O3 execution - bytecode->native test
FAIL: instance execution - source compiled test
FAIL: instance execution - bytecode->native test
FAIL: instance -O3 execution - source compiled test
FAIL: instance -O3 execution - bytecode->native test
FAIL: instinit execution - source compiled test
FAIL: instinit execution - bytecode->native test
FAIL: instinit -O3 execution - source compiled test
FAIL: instinit -O3 execution - bytecode->native test
FAIL: instinit2 execution - source compiled test
FAIL: instinit2 execution - bytecode->native test
FAIL: instinit2 -O3 execution - source compiled test
FAIL: instinit2 -O3 execution - bytecode->native test
FAIL: invoke_from_inner execution - source compiled test
FAIL: invoke_from_inner execution - bytecode->native test
FAIL: invoke_from_inner -O3 execution - source compiled test
FAIL: invoke_from_inner -O3 execution - bytecode->native test
FAIL: invokethrow execution - source compiled test
FAIL: invokethrow execution - bytecode->native test
FAIL: invokethrow -O3 execution - source compiled test
FAIL: invokethrow -O3 execution - bytecode->native test
FAIL: klass execution - source compiled test
FAIL: klass execution - bytecode->native test
FAIL: klass -O3 execution - source compiled test
FAIL: klass -O3 execution - bytecode->native test
FAIL: multiple_finit execution - source compiled test
FAIL: multiple_finit execution - bytecode->native test
FAIL: multiple_finit -O3 execution - source compiled test
FAIL: multiple_finit -O3 execution - bytecode->native test
FAIL: negzero execution - source compiled test
FAIL: negzero execution - bytecode->native test
FAIL: negzero -O3 execution - source compiled test
FAIL: negzero -O3 execution - bytecode->native test
FAIL: nested_with_ctor execution - source compiled test
FAIL: nested_with_ctor execution - bytecode->native test
FAIL: nested_with_ctor -O3 execution - source compiled test
FAIL: nested_with_ctor -O3 execution - bytecode->native test
FAIL: newarray_overflow execution - source compiled test
FAIL: newarray_overflow execution - bytecode->native test
FAIL: newarray_overflow -O3 execution - source compiled test
FAIL: newarray_overflow -O3 execution - bytecode->native test
FAIL: override execution - source compiled test
FAIL: override execution - bytecode->native test
FAIL: override -O3 execution - source compiled test
FAIL: override -O3 execution - bytecode->native test
FAIL: pr109 execution - source compiled test
FAIL: pr109 execution - bytecode->native test
FAIL: pr109 -O3 execution - source compiled test
FAIL: pr109 -O3 execution - bytecode->native test
FAIL: pr13107 execution - source compiled test
FAIL: pr13107 execution - bytecode->native test
FAIL: pr13107 -O3 execution - source compiled test
FAIL: pr13107 -O3 execution - bytecode->native test
FAIL: pr13107_2 execution - source compiled test
FAIL: pr13107_2 -O3 execution - source compiled test
FAIL: pr13107_3 execution - source compiled test
FAIL: pr13107_3 -O3 execution - source compiled test
FAIL: pr133 execution - source compiled test
FAIL: pr133 execution - bytecode->native test
FAIL: pr133 -O3 execution - source compiled test
FAIL: pr133 -O3 execution - bytecode->native test
FAIL: pr179 compilation from source
FAIL: pr179 compilation from bytecode
FAIL: pr179 -O3 compilation from source
FAIL: pr179 -O3 compilation from bytecode
FAIL: pr184 execution - source compiled test
FAIL: pr184 execution - bytecode->native test
FAIL: pr184 -O3 execution - source compiled test
FAIL: pr184 -O3 execution - bytecode->native test
FAIL: pr6388 execution - source compiled test
FAIL: pr6388 execution - bytecode->native test
FAIL: pr6388 -O3 execution - source compiled test
FAIL: pr6388 -O3 execution - bytecode->native test
FAIL: pr83 execution - source compiled test
FAIL: pr83 execution - bytecode->native test
FAIL: pr83 -O3 execution - source compiled test
FAIL: pr83 -O3 execution - bytecode->native test
FAIL: pr8415 execution - source compiled test
FAIL: pr8415 execution - bytecode->native test
FAIL: pr8415 -O3 execution - source compiled test
FAIL: pr8415 -O3 execution - bytecode->native test
FAIL: pr8676 execution - source compiled test
FAIL: pr8676 execution - bytecode->native test
FAIL: pr8676 -O3 execution - source compiled test
FAIL: pr8676 -O3 execution - bytecode->native test
FAIL: pr8823 execution - source compiled test
FAIL: pr8823 execution - bytecode->native test
FAIL: pr8823 -O3 execution - source compiled test
FAIL: pr8823 -O3 execution - bytecode->native test
FAIL: pr8945 execution - source compiled test
FAIL: pr8945 execution - bytecode->native test
FAIL: pr8945 -O3 execution - source compiled test
FAIL: pr8945 -O3 execution - bytecode->native test
FAIL: private_direct_read execution - source compiled test
FAIL: private_direct_read execution - bytecode->native test
FAIL: private_direct_read -O3 execution - source compiled test
FAIL: private_direct_read -O3 execution - bytecode->native test
FAIL: search_outer execution - source compiled test
FAIL: search_outer execution - bytecode->native test
FAIL: search_outer -O3 execution - source compiled test
FAIL: search_outer -O3 execution - bytecode->native test
FAIL: stringconst execution - source compiled test
FAIL: stringconst execution - bytecode->native test
FAIL: stringconst -O3 execution - source compiled test
FAIL: stringconst -O3 execution - bytecode->native test
FAIL: stringconst2 execution - source compiled test
FAIL: stringconst2 execution - bytecode->native test
FAIL: stringconst2 -O3 execution - source compiled test
FAIL: stringconst2 -O3 execution - bytecode->native test
FAIL: stub execution - source compiled test
FAIL: stub execution - bytecode->native test
FAIL: stub -O3 execution - source compiled test
FAIL: stub -O3 execution - bytecode->native test
FAIL: test_long execution - source compiled test
FAIL: test_long execution - bytecode->native test
FAIL: test_long -O3 execution - source compiled test
FAIL: test_long -O3 execution - bytecode->native test
FAIL: tmi execution - source compiled test
FAIL: tmi execution - bytecode->native test
FAIL: tmi -O3 execution - source compiled test
FAIL: tmi -O3 execution - bytecode->native test
FAIL: tp execution - source compiled test
FAIL: tp execution - bytecode->native test
FAIL: tp -O3 execution - source compiled test
FAIL: tp -O3 execution - bytecode->native test
FAIL: update_outer execution - source compiled test
FAIL: update_outer execution - bytecode->native test
FAIL: update_outer -O3 execution - source compiled test
FAIL: update_outer -O3 execution - bytecode->native test
FAIL: utf8concat execution - source compiled test
FAIL: utf8concat execution - bytecode->native test
FAIL: utf8concat -O3 execution - source compiled test
FAIL: utf8concat -O3 execution - bytecode->native test
FAIL: utilTest execution - source compiled test
FAIL: utilTest execution - bytecode->native test
FAIL: utilTest -O3 execution - source compiled test
FAIL: utilTest -O3 execution - bytecode->native test
FAIL: verify compilation from source
FAIL: verify compilation from bytecode
FAIL: verify -O3 compilation from source
FAIL: verify -O3 compilation from bytecode
FAIL: /.vol/gcc/obj/gcc-3.5.0-20040510/6.5-gcc-java-gas-gld/mips-sgi-irix6.5/libjava/testsuite/TestEarlyGC.exe execution - /.vol/gcc/obj/gcc-3.5.0-20040510/6.5-gcc-java-gas-gld/mips-sgi-irix6.5/libjava/testsuite/TestEarlyGC.exe
FAIL: /.vol/gcc/obj/gcc-3.5.0-20040510/6.5-gcc-java-gas-gld/mips-sgi-irix6.5/libjava/testsuite/TestLeak.exe execution - /.vol/gcc/obj/gcc-3.5.0-20040510/6.5-gcc-java-gas-gld/mips-sgi-irix6.5/libjava/testsuite/TestLeak.exe
FAIL: /.vol/gcc/obj/gcc-3.5.0-20040510/6.5-gcc-java-gas-gld/mips-sgi-irix6.5/libjava/testsuite/TestMultiple.exe execution - /.vol/gcc/obj/gcc-3.5.0-20040510/6.5-gcc-java-gas-gld/mips-sgi-irix6.5/libjava/testsuite/TestMultiple.exe
FAIL: /.vol/gcc/obj/gcc-3.5.0-20040510/6.5-gcc-java-gas-gld/mips-sgi-irix6.5/libjava/testsuite/TestParent.exe execution - /.vol/gcc/obj/gcc-3.5.0-20040510/6.5-gcc-java-gas-gld/mips-sgi-irix6.5/libjava/testsuite/TestParent.exe
=== libjava Summary for unix ===
# of expected passes 1485
# of unexpected failures 588
# of expected failures 8
# of untested testcases 697
Running target unix/-mabi=32
FAIL: PR9577 run
FAIL: longfield run
FAIL: shortfield run
FAIL: simple run
FAIL: PR15133 run
FAIL: calls run
FAIL: cxxtest.cc compilation
FAIL: field run
FAIL: final_method run
FAIL: findclass run
FAIL: invoke run
FAIL: jniutf run
FAIL: martin run
FAIL: noclass run
FAIL: overload run
FAIL: pr11951 run
FAIL: register run
FAIL: simple_int run
FAIL: throwit run
FAIL: virtual run
FAIL: ArrayStore execution - source compiled test
FAIL: ArrayStore execution - bytecode->native test
FAIL: ArrayStore -O3 execution - source compiled test
FAIL: ArrayStore -O3 execution - bytecode->native test
FAIL: ArrayStore2 execution - source compiled test
FAIL: ArrayStore2 execution - bytecode->native test
FAIL: ArrayStore2 -O3 execution - source compiled test
FAIL: ArrayStore2 -O3 execution - bytecode->native test
FAIL: Array_1 execution - source compiled test
FAIL: Array_1 execution - bytecode->native test
FAIL: Array_1 -O3 execution - source compiled test
FAIL: Array_1 -O3 execution - bytecode->native test
FAIL: Array_2 execution - source compiled test
FAIL: Array_2 execution - bytecode->native test
FAIL: Array_2 -O3 execution - source compiled test
FAIL: Array_2 -O3 execution - bytecode->native test
FAIL: Array_3 execution - source compiled test
FAIL: Array_3 execution - bytecode->native test
FAIL: Array_3 -O3 execution - source compiled test
FAIL: Array_3 -O3 execution - bytecode->native test
FAIL: Class_1 execution - source compiled test
FAIL: Class_1 execution - bytecode->native test
FAIL: Class_1 -O3 execution - source compiled test
FAIL: Class_1 -O3 execution - bytecode->native test
FAIL: CompareNaN execution - source compiled test
FAIL: CompareNaN execution - bytecode->native test
FAIL: CompareNaN -O3 execution - source compiled test
FAIL: CompareNaN -O3 execution - bytecode->native test
FAIL: Divide_1 execution - source compiled test
FAIL: Divide_1 execution - bytecode->native test
FAIL: Divide_1 -O3 execution - source compiled test
FAIL: Divide_1 -O3 execution - bytecode->native test
FAIL: EvaluationOrder execution - source compiled test
FAIL: EvaluationOrder execution - bytecode->native test
FAIL: EvaluationOrder -O3 execution - source compiled test
FAIL: EvaluationOrder -O3 execution - bytecode->native test
FAIL: FileHandleGcTest execution - source compiled test
FAIL: FileHandleGcTest execution - bytecode->native test
FAIL: FileHandleGcTest -O3 execution - source compiled test
FAIL: FileHandleGcTest -O3 execution - bytecode->native test
FAIL: Final execution - source compiled test
FAIL: Final execution - bytecode->native test
FAIL: Final -O3 execution - source compiled test
FAIL: Final -O3 execution - bytecode->native test
FAIL: Float_1 execution - source compiled test
FAIL: Float_1 execution - bytecode->native test
FAIL: Float_1 -O3 execution - source compiled test
FAIL: Float_1 -O3 execution - bytecode->native test
FAIL: G19990301_01 execution - source compiled test
FAIL: G19990301_01 execution - bytecode->native test
FAIL: G19990301_01 -O3 execution - source compiled test
FAIL: G19990301_01 -O3 execution - bytecode->native test
FAIL: G19990302_02 execution - source compiled test
FAIL: G19990302_02 execution - bytecode->native test
FAIL: G19990302_02 -O3 execution - source compiled test
FAIL: G19990302_02 -O3 execution - bytecode->native test
FAIL: G19990303_01 execution - source compiled test
FAIL: G19990303_01 execution - bytecode->native test
FAIL: G19990303_01 -O3 execution - source compiled test
FAIL: G19990303_01 -O3 execution - bytecode->native test
FAIL: G19990303_02 execution - source compiled test
FAIL: G19990303_02 execution - bytecode->native test
FAIL: G19990303_02 -O3 execution - source compiled test
FAIL: G19990303_02 -O3 execution - bytecode->native test
FAIL: G19990304_01 execution - source compiled test
FAIL: G19990304_01 execution - bytecode->native test
FAIL: G19990304_01 -O3 execution - source compiled test
FAIL: G19990304_01 -O3 execution - bytecode->native test
FAIL: G19990310_01 execution - source compiled test
FAIL: G19990310_01 execution - bytecode->native test
FAIL: G19990310_01 -O3 execution - source compiled test
FAIL: G19990310_01 -O3 execution - bytecode->native test
FAIL: II execution - source compiled test
FAIL: II execution - bytecode->native test
FAIL: II -O3 execution - source compiled test
FAIL: II -O3 execution - bytecode->native test
FAIL: InterfaceDispatch execution - source compiled test
FAIL: InterfaceDispatch execution - bytecode->native test
FAIL: InterfaceDispatch -O3 execution - source compiled test
FAIL: InterfaceDispatch -O3 execution - bytecode->native test
FAIL: InvokeInterface execution - source compiled test
FAIL: InvokeInterface execution - bytecode->native test
FAIL: InvokeInterface -O3 execution - source compiled test
FAIL: InvokeInterface -O3 execution - bytecode->native test
FAIL: InvokeReturn execution - source compiled test
FAIL: InvokeReturn execution - bytecode->native test
FAIL: InvokeReturn -O3 execution - source compiled test
FAIL: InvokeReturn -O3 execution - bytecode->native test
FAIL: Invoke_1 execution - source compiled test
FAIL: Invoke_1 execution - bytecode->native test
FAIL: Invoke_1 -O3 execution - source compiled test
FAIL: Invoke_1 -O3 execution - bytecode->native test
FAIL: Invoke_2 execution - source compiled test
FAIL: Invoke_2 execution - bytecode->native test
FAIL: Invoke_2 -O3 execution - source compiled test
FAIL: Invoke_2 -O3 execution - bytecode->native test
FAIL: KeepInline execution - source compiled test
FAIL: KeepInline execution - bytecode->native test
FAIL: KeepInline -O3 execution - source compiled test
FAIL: KeepInline -O3 execution - bytecode->native test
FAIL: MathBuiltin execution - source compiled test
FAIL: MathBuiltin execution - bytecode->native test
FAIL: MathBuiltin -O3 execution - source compiled test
FAIL: MathBuiltin -O3 execution - bytecode->native test
FAIL: Matrix4f execution - source compiled test
FAIL: Matrix4f execution - bytecode->native test
FAIL: Matrix4f -O3 execution - source compiled test
FAIL: Matrix4f -O3 execution - bytecode->native test
FAIL: N19990310_02 execution - source compiled test
FAIL: N19990310_02 execution - bytecode->native test
FAIL: N19990310_02 -O3 execution - source compiled test
FAIL: N19990310_02 -O3 execution - bytecode->native test
FAIL: N19990310_3 execution - source compiled test
FAIL: N19990310_3 execution - bytecode->native test
FAIL: N19990310_3 -O3 execution - source compiled test
FAIL: N19990310_3 -O3 execution - bytecode->native test
FAIL: N19990310_4 execution - source compiled test
FAIL: N19990310_4 execution - bytecode->native test
FAIL: N19990310_4 -O3 execution - source compiled test
FAIL: N19990310_4 -O3 execution - bytecode->native test
FAIL: N19990310_5 execution - source compiled test
FAIL: N19990310_5 execution - bytecode->native test
FAIL: N19990310_5 -O3 execution - source compiled test
FAIL: N19990310_5 -O3 execution - bytecode->native test
FAIL: Overflow execution - source compiled test
FAIL: Overflow execution - bytecode->native test
FAIL: Overflow -O3 execution - source compiled test
FAIL: Overflow -O3 execution - bytecode->native test
FAIL: PR12350 execution - source compiled test
FAIL: PR12350 execution - bytecode->native test
FAIL: PR12350 -O3 execution - source compiled test
FAIL: PR12350 -O3 execution - bytecode->native test
FAIL: PR12416 execution - source compiled test
FAIL: PR12416 execution - bytecode->native test
FAIL: PR12416 -O3 execution - source compiled test
FAIL: PR12416 -O3 execution - bytecode->native test
FAIL: PR12656 execution - source compiled test
FAIL: PR12656 execution - bytecode->native test
FAIL: PR12656 -O3 execution - source compiled test
FAIL: PR12656 -O3 execution - bytecode->native test
FAIL: PR12915 execution - source compiled test
FAIL: PR12915 execution - bytecode->native test
FAIL: PR12915 -O3 execution - source compiled test
FAIL: PR12915 -O3 execution - bytecode->native test
FAIL: PR141 execution - source compiled test
FAIL: PR141 execution - bytecode->native test
FAIL: PR141 -O3 execution - source compiled test
FAIL: PR141 -O3 execution - bytecode->native test
FAIL: PR160 execution - source compiled test
FAIL: PR160 execution - bytecode->native test
FAIL: PR160 -O3 execution - source compiled test
FAIL: PR160 -O3 execution - bytecode->native test
FAIL: PR162 execution - source compiled test
FAIL: PR162 execution - bytecode->native test
FAIL: PR162 -O3 execution - source compiled test
FAIL: PR162 -O3 execution - bytecode->native test
FAIL: PR218 execution - source compiled test
FAIL: PR218 execution - bytecode->native test
FAIL: PR218 -O3 execution - source compiled test
FAIL: PR218 -O3 execution - bytecode->native test
FAIL: PR242 execution - source compiled test
FAIL: PR242 execution - bytecode->native test
FAIL: PR242 -O3 execution - source compiled test
FAIL: PR242 -O3 execution - bytecode->native test
FAIL: PR260 execution - source compiled test
FAIL: PR260 execution - bytecode->native test
FAIL: PR260 -O3 execution - source compiled test
FAIL: PR260 -O3 execution - bytecode->native test
FAIL: PR3096 execution - source compiled test
FAIL: PR3096 execution - bytecode->native test
FAIL: PR3096 -O3 execution - source compiled test
FAIL: PR3096 -O3 execution - bytecode->native test
FAIL: PR3731 execution - source compiled test
FAIL: PR3731 execution - bytecode->native test
FAIL: PR3731 -O3 execution - source compiled test
FAIL: PR3731 -O3 execution - bytecode->native test
FAIL: PR5057 execution - source compiled test
FAIL: PR5057 execution - bytecode->native test
FAIL: PR5057 -O3 execution - source compiled test
FAIL: PR5057 -O3 execution - bytecode->native test
FAIL: PR5057_2 execution - source compiled test
FAIL: PR5057_2 execution - bytecode->native test
FAIL: PR5057_2 -O3 execution - source compiled test
FAIL: PR5057_2 -O3 execution - bytecode->native test
FAIL: PR55 execution - source compiled test
FAIL: PR55 execution - bytecode->native test
FAIL: PR55 -O3 execution - source compiled test
FAIL: PR55 -O3 execution - bytecode->native test
FAIL: PR56 execution - source compiled test
FAIL: PR56 execution - bytecode->native test
FAIL: PR56 -O3 execution - source compiled test
FAIL: PR56 -O3 execution - bytecode->native test
FAIL: PR6085 execution - source compiled test
FAIL: PR6085 execution - bytecode->native test
FAIL: PR6085 -O3 execution - source compiled test
FAIL: PR6085 -O3 execution - bytecode->native test
FAIL: PR6204 execution - source compiled test
FAIL: PR6204 execution - bytecode->native test
FAIL: PR6204 -O3 execution - source compiled test
FAIL: PR6204 -O3 execution - bytecode->native test
FAIL: PR6729 execution - source compiled test
FAIL: PR6729 execution - bytecode->native test
FAIL: PR6729 -O3 execution - source compiled test
FAIL: PR6729 -O3 execution - bytecode->native test
FAIL: PR6820 execution - source compiled test
FAIL: PR6820 execution - bytecode->native test
FAIL: PR6820 -O3 execution - source compiled test
FAIL: PR6820 -O3 execution - bytecode->native test
FAIL: PR7482 execution - source compiled test
FAIL: PR7482 execution - bytecode->native test
FAIL: PR7482 -O3 execution - source compiled test
FAIL: PR7482 -O3 execution - bytecode->native test
FAIL: Shazam execution - source compiled test
FAIL: Shazam execution - bytecode->native test
FAIL: Shazam -O3 execution - source compiled test
FAIL: Shazam -O3 execution - bytecode->native test
FAIL: StaticConstructor execution - source compiled test
FAIL: StaticConstructor execution - bytecode->native test
FAIL: StaticConstructor -O3 execution - source compiled test
FAIL: StaticConstructor -O3 execution - bytecode->native test
FAIL: StringBuffer_1 execution - source compiled test
FAIL: StringBuffer_1 execution - bytecode->native test
FAIL: StringBuffer_1 -O3 execution - source compiled test
FAIL: StringBuffer_1 -O3 execution - bytecode->native test
FAIL: StringBuffer_overflow execution - source compiled test
FAIL: StringBuffer_overflow execution - bytecode->native test
FAIL: StringBuffer_overflow -O3 execution - source compiled test
FAIL: StringBuffer_overflow -O3 execution - bytecode->native test
FAIL: String_overflow execution - source compiled test
FAIL: String_overflow execution - bytecode->native test
FAIL: String_overflow -O3 execution - source compiled test
FAIL: String_overflow -O3 execution - bytecode->native test
FAIL: SyncGlobal execution - source compiled test
FAIL: SyncGlobal execution - bytecode->native test
FAIL: SyncGlobal -O3 execution - source compiled test
FAIL: SyncGlobal -O3 execution - bytecode->native test
FAIL: Synch execution - source compiled test
FAIL: Synch execution - bytecode->native test
FAIL: Synch -O3 execution - source compiled test
FAIL: Synch -O3 execution - bytecode->native test
FAIL: TestProxy execution - source compiled test
FAIL: TestProxy execution - bytecode->native test
FAIL: TestProxy -O3 execution - source compiled test
FAIL: TestProxy -O3 execution - bytecode->native test
FAIL: Throw_1 execution - source compiled test
FAIL: Throw_1 execution - bytecode->native test
FAIL: Throw_1 -O3 execution - source compiled test
FAIL: Throw_1 -O3 execution - bytecode->native test
FAIL: Throw_2 execution - source compiled test
FAIL: Throw_2 execution - bytecode->native test
FAIL: Throw_2 -O3 execution - source compiled test
FAIL: Throw_2 -O3 execution - bytecode->native test
FAIL: anfi execution - source compiled test
FAIL: anfi execution - bytecode->native test
FAIL: anfi -O3 execution - source compiled test
FAIL: anfi -O3 execution - bytecode->native test
FAIL: anon execution - source compiled test
FAIL: anon execution - bytecode->native test
FAIL: anon -O3 execution - source compiled test
FAIL: anon -O3 execution - bytecode->native test
FAIL: anon2 execution - source compiled test
FAIL: anon2 execution - bytecode->native test
FAIL: anon2 -O3 execution - source compiled test
FAIL: anon2 -O3 execution - bytecode->native test
FAIL: anon3 execution - source compiled test
FAIL: anon3 execution - bytecode->native test
FAIL: anon3 -O3 execution - source compiled test
FAIL: anon3 -O3 execution - bytecode->native test
FAIL: anon4 execution - source compiled test
FAIL: anon4 execution - bytecode->native test
FAIL: anon4 -O3 execution - source compiled test
FAIL: anon4 -O3 execution - bytecode->native test
FAIL: anon_ctor_itf_arg execution - source compiled test
FAIL: anon_ctor_itf_arg execution - bytecode->native test
FAIL: anon_ctor_itf_arg -O3 execution - source compiled test
FAIL: anon_ctor_itf_arg -O3 execution - bytecode->native test
FAIL: anonarray execution - source compiled test
FAIL: anonarray execution - bytecode->native test
FAIL: anonarray -O3 execution - source compiled test
FAIL: anonarray -O3 execution - bytecode->native test
FAIL: anonarray2 execution - source compiled test
FAIL: anonarray2 execution - bytecode->native test
FAIL: anonarray2 -O3 execution - source compiled test
FAIL: anonarray2 -O3 execution - bytecode->native test
FAIL: anonarray3 execution - source compiled test
FAIL: anonarray3 execution - bytecode->native test
FAIL: anonarray3 -O3 execution - source compiled test
FAIL: anonarray3 -O3 execution - bytecode->native test
FAIL: assign execution - source compiled test
FAIL: assign execution - bytecode->native test
FAIL: assign -O3 execution - source compiled test
FAIL: assign -O3 execution - bytecode->native test
FAIL: direct_read execution - source compiled test
FAIL: direct_read execution - bytecode->native test
FAIL: direct_read -O3 execution - source compiled test
FAIL: direct_read -O3 execution - bytecode->native test
FAIL: direct_write execution - source compiled test
FAIL: direct_write execution - bytecode->native test
FAIL: direct_write -O3 execution - source compiled test
FAIL: direct_write -O3 execution - bytecode->native test
FAIL: emptystring execution - source compiled test
FAIL: emptystring execution - bytecode->native test
FAIL: emptystring -O3 execution - source compiled test
FAIL: emptystring -O3 execution - bytecode->native test
FAIL: err1 execution - source compiled test
FAIL: err1 execution - bytecode->native test
FAIL: err1 -O3 execution - source compiled test
FAIL: err1 -O3 execution - bytecode->native test
FAIL: err10 execution - source compiled test
FAIL: err10 execution - bytecode->native test
FAIL: err10 -O3 execution - source compiled test
FAIL: err10 -O3 execution - bytecode->native test
FAIL: err11 execution - source compiled test
FAIL: err11 execution - bytecode->native test
FAIL: err11 -O3 execution - source compiled test
FAIL: err11 -O3 execution - bytecode->native test
FAIL: err12 execution - source compiled test
FAIL: err12 execution - bytecode->native test
FAIL: err12 -O3 execution - source compiled test
FAIL: err12 -O3 execution - bytecode->native test
FAIL: err13 execution - source compiled test
FAIL: err13 execution - bytecode->native test
FAIL: err13 -O3 execution - source compiled test
FAIL: err13 -O3 execution - bytecode->native test
FAIL: err2 execution - source compiled test
FAIL: err2 execution - bytecode->native test
FAIL: err2 -O3 execution - source compiled test
FAIL: err2 -O3 execution - bytecode->native test
FAIL: err3 execution - source compiled test
FAIL: err3 execution - bytecode->native test
FAIL: err3 -O3 execution - source compiled test
FAIL: err3 -O3 execution - bytecode->native test
FAIL: err4 execution - source compiled test
FAIL: err4 execution - bytecode->native test
FAIL: err4 -O3 execution - source compiled test
FAIL: err4 -O3 execution - bytecode->native test
FAIL: err5 execution - source compiled test
FAIL: err5 execution - bytecode->native test
FAIL: err5 -O3 execution - source compiled test
FAIL: err5 -O3 execution - bytecode->native test
FAIL: err6 execution - source compiled test
FAIL: err6 execution - bytecode->native test
FAIL: err6 -O3 execution - source compiled test
FAIL: err6 -O3 execution - bytecode->native test
FAIL: err7 execution - source compiled test
FAIL: err7 execution - bytecode->native test
FAIL: err7 -O3 execution - source compiled test
FAIL: err7 -O3 execution - bytecode->native test
FAIL: err8 execution - source compiled test
FAIL: err8 execution - bytecode->native test
FAIL: err8 -O3 execution - source compiled test
FAIL: err8 -O3 execution - bytecode->native test
FAIL: err9 execution - source compiled test
FAIL: err9 execution - bytecode->native test
FAIL: err9 -O3 execution - source compiled test
FAIL: err9 -O3 execution - bytecode->native test
FAIL: final_inner execution - source compiled test
FAIL: final_inner execution - bytecode->native test
FAIL: final_inner -O3 execution - source compiled test
FAIL: final_inner -O3 execution - bytecode->native test
FAIL: final_int execution - source compiled test
FAIL: final_int execution - bytecode->native test
FAIL: final_int -O3 execution - source compiled test
FAIL: final_int -O3 execution - bytecode->native test
FAIL: final_static_and_friend execution - source compiled test
FAIL: final_static_and_friend execution - bytecode->native test
FAIL: final_static_and_friend -O3 execution - source compiled test
FAIL: final_static_and_friend -O3 execution - bytecode->native test
FAIL: indirect execution - source compiled test
FAIL: indirect execution - bytecode->native test
FAIL: indirect -O3 execution - source compiled test
FAIL: indirect -O3 execution - bytecode->native test
FAIL: indirect_read execution - source compiled test
FAIL: indirect_read execution - bytecode->native test
FAIL: indirect_read -O3 execution - source compiled test
FAIL: indirect_read -O3 execution - bytecode->native test
FAIL: indirect_write execution - source compiled test
FAIL: indirect_write execution - bytecode->native test
FAIL: indirect_write -O3 execution - source compiled test
FAIL: indirect_write -O3 execution - bytecode->native test
FAIL: initexc execution - source compiled test
FAIL: initexc execution - bytecode->native test
FAIL: initexc -O3 execution - source compiled test
FAIL: initexc -O3 execution - bytecode->native test
FAIL: initfield execution - source compiled test
FAIL: initfield execution - bytecode->native test
FAIL: initfield -O3 execution - source compiled test
FAIL: initfield -O3 execution - bytecode->native test
FAIL: inline execution - source compiled test
FAIL: inline execution - bytecode->native test
FAIL: inline -O3 execution - source compiled test
FAIL: inline -O3 execution - bytecode->native test
FAIL: inner1 execution - source compiled test
FAIL: inner1 execution - bytecode->native test
FAIL: inner1 -O3 execution - source compiled test
FAIL: inner1 -O3 execution - bytecode->native test
FAIL: inner2 execution - source compiled test
FAIL: inner2 execution - bytecode->native test
FAIL: inner2 -O3 execution - source compiled test
FAIL: inner2 -O3 execution - bytecode->native test
FAIL: inner3 execution - source compiled test
FAIL: inner3 execution - bytecode->native test
FAIL: inner3 -O3 execution - source compiled test
FAIL: inner3 -O3 execution - bytecode->native test
FAIL: inner4 execution - source compiled test
FAIL: inner4 execution - bytecode->native test
FAIL: inner4 -O3 execution - source compiled test
FAIL: inner4 -O3 execution - bytecode->native test
FAIL: inner_array execution - source compiled test
FAIL: inner_array execution - bytecode->native test
FAIL: inner_array -O3 execution - source compiled test
FAIL: inner_array -O3 execution - bytecode->native test
FAIL: inner_interface execution - source compiled test
FAIL: inner_interface execution - bytecode->native test
FAIL: inner_interface -O3 execution - source compiled test
FAIL: inner_interface -O3 execution - bytecode->native test
FAIL: instance execution - source compiled test
FAIL: instance execution - bytecode->native test
FAIL: instance -O3 execution - source compiled test
FAIL: instance -O3 execution - bytecode->native test
FAIL: instinit execution - source compiled test
FAIL: instinit execution - bytecode->native test
FAIL: instinit -O3 execution - source compiled test
FAIL: instinit -O3 execution - bytecode->native test
FAIL: instinit2 execution - source compiled test
FAIL: instinit2 execution - bytecode->native test
FAIL: instinit2 -O3 execution - source compiled test
FAIL: instinit2 -O3 execution - bytecode->native test
FAIL: invoke_from_inner execution - source compiled test
FAIL: invoke_from_inner execution - bytecode->native test
FAIL: invoke_from_inner -O3 execution - source compiled test
FAIL: invoke_from_inner -O3 execution - bytecode->native test
FAIL: invokethrow execution - source compiled test
FAIL: invokethrow execution - bytecode->native test
FAIL: invokethrow -O3 execution - source compiled test
FAIL: invokethrow -O3 execution - bytecode->native test
FAIL: klass execution - source compiled test
FAIL: klass execution - bytecode->native test
FAIL: klass -O3 execution - source compiled test
FAIL: klass -O3 execution - bytecode->native test
FAIL: multiple_finit execution - source compiled test
FAIL: multiple_finit execution - bytecode->native test
FAIL: multiple_finit -O3 execution - source compiled test
FAIL: multiple_finit -O3 execution - bytecode->native test
FAIL: negzero execution - source compiled test
FAIL: negzero execution - bytecode->native test
FAIL: negzero -O3 execution - source compiled test
FAIL: negzero -O3 execution - bytecode->native test
FAIL: nested_with_ctor execution - source compiled test
FAIL: nested_with_ctor execution - bytecode->native test
FAIL: nested_with_ctor -O3 execution - source compiled test
FAIL: nested_with_ctor -O3 execution - bytecode->native test
FAIL: newarray_overflow execution - source compiled test
FAIL: newarray_overflow execution - bytecode->native test
FAIL: newarray_overflow -O3 execution - source compiled test
FAIL: newarray_overflow -O3 execution - bytecode->native test
FAIL: override execution - source compiled test
FAIL: override execution - bytecode->native test
FAIL: override -O3 execution - source compiled test
FAIL: override -O3 execution - bytecode->native test
FAIL: pr109 execution - source compiled test
FAIL: pr109 execution - bytecode->native test
FAIL: pr109 -O3 execution - source compiled test
FAIL: pr109 -O3 execution - bytecode->native test
FAIL: pr13107 execution - source compiled test
FAIL: pr13107 execution - bytecode->native test
FAIL: pr13107 -O3 execution - source compiled test
FAIL: pr13107 -O3 execution - bytecode->native test
FAIL: pr13107_2 execution - source compiled test
FAIL: pr13107_2 -O3 execution - source compiled test
FAIL: pr13107_3 execution - source compiled test
FAIL: pr13107_3 -O3 execution - source compiled test
FAIL: pr133 execution - source compiled test
FAIL: pr133 execution - bytecode->native test
FAIL: pr133 -O3 execution - source compiled test
FAIL: pr133 -O3 execution - bytecode->native test
FAIL: pr179 execution - source compiled test
FAIL: pr179 execution - bytecode->native test
FAIL: pr179 -O3 execution - source compiled test
FAIL: pr179 -O3 execution - bytecode->native test
FAIL: pr184 execution - source compiled test
FAIL: pr184 execution - bytecode->native test
FAIL: pr184 -O3 execution - source compiled test
FAIL: pr184 -O3 execution - bytecode->native test
FAIL: pr6388 execution - source compiled test
FAIL: pr6388 execution - bytecode->native test
FAIL: pr6388 -O3 execution - source compiled test
FAIL: pr6388 -O3 execution - bytecode->native test
FAIL: pr83 execution - source compiled test
FAIL: pr83 execution - bytecode->native test
FAIL: pr83 -O3 execution - source compiled test
FAIL: pr83 -O3 execution - bytecode->native test
FAIL: pr8415 execution - source compiled test
FAIL: pr8415 execution - bytecode->native test
FAIL: pr8415 -O3 execution - source compiled test
FAIL: pr8415 -O3 execution - bytecode->native test
FAIL: pr8676 execution - source compiled test
FAIL: pr8676 execution - bytecode->native test
FAIL: pr8676 -O3 execution - source compiled test
FAIL: pr8676 -O3 execution - bytecode->native test
FAIL: pr8823 execution - source compiled test
FAIL: pr8823 execution - bytecode->native test
FAIL: pr8823 -O3 execution - source compiled test
FAIL: pr8823 -O3 execution - bytecode->native test
FAIL: pr8945 execution - source compiled test
FAIL: pr8945 execution - bytecode->native test
FAIL: pr8945 -O3 execution - source compiled test
FAIL: pr8945 -O3 execution - bytecode->native test
FAIL: private_direct_read execution - source compiled test
FAIL: private_direct_read execution - bytecode->native test
FAIL: private_direct_read -O3 execution - source compiled test
FAIL: private_direct_read -O3 execution - bytecode->native test
FAIL: search_outer execution - source compiled test
FAIL: search_outer execution - bytecode->native test
FAIL: search_outer -O3 execution - source compiled test
FAIL: search_outer -O3 execution - bytecode->native test
FAIL: stringconst execution - source compiled test
FAIL: stringconst execution - bytecode->native test
FAIL: stringconst -O3 execution - source compiled test
FAIL: stringconst -O3 execution - bytecode->native test
FAIL: stringconst2 execution - source compiled test
FAIL: stringconst2 execution - bytecode->native test
FAIL: stringconst2 -O3 execution - source compiled test
FAIL: stringconst2 -O3 execution - bytecode->native test
FAIL: stub execution - source compiled test
FAIL: stub execution - bytecode->native test
FAIL: stub -O3 execution - source compiled test
FAIL: stub -O3 execution - bytecode->native test
FAIL: test_long execution - source compiled test
FAIL: test_long execution - bytecode->native test
FAIL: test_long -O3 execution - source compiled test
FAIL: test_long -O3 execution - bytecode->native test
FAIL: tmi execution - source compiled test
FAIL: tmi execution - bytecode->native test
FAIL: tmi -O3 execution - source compiled test
FAIL: tmi -O3 execution - bytecode->native test
FAIL: tp execution - source compiled test
FAIL: tp execution - bytecode->native test
FAIL: tp -O3 execution - source compiled test
FAIL: tp -O3 execution - bytecode->native test
FAIL: update_outer execution - source compiled test
FAIL: update_outer execution - bytecode->native test
FAIL: update_outer -O3 execution - source compiled test
FAIL: update_outer -O3 execution - bytecode->native test
FAIL: utf8concat execution - source compiled test
FAIL: utf8concat execution - bytecode->native test
FAIL: utf8concat -O3 execution - source compiled test
FAIL: utf8concat -O3 execution - bytecode->native test
FAIL: utilTest execution - source compiled test
FAIL: utilTest execution - bytecode->native test
FAIL: utilTest -O3 execution - source compiled test
FAIL: utilTest -O3 execution - bytecode->native test
FAIL: verify execution - source compiled test
FAIL: verify execution - bytecode->native test
FAIL: verify -O3 execution - source compiled test
FAIL: verify -O3 execution - bytecode->native test
FAIL: /.vol/gcc/obj/gcc-3.5.0-20040510/6.5-gcc-java-gas-gld/mips-sgi-irix6.5/libjava/testsuite/TestEarlyGC.exe execution - /.vol/gcc/obj/gcc-3.5.0-20040510/6.5-gcc-java-gas-gld/mips-sgi-irix6.5/libjava/testsuite/TestEarlyGC.exe
FAIL: /.vol/gcc/obj/gcc-3.5.0-20040510/6.5-gcc-java-gas-gld/mips-sgi-irix6.5/libjava/testsuite/TestLeak.exe execution - /.vol/gcc/obj/gcc-3.5.0-20040510/6.5-gcc-java-gas-gld/mips-sgi-irix6.5/libjava/testsuite/TestLeak.exe
FAIL: /.vol/gcc/obj/gcc-3.5.0-20040510/6.5-gcc-java-gas-gld/mips-sgi-irix6.5/libjava/testsuite/TestMultiple.exe execution - /.vol/gcc/obj/gcc-3.5.0-20040510/6.5-gcc-java-gas-gld/mips-sgi-irix6.5/libjava/testsuite/TestMultiple.exe
FAIL: /.vol/gcc/obj/gcc-3.5.0-20040510/6.5-gcc-java-gas-gld/mips-sgi-irix6.5/libjava/testsuite/TestParent.exe execution - /.vol/gcc/obj/gcc-3.5.0-20040510/6.5-gcc-java-gas-gld/mips-sgi-irix6.5/libjava/testsuite/TestParent.exe
=== libjava Summary for unix/-mabi=32 ===
# of expected passes 1513
# of unexpected failures 580
# of expected failures 8
# of untested testcases 677
Running target unix/-mabi=64
FAIL: PR9577 run
FAIL: longfield run
FAIL: shortfield run
FAIL: PR295 compilation from source
FAIL: PR295 compilation from bytecode
FAIL: PR295 -O3 compilation from source
FAIL: PR295 -O3 compilation from bytecode
FAIL: Statics compilation from source
FAIL: Statics compilation from bytecode
FAIL: Statics -O3 compilation from source
FAIL: Statics -O3 compilation from bytecode
FAIL: simple run
FAIL: PR15133 run
FAIL: calls run
FAIL: cxxtest.cc compilation
FAIL: field run
FAIL: final_method run
FAIL: findclass run
FAIL: invoke run
FAIL: jniutf run
FAIL: martin run
FAIL: noclass run
FAIL: overload run
FAIL: pr11951 run
FAIL: register run
FAIL: simple_int run
FAIL: throwit run
FAIL: virtual run
FAIL: ArrayStore execution - source compiled test
FAIL: ArrayStore execution - bytecode->native test
FAIL: ArrayStore -O3 execution - source compiled test
FAIL: ArrayStore -O3 execution - bytecode->native test
FAIL: ArrayStore2 execution - source compiled test
FAIL: ArrayStore2 execution - bytecode->native test
FAIL: ArrayStore2 -O3 execution - source compiled test
FAIL: ArrayStore2 -O3 execution - bytecode->native test
FAIL: Array_1 execution - source compiled test
FAIL: Array_1 execution - bytecode->native test
FAIL: Array_1 -O3 execution - source compiled test
FAIL: Array_1 -O3 execution - bytecode->native test
FAIL: Array_2 execution - source compiled test
FAIL: Array_2 execution - bytecode->native test
FAIL: Array_2 -O3 execution - source compiled test
FAIL: Array_2 -O3 execution - bytecode->native test
FAIL: Array_3 execution - source compiled test
FAIL: Array_3 execution - bytecode->native test
FAIL: Array_3 -O3 execution - source compiled test
FAIL: Array_3 -O3 execution - bytecode->native test
FAIL: Class_1 compilation from source
FAIL: Class_1 compilation from bytecode
FAIL: Class_1 -O3 compilation from source
FAIL: Class_1 -O3 compilation from bytecode
FAIL: CompareNaN execution - source compiled test
FAIL: CompareNaN execution - bytecode->native test
FAIL: CompareNaN -O3 execution - source compiled test
FAIL: CompareNaN -O3 execution - bytecode->native test
FAIL: Divide_1 execution - source compiled test
FAIL: Divide_1 execution - bytecode->native test
FAIL: Divide_1 -O3 execution - source compiled test
FAIL: Divide_1 -O3 execution - bytecode->native test
FAIL: EvaluationOrder execution - source compiled test
FAIL: EvaluationOrder execution - bytecode->native test
FAIL: EvaluationOrder -O3 execution - source compiled test
FAIL: EvaluationOrder -O3 execution - bytecode->native test
FAIL: FileHandleGcTest execution - source compiled test
FAIL: FileHandleGcTest execution - bytecode->native test
FAIL: FileHandleGcTest -O3 execution - source compiled test
FAIL: FileHandleGcTest -O3 execution - bytecode->native test
FAIL: Final execution - source compiled test
FAIL: Final execution - bytecode->native test
FAIL: Final -O3 execution - source compiled test
FAIL: Final -O3 execution - bytecode->native test
FAIL: Float_1 execution - source compiled test
FAIL: Float_1 execution - bytecode->native test
FAIL: Float_1 -O3 execution - source compiled test
FAIL: Float_1 -O3 execution - bytecode->native test
FAIL: G19990301_01 execution - source compiled test
FAIL: G19990301_01 execution - bytecode->native test
FAIL: G19990301_01 -O3 execution - source compiled test
FAIL: G19990301_01 -O3 execution - bytecode->native test
FAIL: G19990302_02 execution - source compiled test
FAIL: G19990302_02 execution - bytecode->native test
FAIL: G19990302_02 -O3 execution - source compiled test
FAIL: G19990302_02 -O3 execution - bytecode->native test
FAIL: G19990303_01 execution - source compiled test
FAIL: G19990303_01 execution - bytecode->native test
FAIL: G19990303_01 -O3 execution - source compiled test
FAIL: G19990303_01 -O3 execution - bytecode->native test
FAIL: G19990303_02 execution - source compiled test
FAIL: G19990303_02 execution - bytecode->native test
FAIL: G19990303_02 -O3 execution - source compiled test
FAIL: G19990303_02 -O3 execution - bytecode->native test
FAIL: G19990304_01 execution - source compiled test
FAIL: G19990304_01 execution - bytecode->native test
FAIL: G19990304_01 -O3 execution - source compiled test
FAIL: G19990304_01 -O3 execution - bytecode->native test
FAIL: G19990310_01 execution - source compiled test
FAIL: G19990310_01 execution - bytecode->native test
FAIL: G19990310_01 -O3 execution - source compiled test
FAIL: G19990310_01 -O3 execution - bytecode->native test
FAIL: II execution - source compiled test
FAIL: II execution - bytecode->native test
FAIL: II -O3 execution - source compiled test
FAIL: II -O3 execution - bytecode->native test
FAIL: InterfaceDispatch execution - source compiled test
FAIL: InterfaceDispatch execution - bytecode->native test
FAIL: InterfaceDispatch -O3 execution - source compiled test
FAIL: InterfaceDispatch -O3 execution - bytecode->native test
FAIL: InvokeInterface execution - source compiled test
FAIL: InvokeInterface execution - bytecode->native test
FAIL: InvokeInterface -O3 execution - source compiled test
FAIL: InvokeInterface -O3 execution - bytecode->native test
FAIL: InvokeReturn execution - source compiled test
FAIL: InvokeReturn execution - bytecode->native test
FAIL: InvokeReturn -O3 execution - source compiled test
FAIL: InvokeReturn -O3 execution - bytecode->native test
FAIL: Invoke_1 execution - source compiled test
FAIL: Invoke_1 execution - bytecode->native test
FAIL: Invoke_1 -O3 execution - source compiled test
FAIL: Invoke_1 -O3 execution - bytecode->native test
FAIL: Invoke_2 execution - source compiled test
FAIL: Invoke_2 execution - bytecode->native test
FAIL: Invoke_2 -O3 execution - source compiled test
FAIL: Invoke_2 -O3 execution - bytecode->native test
FAIL: KeepInline execution - source compiled test
FAIL: KeepInline execution - bytecode->native test
FAIL: KeepInline -O3 execution - source compiled test
FAIL: KeepInline -O3 execution - bytecode->native test
FAIL: MathBuiltin execution - source compiled test
FAIL: MathBuiltin execution - bytecode->native test
FAIL: MathBuiltin -O3 execution - source compiled test
FAIL: MathBuiltin -O3 execution - bytecode->native test
FAIL: Matrix4f execution - source compiled test
FAIL: Matrix4f execution - bytecode->native test
FAIL: Matrix4f -O3 execution - source compiled test
FAIL: Matrix4f -O3 execution - bytecode->native test
FAIL: N19990310_02 execution - source compiled test
FAIL: N19990310_02 execution - bytecode->native test
FAIL: N19990310_02 -O3 execution - source compiled test
FAIL: N19990310_02 -O3 execution - bytecode->native test
FAIL: N19990310_3 execution - source compiled test
FAIL: N19990310_3 execution - bytecode->native test
FAIL: N19990310_3 -O3 execution - source compiled test
FAIL: N19990310_3 -O3 execution - bytecode->native test
FAIL: N19990310_4 execution - source compiled test
FAIL: N19990310_4 execution - bytecode->native test
FAIL: N19990310_4 -O3 execution - source compiled test
FAIL: N19990310_4 -O3 execution - bytecode->native test
FAIL: N19990310_5 execution - source compiled test
FAIL: N19990310_5 execution - bytecode->native test
FAIL: N19990310_5 -O3 execution - source compiled test
FAIL: N19990310_5 -O3 execution - bytecode->native test
FAIL: Overflow execution - source compiled test
FAIL: Overflow execution - bytecode->native test
FAIL: Overflow -O3 execution - source compiled test
FAIL: Overflow -O3 execution - bytecode->native test
FAIL: PR12350 execution - source compiled test
FAIL: PR12350 execution - bytecode->native test
FAIL: PR12350 -O3 execution - source compiled test
FAIL: PR12350 -O3 execution - bytecode->native test
FAIL: PR12416 compilation from source
FAIL: PR12416 compilation from bytecode
FAIL: PR12416 -O3 compilation from source
FAIL: PR12416 -O3 compilation from bytecode
FAIL: PR12656 execution - source compiled test
FAIL: PR12656 execution - bytecode->native test
FAIL: PR12656 -O3 execution - source compiled test
FAIL: PR12656 -O3 execution - bytecode->native test
FAIL: PR12915 execution - source compiled test
FAIL: PR12915 execution - bytecode->native test
FAIL: PR12915 -O3 execution - source compiled test
FAIL: PR12915 -O3 execution - bytecode->native test
FAIL: PR141 execution - source compiled test
FAIL: PR141 execution - bytecode->native test
FAIL: PR141 -O3 execution - source compiled test
FAIL: PR141 -O3 execution - bytecode->native test
FAIL: PR160 execution - source compiled test
FAIL: PR160 execution - bytecode->native test
FAIL: PR160 -O3 execution - source compiled test
FAIL: PR160 -O3 execution - bytecode->native test
FAIL: PR162 execution - source compiled test
FAIL: PR162 execution - bytecode->native test
FAIL: PR162 -O3 execution - source compiled test
FAIL: PR162 -O3 execution - bytecode->native test
FAIL: PR218 execution - source compiled test
FAIL: PR218 execution - bytecode->native test
FAIL: PR218 -O3 execution - source compiled test
FAIL: PR218 -O3 execution - bytecode->native test
FAIL: PR242 execution - source compiled test
FAIL: PR242 execution - bytecode->native test
FAIL: PR242 -O3 execution - source compiled test
FAIL: PR242 -O3 execution - bytecode->native test
FAIL: PR260 execution - source compiled test
FAIL: PR260 execution - bytecode->native test
FAIL: PR260 -O3 execution - source compiled test
FAIL: PR260 -O3 execution - bytecode->native test
FAIL: PR3096 execution - source compiled test
FAIL: PR3096 execution - bytecode->native test
FAIL: PR3096 -O3 execution - source compiled test
FAIL: PR3096 -O3 execution - bytecode->native test
FAIL: PR3731 execution - source compiled test
FAIL: PR3731 execution - bytecode->native test
FAIL: PR3731 -O3 execution - source compiled test
FAIL: PR3731 -O3 execution - bytecode->native test
FAIL: PR5057 execution - source compiled test
FAIL: PR5057 execution - bytecode->native test
FAIL: PR5057 -O3 execution - source compiled test
FAIL: PR5057 -O3 execution - bytecode->native test
FAIL: PR5057_2 execution - source compiled test
FAIL: PR5057_2 execution - bytecode->native test
FAIL: PR5057_2 -O3 execution - source compiled test
FAIL: PR5057_2 -O3 execution - bytecode->native test
FAIL: PR55 execution - source compiled test
FAIL: PR55 execution - bytecode->native test
FAIL: PR55 -O3 execution - source compiled test
FAIL: PR55 -O3 execution - bytecode->native test
FAIL: PR56 execution - source compiled test
FAIL: PR56 execution - bytecode->native test
FAIL: PR56 -O3 execution - source compiled test
FAIL: PR56 -O3 execution - bytecode->native test
FAIL: PR6085 execution - source compiled test
FAIL: PR6085 execution - bytecode->native test
FAIL: PR6085 -O3 execution - source compiled test
FAIL: PR6085 -O3 execution - bytecode->native test
FAIL: PR6204 execution - source compiled test
FAIL: PR6204 execution - bytecode->native test
FAIL: PR6204 -O3 execution - source compiled test
FAIL: PR6204 -O3 execution - bytecode->native test
FAIL: PR6729 execution - source compiled test
FAIL: PR6729 execution - bytecode->native test
FAIL: PR6729 -O3 execution - source compiled test
FAIL: PR6729 -O3 execution - bytecode->native test
FAIL: PR6820 execution - source compiled test
FAIL: PR6820 execution - bytecode->native test
FAIL: PR6820 -O3 execution - source compiled test
FAIL: PR6820 -O3 execution - bytecode->native test
FAIL: PR7482 compilation from source
FAIL: PR7482 compilation from bytecode
FAIL: PR7482 -O3 compilation from source
FAIL: PR7482 -O3 compilation from bytecode
FAIL: Shazam execution - source compiled test
FAIL: Shazam execution - bytecode->native test
FAIL: Shazam -O3 execution - source compiled test
FAIL: Shazam -O3 execution - bytecode->native test
FAIL: StaticConstructor execution - source compiled test
FAIL: StaticConstructor execution - bytecode->native test
FAIL: StaticConstructor -O3 execution - source compiled test
FAIL: StaticConstructor -O3 execution - bytecode->native test
FAIL: StringBuffer_1 execution - source compiled test
FAIL: StringBuffer_1 execution - bytecode->native test
FAIL: StringBuffer_1 -O3 execution - source compiled test
FAIL: StringBuffer_1 -O3 execution - bytecode->native test
FAIL: StringBuffer_overflow execution - source compiled test
FAIL: StringBuffer_overflow execution - bytecode->native test
FAIL: StringBuffer_overflow -O3 execution - source compiled test
FAIL: StringBuffer_overflow -O3 execution - bytecode->native test
FAIL: String_overflow execution - source compiled test
FAIL: String_overflow execution - bytecode->native test
FAIL: String_overflow -O3 execution - source compiled test
FAIL: String_overflow -O3 execution - bytecode->native test
FAIL: SyncGlobal execution - source compiled test
FAIL: SyncGlobal execution - bytecode->native test
FAIL: SyncGlobal -O3 execution - source compiled test
FAIL: SyncGlobal -O3 execution - bytecode->native test
FAIL: Synch execution - source compiled test
FAIL: Synch execution - bytecode->native test
FAIL: Synch -O3 execution - source compiled test
FAIL: Synch -O3 execution - bytecode->native test
FAIL: TestProxy execution - source compiled test
FAIL: TestProxy execution - bytecode->native test
FAIL: TestProxy -O3 execution - source compiled test
FAIL: TestProxy -O3 execution - bytecode->native test
FAIL: Throw_1 execution - source compiled test
FAIL: Throw_1 execution - bytecode->native test
FAIL: Throw_1 -O3 execution - source compiled test
FAIL: Throw_1 -O3 execution - bytecode->native test
FAIL: Throw_2 execution - source compiled test
FAIL: Throw_2 execution - bytecode->native test
FAIL: Throw_2 -O3 execution - source compiled test
FAIL: Throw_2 -O3 execution - bytecode->native test
FAIL: anfi execution - source compiled test
FAIL: anfi execution - bytecode->native test
FAIL: anfi -O3 execution - source compiled test
FAIL: anfi -O3 execution - bytecode->native test
FAIL: anon execution - source compiled test
FAIL: anon execution - bytecode->native test
FAIL: anon -O3 execution - source compiled test
FAIL: anon -O3 execution - bytecode->native test
FAIL: anon2 execution - source compiled test
FAIL: anon2 execution - bytecode->native test
FAIL: anon2 -O3 execution - source compiled test
FAIL: anon2 -O3 execution - bytecode->native test
FAIL: anon3 execution - source compiled test
FAIL: anon3 execution - bytecode->native test
FAIL: anon3 -O3 execution - source compiled test
FAIL: anon3 -O3 execution - bytecode->native test
FAIL: anon4 execution - source compiled test
FAIL: anon4 execution - bytecode->native test
FAIL: anon4 -O3 execution - source compiled test
FAIL: anon4 -O3 execution - bytecode->native test
FAIL: anon_ctor_itf_arg execution - source compiled test
FAIL: anon_ctor_itf_arg execution - bytecode->native test
FAIL: anon_ctor_itf_arg -O3 execution - source compiled test
FAIL: anon_ctor_itf_arg -O3 execution - bytecode->native test
FAIL: anonarray execution - source compiled test
FAIL: anonarray execution - bytecode->native test
FAIL: anonarray -O3 execution - source compiled test
FAIL: anonarray -O3 execution - bytecode->native test
FAIL: anonarray2 execution - source compiled test
FAIL: anonarray2 execution - bytecode->native test
FAIL: anonarray2 -O3 execution - source compiled test
FAIL: anonarray2 -O3 execution - bytecode->native test
FAIL: anonarray3 execution - source compiled test
FAIL: anonarray3 execution - bytecode->native test
FAIL: anonarray3 -O3 execution - source compiled test
FAIL: anonarray3 -O3 execution - bytecode->native test
FAIL: assign execution - source compiled test
FAIL: assign execution - bytecode->native test
FAIL: assign -O3 execution - source compiled test
FAIL: assign -O3 execution - bytecode->native test
FAIL: direct_read execution - source compiled test
FAIL: direct_read execution - bytecode->native test
FAIL: direct_read -O3 execution - source compiled test
FAIL: direct_read -O3 execution - bytecode->native test
FAIL: direct_write execution - source compiled test
FAIL: direct_write execution - bytecode->native test
FAIL: direct_write -O3 execution - source compiled test
FAIL: direct_write -O3 execution - bytecode->native test
FAIL: emptystring execution - source compiled test
FAIL: emptystring execution - bytecode->native test
FAIL: emptystring -O3 execution - source compiled test
FAIL: emptystring -O3 execution - bytecode->native test
FAIL: err1 execution - source compiled test
FAIL: err1 execution - bytecode->native test
FAIL: err1 -O3 execution - source compiled test
FAIL: err1 -O3 execution - bytecode->native test
FAIL: err10 execution - source compiled test
FAIL: err10 execution - bytecode->native test
FAIL: err10 -O3 execution - source compiled test
FAIL: err10 -O3 execution - bytecode->native test
FAIL: err11 execution - source compiled test
FAIL: err11 execution - bytecode->native test
FAIL: err11 -O3 execution - source compiled test
FAIL: err11 -O3 execution - bytecode->native test
FAIL: err12 execution - source compiled test
FAIL: err12 execution - bytecode->native test
FAIL: err12 -O3 execution - source compiled test
FAIL: err12 -O3 execution - bytecode->native test
FAIL: err13 execution - source compiled test
FAIL: err13 execution - bytecode->native test
FAIL: err13 -O3 execution - source compiled test
FAIL: err13 -O3 execution - bytecode->native test
FAIL: err2 execution - source compiled test
FAIL: err2 execution - bytecode->native test
FAIL: err2 -O3 execution - source compiled test
FAIL: err2 -O3 execution - bytecode->native test
FAIL: err3 execution - source compiled test
FAIL: err3 execution - bytecode->native test
FAIL: err3 -O3 execution - source compiled test
FAIL: err3 -O3 execution - bytecode->native test
FAIL: err4 execution - source compiled test
FAIL: err4 execution - bytecode->native test
FAIL: err4 -O3 execution - source compiled test
FAIL: err4 -O3 execution - bytecode->native test
FAIL: err5 execution - source compiled test
FAIL: err5 execution - bytecode->native test
FAIL: err5 -O3 execution - source compiled test
FAIL: err5 -O3 execution - bytecode->native test
FAIL: err6 execution - source compiled test
FAIL: err6 execution - bytecode->native test
FAIL: err6 -O3 execution - source compiled test
FAIL: err6 -O3 execution - bytecode->native test
FAIL: err7 execution - source compiled test
FAIL: err7 execution - bytecode->native test
FAIL: err7 -O3 execution - source compiled test
FAIL: err7 -O3 execution - bytecode->native test
FAIL: err8 execution - source compiled test
FAIL: err8 execution - bytecode->native test
FAIL: err8 -O3 execution - source compiled test
FAIL: err8 -O3 execution - bytecode->native test
FAIL: err9 execution - source compiled test
FAIL: err9 execution - bytecode->native test
FAIL: err9 -O3 execution - source compiled test
FAIL: err9 -O3 execution - bytecode->native test
FAIL: final_inner execution - source compiled test
FAIL: final_inner execution - bytecode->native test
FAIL: final_inner -O3 execution - source compiled test
FAIL: final_inner -O3 execution - bytecode->native test
FAIL: final_int execution - source compiled test
FAIL: final_int execution - bytecode->native test
FAIL: final_int -O3 execution - source compiled test
FAIL: final_int -O3 execution - bytecode->native test
FAIL: final_static_and_friend execution - source compiled test
FAIL: final_static_and_friend execution - bytecode->native test
FAIL: final_static_and_friend -O3 execution - source compiled test
FAIL: final_static_and_friend -O3 execution - bytecode->native test
FAIL: indirect execution - source compiled test
FAIL: indirect execution - bytecode->native test
FAIL: indirect -O3 execution - source compiled test
FAIL: indirect -O3 execution - bytecode->native test
FAIL: indirect_read execution - source compiled test
FAIL: indirect_read execution - bytecode->native test
FAIL: indirect_read -O3 execution - source compiled test
FAIL: indirect_read -O3 execution - bytecode->native test
FAIL: indirect_write execution - source compiled test
FAIL: indirect_write execution - bytecode->native test
FAIL: indirect_write -O3 execution - source compiled test
FAIL: indirect_write -O3 execution - bytecode->native test
FAIL: initexc execution - source compiled test
FAIL: initexc execution - bytecode->native test
FAIL: initexc -O3 execution - source compiled test
FAIL: initexc -O3 execution - bytecode->native test
FAIL: initfield execution - source compiled test
FAIL: initfield execution - bytecode->native test
FAIL: initfield -O3 execution - source compiled test
FAIL: initfield -O3 execution - bytecode->native test
FAIL: inline execution - source compiled test
FAIL: inline execution - bytecode->native test
FAIL: inline -O3 execution - source compiled test
FAIL: inline -O3 execution - bytecode->native test
FAIL: inner1 execution - source compiled test
FAIL: inner1 execution - bytecode->native test
FAIL: inner1 -O3 execution - source compiled test
FAIL: inner1 -O3 execution - bytecode->native test
FAIL: inner2 execution - source compiled test
FAIL: inner2 execution - bytecode->native test
FAIL: inner2 -O3 execution - source compiled test
FAIL: inner2 -O3 execution - bytecode->native test
FAIL: inner3 execution - source compiled test
FAIL: inner3 execution - bytecode->native test
FAIL: inner3 -O3 execution - source compiled test
FAIL: inner3 -O3 execution - bytecode->native test
FAIL: inner4 execution - source compiled test
FAIL: inner4 execution - bytecode->native test
FAIL: inner4 -O3 execution - source compiled test
FAIL: inner4 -O3 execution - bytecode->native test
FAIL: inner_array execution - source compiled test
FAIL: inner_array execution - bytecode->native test
FAIL: inner_array -O3 execution - source compiled test
FAIL: inner_array -O3 execution - bytecode->native test
FAIL: inner_interface execution - source compiled test
FAIL: inner_interface execution - bytecode->native test
FAIL: inner_interface -O3 execution - source compiled test
FAIL: inner_interface -O3 execution - bytecode->native test
FAIL: instance execution - source compiled test
FAIL: instance execution - bytecode->native test
FAIL: instance -O3 execution - source compiled test
FAIL: instance -O3 execution - bytecode->native test
FAIL: instinit execution - source compiled test
FAIL: instinit execution - bytecode->native test
FAIL: instinit -O3 execution - source compiled test
FAIL: instinit -O3 execution - bytecode->native test
FAIL: instinit2 execution - source compiled test
FAIL: instinit2 execution - bytecode->native test
FAIL: instinit2 -O3 execution - source compiled test
FAIL: instinit2 -O3 execution - bytecode->native test
FAIL: invoke_from_inner execution - source compiled test
FAIL: invoke_from_inner execution - bytecode->native test
FAIL: invoke_from_inner -O3 execution - source compiled test
FAIL: invoke_from_inner -O3 execution - bytecode->native test
FAIL: invokethrow execution - source compiled test
FAIL: invokethrow execution - bytecode->native test
FAIL: invokethrow -O3 execution - source compiled test
FAIL: invokethrow -O3 execution - bytecode->native test
FAIL: klass execution - source compiled test
FAIL: klass execution - bytecode->native test
FAIL: klass -O3 execution - source compiled test
FAIL: klass -O3 execution - bytecode->native test
FAIL: multiple_finit execution - source compiled test
FAIL: multiple_finit execution - bytecode->native test
FAIL: multiple_finit -O3 execution - source compiled test
FAIL: multiple_finit -O3 execution - bytecode->native test
FAIL: negzero execution - source compiled test
FAIL: negzero execution - bytecode->native test
FAIL: negzero -O3 execution - source compiled test
FAIL: negzero -O3 execution - bytecode->native test
FAIL: nested_with_ctor execution - source compiled test
FAIL: nested_with_ctor execution - bytecode->native test
FAIL: nested_with_ctor -O3 execution - source compiled test
FAIL: nested_with_ctor -O3 execution - bytecode->native test
FAIL: newarray_overflow execution - source compiled test
FAIL: newarray_overflow execution - bytecode->native test
FAIL: newarray_overflow -O3 execution - source compiled test
FAIL: newarray_overflow -O3 execution - bytecode->native test
FAIL: override execution - source compiled test
FAIL: override execution - bytecode->native test
FAIL: override -O3 execution - source compiled test
FAIL: override -O3 execution - bytecode->native test
FAIL: pr109 execution - source compiled test
FAIL: pr109 execution - bytecode->native test
FAIL: pr109 -O3 execution - source compiled test
FAIL: pr109 -O3 execution - bytecode->native test
FAIL: pr13107 execution - source compiled test
FAIL: pr13107 execution - bytecode->native test
FAIL: pr13107 -O3 execution - source compiled test
FAIL: pr13107 -O3 execution - bytecode->native test
FAIL: pr13107_2 execution - source compiled test
FAIL: pr13107_2 -O3 execution - source compiled test
FAIL: pr13107_3 execution - source compiled test
FAIL: pr13107_3 -O3 execution - source compiled test
FAIL: pr133 execution - source compiled test
FAIL: pr133 execution - bytecode->native test
FAIL: pr133 -O3 execution - source compiled test
FAIL: pr133 -O3 execution - bytecode->native test
FAIL: pr179 compilation from source
FAIL: pr179 compilation from bytecode
FAIL: pr179 -O3 compilation from source
FAIL: pr179 -O3 compilation from bytecode
FAIL: pr184 execution - source compiled test
FAIL: pr184 execution - bytecode->native test
FAIL: pr184 -O3 execution - source compiled test
FAIL: pr184 -O3 execution - bytecode->native test
FAIL: pr6388 execution - source compiled test
FAIL: pr6388 execution - bytecode->native test
FAIL: pr6388 -O3 execution - source compiled test
FAIL: pr6388 -O3 execution - bytecode->native test
FAIL: pr83 execution - source compiled test
FAIL: pr83 execution - bytecode->native test
FAIL: pr83 -O3 execution - source compiled test
FAIL: pr83 -O3 execution - bytecode->native test
FAIL: pr8415 execution - source compiled test
FAIL: pr8415 execution - bytecode->native test
FAIL: pr8415 -O3 execution - source compiled test
FAIL: pr8415 -O3 execution - bytecode->native test
FAIL: pr8676 execution - source compiled test
FAIL: pr8676 execution - bytecode->native test
FAIL: pr8676 -O3 execution - source compiled test
FAIL: pr8676 -O3 execution - bytecode->native test
FAIL: pr8823 execution - source compiled test
FAIL: pr8823 execution - bytecode->native test
FAIL: pr8823 -O3 execution - source compiled test
FAIL: pr8823 -O3 execution - bytecode->native test
FAIL: pr8945 execution - source compiled test
FAIL: pr8945 execution - bytecode->native test
FAIL: pr8945 -O3 execution - source compiled test
FAIL: pr8945 -O3 execution - bytecode->native test
FAIL: private_direct_read execution - source compiled test
FAIL: private_direct_read execution - bytecode->native test
FAIL: private_direct_read -O3 execution - source compiled test
FAIL: private_direct_read -O3 execution - bytecode->native test
FAIL: search_outer execution - source compiled test
FAIL: search_outer execution - bytecode->native test
FAIL: search_outer -O3 execution - source compiled test
FAIL: search_outer -O3 execution - bytecode->native test
FAIL: stringconst execution - source compiled test
FAIL: stringconst execution - bytecode->native test
FAIL: stringconst -O3 execution - source compiled test
FAIL: stringconst -O3 execution - bytecode->native test
FAIL: stringconst2 execution - source compiled test
FAIL: stringconst2 execution - bytecode->native test
FAIL: stringconst2 -O3 execution - source compiled test
FAIL: stringconst2 -O3 execution - bytecode->native test
FAIL: stub execution - source compiled test
FAIL: stub execution - bytecode->native test
FAIL: stub -O3 execution - source compiled test
FAIL: stub -O3 execution - bytecode->native test
FAIL: test_long execution - source compiled test
FAIL: test_long execution - bytecode->native test
FAIL: test_long -O3 execution - source compiled test
FAIL: test_long -O3 execution - bytecode->native test
FAIL: tmi execution - source compiled test
FAIL: tmi execution - bytecode->native test
FAIL: tmi -O3 execution - source compiled test
FAIL: tmi -O3 execution - bytecode->native test
FAIL: tp execution - source compiled test
FAIL: tp execution - bytecode->native test
FAIL: tp -O3 execution - source compiled test
FAIL: tp -O3 execution - bytecode->native test
FAIL: update_outer execution - source compiled test
FAIL: update_outer execution - bytecode->native test
FAIL: update_outer -O3 execution - source compiled test
FAIL: update_outer -O3 execution - bytecode->native test
FAIL: utf8concat execution - source compiled test
FAIL: utf8concat execution - bytecode->native test
FAIL: utf8concat -O3 execution - source compiled test
FAIL: utf8concat -O3 execution - bytecode->native test
FAIL: utilTest execution - source compiled test
FAIL: utilTest execution - bytecode->native test
FAIL: utilTest -O3 execution - source compiled test
FAIL: utilTest -O3 execution - bytecode->native test
FAIL: verify compilation from source
FAIL: verify compilation from bytecode
FAIL: verify -O3 compilation from source
FAIL: verify -O3 compilation from bytecode
FAIL: /.vol/gcc/obj/gcc-3.5.0-20040510/6.5-gcc-java-gas-gld/mips-sgi-irix6.5/libjava/testsuite/TestEarlyGC.exe execution - /.vol/gcc/obj/gcc-3.5.0-20040510/6.5-gcc-java-gas-gld/mips-sgi-irix6.5/libjava/testsuite/TestEarlyGC.exe
FAIL: /.vol/gcc/obj/gcc-3.5.0-20040510/6.5-gcc-java-gas-gld/mips-sgi-irix6.5/libjava/testsuite/TestLeak.exe execution - /.vol/gcc/obj/gcc-3.5.0-20040510/6.5-gcc-java-gas-gld/mips-sgi-irix6.5/libjava/testsuite/TestLeak.exe
FAIL: /.vol/gcc/obj/gcc-3.5.0-20040510/6.5-gcc-java-gas-gld/mips-sgi-irix6.5/libjava/testsuite/TestMultiple.exe execution - /.vol/gcc/obj/gcc-3.5.0-20040510/6.5-gcc-java-gas-gld/mips-sgi-irix6.5/libjava/testsuite/TestMultiple.exe
FAIL: /.vol/gcc/obj/gcc-3.5.0-20040510/6.5-gcc-java-gas-gld/mips-sgi-irix6.5/libjava/testsuite/TestParent.exe execution - /.vol/gcc/obj/gcc-3.5.0-20040510/6.5-gcc-java-gas-gld/mips-sgi-irix6.5/libjava/testsuite/TestParent.exe
=== libjava Summary for unix/-mabi=64 ===
# of expected passes 1485
# of unexpected failures 588
# of expected failures 8
# of untested testcases 697
=== libjava Summary ===
# of expected passes 4483
# of unexpected failures 1756
# of expected failures 24
# of untested testcases 2071
=== libstdc++ tests ===
Running target unix
FAIL: 22_locale/ctype/cons/char/1.cc execution test
FAIL: 27_io/basic_istream/extractors_arithmetic/char/12.cc execution test
=== libstdc++ Summary for unix ===
# of expected passes 1981
# of unexpected failures 2
# of expected failures 4
# of unsupported tests 8
Running target unix/-mabi=32
FAIL: 22_locale/ctype/cons/char/1.cc execution test
FAIL: 27_io/basic_istream/extractors_arithmetic/char/12.cc execution test
=== libstdc++ Summary for unix/-mabi=32 ===
# of expected passes 1981
# of unexpected failures 2
# of expected failures 4
# of unsupported tests 8
Running target unix/-mabi=64
FAIL: 22_locale/ctype/cons/char/1.cc execution test
FAIL: 27_io/basic_istream/extractors_arithmetic/char/12.cc execution test
=== libstdc++ Summary for unix/-mabi=64 ===
# of expected passes 1981
# of unexpected failures 2
# of expected failures 4
# of unsupported tests 8
=== libstdc++ Summary ===
# of expected passes 5943
# of unexpected failures 6
# of expected failures 12
# of unsupported tests 24
Compiler version: 3.5.0 20040510 (experimental)
Platform: mips-sgi-irix6.5
configure flags: --prefix=/.vol/gcc --with-local-prefix=/.vol/gcc --disable-nls --with-gnu-as --with-as=/homes/ro/bin/gas-2.14.92 --with-gnu-ld --with-ld=/homes/ro/bin/gld-2.14.92 --enable-libgcj --enable-languages=c,ada,c++,f77,java,objc
BOOT_CFLAGS=-g -O2