This is the mail archive of the
gcc-testresults@gcc.gnu.org
mailing list for the GCC project.
Results for 3.3.4 20040522 (prerelease) testsuite on sparc-sun-solaris2.7
- From: Eric Botcazou <eric at localhost dot localdomain>
- To: gcc-testresults at gcc dot gnu dot org
- Date: Sat, 22 May 2004 18:21:26 +0200
- Subject: Results for 3.3.4 20040522 (prerelease) testsuite on sparc-sun-solaris2.7
LAST_UPDATED: Sat May 22 06:11:40 UTC 2004
Native configuration is sparc-sun-solaris2.7
=== g++ tests ===
Running target unix
FAIL: g++.other/decl5.C caused compiler crash
=== g++ Summary ===
# of expected passes 8170
# of unexpected failures 1
# of expected failures 95
# of untested testcases 21
# of unsupported tests 28
/opt/build/eric/gcc-3_3-branch/gcc/testsuite/../g++ version 3.3.4 20040522 (prerelease)
=== g77 tests ===
Running target unix
=== g77 Summary ===
# of expected passes 1720
# of unsupported tests 8
/opt/build/eric/gcc-3_3-branch/gcc/testsuite/../g77 version 3.3.4 20040522 (prerelease)
=== gcc tests ===
Running target unix
WARNING: gcc.dg/20021014-1.c compilation failed to produce executable
FAIL: gcc.dg/duff-2.c (test for excess errors)
=== gcc Summary ===
# of expected passes 21169
# of unexpected failures 1
# of expected failures 67
# of unsupported tests 182
/opt/build/eric/gcc-3_3-branch/gcc/xgcc version 3.3.4 20040522 (prerelease)
=== objc tests ===
Running target unix
=== objc Summary ===
# of expected passes 1166
/opt/build/eric/gcc-3_3-branch/gcc/xgcc version 3.3.4 20040522 (prerelease)
=== libjava tests ===
Running target unix
FAIL: Array_3 execution - gij test
FAIL: Array_3 execution - gij test
FAIL: FileHandleGcTest execution - source compiled test
FAIL: FileHandleGcTest execution - gij test
FAIL: FileHandleGcTest execution - bytecode->native test
FAIL: FileHandleGcTest -O execution - source compiled test
FAIL: FileHandleGcTest execution - gij test
FAIL: FileHandleGcTest -O execution - bytecode->native test
WARNING: program timed out.
FAIL: SyncTest execution - gij test
WARNING: program timed out.
FAIL: SyncTest execution - bytecode->native test
WARNING: program timed out.
FAIL: SyncTest execution - gij test
WARNING: program timed out.
FAIL: SyncTest -O execution - bytecode->native test
FAIL: Throw_2 execution - source compiled test
FAIL: Throw_2 execution - gij test
FAIL: Throw_2 execution - bytecode->native test
FAIL: Throw_2 -O execution - source compiled test
FAIL: Throw_2 execution - gij test
FAIL: Throw_2 -O execution - bytecode->native test
=== libjava Summary ===
# of expected passes 2955
# of unexpected failures 18
# of expected failures 16
# of untested testcases 30
=== libstdc++-v3 tests ===
Running target unix
=== libstdc++-v3 Summary ===
# of expected passes 429
# of expected failures 18
Compiler version: 3.3.4 20040522 (prerelease)
Platform: sparc-sun-solaris2.7
configure flags: --host=sparc-sun-solaris2.7 --prefix=/opt/build/eric/local/gcc-3.3.4 --enable-languages=c,c++,objc,f77,java --enable-checking=misc,tree,rtlflag --disable-multilib