This is the mail archive of the
gcc-testresults@gcc.gnu.org
mailing list for the GCC project.
Results for 3.4.1 20040514 (prerelease) testsuite on mips-sgi-irix5.3
- From: Rainer Orth <ro at TechFak dot Uni-Bielefeld dot DE>
- To: gcc-testresults at gcc dot gnu dot org
- Date: Fri, 21 May 2004 20:53:50 +0200 (MEST)
- Subject: Results for 3.4.1 20040514 (prerelease) testsuite on mips-sgi-irix5.3
LAST_UPDATED: Fri May 14 09:52:13 UTC 2004
=== acats tests ===
FAIL: a83a02b
FAIL: a85013b
FAIL: a87b59a
FAIL: a95001c
FAIL: a95074d
FAIL: a97106a
FAIL: a99006a
FAIL: aa2010a
FAIL: ac3207a
FAIL: ad7201a
FAIL: ad7203b
FAIL: ad7205b
FAIL: ada101a
FAIL: c250002
FAIL: c34007j
FAIL: c34008a
FAIL: c35102a
FAIL: c37213f
FAIL: c37215f
FAIL: c37402a
FAIL: c37403a
FAIL: c380003
FAIL: c380004
FAIL: c38102d
FAIL: c38202a
FAIL: c39008a
FAIL: c39008b
FAIL: c39008c
FAIL: c3a1001
FAIL: c3a1002
FAIL: c410001
FAIL: c41306a
FAIL: c41306b
FAIL: c41306c
FAIL: c41307d
FAIL: c41401a
FAIL: c43204g
FAIL: c45282b
FAIL: c45291a
FAIL: c46051a
FAIL: c51004a
FAIL: c59002c
FAIL: c64201b
FAIL: c64201c
FAIL: c650001
FAIL: c74004a
FAIL: c74401k
FAIL: c74406a
FAIL: c761001
FAIL: c761007
FAIL: c83023a
FAIL: c85004b
FAIL: c85005a
FAIL: c85005b
FAIL: c85005c
FAIL: c85005d
FAIL: c85005e
FAIL: c85006a
FAIL: c85006b
FAIL: c85006c
FAIL: c85006d
FAIL: c85006e
FAIL: c85014a
FAIL: c85014b
FAIL: c85014c
FAIL: c85018a
FAIL: c85018b
FAIL: c87b26b
FAIL: c87b41a
FAIL: c87b45c
FAIL: c87b54a
FAIL: c87b62d
FAIL: c910001
FAIL: c910002
FAIL: c910003
FAIL: c91004b
FAIL: c91004c
FAIL: c91006a
FAIL: c91007a
FAIL: c92002a
FAIL: c92003a
FAIL: c92005a
FAIL: c92005b
FAIL: c92006a
FAIL: c930001
FAIL: c93001a
FAIL: c93002a
FAIL: c93003a
FAIL: c93004a
FAIL: c93004b
FAIL: c93004c
FAIL: c93004d
FAIL: c93004f
FAIL: c93005a
FAIL: c93005b
FAIL: c93005c
FAIL: c93005d
FAIL: c93005e
FAIL: c93005f
FAIL: c93005g
FAIL: c93005h
FAIL: c93006a
FAIL: c93007a
FAIL: c93008a
FAIL: c93008b
FAIL: c940001
FAIL: c940002
FAIL: c940004
FAIL: c940005
FAIL: c940006
FAIL: c940007
FAIL: c940010
FAIL: c940011
FAIL: c940012
FAIL: c940013
FAIL: c940014
FAIL: c940015
FAIL: c940016
FAIL: c94001a
FAIL: c94001b
FAIL: c94001c
FAIL: c94001e
FAIL: c94001f
FAIL: c94001g
FAIL: c94002a
FAIL: c94002b
FAIL: c94002d
FAIL: c94002e
FAIL: c94002f
FAIL: c94002g
FAIL: c94004a
FAIL: c94004b
FAIL: c94004c
FAIL: c94005a
FAIL: c94005b
FAIL: c94006a
FAIL: c94007a
FAIL: c94007b
FAIL: c94008a
FAIL: c94008b
FAIL: c94008c
FAIL: c94008d
FAIL: c94010a
FAIL: c94011a
FAIL: c94020a
FAIL: c940a03
FAIL: c95008a
FAIL: c95009a
FAIL: c95010a
FAIL: c95011a
FAIL: c95012a
FAIL: c95021a
FAIL: c95022a
FAIL: c95022b
FAIL: c95033a
FAIL: c95033b
FAIL: c95034a
FAIL: c95034b
FAIL: c95035a
FAIL: c95040a
FAIL: c95040b
FAIL: c95040c
FAIL: c95040d
FAIL: c95041a
FAIL: c95065a
FAIL: c95065b
FAIL: c95065c
FAIL: c95065d
FAIL: c95065e
FAIL: c95065f
FAIL: c95066a
FAIL: c95067a
FAIL: c95071a
FAIL: c95072a
FAIL: c95072b
FAIL: c95073a
FAIL: c95074c
FAIL: c95076a
FAIL: c95078a
FAIL: c95080b
FAIL: c95082g
FAIL: c95085a
FAIL: c95085b
FAIL: c95085c
FAIL: c95085d
FAIL: c95085e
FAIL: c95085f
FAIL: c95085g
FAIL: c95085h
FAIL: c95085i
FAIL: c95085j
FAIL: c95085k
FAIL: c95085l
FAIL: c95085m
FAIL: c95085n
FAIL: c95085o
FAIL: c95086a
FAIL: c95086b
FAIL: c95086c
FAIL: c95086d
FAIL: c95086e
FAIL: c95086f
FAIL: c95087a
FAIL: c95087b
FAIL: c95087c
FAIL: c95087d
FAIL: c95088a
FAIL: c95089a
FAIL: c95090a
FAIL: c95092a
FAIL: c95093a
FAIL: c95095a
FAIL: c95095b
FAIL: c95095c
FAIL: c95095d
FAIL: c95095e
FAIL: c951001
FAIL: c951002
FAIL: c953001
FAIL: c953002
FAIL: c953003
FAIL: c954001
FAIL: c954010
FAIL: c954011
FAIL: c954012
FAIL: c954013
FAIL: c954014
FAIL: c954015
FAIL: c954016
FAIL: c954017
FAIL: c954018
FAIL: c954019
FAIL: c954020
FAIL: c954021
FAIL: c954022
FAIL: c954023
FAIL: c954024
FAIL: c954025
FAIL: c954026
FAIL: c954a01
FAIL: c954a02
FAIL: c954a03
FAIL: c960001
FAIL: c960002
FAIL: c960004
FAIL: c97112a
FAIL: c97113a
FAIL: c97114a
FAIL: c97115a
FAIL: c97116a
FAIL: c97117a
FAIL: c97117b
FAIL: c97117c
FAIL: c97118a
FAIL: c97120a
FAIL: c97120b
FAIL: c97201a
FAIL: c97201b
FAIL: c97201c
FAIL: c97201d
FAIL: c97201e
FAIL: c97201g
FAIL: c97201h
FAIL: c97201x
FAIL: c97202a
FAIL: c97203a
FAIL: c97203b
FAIL: c97203c
FAIL: c97204a
FAIL: c97204b
FAIL: c97205a
FAIL: c97205b
FAIL: c97301a
FAIL: c97301b
FAIL: c97301c
FAIL: c97301d
FAIL: c97301e
FAIL: c97302a
FAIL: c97303a
FAIL: c97303b
FAIL: c97303c
FAIL: c97304a
FAIL: c97304b
FAIL: c97305a
FAIL: c97305b
FAIL: c97305c
FAIL: c97305d
FAIL: c97307a
FAIL: c974001
FAIL: c974002
FAIL: c974003
FAIL: c974004
FAIL: c974005
FAIL: c974006
FAIL: c974007
FAIL: c974008
FAIL: c974009
FAIL: c974010
FAIL: c974011
FAIL: c974012
FAIL: c974013
FAIL: c974014
FAIL: c980001
FAIL: c980002
FAIL: c980003
FAIL: c99004a
FAIL: c99005a
FAIL: c9a003a
FAIL: c9a004a
FAIL: c9a007a
FAIL: c9a009a
FAIL: c9a009c
FAIL: c9a009f
FAIL: c9a009g
FAIL: c9a009h
FAIL: c9a010a
FAIL: c9a011a
FAIL: c9a011b
FAIL: ca13001
FAIL: ca5004a
FAIL: cb1010a
FAIL: cb20001
FAIL: cb20004
FAIL: cb20005
FAIL: cb20006
FAIL: cb20007
FAIL: cb4013a
FAIL: cb41002
FAIL: cb5001a
FAIL: cb5001b
FAIL: cb5002a
FAIL: cc1104c
FAIL: cc1207b
FAIL: cc1225a
FAIL: cc1310a
FAIL: cc3019c
FAIL: cc3106b
FAIL: cc3120b
FAIL: cc3207b
FAIL: cc3225a
FAIL: cc3601c
FAIL: cc3602a
FAIL: cd10002
FAIL: cd1009k
FAIL: cd1009t
FAIL: cd1009u
FAIL: cd1c03e
FAIL: cd1c06a
FAIL: cd2a91c
FAIL: cd2c11a
FAIL: cd2c11d
FAIL: cd5003e
FAIL: cd72a02
FAIL: cxh1001
FAIL: cxh3001
FAIL: cxh3002
FAIL: cxh3003
FAIL: la14010
FAIL: la14027
=== acats Summary ===
# of expected passes 1963
# of unexpected failures 359
Native configuration is mips-sgi-irix5.3
=== g++ tests ===
Running target unix
FAIL: g++.dg/bprob/g++-bprob-1.C execution: file g++-bprob-1.gcda does not exist, -g -fprofile-arcs
UNRESOLVED: g++.dg/bprob/g++-bprob-1.C compilation, -g -fbranch-probabilities
UNRESOLVED: g++.dg/bprob/g++-bprob-1.C execution, -g -fbranch-probabilities
FAIL: g++.dg/bprob/g++-bprob-1.C execution: file g++-bprob-1.gcda does not exist, -O0 -fprofile-arcs
UNRESOLVED: g++.dg/bprob/g++-bprob-1.C compilation, -O0 -fbranch-probabilities
UNRESOLVED: g++.dg/bprob/g++-bprob-1.C execution, -O0 -fbranch-probabilities
FAIL: g++.dg/bprob/g++-bprob-1.C execution: file g++-bprob-1.gcda does not exist, -O1 -fprofile-arcs
UNRESOLVED: g++.dg/bprob/g++-bprob-1.C compilation, -O1 -fbranch-probabilities
UNRESOLVED: g++.dg/bprob/g++-bprob-1.C execution, -O1 -fbranch-probabilities
FAIL: g++.dg/bprob/g++-bprob-1.C execution: file g++-bprob-1.gcda does not exist, -O2 -fprofile-arcs
UNRESOLVED: g++.dg/bprob/g++-bprob-1.C compilation, -O2 -fbranch-probabilities
UNRESOLVED: g++.dg/bprob/g++-bprob-1.C execution, -O2 -fbranch-probabilities
FAIL: g++.dg/bprob/g++-bprob-1.C execution: file g++-bprob-1.gcda does not exist, -O3 -fprofile-arcs
UNRESOLVED: g++.dg/bprob/g++-bprob-1.C compilation, -O3 -fbranch-probabilities
UNRESOLVED: g++.dg/bprob/g++-bprob-1.C execution, -O3 -fbranch-probabilities
FAIL: g++.dg/bprob/g++-bprob-1.C execution: file g++-bprob-1.gcda does not exist, -O3 -g -fprofile-arcs
UNRESOLVED: g++.dg/bprob/g++-bprob-1.C compilation, -O3 -g -fbranch-probabilities
UNRESOLVED: g++.dg/bprob/g++-bprob-1.C execution, -O3 -g -fbranch-probabilities
FAIL: g++.dg/bprob/g++-bprob-1.C execution: file g++-bprob-1.gcda does not exist, -Os -fprofile-arcs
UNRESOLVED: g++.dg/bprob/g++-bprob-1.C compilation, -Os -fbranch-probabilities
UNRESOLVED: g++.dg/bprob/g++-bprob-1.C execution, -Os -fbranch-probabilities
FAIL: g++.dg/abi/covariant3.C execution test
FAIL: g++.dg/abi/offsetof.C (test for warnings, line 21)
ERROR: g++.dg/abi/rtti1.C: error executing dg-final: couldn't execute "c++filt": no such file or directory
UNRESOLVED: g++.dg/abi/rtti1.C: error executing dg-final: couldn't execute "c++filt": no such file or directory
FAIL: g++.dg/ext/attrib5.C (test for excess errors)
FAIL: g++.dg/init/attrib1.C execution test
FAIL: g++.dg/init/copy3.C execution test
WARNING: program timed out.
FAIL: g++.dg/parse/stack1.C (test for excess errors)
FAIL: g++.dg/rtti/typeid4.C execution test
FAIL: g++.dg/template/ctor2.C execution test
FAIL: g++.dg/template/friend10.C execution test
FAIL: g++.dg/gcov/gcov-1.C gcov failed: gcov-1.C.gcov does not exist
FAIL: g++.dg/gcov/gcov-2.C gcov failed: gcov-2.C.gcov does not exist
FAIL: g++.dg/gcov/gcov-3.C gcov failed: gcov-3.C.gcov does not exist
FAIL: g++.dg/special/conpr-1.C execution test
FAIL: g++.dg/special/conpr-2.C execution test
FAIL: g++.dg/special/conpr-3.C execution test
FAIL: g++.dg/special/conpr-4.C execution test
FAIL: g++.dg/special/initp1.C execution test
FAIL: g++.old-deja/g++.benjamin/15071.C execution test
FAIL: g++.old-deja/g++.brendan/copy9.C execution test
FAIL: g++.old-deja/g++.brendan/ctors1.C execution test
FAIL: g++.old-deja/g++.brendan/ctors2.C execution test
FAIL: g++.old-deja/g++.brendan/ptolemy2.C execution test
FAIL: g++.old-deja/g++.jason/2371.C execution test
FAIL: g++.old-deja/g++.jason/const3.C execution test
FAIL: g++.old-deja/g++.jason/init2.C execution test
FAIL: g++.old-deja/g++.jason/init3.C execution test
FAIL: g++.old-deja/g++.jason/new4.C execution test
FAIL: g++.old-deja/g++.jason/return3.C execution test
FAIL: g++.old-deja/g++.jason/template11.C execution test
FAIL: g++.old-deja/g++.jason/template24.C execution test
XPASS: g++.old-deja/g++.jason/thunk3.C execution test
FAIL: g++.old-deja/g++.law/arg8.C execution test
FAIL: g++.old-deja/g++.law/array1.C execution test
FAIL: g++.old-deja/g++.law/ctors2.C execution test
FAIL: g++.old-deja/g++.law/ctors8.C execution test
FAIL: g++.old-deja/g++.law/init11.C execution test
FAIL: g++.old-deja/g++.law/init14.C execution test
FAIL: g++.old-deja/g++.law/virtual3.C execution test
FAIL: g++.old-deja/g++.mike/dyncast2.C execution test
FAIL: g++.old-deja/g++.mike/dyncast3.C execution test
FAIL: g++.old-deja/g++.mike/dyncast9.C execution test
FAIL: g++.old-deja/g++.mike/eh2.C execution test
FAIL: g++.old-deja/g++.mike/eh36.C execution test
FAIL: g++.old-deja/g++.mike/eh37.C execution test
FAIL: g++.old-deja/g++.mike/eh38.C execution test
FAIL: g++.old-deja/g++.mike/leak1.C execution test
FAIL: g++.old-deja/g++.mike/misc13.C execution test
FAIL: g++.old-deja/g++.mike/net17.C execution test
FAIL: g++.old-deja/g++.mike/net26.C execution test
FAIL: g++.old-deja/g++.mike/net34.C execution test
FAIL: g++.old-deja/g++.mike/net46.C execution test
FAIL: g++.old-deja/g++.mike/offset1.C execution test
WARNING: g++.old-deja/g++.mike/p10769a.C compilation failed to produce executable
FAIL: g++.old-deja/g++.mike/p10849a.C execution test
FAIL: g++.old-deja/g++.mike/p2394.C execution test
FAIL: g++.old-deja/g++.mike/p4736a.C execution test
FAIL: g++.old-deja/g++.mike/p6927.C execution test
FAIL: g++.old-deja/g++.mike/p789.C execution test
FAIL: g++.old-deja/g++.mike/pmf1.C execution test
FAIL: g++.old-deja/g++.mike/pmf2.C execution test
FAIL: g++.old-deja/g++.mike/pmf8.C execution test
FAIL: g++.old-deja/g++.mike/ref1.C execution test
FAIL: g++.old-deja/g++.mike/temp.C execution test
FAIL: g++.old-deja/g++.mike/virt2.C execution test
WARNING: g++.old-deja/g++.other/enum5.C compilation failed to produce executable
FAIL: g++.old-deja/g++.other/init1.C execution test
FAIL: g++.old-deja/g++.other/init11.C execution test
FAIL: g++.old-deja/g++.other/init16.C execution test
XPASS: g++.old-deja/g++.other/init5.C execution test
FAIL: g++.old-deja/g++.other/inline7.C execution test
FAIL: g++.old-deja/g++.other/inline8.C execution test
FAIL: g++.old-deja/g++.other/null1.C (test for warnings, line 25)
FAIL: g++.old-deja/g++.other/null1.C (test for warnings, line 26)
FAIL: g++.old-deja/g++.other/null1.C (test for warnings, line 29)
FAIL: g++.old-deja/g++.other/null1.C (test for warnings, line 30)
FAIL: g++.old-deja/g++.other/null1.C (test for warnings, line 33)
FAIL: g++.old-deja/g++.other/null1.C (test for warnings, line 34)
FAIL: g++.old-deja/g++.other/null1.C (test for warnings, line 35)
FAIL: g++.old-deja/g++.other/null1.C (test for warnings, line 36)
FAIL: g++.old-deja/g++.other/null1.C (test for warnings, line 37)
FAIL: g++.old-deja/g++.other/null1.C (test for warnings, line 38)
FAIL: g++.old-deja/g++.other/null1.C (test for warnings, line 39)
FAIL: g++.old-deja/g++.other/null1.C (test for warnings, line 40)
FAIL: g++.old-deja/g++.other/null1.C (test for warnings, line 41)
FAIL: g++.old-deja/g++.other/null1.C (test for warnings, line 42)
FAIL: g++.old-deja/g++.other/rtti3.C execution test
FAIL: g++.old-deja/g++.other/rtti4.C execution test
FAIL: g++.old-deja/g++.other/rttid2.C execution test
FAIL: g++.old-deja/g++.other/rttid3.C execution test
FAIL: g++.old-deja/g++.other/rttid4.C execution test
FAIL: g++.old-deja/g++.other/sibcall1.C execution test
FAIL: g++.old-deja/g++.other/unchanging1.C execution test
FAIL: g++.old-deja/g++.other/virtual9.C execution test
WARNING: g++.old-deja/g++.pt/friend44.C compilation failed to produce executable
FAIL: g++.old-deja/g++.pt/instantiate12.C execution test
FAIL: g++.old-deja/g++.pt/static11.C execution test
FAIL: g++.old-deja/g++.pt/static8.C execution test
FAIL: g++.old-deja/g++.pt/t39.C execution test
FAIL: g++.old-deja/g++.pt/virtual4.C execution test
FAIL: g++.old-deja/g++.robertl/eb115.C execution test
FAIL: g++.old-deja/g++.robertl/eb118.C execution test
FAIL: g++.old-deja/g++.robertl/eb41.C execution test
FAIL: g++.old-deja/g++.robertl/eb46.C execution test
FAIL: g++.old-deja/g++.robertl/eb54.C execution test
FAIL: g++.old-deja/g++.robertl/eb77.C execution test
FAIL: g++.old-deja/g++.robertl/eh990323-2.C execution test
=== g++ Summary ===
# of expected passes 9811
# of unexpected failures 108
# of unexpected successes 2
# of expected failures 68
# of unresolved testcases 15
# of unsupported tests 76
/amnt/figaro/volumes/obj-gcc/gcc/obj.irix53/gcc-3.4.1-20040514/5.3-gcc/gcc/testsuite/../g++ version 3.4.1 20040514 (prerelease)
=== g77 tests ===
Running target unix
FAIL: g77.dg/bprob/g77-bprob-1.f execution: file g77-bprob-1.gcda does not exist, -g -fprofile-arcs
UNRESOLVED: g77.dg/bprob/g77-bprob-1.f compilation, -g -fbranch-probabilities
UNRESOLVED: g77.dg/bprob/g77-bprob-1.f execution, -g -fbranch-probabilities
FAIL: g77.dg/bprob/g77-bprob-1.f execution: file g77-bprob-1.gcda does not exist, -O0 -fprofile-arcs
UNRESOLVED: g77.dg/bprob/g77-bprob-1.f compilation, -O0 -fbranch-probabilities
UNRESOLVED: g77.dg/bprob/g77-bprob-1.f execution, -O0 -fbranch-probabilities
FAIL: g77.dg/bprob/g77-bprob-1.f execution: file g77-bprob-1.gcda does not exist, -O1 -fprofile-arcs
UNRESOLVED: g77.dg/bprob/g77-bprob-1.f compilation, -O1 -fbranch-probabilities
UNRESOLVED: g77.dg/bprob/g77-bprob-1.f execution, -O1 -fbranch-probabilities
FAIL: g77.dg/bprob/g77-bprob-1.f execution: file g77-bprob-1.gcda does not exist, -O2 -fprofile-arcs
UNRESOLVED: g77.dg/bprob/g77-bprob-1.f compilation, -O2 -fbranch-probabilities
UNRESOLVED: g77.dg/bprob/g77-bprob-1.f execution, -O2 -fbranch-probabilities
FAIL: g77.dg/bprob/g77-bprob-1.f execution: file g77-bprob-1.gcda does not exist, -O3 -fprofile-arcs
UNRESOLVED: g77.dg/bprob/g77-bprob-1.f compilation, -O3 -fbranch-probabilities
UNRESOLVED: g77.dg/bprob/g77-bprob-1.f execution, -O3 -fbranch-probabilities
FAIL: g77.dg/bprob/g77-bprob-1.f execution: file g77-bprob-1.gcda does not exist, -O3 -g -fprofile-arcs
UNRESOLVED: g77.dg/bprob/g77-bprob-1.f compilation, -O3 -g -fbranch-probabilities
UNRESOLVED: g77.dg/bprob/g77-bprob-1.f execution, -O3 -g -fbranch-probabilities
FAIL: g77.dg/bprob/g77-bprob-1.f execution: file g77-bprob-1.gcda does not exist, -Os -fprofile-arcs
UNRESOLVED: g77.dg/bprob/g77-bprob-1.f compilation, -Os -fbranch-probabilities
UNRESOLVED: g77.dg/bprob/g77-bprob-1.f execution, -Os -fbranch-probabilities
FAIL: g77.dg/f77-edit-apostrophe-out.f (test for excess errors)
WARNING: g77.dg/f77-edit-apostrophe-out.f compilation failed to produce executable
FAIL: g77.dg/f77-edit-apostrophe-out.f (test for excess errors)
WARNING: g77.dg/f77-edit-apostrophe-out.f compilation failed to produce executable
FAIL: g77.dg/f77-edit-apostrophe-out.f (test for excess errors)
WARNING: g77.dg/f77-edit-apostrophe-out.f compilation failed to produce executable
FAIL: g77.dg/f77-edit-apostrophe-out.f (test for excess errors)
WARNING: g77.dg/f77-edit-apostrophe-out.f compilation failed to produce executable
FAIL: g77.dg/f77-edit-apostrophe-out.f (test for excess errors)
WARNING: g77.dg/f77-edit-apostrophe-out.f compilation failed to produce executable
FAIL: g77.dg/f77-edit-apostrophe-out.f (test for excess errors)
WARNING: g77.dg/f77-edit-apostrophe-out.f compilation failed to produce executable
FAIL: g77.dg/f77-edit-apostrophe-out.f (test for excess errors)
WARNING: g77.dg/f77-edit-apostrophe-out.f compilation failed to produce executable
FAIL: g77.dg/f77-edit-apostrophe-out.f (test for excess errors)
WARNING: g77.dg/f77-edit-apostrophe-out.f compilation failed to produce executable
FAIL: g77.dg/fbackslash.f (test for excess errors)
WARNING: g77.dg/fbackslash.f compilation failed to produce executable
FAIL: g77.dg/fbackslash.f (test for excess errors)
WARNING: g77.dg/fbackslash.f compilation failed to produce executable
FAIL: g77.dg/fbackslash.f (test for excess errors)
WARNING: g77.dg/fbackslash.f compilation failed to produce executable
FAIL: g77.dg/fbackslash.f (test for excess errors)
WARNING: g77.dg/fbackslash.f compilation failed to produce executable
FAIL: g77.dg/fbackslash.f (test for excess errors)
WARNING: g77.dg/fbackslash.f compilation failed to produce executable
FAIL: g77.dg/fbackslash.f (test for excess errors)
WARNING: g77.dg/fbackslash.f compilation failed to produce executable
FAIL: g77.dg/fcase-preserve.f (test for excess errors)
WARNING: g77.dg/fcase-preserve.f compilation failed to produce executable
FAIL: g77.dg/fcase-preserve.f (test for excess errors)
WARNING: g77.dg/fcase-preserve.f compilation failed to produce executable
FAIL: g77.dg/fcase-preserve.f (test for excess errors)
WARNING: g77.dg/fcase-preserve.f compilation failed to produce executable
FAIL: g77.dg/fcase-preserve.f (test for excess errors)
WARNING: g77.dg/fcase-preserve.f compilation failed to produce executable
FAIL: g77.dg/fcase-preserve.f (test for excess errors)
WARNING: g77.dg/fcase-preserve.f compilation failed to produce executable
FAIL: g77.dg/fcase-preserve.f (test for excess errors)
WARNING: g77.dg/fcase-preserve.f compilation failed to produce executable
FAIL: g77.dg/fno-backslash.f (test for excess errors)
WARNING: g77.dg/fno-backslash.f compilation failed to produce executable
FAIL: g77.dg/fno-backslash.f (test for excess errors)
WARNING: g77.dg/fno-backslash.f compilation failed to produce executable
FAIL: g77.dg/fno-backslash.f (test for excess errors)
WARNING: g77.dg/fno-backslash.f compilation failed to produce executable
FAIL: g77.dg/fno-backslash.f (test for excess errors)
WARNING: g77.dg/fno-backslash.f compilation failed to produce executable
FAIL: g77.dg/fno-backslash.f (test for excess errors)
WARNING: g77.dg/fno-backslash.f compilation failed to produce executable
FAIL: g77.dg/fno-backslash.f (test for excess errors)
WARNING: g77.dg/fno-backslash.f compilation failed to produce executable
FAIL: g77.dg/fno-onetrip.f (test for excess errors)
WARNING: g77.dg/fno-onetrip.f compilation failed to produce executable
FAIL: g77.dg/fno-onetrip.f (test for excess errors)
WARNING: g77.dg/fno-onetrip.f compilation failed to produce executable
FAIL: g77.dg/fno-onetrip.f (test for excess errors)
WARNING: g77.dg/fno-onetrip.f compilation failed to produce executable
FAIL: g77.dg/fno-onetrip.f (test for excess errors)
WARNING: g77.dg/fno-onetrip.f compilation failed to produce executable
FAIL: g77.dg/fno-onetrip.f (test for excess errors)
WARNING: g77.dg/fno-onetrip.f compilation failed to produce executable
FAIL: g77.dg/fno-onetrip.f (test for excess errors)
WARNING: g77.dg/fno-onetrip.f compilation failed to produce executable
FAIL: g77.dg/pr3743-1.f (test for excess errors)
FAIL: g77.dg/pr3743-1.f (test for excess errors)
FAIL: g77.dg/pr3743-1.f (test for excess errors)
FAIL: g77.dg/pr3743-1.f (test for excess errors)
FAIL: g77.dg/pr3743-1.f (test for excess errors)
FAIL: g77.dg/pr3743-1.f (test for excess errors)
FAIL: g77.dg/pr3743-2.f (test for excess errors)
FAIL: g77.dg/pr3743-2.f (test for excess errors)
FAIL: g77.dg/pr3743-2.f (test for excess errors)
FAIL: g77.dg/pr3743-2.f (test for excess errors)
FAIL: g77.dg/pr3743-2.f (test for excess errors)
FAIL: g77.dg/pr3743-2.f (test for excess errors)
FAIL: g77.dg/pr3743-3.f (test for excess errors)
FAIL: g77.dg/pr3743-3.f (test for excess errors)
FAIL: g77.dg/pr3743-3.f (test for excess errors)
FAIL: g77.dg/pr3743-3.f (test for excess errors)
FAIL: g77.dg/pr3743-3.f (test for excess errors)
FAIL: g77.dg/pr3743-3.f (test for excess errors)
FAIL: g77.dg/pr3743-4.f (test for excess errors)
FAIL: g77.dg/pr3743-4.f (test for excess errors)
FAIL: g77.dg/pr3743-4.f (test for excess errors)
FAIL: g77.dg/pr3743-4.f (test for excess errors)
FAIL: g77.dg/pr3743-4.f (test for excess errors)
FAIL: g77.dg/pr3743-4.f (test for excess errors)
FAIL: g77.dg/gcov/gcov-1.f gcov failed: gcov-1.f.gcov does not exist
FAIL: g77.f-torture/execute/19981119-0.f compilation, -O0
FAIL: g77.f-torture/execute/19981119-0.f compilation, -O1
FAIL: g77.f-torture/execute/19981119-0.f compilation, -O2
FAIL: g77.f-torture/execute/19981119-0.f compilation, -O3 -fomit-frame-pointer
FAIL: g77.f-torture/execute/19981119-0.f compilation, -O3 -g
FAIL: g77.f-torture/execute/19981119-0.f compilation, -Os
FAIL: g77.f-torture/execute/19990313-0.f compilation, -O0
FAIL: g77.f-torture/execute/19990313-0.f compilation, -O1
FAIL: g77.f-torture/execute/19990313-0.f compilation, -O2
FAIL: g77.f-torture/execute/19990313-0.f compilation, -O3 -fomit-frame-pointer
FAIL: g77.f-torture/execute/19990313-0.f compilation, -O3 -g
FAIL: g77.f-torture/execute/19990313-0.f compilation, -Os
FAIL: g77.f-torture/execute/19990313-1.f compilation, -O0
FAIL: g77.f-torture/execute/19990313-1.f compilation, -O1
FAIL: g77.f-torture/execute/19990313-1.f compilation, -O2
FAIL: g77.f-torture/execute/19990313-1.f compilation, -O3 -fomit-frame-pointer
FAIL: g77.f-torture/execute/19990313-1.f compilation, -O3 -g
FAIL: g77.f-torture/execute/19990313-1.f compilation, -Os
FAIL: g77.f-torture/execute/19990313-2.f compilation, -O0
FAIL: g77.f-torture/execute/19990313-2.f compilation, -O1
FAIL: g77.f-torture/execute/19990313-2.f compilation, -O2
FAIL: g77.f-torture/execute/19990313-2.f compilation, -O3 -fomit-frame-pointer
FAIL: g77.f-torture/execute/19990313-2.f compilation, -O3 -g
FAIL: g77.f-torture/execute/19990313-2.f compilation, -Os
FAIL: g77.f-torture/execute/19990313-3.f compilation, -O0
FAIL: g77.f-torture/execute/19990313-3.f compilation, -O1
FAIL: g77.f-torture/execute/19990313-3.f compilation, -O2
FAIL: g77.f-torture/execute/19990313-3.f compilation, -O3 -fomit-frame-pointer
FAIL: g77.f-torture/execute/19990313-3.f compilation, -O3 -g
FAIL: g77.f-torture/execute/19990313-3.f compilation, -Os
FAIL: g77.f-torture/execute/19990419-1.f compilation, -O0
FAIL: g77.f-torture/execute/19990419-1.f compilation, -O1
FAIL: g77.f-torture/execute/19990419-1.f compilation, -O2
FAIL: g77.f-torture/execute/19990419-1.f compilation, -O3 -fomit-frame-pointer
FAIL: g77.f-torture/execute/19990419-1.f compilation, -O3 -fomit-frame-pointer -funroll-loops
FAIL: g77.f-torture/execute/19990419-1.f compilation, -O3 -fomit-frame-pointer -funroll-all-loops -finline-functions
FAIL: g77.f-torture/execute/19990419-1.f compilation, -O3 -g
FAIL: g77.f-torture/execute/19990419-1.f compilation, -Os
FAIL: g77.f-torture/execute/19990826-0.f compilation, -O0
FAIL: g77.f-torture/execute/19990826-0.f compilation, -O1
FAIL: g77.f-torture/execute/19990826-0.f compilation, -O2
FAIL: g77.f-torture/execute/19990826-0.f compilation, -O3 -fomit-frame-pointer
FAIL: g77.f-torture/execute/19990826-0.f compilation, -O3 -g
FAIL: g77.f-torture/execute/19990826-0.f compilation, -Os
FAIL: g77.f-torture/execute/20010610.f compilation, -O0
FAIL: g77.f-torture/execute/20010610.f compilation, -O1
FAIL: g77.f-torture/execute/20010610.f compilation, -O2
FAIL: g77.f-torture/execute/20010610.f compilation, -O3 -fomit-frame-pointer
FAIL: g77.f-torture/execute/20010610.f compilation, -O3 -fomit-frame-pointer -funroll-loops
FAIL: g77.f-torture/execute/20010610.f compilation, -O3 -fomit-frame-pointer -funroll-all-loops -finline-functions
FAIL: g77.f-torture/execute/20010610.f compilation, -O3 -g
FAIL: g77.f-torture/execute/20010610.f compilation, -Os
FAIL: g77.f-torture/execute/980520-1.f compilation, -O0
FAIL: g77.f-torture/execute/980520-1.f compilation, -O1
FAIL: g77.f-torture/execute/980520-1.f compilation, -O2
FAIL: g77.f-torture/execute/980520-1.f compilation, -O3 -fomit-frame-pointer
FAIL: g77.f-torture/execute/980520-1.f compilation, -O3 -g
FAIL: g77.f-torture/execute/980520-1.f compilation, -Os
FAIL: g77.f-torture/execute/auto0.f compilation, -O0
FAIL: g77.f-torture/execute/auto0.f compilation, -O1
FAIL: g77.f-torture/execute/auto0.f compilation, -O2
FAIL: g77.f-torture/execute/auto0.f compilation, -O3 -fomit-frame-pointer
FAIL: g77.f-torture/execute/auto0.f compilation, -O3 -fomit-frame-pointer -funroll-loops
FAIL: g77.f-torture/execute/auto0.f compilation, -O3 -fomit-frame-pointer -funroll-all-loops -finline-functions
FAIL: g77.f-torture/execute/auto0.f compilation, -O3 -g
FAIL: g77.f-torture/execute/auto0.f compilation, -Os
FAIL: g77.f-torture/execute/auto1.f compilation, -O0
FAIL: g77.f-torture/execute/auto1.f compilation, -O1
FAIL: g77.f-torture/execute/auto1.f compilation, -O2
FAIL: g77.f-torture/execute/auto1.f compilation, -O3 -fomit-frame-pointer
FAIL: g77.f-torture/execute/auto1.f compilation, -O3 -fomit-frame-pointer -funroll-loops
FAIL: g77.f-torture/execute/auto1.f compilation, -O3 -fomit-frame-pointer -funroll-all-loops -finline-functions
FAIL: g77.f-torture/execute/auto1.f compilation, -O3 -g
FAIL: g77.f-torture/execute/auto1.f compilation, -Os
FAIL: g77.f-torture/execute/labug1.f compilation, -O0
FAIL: g77.f-torture/execute/labug1.f compilation, -Os
FAIL: g77.f-torture/execute/large_vec.f compilation, -O0
FAIL: g77.f-torture/execute/large_vec.f compilation, -O1
FAIL: g77.f-torture/execute/large_vec.f compilation, -O2
FAIL: g77.f-torture/execute/large_vec.f compilation, -O3 -fomit-frame-pointer
FAIL: g77.f-torture/execute/large_vec.f compilation, -O3 -g
FAIL: g77.f-torture/execute/large_vec.f compilation, -Os
FAIL: g77.f-torture/execute/cpp2.F compilation, -O0
FAIL: g77.f-torture/execute/cpp2.F compilation, -O1
FAIL: g77.f-torture/execute/cpp2.F compilation, -O2
FAIL: g77.f-torture/execute/cpp2.F compilation, -O3 -fomit-frame-pointer
FAIL: g77.f-torture/execute/cpp2.F compilation, -O3 -g
FAIL: g77.f-torture/execute/cpp2.F compilation, -Os
=== g77 Summary ===
# of expected passes 1506
# of unexpected failures 152
# of unresolved testcases 14
# of untested testcases 88
# of unsupported tests 6
/amnt/figaro/volumes/obj-gcc/gcc/obj.irix53/gcc-3.4.1-20040514/5.3-gcc/gcc/testsuite/../g77 version 3.4.1 20040514 (prerelease)
=== gcc tests ===
Running target unix
FAIL: gcc.c-torture/compile/20001226-1.c (test for excess errors)
WARNING: program timed out.
FAIL: gcc.c-torture/compile/20001226-1.c (test for excess errors)
WARNING: program timed out.
FAIL: gcc.c-torture/compile/20001226-1.c (test for excess errors)
WARNING: program timed out.
FAIL: gcc.c-torture/compile/20001226-1.c (test for excess errors)
WARNING: program timed out.
FAIL: gcc.c-torture/compile/20001226-1.c (test for excess errors)
WARNING: program timed out.
FAIL: gcc.c-torture/compile/20001226-1.c (test for excess errors)
FAIL: gcc.dg/compat/sdata-1 c_compat_x_tst.o compile
FAIL: gcc.dg/compat/sdata-1 c_compat_y_tst.o compile
UNRESOLVED: gcc.dg/compat/sdata-1 c_compat_x_tst.o-c_compat_y_tst.o link
UNRESOLVED: gcc.dg/compat/sdata-1 c_compat_x_tst.o-c_compat_y_tst.o execute
FAIL: gcc.dg/cpp/charconst-4.c (test for warnings, line 39)
FAIL: gcc.dg/cpp/charconst-4.c (test for warnings, line 47)
FAIL: gcc.dg/cpp/strify2.c str(\\) (test for warnings, line 23)
FAIL: gcc.dg/cpp/strify2.c str(\\\\\\) (test for warnings, line 25)
FAIL: gcc.dg/debug/debug-1.c scan-assembler xyzzy
FAIL: gcc.dg/debug/debug-1.c scan-assembler xyzzy
FAIL: gcc.dg/debug/debug-1.c scan-assembler xyzzy
FAIL: gcc.dg/debug/debug-1.c scan-assembler xyzzy
FAIL: gcc.dg/debug/debug-1.c scan-assembler xyzzy
FAIL: gcc.dg/debug/debug-1.c scan-assembler xyzzy
FAIL: gcc.dg/debug/debug-1.c scan-assembler xyzzy
FAIL: gcc.dg/debug/debug-1.c scan-assembler xyzzy
FAIL: gcc.dg/debug/debug-1.c scan-assembler xyzzy
FAIL: gcc.dg/debug/debug-1.c scan-assembler xyzzy
FAIL: gcc.dg/debug/debug-1.c scan-assembler xyzzy
FAIL: gcc.dg/debug/debug-1.c scan-assembler xyzzy
FAIL: gcc.dg/debug/debug-1.c scan-assembler xyzzy
FAIL: gcc.dg/debug/debug-1.c scan-assembler xyzzy
FAIL: gcc.dg/debug/debug-1.c scan-assembler xyzzy
FAIL: gcc.dg/debug/debug-1.c scan-assembler xyzzy
FAIL: gcc.dg/debug/debug-2.c scan-assembler xyzzy
FAIL: gcc.dg/debug/debug-2.c scan-assembler xyzzy
FAIL: gcc.dg/debug/debug-2.c scan-assembler xyzzy
FAIL: gcc.dg/debug/debug-2.c scan-assembler xyzzy
FAIL: gcc.dg/debug/debug-2.c scan-assembler xyzzy
FAIL: gcc.dg/debug/debug-2.c scan-assembler xyzzy
FAIL: gcc.dg/debug/debug-2.c scan-assembler xyzzy
FAIL: gcc.dg/debug/debug-2.c scan-assembler xyzzy
FAIL: gcc.dg/debug/debug-2.c scan-assembler xyzzy
FAIL: gcc.dg/debug/debug-2.c scan-assembler xyzzy
FAIL: gcc.dg/debug/debug-2.c scan-assembler xyzzy
FAIL: gcc.dg/debug/debug-2.c scan-assembler xyzzy
FAIL: gcc.dg/debug/debug-2.c scan-assembler xyzzy
FAIL: gcc.dg/debug/debug-2.c scan-assembler xyzzy
FAIL: gcc.dg/debug/debug-2.c scan-assembler xyzzy
FAIL: gcc.dg/debug/debug-2.c scan-assembler xyzzy
FAIL: gcc.dg/debug/debug-6.c scan-assembler xyzzy
FAIL: gcc.dg/debug/debug-6.c scan-assembler xyzzy
FAIL: gcc.dg/debug/debug-6.c scan-assembler xyzzy
FAIL: gcc.dg/debug/debug-6.c scan-assembler xyzzy
FAIL: gcc.dg/debug/debug-6.c scan-assembler xyzzy
FAIL: gcc.dg/debug/debug-6.c scan-assembler xyzzy
FAIL: gcc.dg/debug/debug-6.c scan-assembler xyzzy
FAIL: gcc.dg/debug/debug-6.c scan-assembler xyzzy
FAIL: gcc.dg/debug/debug-6.c scan-assembler xyzzy
FAIL: gcc.dg/debug/debug-6.c scan-assembler xyzzy
FAIL: gcc.dg/debug/debug-6.c scan-assembler xyzzy
FAIL: gcc.dg/debug/debug-6.c scan-assembler xyzzy
FAIL: gcc.dg/debug/debug-6.c scan-assembler xyzzy
FAIL: gcc.dg/debug/debug-6.c scan-assembler xyzzy
FAIL: gcc.dg/debug/debug-6.c scan-assembler xyzzy
FAIL: gcc.dg/debug/debug-6.c scan-assembler xyzzy
FAIL: gcc.dg/debug/debug-6.c scan-assembler xyzzy
FAIL: gcc.dg/debug/debug-6.c scan-assembler xyzzy
FAIL: gcc.dg/debug/debug-6.c scan-assembler xyzzy
FAIL: gcc.dg/debug/debug-6.c scan-assembler xyzzy
FAIL: gcc.dg/debug/debug-6.c scan-assembler xyzzy
FAIL: gcc.dg/debug/debug-6.c scan-assembler xyzzy
FAIL: gcc.dg/debug/debug-6.c scan-assembler xyzzy
FAIL: gcc.dg/debug/debug-6.c scan-assembler xyzzy
FAIL: gcc.dg/debug/debug-6.c scan-assembler xyzzy
FAIL: gcc.dg/debug/debug-6.c scan-assembler xyzzy
FAIL: gcc.dg/debug/debug-6.c scan-assembler xyzzy
FAIL: gcc.dg/debug/debug-6.c scan-assembler xyzzy
FAIL: gcc.dg/debug/debug-6.c scan-assembler xyzzy
FAIL: gcc.dg/debug/debug-6.c scan-assembler xyzzy
FAIL: gcc.dg/debug/debug-6.c scan-assembler xyzzy
FAIL: gcc.dg/debug/debug-6.c scan-assembler xyzzy
FAIL: gcc.dg/debug/debug-6.c scan-assembler xyzzy
FAIL: gcc.dg/debug/debug-6.c scan-assembler xyzzy
FAIL: gcc.dg/debug/debug-6.c scan-assembler xyzzy
FAIL: gcc.dg/debug/debug-6.c scan-assembler xyzzy
FAIL: gcc.dg/debug/dwarf2/dwarf-die5.c scan-assembler 3.*DW_AT_inline
FAIL: gcc.dg/debug/dwarf2/dwarf-die7.c scan-assembler 1.*DW_AT_inline
FAIL: gcc.dg/debug/dwarf2/dwarf-die5.c scan-assembler 3.*DW_AT_inline
FAIL: gcc.dg/debug/dwarf2/dwarf-die7.c scan-assembler 1.*DW_AT_inline
FAIL: gcc.dg/Wdeclaration-after-statement-1.c declaration after statement (test for warnings, line 19)
FAIL: gcc.dg/Wdeclaration-after-statement-1.c declaration after statement (test for warnings, line 22)
FAIL: gcc.dg/Wdeclaration-after-statement-2.c declaration-after-statement (test for warnings, line 19)
FAIL: gcc.dg/Wdeclaration-after-statement-2.c declaration-after-statement (test for warnings, line 22)
FAIL: gcc.dg/array-4.c (test for warnings, line 15)
FAIL: gcc.dg/array-quals-1.c scan-assembler-not \\\\.data(?!\\\\.rel\\\\.ro)
FAIL: gcc.dg/builtin-prefetch-1.c (test for warnings, line 29)
FAIL: gcc.dg/builtin-prefetch-1.c (test for warnings, line 30)
FAIL: gcc.dg/builtin-prefetch-1.c (test for warnings, line 31)
FAIL: gcc.dg/builtin-prefetch-1.c (test for warnings, line 32)
FAIL: gcc.dg/builtin-prefetch-1.c (test for warnings, line 33)
FAIL: gcc.dg/builtin-prefetch-1.c (test for warnings, line 34)
FAIL: gcc.dg/builtins-18.c (test for excess errors)
FAIL: gcc.dg/fwritable-strings-1.c (test for errors, line )
XPASS: gcc.dg/sibcall-3.c execution test
XPASS: gcc.dg/sibcall-4.c execution test
UNRESOLVED: gcc.dg/visibility-1.c
UNRESOLVED: gcc.dg/visibility-2.c
UNRESOLVED: gcc.dg/visibility-3.c
UNRESOLVED: gcc.dg/visibility-4.c
UNRESOLVED: gcc.dg/visibility-5.c
UNRESOLVED: gcc.dg/visibility-6.c
UNRESOLVED: gcc.dg/visibility-7.c
UNRESOLVED: gcc.dg/visibility-8.c
FAIL: gcc.dg/wchar_t-1.c (test for excess errors)
FAIL: gcc.dg/wint_t-1.c (test for excess errors)
FAIL: gcc.misc-tests/bprob-1.c execution: file bprob-1.gcda does not exist, -g -fprofile-arcs
UNRESOLVED: gcc.misc-tests/bprob-1.c compilation, -g -fbranch-probabilities
UNRESOLVED: gcc.misc-tests/bprob-1.c execution, -g -fbranch-probabilities
FAIL: gcc.misc-tests/bprob-1.c execution: file bprob-1.gcda does not exist, -O0 -fprofile-arcs
UNRESOLVED: gcc.misc-tests/bprob-1.c compilation, -O0 -fbranch-probabilities
UNRESOLVED: gcc.misc-tests/bprob-1.c execution, -O0 -fbranch-probabilities
FAIL: gcc.misc-tests/bprob-1.c execution: file bprob-1.gcda does not exist, -O1 -fprofile-arcs
UNRESOLVED: gcc.misc-tests/bprob-1.c compilation, -O1 -fbranch-probabilities
UNRESOLVED: gcc.misc-tests/bprob-1.c execution, -O1 -fbranch-probabilities
FAIL: gcc.misc-tests/bprob-1.c execution: file bprob-1.gcda does not exist, -O2 -DPERFTIME -fprofile-arcs
UNRESOLVED: gcc.misc-tests/bprob-1.c compilation, -O2 -DPERFTIME -fbranch-probabilities
UNRESOLVED: gcc.misc-tests/bprob-1.c execution, -O2 -DPERFTIME -fbranch-probabilities
FAIL: gcc.misc-tests/bprob-1.c execution: file bprob-1.gcda does not exist, -O3 -DPERFTIME -fprofile-arcs
UNRESOLVED: gcc.misc-tests/bprob-1.c compilation, -O3 -DPERFTIME -fbranch-probabilities
UNRESOLVED: gcc.misc-tests/bprob-1.c execution, -O3 -DPERFTIME -fbranch-probabilities
FAIL: gcc.misc-tests/bprob-1.c execution: file bprob-1.gcda does not exist, -O3 -g -DPERFTIME -fprofile-arcs
UNRESOLVED: gcc.misc-tests/bprob-1.c compilation, -O3 -g -DPERFTIME -fbranch-probabilities
UNRESOLVED: gcc.misc-tests/bprob-1.c execution, -O3 -g -DPERFTIME -fbranch-probabilities
FAIL: gcc.misc-tests/bprob-1.c execution: file bprob-1.gcda does not exist, -Os -fprofile-arcs
UNRESOLVED: gcc.misc-tests/bprob-1.c compilation, -Os -fbranch-probabilities
UNRESOLVED: gcc.misc-tests/bprob-1.c execution, -Os -fbranch-probabilities
FAIL: gcc.misc-tests/bprob-2.c execution: file bprob-2.gcda does not exist, -g -fprofile-arcs
UNRESOLVED: gcc.misc-tests/bprob-2.c compilation, -g -fbranch-probabilities
UNRESOLVED: gcc.misc-tests/bprob-2.c execution, -g -fbranch-probabilities
FAIL: gcc.misc-tests/bprob-2.c execution: file bprob-2.gcda does not exist, -O0 -fprofile-arcs
UNRESOLVED: gcc.misc-tests/bprob-2.c compilation, -O0 -fbranch-probabilities
UNRESOLVED: gcc.misc-tests/bprob-2.c execution, -O0 -fbranch-probabilities
FAIL: gcc.misc-tests/bprob-2.c execution: file bprob-2.gcda does not exist, -O1 -fprofile-arcs
UNRESOLVED: gcc.misc-tests/bprob-2.c compilation, -O1 -fbranch-probabilities
UNRESOLVED: gcc.misc-tests/bprob-2.c execution, -O1 -fbranch-probabilities
FAIL: gcc.misc-tests/bprob-2.c execution: file bprob-2.gcda does not exist, -O2 -DPERFTIME -fprofile-arcs
UNRESOLVED: gcc.misc-tests/bprob-2.c compilation, -O2 -DPERFTIME -fbranch-probabilities
UNRESOLVED: gcc.misc-tests/bprob-2.c execution, -O2 -DPERFTIME -fbranch-probabilities
FAIL: gcc.misc-tests/bprob-2.c execution: file bprob-2.gcda does not exist, -O3 -DPERFTIME -fprofile-arcs
UNRESOLVED: gcc.misc-tests/bprob-2.c compilation, -O3 -DPERFTIME -fbranch-probabilities
UNRESOLVED: gcc.misc-tests/bprob-2.c execution, -O3 -DPERFTIME -fbranch-probabilities
FAIL: gcc.misc-tests/bprob-2.c execution: file bprob-2.gcda does not exist, -O3 -g -DPERFTIME -fprofile-arcs
UNRESOLVED: gcc.misc-tests/bprob-2.c compilation, -O3 -g -DPERFTIME -fbranch-probabilities
UNRESOLVED: gcc.misc-tests/bprob-2.c execution, -O3 -g -DPERFTIME -fbranch-probabilities
FAIL: gcc.misc-tests/bprob-2.c execution: file bprob-2.gcda does not exist, -Os -fprofile-arcs
UNRESOLVED: gcc.misc-tests/bprob-2.c compilation, -Os -fbranch-probabilities
UNRESOLVED: gcc.misc-tests/bprob-2.c execution, -Os -fbranch-probabilities
FAIL: gcc.misc-tests/gcov-1.c gcov failed: gcov-1.c.gcov does not exist
FAIL: gcc.misc-tests/gcov-10.c gcov failed: gcov-10.c.gcov does not exist
FAIL: gcc.misc-tests/gcov-10b.c gcov failed: gcov-10b.c.gcov does not exist
FAIL: gcc.misc-tests/gcov-11.c gcov failed: gcov-11.c.gcov does not exist
FAIL: gcc.misc-tests/gcov-2.c gcov failed: gcov-2.c.gcov does not exist
FAIL: gcc.misc-tests/gcov-3.c gcov failed: gcov-3.c.gcov does not exist
FAIL: gcc.misc-tests/gcov-4.c gcov failed: gcov-4.c.gcov does not exist
FAIL: gcc.misc-tests/gcov-4b.c gcov failed: gcov-4b.c.gcov does not exist
FAIL: gcc.misc-tests/gcov-5b.c gcov failed: gcov-5b.c.gcov does not exist
FAIL: gcc.misc-tests/gcov-6.c gcov failed: gcov-6.c.gcov does not exist
FAIL: gcc.misc-tests/gcov-7.c gcov failed: gcov-7.c.gcov does not exist
FAIL: gcc.misc-tests/gcov-8.c gcov failed: gcov-8.c.gcov does not exist
FAIL: gcc.misc-tests/gcov-9.c gcov failed: gcov-9.c.gcov does not exist
=== gcc Summary ===
# of expected passes 25287
# of unexpected failures 127
# of unexpected successes 2
# of expected failures 68
# of unresolved testcases 38
# of untested testcases 7
# of unsupported tests 306
/amnt/figaro/volumes/obj-gcc/gcc/obj.irix53/gcc-3.4.1-20040514/5.3-gcc/gcc/xgcc version 3.4.1 20040514 (prerelease)
=== objc tests ===
Running target unix
FAIL: objc/execute/IMP.m execution, -O0
FAIL: objc/execute/IMP.m execution, -O1
FAIL: objc/execute/IMP.m execution, -O2
FAIL: objc/execute/IMP.m execution, -O3 -fomit-frame-pointer
FAIL: objc/execute/IMP.m execution, -O3 -g
FAIL: objc/execute/IMP.m execution, -Os
FAIL: objc/execute/_cmd.m execution, -O0
FAIL: objc/execute/_cmd.m execution, -O1
FAIL: objc/execute/_cmd.m execution, -O2
FAIL: objc/execute/_cmd.m execution, -O3 -fomit-frame-pointer
FAIL: objc/execute/_cmd.m execution, -O3 -g
FAIL: objc/execute/_cmd.m execution, -Os
FAIL: objc/execute/accessing_ivars.m execution, -O0
FAIL: objc/execute/accessing_ivars.m execution, -O1
FAIL: objc/execute/accessing_ivars.m execution, -O2
FAIL: objc/execute/accessing_ivars.m execution, -O3 -fomit-frame-pointer
FAIL: objc/execute/accessing_ivars.m execution, -O3 -g
FAIL: objc/execute/accessing_ivars.m execution, -Os
FAIL: objc/execute/bf-1.m execution, -O0
FAIL: objc/execute/bf-1.m execution, -O1
FAIL: objc/execute/bf-1.m execution, -O2
FAIL: objc/execute/bf-1.m execution, -O3 -fomit-frame-pointer
FAIL: objc/execute/bf-1.m execution, -O3 -g
FAIL: objc/execute/bf-1.m execution, -Os
FAIL: objc/execute/bf-10.m execution, -O0
FAIL: objc/execute/bf-10.m execution, -O1
FAIL: objc/execute/bf-10.m execution, -O2
FAIL: objc/execute/bf-10.m execution, -O3 -fomit-frame-pointer
FAIL: objc/execute/bf-10.m execution, -O3 -g
FAIL: objc/execute/bf-10.m execution, -Os
FAIL: objc/execute/bf-11.m execution, -O0
FAIL: objc/execute/bf-11.m execution, -O1
FAIL: objc/execute/bf-11.m execution, -O2
FAIL: objc/execute/bf-11.m execution, -O3 -fomit-frame-pointer
FAIL: objc/execute/bf-11.m execution, -O3 -g
FAIL: objc/execute/bf-11.m execution, -Os
FAIL: objc/execute/bf-12.m execution, -O0
FAIL: objc/execute/bf-12.m execution, -O1
FAIL: objc/execute/bf-12.m execution, -O2
FAIL: objc/execute/bf-12.m execution, -O3 -fomit-frame-pointer
FAIL: objc/execute/bf-12.m execution, -O3 -g
FAIL: objc/execute/bf-12.m execution, -Os
FAIL: objc/execute/bf-13.m execution, -O0
FAIL: objc/execute/bf-13.m execution, -O1
FAIL: objc/execute/bf-13.m execution, -O2
FAIL: objc/execute/bf-13.m execution, -O3 -fomit-frame-pointer
FAIL: objc/execute/bf-13.m execution, -O3 -g
FAIL: objc/execute/bf-13.m execution, -Os
FAIL: objc/execute/bf-14.m execution, -O0
FAIL: objc/execute/bf-14.m execution, -O1
FAIL: objc/execute/bf-14.m execution, -O2
FAIL: objc/execute/bf-14.m execution, -O3 -fomit-frame-pointer
FAIL: objc/execute/bf-14.m execution, -O3 -g
FAIL: objc/execute/bf-14.m execution, -Os
FAIL: objc/execute/bf-15.m execution, -O0
FAIL: objc/execute/bf-15.m execution, -O1
FAIL: objc/execute/bf-15.m execution, -O2
FAIL: objc/execute/bf-15.m execution, -O3 -fomit-frame-pointer
FAIL: objc/execute/bf-15.m execution, -O3 -g
FAIL: objc/execute/bf-15.m execution, -Os
FAIL: objc/execute/bf-16.m execution, -O0
FAIL: objc/execute/bf-16.m execution, -O1
FAIL: objc/execute/bf-16.m execution, -O2
FAIL: objc/execute/bf-16.m execution, -O3 -fomit-frame-pointer
FAIL: objc/execute/bf-16.m execution, -O3 -g
FAIL: objc/execute/bf-16.m execution, -Os
FAIL: objc/execute/bf-17.m execution, -O0
FAIL: objc/execute/bf-17.m execution, -O1
FAIL: objc/execute/bf-17.m execution, -O2
FAIL: objc/execute/bf-17.m execution, -O3 -fomit-frame-pointer
FAIL: objc/execute/bf-17.m execution, -O3 -g
FAIL: objc/execute/bf-17.m execution, -Os
FAIL: objc/execute/bf-18.m execution, -O0
FAIL: objc/execute/bf-18.m execution, -O1
FAIL: objc/execute/bf-18.m execution, -O2
FAIL: objc/execute/bf-18.m execution, -O3 -fomit-frame-pointer
FAIL: objc/execute/bf-18.m execution, -O3 -g
FAIL: objc/execute/bf-18.m execution, -Os
FAIL: objc/execute/bf-19.m execution, -O0
FAIL: objc/execute/bf-19.m execution, -O1
FAIL: objc/execute/bf-19.m execution, -O2
FAIL: objc/execute/bf-19.m execution, -O3 -fomit-frame-pointer
FAIL: objc/execute/bf-19.m execution, -O3 -g
FAIL: objc/execute/bf-19.m execution, -Os
FAIL: objc/execute/bf-2.m execution, -O0
FAIL: objc/execute/bf-2.m execution, -O1
FAIL: objc/execute/bf-2.m execution, -O2
FAIL: objc/execute/bf-2.m execution, -O3 -fomit-frame-pointer
FAIL: objc/execute/bf-2.m execution, -O3 -g
FAIL: objc/execute/bf-2.m execution, -Os
FAIL: objc/execute/bf-20.m execution, -O0
FAIL: objc/execute/bf-20.m execution, -O1
FAIL: objc/execute/bf-20.m execution, -O2
FAIL: objc/execute/bf-20.m execution, -O3 -fomit-frame-pointer
FAIL: objc/execute/bf-20.m execution, -O3 -g
FAIL: objc/execute/bf-20.m execution, -Os
FAIL: objc/execute/bf-21.m execution, -O0
FAIL: objc/execute/bf-21.m execution, -O1
FAIL: objc/execute/bf-21.m execution, -O2
FAIL: objc/execute/bf-21.m execution, -O3 -fomit-frame-pointer
FAIL: objc/execute/bf-21.m execution, -O3 -g
FAIL: objc/execute/bf-21.m execution, -Os
FAIL: objc/execute/bf-3.m execution, -O0
FAIL: objc/execute/bf-3.m execution, -O1
FAIL: objc/execute/bf-3.m execution, -O2
FAIL: objc/execute/bf-3.m execution, -O3 -fomit-frame-pointer
FAIL: objc/execute/bf-3.m execution, -O3 -g
FAIL: objc/execute/bf-3.m execution, -Os
FAIL: objc/execute/bf-4.m execution, -O0
FAIL: objc/execute/bf-4.m execution, -O1
FAIL: objc/execute/bf-4.m execution, -O2
FAIL: objc/execute/bf-4.m execution, -O3 -fomit-frame-pointer
FAIL: objc/execute/bf-4.m execution, -O3 -g
FAIL: objc/execute/bf-4.m execution, -Os
FAIL: objc/execute/bf-5.m execution, -O0
FAIL: objc/execute/bf-5.m execution, -O1
FAIL: objc/execute/bf-5.m execution, -O2
FAIL: objc/execute/bf-5.m execution, -O3 -fomit-frame-pointer
FAIL: objc/execute/bf-5.m execution, -O3 -g
FAIL: objc/execute/bf-5.m execution, -Os
FAIL: objc/execute/bf-6.m execution, -O0
FAIL: objc/execute/bf-6.m execution, -O1
FAIL: objc/execute/bf-6.m execution, -O2
FAIL: objc/execute/bf-6.m execution, -O3 -fomit-frame-pointer
FAIL: objc/execute/bf-6.m execution, -O3 -g
FAIL: objc/execute/bf-6.m execution, -Os
FAIL: objc/execute/bf-7.m execution, -O0
FAIL: objc/execute/bf-7.m execution, -O1
FAIL: objc/execute/bf-7.m execution, -O2
FAIL: objc/execute/bf-7.m execution, -O3 -fomit-frame-pointer
FAIL: objc/execute/bf-7.m execution, -O3 -g
FAIL: objc/execute/bf-7.m execution, -Os
FAIL: objc/execute/bf-8.m execution, -O0
FAIL: objc/execute/bf-8.m execution, -O1
FAIL: objc/execute/bf-8.m execution, -O2
FAIL: objc/execute/bf-8.m execution, -O3 -fomit-frame-pointer
FAIL: objc/execute/bf-8.m execution, -O3 -g
FAIL: objc/execute/bf-8.m execution, -Os
FAIL: objc/execute/bf-9.m execution, -O0
FAIL: objc/execute/bf-9.m execution, -O1
FAIL: objc/execute/bf-9.m execution, -O2
FAIL: objc/execute/bf-9.m execution, -O3 -fomit-frame-pointer
FAIL: objc/execute/bf-9.m execution, -O3 -g
FAIL: objc/execute/bf-9.m execution, -Os
FAIL: objc/execute/bycopy-2.m execution, -O0
FAIL: objc/execute/bycopy-2.m execution, -O1
FAIL: objc/execute/bycopy-2.m execution, -O2
FAIL: objc/execute/bycopy-2.m execution, -O3 -fomit-frame-pointer
FAIL: objc/execute/bycopy-2.m execution, -O3 -g
FAIL: objc/execute/bycopy-2.m execution, -Os
FAIL: objc/execute/bycopy-3.m execution, -O0
FAIL: objc/execute/bycopy-3.m execution, -O1
FAIL: objc/execute/bycopy-3.m execution, -O2
FAIL: objc/execute/bycopy-3.m execution, -O3 -fomit-frame-pointer
FAIL: objc/execute/bycopy-3.m execution, -O3 -g
FAIL: objc/execute/bycopy-3.m execution, -Os
FAIL: objc/execute/cascading-1.m execution, -O0
FAIL: objc/execute/cascading-1.m execution, -O1
FAIL: objc/execute/cascading-1.m execution, -O2
FAIL: objc/execute/cascading-1.m execution, -O3 -fomit-frame-pointer
FAIL: objc/execute/cascading-1.m execution, -O3 -g
FAIL: objc/execute/cascading-1.m execution, -Os
FAIL: objc/execute/class-1.m execution, -O0
FAIL: objc/execute/class-1.m execution, -O1
FAIL: objc/execute/class-1.m execution, -O2
FAIL: objc/execute/class-1.m execution, -O3 -fomit-frame-pointer
FAIL: objc/execute/class-1.m execution, -O3 -g
FAIL: objc/execute/class-1.m execution, -Os
FAIL: objc/execute/class-10.m execution, -O0
FAIL: objc/execute/class-10.m execution, -O1
FAIL: objc/execute/class-10.m execution, -O2
FAIL: objc/execute/class-10.m execution, -O3 -fomit-frame-pointer
FAIL: objc/execute/class-10.m execution, -O3 -g
FAIL: objc/execute/class-10.m execution, -Os
FAIL: objc/execute/class-11.m execution, -O0
FAIL: objc/execute/class-11.m execution, -O1
FAIL: objc/execute/class-11.m execution, -O2
FAIL: objc/execute/class-11.m execution, -O3 -fomit-frame-pointer
FAIL: objc/execute/class-11.m execution, -O3 -g
FAIL: objc/execute/class-11.m execution, -Os
FAIL: objc/execute/class-12.m execution, -O0
FAIL: objc/execute/class-12.m execution, -O1
FAIL: objc/execute/class-12.m execution, -O2
FAIL: objc/execute/class-12.m execution, -O3 -fomit-frame-pointer
FAIL: objc/execute/class-12.m execution, -O3 -g
FAIL: objc/execute/class-12.m execution, -Os
FAIL: objc/execute/class-13.m execution, -O0
FAIL: objc/execute/class-13.m execution, -O1
FAIL: objc/execute/class-13.m execution, -O2
FAIL: objc/execute/class-13.m execution, -O3 -fomit-frame-pointer
FAIL: objc/execute/class-13.m execution, -O3 -g
FAIL: objc/execute/class-13.m execution, -Os
FAIL: objc/execute/class-14.m execution, -O0
FAIL: objc/execute/class-14.m execution, -O1
FAIL: objc/execute/class-14.m execution, -O2
FAIL: objc/execute/class-14.m execution, -O3 -fomit-frame-pointer
FAIL: objc/execute/class-14.m execution, -O3 -g
FAIL: objc/execute/class-14.m execution, -Os
FAIL: objc/execute/class-2.m execution, -O0
FAIL: objc/execute/class-2.m execution, -O1
FAIL: objc/execute/class-2.m execution, -O2
FAIL: objc/execute/class-2.m execution, -O3 -fomit-frame-pointer
FAIL: objc/execute/class-2.m execution, -O3 -g
FAIL: objc/execute/class-2.m execution, -Os
FAIL: objc/execute/class-3.m execution, -O0
FAIL: objc/execute/class-3.m execution, -O1
FAIL: objc/execute/class-3.m execution, -O2
FAIL: objc/execute/class-3.m execution, -O3 -fomit-frame-pointer
FAIL: objc/execute/class-3.m execution, -O3 -g
FAIL: objc/execute/class-3.m execution, -Os
FAIL: objc/execute/class-4.m execution, -O0
FAIL: objc/execute/class-4.m execution, -O1
FAIL: objc/execute/class-4.m execution, -O2
FAIL: objc/execute/class-4.m execution, -O3 -fomit-frame-pointer
FAIL: objc/execute/class-4.m execution, -O3 -g
FAIL: objc/execute/class-4.m execution, -Os
FAIL: objc/execute/class-5.m execution, -O0
FAIL: objc/execute/class-5.m execution, -O1
FAIL: objc/execute/class-5.m execution, -O2
FAIL: objc/execute/class-5.m execution, -O3 -fomit-frame-pointer
FAIL: objc/execute/class-5.m execution, -O3 -g
FAIL: objc/execute/class-5.m execution, -Os
FAIL: objc/execute/class-6.m execution, -O0
FAIL: objc/execute/class-6.m execution, -O1
FAIL: objc/execute/class-6.m execution, -O2
FAIL: objc/execute/class-6.m execution, -O3 -fomit-frame-pointer
FAIL: objc/execute/class-6.m execution, -O3 -g
FAIL: objc/execute/class-6.m execution, -Os
FAIL: objc/execute/class-7.m execution, -O0
FAIL: objc/execute/class-7.m execution, -O1
FAIL: objc/execute/class-7.m execution, -O2
FAIL: objc/execute/class-7.m execution, -O3 -fomit-frame-pointer
FAIL: objc/execute/class-7.m execution, -O3 -g
FAIL: objc/execute/class-7.m execution, -Os
FAIL: objc/execute/class-8.m execution, -O0
FAIL: objc/execute/class-8.m execution, -O1
FAIL: objc/execute/class-8.m execution, -O2
FAIL: objc/execute/class-8.m execution, -O3 -fomit-frame-pointer
FAIL: objc/execute/class-8.m execution, -O3 -g
FAIL: objc/execute/class-8.m execution, -Os
FAIL: objc/execute/class-9.m execution, -O0
FAIL: objc/execute/class-9.m execution, -O1
FAIL: objc/execute/class-9.m execution, -O2
FAIL: objc/execute/class-9.m execution, -O3 -fomit-frame-pointer
FAIL: objc/execute/class-9.m execution, -O3 -g
FAIL: objc/execute/class-9.m execution, -Os
FAIL: objc/execute/class_self-1.m execution, -O0
FAIL: objc/execute/class_self-1.m execution, -O1
FAIL: objc/execute/class_self-1.m execution, -O2
FAIL: objc/execute/class_self-1.m execution, -O3 -fomit-frame-pointer
FAIL: objc/execute/class_self-1.m execution, -O3 -g
FAIL: objc/execute/class_self-1.m execution, -Os
FAIL: objc/execute/class_self-2.m execution, -O0
FAIL: objc/execute/class_self-2.m execution, -O1
FAIL: objc/execute/class_self-2.m execution, -O2
FAIL: objc/execute/class_self-2.m execution, -O3 -fomit-frame-pointer
FAIL: objc/execute/class_self-2.m execution, -O3 -g
FAIL: objc/execute/class_self-2.m execution, -Os
FAIL: objc/execute/compatibility_alias.m execution, -O0
FAIL: objc/execute/compatibility_alias.m execution, -O1
FAIL: objc/execute/compatibility_alias.m execution, -O2
FAIL: objc/execute/compatibility_alias.m execution, -O3 -fomit-frame-pointer
FAIL: objc/execute/compatibility_alias.m execution, -O3 -g
FAIL: objc/execute/compatibility_alias.m execution, -Os
FAIL: objc/execute/enumeration-1.m execution, -O0
FAIL: objc/execute/enumeration-1.m execution, -O1
FAIL: objc/execute/enumeration-1.m execution, -O2
FAIL: objc/execute/enumeration-1.m execution, -O3 -fomit-frame-pointer
FAIL: objc/execute/enumeration-1.m execution, -O3 -g
FAIL: objc/execute/enumeration-1.m execution, -Os
FAIL: objc/execute/enumeration-2.m execution, -O0
FAIL: objc/execute/enumeration-2.m execution, -O1
FAIL: objc/execute/enumeration-2.m execution, -O2
FAIL: objc/execute/enumeration-2.m execution, -O3 -fomit-frame-pointer
FAIL: objc/execute/enumeration-2.m execution, -O3 -g
FAIL: objc/execute/enumeration-2.m execution, -Os
FAIL: objc/execute/formal_protocol-1.m execution, -O0
FAIL: objc/execute/formal_protocol-1.m execution, -O1
FAIL: objc/execute/formal_protocol-1.m execution, -O2
FAIL: objc/execute/formal_protocol-1.m execution, -O3 -fomit-frame-pointer
FAIL: objc/execute/formal_protocol-1.m execution, -O3 -g
FAIL: objc/execute/formal_protocol-1.m execution, -Os
FAIL: objc/execute/formal_protocol-2.m execution, -O0
FAIL: objc/execute/formal_protocol-2.m execution, -O1
FAIL: objc/execute/formal_protocol-2.m execution, -O2
FAIL: objc/execute/formal_protocol-2.m execution, -O3 -fomit-frame-pointer
FAIL: objc/execute/formal_protocol-2.m execution, -O3 -g
FAIL: objc/execute/formal_protocol-2.m execution, -Os
FAIL: objc/execute/formal_protocol-3.m execution, -O0
FAIL: objc/execute/formal_protocol-3.m execution, -O1
FAIL: objc/execute/formal_protocol-3.m execution, -O2
FAIL: objc/execute/formal_protocol-3.m execution, -O3 -fomit-frame-pointer
FAIL: objc/execute/formal_protocol-3.m execution, -O3 -g
FAIL: objc/execute/formal_protocol-3.m execution, -Os
FAIL: objc/execute/formal_protocol-4.m execution, -O0
FAIL: objc/execute/formal_protocol-4.m execution, -O1
FAIL: objc/execute/formal_protocol-4.m execution, -O2
FAIL: objc/execute/formal_protocol-4.m execution, -O3 -fomit-frame-pointer
FAIL: objc/execute/formal_protocol-4.m execution, -O3 -g
FAIL: objc/execute/formal_protocol-4.m execution, -Os
FAIL: objc/execute/formal_protocol-5.m execution, -O0
FAIL: objc/execute/formal_protocol-5.m execution, -O1
FAIL: objc/execute/formal_protocol-5.m execution, -O2
FAIL: objc/execute/formal_protocol-5.m execution, -O3 -fomit-frame-pointer
FAIL: objc/execute/formal_protocol-5.m execution, -O3 -g
FAIL: objc/execute/formal_protocol-5.m execution, -Os
FAIL: objc/execute/formal_protocol-6.m execution, -O0
FAIL: objc/execute/formal_protocol-6.m execution, -O1
FAIL: objc/execute/formal_protocol-6.m execution, -O2
FAIL: objc/execute/formal_protocol-6.m execution, -O3 -fomit-frame-pointer
FAIL: objc/execute/formal_protocol-6.m execution, -O3 -g
FAIL: objc/execute/formal_protocol-6.m execution, -Os
FAIL: objc/execute/formal_protocol-7.m execution, -O0
FAIL: objc/execute/formal_protocol-7.m execution, -O1
FAIL: objc/execute/formal_protocol-7.m execution, -O2
FAIL: objc/execute/formal_protocol-7.m execution, -O3 -fomit-frame-pointer
FAIL: objc/execute/formal_protocol-7.m execution, -O3 -g
FAIL: objc/execute/formal_protocol-7.m execution, -Os
FAIL: objc/execute/function-message-1.m execution, -O0
FAIL: objc/execute/function-message-1.m execution, -O1
FAIL: objc/execute/function-message-1.m execution, -O2
FAIL: objc/execute/function-message-1.m execution, -O3 -fomit-frame-pointer
FAIL: objc/execute/function-message-1.m execution, -O3 -g
FAIL: objc/execute/function-message-1.m execution, -Os
FAIL: objc/execute/initialize.m execution, -O0
FAIL: objc/execute/initialize.m execution, -O1
FAIL: objc/execute/initialize.m execution, -O2
FAIL: objc/execute/initialize.m execution, -O3 -fomit-frame-pointer
FAIL: objc/execute/initialize.m execution, -O3 -g
FAIL: objc/execute/initialize.m execution, -Os
FAIL: objc/execute/load-2.m execution, -O0
FAIL: objc/execute/load-2.m execution, -O1
FAIL: objc/execute/load-2.m execution, -O2
FAIL: objc/execute/load-2.m execution, -O3 -fomit-frame-pointer
FAIL: objc/execute/load-2.m execution, -O3 -g
FAIL: objc/execute/load-2.m execution, -Os
FAIL: objc/execute/load-3.m execution, -O0
FAIL: objc/execute/load-3.m execution, -O1
FAIL: objc/execute/load-3.m execution, -O2
FAIL: objc/execute/load-3.m execution, -O3 -fomit-frame-pointer
FAIL: objc/execute/load-3.m execution, -O3 -fomit-frame-pointer -funroll-loops
FAIL: objc/execute/load-3.m execution, -O3 -fomit-frame-pointer -funroll-all-loops -finline-functions
FAIL: objc/execute/load-3.m execution, -O3 -g
FAIL: objc/execute/load-3.m execution, -Os
FAIL: objc/execute/load.m execution, -O0
FAIL: objc/execute/load.m execution, -O1
FAIL: objc/execute/load.m execution, -O2
FAIL: objc/execute/load.m execution, -O3 -fomit-frame-pointer
FAIL: objc/execute/load.m execution, -O3 -g
FAIL: objc/execute/load.m execution, -Os
FAIL: objc/execute/many_args_method.m execution, -O0
FAIL: objc/execute/many_args_method.m execution, -O1
FAIL: objc/execute/many_args_method.m execution, -O2
FAIL: objc/execute/many_args_method.m execution, -O3 -fomit-frame-pointer
FAIL: objc/execute/many_args_method.m execution, -O3 -g
FAIL: objc/execute/many_args_method.m execution, -Os
FAIL: objc/execute/nested-3.m execution, -O0
FAIL: objc/execute/nested-3.m execution, -O1
FAIL: objc/execute/nested-3.m execution, -O2
FAIL: objc/execute/nested-3.m execution, -O3 -fomit-frame-pointer
FAIL: objc/execute/nested-3.m execution, -O3 -g
FAIL: objc/execute/nested-3.m execution, -Os
FAIL: objc/execute/no_clash.m execution, -O0
FAIL: objc/execute/no_clash.m execution, -O1
FAIL: objc/execute/no_clash.m execution, -O2
FAIL: objc/execute/no_clash.m execution, -O3 -fomit-frame-pointer
FAIL: objc/execute/no_clash.m execution, -O3 -g
FAIL: objc/execute/no_clash.m execution, -Os
FAIL: objc/execute/np-2.m execution, -O0
FAIL: objc/execute/np-2.m execution, -O1
FAIL: objc/execute/np-2.m execution, -O2
FAIL: objc/execute/np-2.m execution, -O3 -fomit-frame-pointer
FAIL: objc/execute/np-2.m execution, -O3 -g
FAIL: objc/execute/np-2.m execution, -Os
FAIL: objc/execute/object_is_class.m execution, -O0
FAIL: objc/execute/object_is_class.m execution, -O1
FAIL: objc/execute/object_is_class.m execution, -O2
FAIL: objc/execute/object_is_class.m execution, -O3 -fomit-frame-pointer
FAIL: objc/execute/object_is_class.m execution, -O3 -g
FAIL: objc/execute/object_is_class.m execution, -Os
FAIL: objc/execute/object_is_meta_class.m execution, -O0
FAIL: objc/execute/object_is_meta_class.m execution, -O1
FAIL: objc/execute/object_is_meta_class.m execution, -O2
FAIL: objc/execute/object_is_meta_class.m execution, -O3 -fomit-frame-pointer
FAIL: objc/execute/object_is_meta_class.m execution, -O3 -g
FAIL: objc/execute/object_is_meta_class.m execution, -Os
FAIL: objc/execute/redefining_self.m execution, -O0
FAIL: objc/execute/redefining_self.m execution, -O1
FAIL: objc/execute/redefining_self.m execution, -O2
FAIL: objc/execute/redefining_self.m execution, -O3 -fomit-frame-pointer
FAIL: objc/execute/redefining_self.m execution, -O3 -g
FAIL: objc/execute/redefining_self.m execution, -Os
FAIL: objc/execute/root_methods.m execution, -O0
FAIL: objc/execute/root_methods.m execution, -O1
FAIL: objc/execute/root_methods.m execution, -O2
FAIL: objc/execute/root_methods.m execution, -O3 -fomit-frame-pointer
FAIL: objc/execute/root_methods.m execution, -O3 -g
FAIL: objc/execute/root_methods.m execution, -Os
FAIL: objc/execute/selector-1.m execution, -O0
FAIL: objc/execute/selector-1.m execution, -O1
FAIL: objc/execute/selector-1.m execution, -O2
FAIL: objc/execute/selector-1.m execution, -O3 -fomit-frame-pointer
FAIL: objc/execute/selector-1.m execution, -O3 -g
FAIL: objc/execute/selector-1.m execution, -Os
FAIL: objc/execute/static-1.m execution, -O0
FAIL: objc/execute/static-1.m execution, -O1
FAIL: objc/execute/static-1.m execution, -O2
FAIL: objc/execute/static-1.m execution, -O3 -fomit-frame-pointer
FAIL: objc/execute/static-1.m execution, -O3 -g
FAIL: objc/execute/static-1.m execution, -Os
FAIL: objc/execute/static-2.m execution, -O0
FAIL: objc/execute/static-2.m execution, -O1
FAIL: objc/execute/static-2.m execution, -O2
FAIL: objc/execute/static-2.m execution, -O3 -fomit-frame-pointer
FAIL: objc/execute/static-2.m execution, -O3 -g
FAIL: objc/execute/static-2.m execution, -Os
FAIL: objc/execute/string1.m execution, -O0
FAIL: objc/execute/string1.m execution, -O1
FAIL: objc/execute/string1.m execution, -O2
FAIL: objc/execute/string1.m execution, -O3 -fomit-frame-pointer
FAIL: objc/execute/string1.m execution, -O3 -g
FAIL: objc/execute/string1.m execution, -Os
FAIL: objc/execute/string2.m execution, -O0
FAIL: objc/execute/string2.m execution, -O1
FAIL: objc/execute/string2.m execution, -O2
FAIL: objc/execute/string2.m execution, -O3 -fomit-frame-pointer
FAIL: objc/execute/string2.m execution, -O3 -g
FAIL: objc/execute/string2.m execution, -Os
FAIL: objc/execute/string3.m execution, -O0
FAIL: objc/execute/string3.m execution, -O1
FAIL: objc/execute/string3.m execution, -O2
FAIL: objc/execute/string3.m execution, -O3 -fomit-frame-pointer
FAIL: objc/execute/string3.m execution, -O3 -g
FAIL: objc/execute/string3.m execution, -Os
FAIL: objc/execute/string4.m execution, -O0
FAIL: objc/execute/string4.m execution, -O1
FAIL: objc/execute/string4.m execution, -O2
FAIL: objc/execute/string4.m execution, -O3 -fomit-frame-pointer
FAIL: objc/execute/string4.m execution, -O3 -g
FAIL: objc/execute/string4.m execution, -Os
FAIL: objc/execute/va_method.m execution, -O0
FAIL: objc/execute/va_method.m execution, -O1
FAIL: objc/execute/va_method.m execution, -O2
FAIL: objc/execute/va_method.m execution, -O3 -fomit-frame-pointer
FAIL: objc/execute/va_method.m execution, -O3 -fomit-frame-pointer -funroll-loops
FAIL: objc/execute/va_method.m execution, -O3 -fomit-frame-pointer -funroll-all-loops -finline-functions
FAIL: objc/execute/va_method.m execution, -O3 -g
FAIL: objc/execute/va_method.m execution, -Os
FAIL: objc.dg/bitfield-1.m execution test
FAIL: objc.dg/bitfield-3.m (test for warnings, line 21)
FAIL: objc.dg/bitfield-3.m (test for warnings, line 28)
FAIL: objc.dg/bitfield-3.m (test for warnings, line 33)
FAIL: objc.dg/bitfield-3.m (test for warnings, line 34)
FAIL: objc.dg/call-super-1.m execution test
FAIL: objc.dg/call-super-3.m execution test
FAIL: objc.dg/category-1.m execution test
FAIL: objc.dg/defs.m execution test
FAIL: objc.dg/desig-init-1.m (test for warnings, line 25)
FAIL: objc.dg/desig-init-1.m (test for warnings, line 25)
FAIL: objc.dg/desig-init-1.m (test for warnings, line 25)
FAIL: objc.dg/desig-init-1.m (test for warnings, line 25)
FAIL: objc.dg/desig-init-1.m (test for warnings, line 33)
FAIL: objc.dg/desig-init-1.m execution test
FAIL: objc.dg/encode-2.m execution test
FAIL: objc.dg/encode-3.m execution test
FAIL: objc.dg/encode-4.m execution test
FAIL: objc.dg/func-ptr-1.m execution test
FAIL: objc.dg/method-10.m execution test
FAIL: objc.dg/method-13.m execution test
FAIL: objc.dg/method-3.m execution test
FAIL: objc.dg/nested-func-1.m execution test
FAIL: objc.dg/proto-lossage-3.m execution test
FAIL: objc.dg/proto-qual-1.m execution test
FAIL: objc.dg/stret-1.m execution test
FAIL: objc.dg/type-size-2.m execution test
FAIL: objc.dg/special/unclaimed-category-1.m execution test
=== objc Summary ===
# of expected passes 865
# of unexpected failures 476
# of unsupported tests 8
/amnt/figaro/volumes/obj-gcc/gcc/obj.irix53/gcc-3.4.1-20040514/5.3-gcc/gcc/xgcc version 3.4.1 20040514 (prerelease)
=== libstdc++ tests ===
Running target unix
FAIL: 21_strings/basic_string/inserters_extractors/char/1.cc execution test
FAIL: 23_containers/map/operators/1.cc execution test
FAIL: 23_containers/vector/resize/1.cc execution test
FAIL: 26_numerics/binary_closure.cc execution test
FAIL: 27_io/basic_filebuf/imbue/char/1.cc execution test
FAIL: 27_io/basic_filebuf/in_avail/char/1.cc execution test
FAIL: 27_io/basic_istream/extractors_arithmetic/char/01.cc execution test
FAIL: 27_io/basic_ostream/inserters_arithmetic/char/1.cc execution test
FAIL: 27_io/basic_stringbuf/imbue/char/1.cc execution test
FAIL: 27_io/basic_stringbuf/in_avail/char/1.cc execution test
FAIL: 27_io/basic_stringbuf/sbumpc/char/1.cc execution test
FAIL: 27_io/basic_stringbuf/seekoff/char/1.cc execution test
FAIL: 27_io/basic_stringbuf/seekpos/char/1.cc execution test
FAIL: 27_io/basic_stringbuf/setbuf/char/1.cc execution test
FAIL: 27_io/basic_stringbuf/sgetc/char/1.cc execution test
FAIL: 27_io/basic_stringbuf/sgetn/char/1.cc execution test
FAIL: 27_io/basic_stringbuf/snextc/char/1.cc execution test
FAIL: 27_io/basic_stringbuf/sputbackc/char/1.cc execution test
FAIL: 27_io/basic_stringbuf/sputc/char/1.cc execution test
FAIL: 27_io/basic_stringbuf/sputn/char/1.cc execution test
FAIL: 27_io/basic_stringbuf/str/char/1.cc execution test
FAIL: 27_io/basic_stringbuf/sungetc/char/1.cc execution test
FAIL: 27_io/ios_base/callbacks/1.cc execution test
FAIL: 27_io/ios_base/sync_with_stdio/1.cc execution test
FAIL: 27_io/ios_base/sync_with_stdio/2.cc execution test
FAIL: 27_io/ios_base/sync_with_stdio/9523.cc execution test
FAIL: 27_io/objects/char/1.cc execution test
FAIL: 27_io/objects/char/10.cc execution test
FAIL: 27_io/objects/char/12048-1.cc execution test
FAIL: 27_io/objects/char/12048-2.cc execution test
FAIL: 27_io/objects/char/12048-3.cc execution test
FAIL: 27_io/objects/char/12048-4.cc execution test
FAIL: 27_io/objects/char/2.cc execution test
FAIL: 27_io/objects/char/3045.cc execution test
FAIL: 27_io/objects/char/3647.cc execution test
FAIL: 27_io/objects/char/5.cc execution test
FAIL: 27_io/objects/char/5268.cc execution test
FAIL: 27_io/objects/char/7.cc execution test
FAIL: 27_io/objects/char/8.cc execution test
FAIL: 27_io/objects/char/9.cc execution test
FAIL: 27_io/objects/char/9661-1.cc execution test
FAIL: ext/14648.cc execution test
FAIL: ext/rope.cc execution test
=== libstdc++ Summary ===
# of expected passes 1940
# of unexpected failures 43
# of expected failures 4
# of unsupported tests 8
Compiler version: 3.4.1 20040514 (prerelease)
Platform: mips-sgi-irix5.3
configure flags: --prefix=/vol/gcc --with-local-prefix=/vol/gcc --disable-nls
-----------------------------------------------------------------------------
Rainer Orth, Faculty of Technology, Bielefeld University