This is the mail archive of the
gcc-testresults@gcc.gnu.org
mailing list for the GCC project.
Results for 3.5.0 20040521 (experimental) testsuite on powerpc-ibm-aix5.1.0.0
- From: David Edelsohn <dje at watson dot ibm dot com>
- To: gcc-testresults at gcc dot gnu dot org
- Date: Fri, 21 May 2004 12:58:05 -0400
- Subject: Results for 3.5.0 20040521 (experimental) testsuite on powerpc-ibm-aix5.1.0.0
LAST_UPDATED: Fri May 21 03:17:44 UTC 2004
Native configuration is powerpc-ibm-aix5.1.0.0
=== gcc tests ===
Schedule of variations:
unix
Running target unix
Running /gcc/dje/src/gcc/testsuite/gcc.c-torture/compile/compile.exp ...
Running /gcc/dje/src/gcc/testsuite/gcc.c-torture/execute/execute.exp ...
FAIL: gcc.c-torture/execute/eeprof-1.c execution, -O0
FAIL: gcc.c-torture/execute/eeprof-1.c execution, -O1
FAIL: gcc.c-torture/execute/eeprof-1.c execution, -O2
FAIL: gcc.c-torture/execute/eeprof-1.c execution, -O3 -fomit-frame-pointer
FAIL: gcc.c-torture/execute/eeprof-1.c execution, -O3 -g
FAIL: gcc.c-torture/execute/eeprof-1.c execution, -Os
Running /gcc/dje/src/gcc/testsuite/gcc.c-torture/unsorted/unsorted.exp ...
Running /gcc/dje/src/gcc/testsuite/gcc.dg/charset/charset.exp ...
Running /gcc/dje/src/gcc/testsuite/gcc.dg/compat/compat.exp ...
Running /gcc/dje/src/gcc/testsuite/gcc.dg/cpp/cpp.exp ...
FAIL: gcc.dg/cpp/assert4.c (test for excess errors)
XPASS: gcc.dg/cpp/cmdlne-dI-M.c scan-file (^|\\n)cmdlne-dI-M.*:[^\\n]*cmdlne-dI-M.c
XPASS: gcc.dg/cpp/cmdlne-dM-M.c scan-file (^|\\n)cmdlne-dM-M[^\\n]*:[^\\n]*cmdlne-dM-M.c
Running /gcc/dje/src/gcc/testsuite/gcc.dg/debug/debug.exp ...
Running /gcc/dje/src/gcc/testsuite/gcc.dg/dg.exp ...
FAIL: gcc.dg/20020103-1.c scan-assembler-not LC
FAIL: gcc.dg/20020118-1.c execution test
FAIL: gcc.dg/altivec-1.c (test for excess errors)
WARNING: gcc.dg/altivec-1.c compilation failed to produce executable
FAIL: gcc.dg/altivec-10.c (test for excess errors)
FAIL: gcc.dg/altivec-11.c (test for excess errors)
ERROR: gcc.dg/altivec-11.c: error executing dg-final: couldn't open "altivec-11.s": no such file or directory
FAIL: gcc.dg/altivec-13.c (test for excess errors)
FAIL: gcc.dg/altivec-3.c (test for excess errors)
WARNING: gcc.dg/altivec-3.c compilation failed to produce executable
FAIL: gcc.dg/altivec-4.c (test for excess errors)
FAIL: gcc.dg/altivec-7.c (test for warnings, line 13)
FAIL: gcc.dg/altivec-7.c (test for warnings, line 16)
FAIL: gcc.dg/altivec-7.c (test for excess errors)
FAIL: gcc.dg/altivec-8.c (test for excess errors)
FAIL: gcc.dg/altivec-varargs-1.c (test for excess errors)
WARNING: gcc.dg/altivec-varargs-1.c compilation failed to produce executable
FAIL: gcc.dg/asm-names.c scan-assembler-not ____frob14
FAIL: gcc.dg/c90-const-expr-3.c (test for excess errors)
FAIL: gcc.dg/c99-const-expr-3.c (test for excess errors)
XPASS: gcc.dg/const-elim-1.c scan-assembler-not L\\$?C[^A-Z]
FAIL: gcc.dg/darwin-longlong.c (test for excess errors)
WARNING: gcc.dg/darwin-longlong.c compilation failed to produce executable
FAIL: gcc.dg/rs6000-power2-2.c scan-assembler-not lfd
FAIL: gcc.dg/rs6000-power2-2.c scan-assembler sfq
XPASS: gcc.dg/setjmp-1.c spurious clobbered warning (test for bogus messages, line 16)
FAIL: gcc.dg/uninit-H.c (test for bogus messages, line 20)
Running /gcc/dje/src/gcc/testsuite/gcc.dg/format/format.exp ...
Running /gcc/dje/src/gcc/testsuite/gcc.dg/noncompile/noncompile.exp ...
Running /gcc/dje/src/gcc/testsuite/gcc.dg/pch/pch.exp ...
FAIL: gcc.dg/pch/common-1.c -O2 assembly comparison
FAIL: gcc.dg/pch/common-1.c -O3 -fomit-frame-pointer assembly comparison
FAIL: gcc.dg/pch/common-1.c -O3 -g assembly comparison
FAIL: gcc.dg/pch/common-1.c -Os assembly comparison
FAIL: gcc.dg/pch/except-1.c -O1 assembly comparison
FAIL: gcc.dg/pch/except-1.c (test for excess errors)
FAIL: gcc.dg/pch/except-1.c (test for excess errors)
FAIL: gcc.dg/pch/except-1.c (test for excess errors)
FAIL: gcc.dg/pch/except-1.c (test for excess errors)
FAIL: gcc.dg/pch/inline-1.c -O1 assembly comparison
FAIL: gcc.dg/pch/inline-1.c (test for excess errors)
FAIL: gcc.dg/pch/inline-1.c (test for excess errors)
FAIL: gcc.dg/pch/inline-1.c (test for excess errors)
WARNING: program timed out.
FAIL: gcc.dg/pch/inline-2.c (test for excess errors)
WARNING: program timed out.
FAIL: gcc.dg/pch/inline-2.c (test for excess errors)
FAIL: gcc.dg/pch/inline-3.c -O0 -g assembly comparison
FAIL: gcc.dg/pch/inline-3.c -O0 assembly comparison
FAIL: gcc.dg/pch/inline-3.c -O1 assembly comparison
FAIL: gcc.dg/pch/inline-3.c (test for excess errors)
WARNING: program timed out.
FAIL: gcc.dg/pch/inline-3.c (test for excess errors)
FAIL: gcc.dg/pch/inline-3.c (test for excess errors)
FAIL: gcc.dg/pch/inline-3.c (test for excess errors)
FAIL: gcc.dg/pch/inline-4.c -O0 -g assembly comparison
FAIL: gcc.dg/pch/inline-4.c -O0 assembly comparison
FAIL: gcc.dg/pch/inline-4.c -O1 assembly comparison
FAIL: gcc.dg/pch/inline-4.c (test for excess errors)
FAIL: gcc.dg/pch/inline-4.c (test for excess errors)
FAIL: gcc.dg/pch/inline-4.c (test for excess errors)
FAIL: gcc.dg/pch/inline-4.c (test for excess errors)
FAIL: gcc.dg/pch/static-1.c -O0 -g assembly comparison
WARNING: program timed out.
FAIL: gcc.dg/pch/static-1.c (test for excess errors)
WARNING: program timed out.
FAIL: gcc.dg/pch/static-1.c (test for excess errors)
WARNING: program timed out.
FAIL: gcc.dg/pch/static-1.c (test for excess errors)
WARNING: program timed out.
FAIL: gcc.dg/pch/static-1.c (test for excess errors)
FAIL: gcc.dg/pch/static-2.c -O0 -g assembly comparison
WARNING: program timed out.
FAIL: gcc.dg/pch/static-2.c (test for excess errors)
WARNING: program timed out.
FAIL: gcc.dg/pch/static-2.c (test for excess errors)
WARNING: program timed out.
FAIL: gcc.dg/pch/static-2.c (test for excess errors)
WARNING: program timed out.
FAIL: gcc.dg/pch/static-2.c (test for excess errors)
FAIL: gcc.dg/pch/static-3.c -O0 -g assembly comparison
WARNING: program timed out.
FAIL: gcc.dg/pch/static-3.c (test for excess errors)
WARNING: program timed out.
FAIL: gcc.dg/pch/static-3.c (test for excess errors)
WARNING: program timed out.
FAIL: gcc.dg/pch/static-3.c (test for excess errors)
WARNING: program timed out.
FAIL: gcc.dg/pch/static-3.c (test for excess errors)
FAIL: gcc.dg/pch/valid-1.c (test for excess errors)
FAIL: gcc.dg/pch/valid-1.c (test for excess errors)
FAIL: gcc.dg/pch/valid-1.c (test for excess errors)
FAIL: gcc.dg/pch/valid-1.c (test for excess errors)
FAIL: gcc.dg/pch/valid-1.c (test for excess errors)
FAIL: gcc.dg/pch/valid-1.c (test for excess errors)
FAIL: gcc.dg/pch/valid-1.c (test for excess errors)
FAIL: gcc.dg/pch/valid-2.c (test for excess errors)
FAIL: gcc.dg/pch/valid-2.c (test for excess errors)
FAIL: gcc.dg/pch/valid-2.c (test for excess errors)
FAIL: gcc.dg/pch/valid-2.c (test for excess errors)
FAIL: gcc.dg/pch/valid-2.c (test for excess errors)
FAIL: gcc.dg/pch/valid-2.c (test for excess errors)
FAIL: gcc.dg/pch/valid-2.c (test for excess errors)
FAIL: gcc.dg/pch/valid-3.c (test for excess errors)
FAIL: gcc.dg/pch/valid-3.c (test for excess errors)
FAIL: gcc.dg/pch/valid-3.c (test for excess errors)
FAIL: gcc.dg/pch/valid-3.c (test for excess errors)
FAIL: gcc.dg/pch/valid-3.c (test for excess errors)
FAIL: gcc.dg/pch/valid-3.c (test for excess errors)
FAIL: gcc.dg/pch/valid-3.c (test for excess errors)
FAIL: gcc.dg/pch/warn-1.c (test for excess errors)
FAIL: gcc.dg/pch/warn-1.c (test for excess errors)
FAIL: gcc.dg/pch/warn-1.c (test for excess errors)
FAIL: gcc.dg/pch/warn-1.c (test for excess errors)
FAIL: gcc.dg/pch/warn-1.c (test for excess errors)
FAIL: gcc.dg/pch/warn-1.c (test for excess errors)
FAIL: gcc.dg/pch/warn-1.c (test for excess errors)
FAIL: largefile.c (test for excess errors)
FAIL: largefile.c (test for excess errors)
FAIL: largefile.c (test for excess errors)
FAIL: largefile.c (test for excess errors)
FAIL: largefile.c (test for excess errors)
FAIL: largefile.c (test for excess errors)
FAIL: largefile.c (test for excess errors)
Running /gcc/dje/src/gcc/testsuite/gcc.dg/special/mips-abi.exp ...
Running /gcc/dje/src/gcc/testsuite/gcc.dg/special/special.exp ...
Running /gcc/dje/src/gcc/testsuite/gcc.dg/tls/tls.exp ...
Running /gcc/dje/src/gcc/testsuite/gcc.dg/torture/dg-torture.exp ...
Running /gcc/dje/src/gcc/testsuite/gcc.dg/tree-ssa/tree-ssa.exp ...
Running /gcc/dje/src/gcc/testsuite/gcc.dg/vmx/vmx.exp ...
Running /gcc/dje/src/gcc/testsuite/gcc.dg/weak/weak.exp ...
Running /gcc/dje/src/gcc/testsuite/gcc.misc-tests/acker1.exp ...
Running /gcc/dje/src/gcc/testsuite/gcc.misc-tests/arm-isr.exp ...
Running /gcc/dje/src/gcc/testsuite/gcc.misc-tests/bprob.exp ...
Running /gcc/dje/src/gcc/testsuite/gcc.misc-tests/dg-test.exp ...
Running /gcc/dje/src/gcc/testsuite/gcc.misc-tests/dhry.exp ...
Running /gcc/dje/src/gcc/testsuite/gcc.misc-tests/gcov.exp ...
FAIL: 209: expected branch percentages not found: 25
FAIL: gcc.misc-tests/gcov-4b.c gcov: 0 failures in line counts, 1 in branch percentages, 0 in return percentages
Running /gcc/dje/src/gcc/testsuite/gcc.misc-tests/i386-prefetch.exp ...
Running /gcc/dje/src/gcc/testsuite/gcc.misc-tests/linkage.exp ...
Running /gcc/dje/src/gcc/testsuite/gcc.misc-tests/matrix1.exp ...
Running /gcc/dje/src/gcc/testsuite/gcc.misc-tests/mg.exp ...
Running /gcc/dje/src/gcc/testsuite/gcc.misc-tests/sieve.exp ...
Running /gcc/dje/src/gcc/testsuite/gcc.misc-tests/sort2.exp ...
=== gcc Summary ===
# of expected passes 24608
# of unexpected failures 108
# of unexpected successes 4
# of expected failures 61
# of unresolved testcases 1
# of untested testcases 64
# of unsupported tests 340
/gcc/dje/build/powerpc-ibm-aix5.1.0.0-20040520/gcc/xgcc version 3.5.0 20040521 (experimental)
=== g++ tests ===
Schedule of variations:
unix
Running target unix
Running /gcc/dje/src/gcc/testsuite/g++.dg/bprob/bprob.exp ...
Running /gcc/dje/src/gcc/testsuite/g++.dg/charset/charset.exp ...
Running /gcc/dje/src/gcc/testsuite/g++.dg/compat/compat.exp ...
Running /gcc/dje/src/gcc/testsuite/g++.dg/debug/debug.exp ...
Running /gcc/dje/src/gcc/testsuite/g++.dg/dg.exp ...
WARNING: program timed out.
FAIL: g++.dg/eh/cleanup1.C (test for excess errors)
XPASS: g++.dg/eh/elide1.C execution test
FAIL: g++.dg/ext/altivec-1.C (test for excess errors)
FAIL: g++.dg/ext/altivec-2.C (test for excess errors)
WARNING: g++.dg/ext/altivec-2.C compilation failed to produce executable
FAIL: g++.dg/ext/altivec-3.C (test for excess errors)
WARNING: g++.dg/ext/altivec-3.C compilation failed to produce executable
FAIL: g++.dg/ext/altivec-4.C (test for excess errors)
FAIL: g++.dg/ext/altivec-5.C (test for excess errors)
FAIL: g++.dg/ext/altivec-6.C (test for excess errors)
FAIL: g++.dg/ext/altivec-7.C (test for warnings, line 13)
FAIL: g++.dg/ext/altivec-7.C (test for warnings, line 14)
FAIL: g++.dg/ext/altivec-7.C (test for warnings, line 15)
FAIL: g++.dg/ext/altivec-7.C (test for excess errors)
ERROR: g++.dg/ext/altivec-7.C: error executing dg-final: couldn't open "altivec-7.s": no such file or directory
FAIL: g++.dg/ext/altivec-8.C (test for excess errors)
FAIL: g++.dg/ext/altivec-9.C (test for excess errors)
XPASS: g++.dg/other/packed1.C execution test
Running /gcc/dje/src/gcc/testsuite/g++.dg/gcov/gcov.exp ...
FAIL: 258: expected branch percentages not found: 25
FAIL: g++.dg/gcov/gcov-1.C gcov: 0 failures in line counts, 1 in branch percentages, 0 in return percentages
FAIL: 23:is 2:should be 1
FAIL: g++.dg/gcov/gcov-2.C gcov: 1 failures in line counts, 0 in branch percentages, 0 in return percentages
Running /gcc/dje/src/gcc/testsuite/g++.dg/pch/pch.exp ...
FAIL: g++.dg/pch/static-1.C -g assembly comparison
WARNING: program timed out.
FAIL: g++.dg/pch/static-1.C (test for excess errors)
WARNING: program timed out.
FAIL: g++.dg/pch/static-1.C (test for excess errors)
FAIL: g++.dg/pch/system-1.C -g assembly comparison
WARNING: program timed out.
FAIL: g++.dg/pch/system-1.C (test for excess errors)
WARNING: program timed out.
FAIL: g++.dg/pch/system-1.C (test for excess errors)
FAIL: g++.dg/pch/system-2.C -g assembly comparison
WARNING: program timed out.
FAIL: g++.dg/pch/system-2.C (test for excess errors)
WARNING: program timed out.
FAIL: g++.dg/pch/system-2.C (test for excess errors)
FAIL: g++.dg/pch/uninst.C -g assembly comparison
WARNING: program timed out.
FAIL: g++.dg/pch/uninst.C (test for excess errors)
WARNING: program timed out.
FAIL: g++.dg/pch/uninst.C (test for excess errors)
Running /gcc/dje/src/gcc/testsuite/g++.dg/special/ecos.exp ...
Running /gcc/dje/src/gcc/testsuite/g++.dg/tls/tls.exp ...
Running /gcc/dje/src/gcc/testsuite/g++.dg/tree-ssa/tree-ssa.exp ...
Running /gcc/dje/src/gcc/testsuite/g++.old-deja/old-deja.exp ...
FAIL: g++.old-deja/g++.abi/cxa_vec.C execution test
FAIL: g++.old-deja/g++.brendan/crash13.C (test for errors, line 34)
FAIL: g++.old-deja/g++.brendan/new3.C execution test
FAIL: g++.old-deja/g++.bugs/900205_03.C (test for errors, line 21)
FAIL: g++.old-deja/g++.bugs/900205_03.C (test for errors, line 24)
FAIL: g++.old-deja/g++.bugs/900205_03.C (test for errors, line 44)
FAIL: g++.old-deja/g++.bugs/900205_03.C (test for errors, line 47)
FAIL: g++.old-deja/g++.law/friend5.C (test for errors, line 19)
FAIL: g++.old-deja/g++.law/friend5.C (test for errors, line 24)
WARNING: g++.old-deja/g++.mike/p10769a.C compilation failed to produce executable
FAIL: g++.old-deja/g++.mike/p646.C (test for warnings, line 104)
FAIL: g++.old-deja/g++.mike/p646.C (test for warnings, line 112)
FAIL: g++.old-deja/g++.mike/p646.C (test for warnings, line 120)
FAIL: g++.old-deja/g++.mike/p646.C (test for warnings, line 127)
FAIL: g++.old-deja/g++.mike/p646.C (test for warnings, line 133)
WARNING: g++.old-deja/g++.other/enum5.C compilation failed to produce executable
FAIL: g++.old-deja/g++.other/warn7.C (test for warnings, line 38)
FAIL: g++.old-deja/g++.pt/const2.C (test for errors, line )
WARNING: g++.old-deja/g++.pt/friend44.C compilation failed to produce executable
=== g++ Summary ===
# of expected passes 9456
# of unexpected failures 45
# of unexpected successes 2
# of expected failures 83
# of unresolved testcases 1
# of untested testcases 8
# of unsupported tests 76
/gcc/dje/build/powerpc-ibm-aix5.1.0.0-20040520/gcc/testsuite/../g++ version 3.5.0 20040521 (experimental)
=== objc tests ===
Schedule of variations:
unix
Running target unix
Running /gcc/dje/src/gcc/testsuite/objc/compile/compile.exp ...
Running /gcc/dje/src/gcc/testsuite/objc/execute/execute.exp ...
Running /gcc/dje/src/gcc/testsuite/objc.dg/dg.exp ...
Running /gcc/dje/src/gcc/testsuite/objc.dg/special/special.exp ...
=== objc Summary ===
# of expected passes 1339
# of unsupported tests 8
/gcc/dje/build/powerpc-ibm-aix5.1.0.0-20040520/gcc/xgcc version 3.5.0 20040521 (experimental)
=== libstdc++ tests ===
Schedule of variations:
unix
Running target unix
Running /gcc/dje/src/libstdc++-v3/testsuite/libstdc++-dg/normal.exp ...
WARNING: program timed out.
FAIL: 17_intro/header_cassert.cc (test for excess errors)
WARNING: 17_intro/header_cassert.cc compilation failed to produce executable
WARNING: program timed out.
FAIL: 17_intro/header_cerrno.cc (test for excess errors)
WARNING: 17_intro/header_cerrno.cc compilation failed to produce executable
WARNING: program timed out.
FAIL: 17_intro/header_csetjmp.cc (test for excess errors)
WARNING: 17_intro/header_csetjmp.cc compilation failed to produce executable
WARNING: program timed out.
FAIL: 17_intro/header_cstdarg.cc (test for excess errors)
WARNING: 17_intro/header_cstdarg.cc compilation failed to produce executable
WARNING: program timed out.
FAIL: 17_intro/header_cstddef.cc (test for excess errors)
WARNING: 17_intro/header_cstddef.cc compilation failed to produce executable
WARNING: program timed out.
FAIL: 17_intro/header_cstdio.cc (test for excess errors)
WARNING: 17_intro/header_cstdio.cc compilation failed to produce executable
WARNING: program timed out.
FAIL: 17_intro/header_cstdlib.cc (test for excess errors)
WARNING: 17_intro/header_cstdlib.cc compilation failed to produce executable
WARNING: program timed out.
FAIL: 17_intro/header_cstring.cc (test for excess errors)
WARNING: 17_intro/header_cstring.cc compilation failed to produce executable
WARNING: program timed out.
FAIL: 17_intro/header_ctime.cc (test for excess errors)
WARNING: 17_intro/header_ctime.cc compilation failed to produce executable
WARNING: program timed out.
FAIL: 17_intro/header_cwchar.cc (test for excess errors)
WARNING: 17_intro/header_cwchar.cc compilation failed to produce executable
WARNING: program timed out.
FAIL: 17_intro/header_cwctype.cc (test for excess errors)
WARNING: 17_intro/header_cwctype.cc compilation failed to produce executable
WARNING: program timed out.
FAIL: 17_intro/header_fstream.cc (test for excess errors)
WARNING: 17_intro/header_fstream.cc compilation failed to produce executable
WARNING: program timed out.
FAIL: 17_intro/header_iomanip.cc (test for excess errors)
WARNING: 17_intro/header_iomanip.cc compilation failed to produce executable
WARNING: program timed out.
FAIL: 17_intro/header_ios.cc (test for excess errors)
WARNING: 17_intro/header_ios.cc compilation failed to produce executable
WARNING: program timed out.
FAIL: 17_intro/header_iosfwd.cc (test for excess errors)
WARNING: 17_intro/header_iosfwd.cc compilation failed to produce executable
WARNING: program timed out.
FAIL: 17_intro/header_iostream.cc (test for excess errors)
WARNING: 17_intro/header_iostream.cc compilation failed to produce executable
WARNING: program timed out.
FAIL: 17_intro/header_istream.cc (test for excess errors)
WARNING: 17_intro/header_istream.cc compilation failed to produce executable
WARNING: program timed out.
FAIL: 17_intro/header_ostream.cc (test for excess errors)
WARNING: 17_intro/header_ostream.cc compilation failed to produce executable
WARNING: program timed out.
FAIL: 17_intro/header_sstream.cc (test for excess errors)
WARNING: 17_intro/header_sstream.cc compilation failed to produce executable
WARNING: program timed out.
FAIL: 17_intro/header_streambuf.cc (test for excess errors)
WARNING: 17_intro/header_streambuf.cc compilation failed to produce executable
WARNING: program timed out.
FAIL: 17_intro/headers.cc (test for excess errors)
WARNING: 17_intro/headers.cc compilation failed to produce executable
WARNING: program timed out.
FAIL: 17_intro/headers_c++.cc (test for excess errors)
WARNING: 17_intro/headers_c++.cc compilation failed to produce executable
WARNING: program timed out.
FAIL: 17_intro/headers_c.cc (test for excess errors)
WARNING: 17_intro/headers_c.cc compilation failed to produce executable
WARNING: program timed out.
FAIL: 18_support/14026.cc (test for excess errors)
WARNING: 18_support/14026.cc compilation failed to produce executable
WARNING: program timed out.
FAIL: 18_support/new_delete_placement.cc (test for excess errors)
WARNING: 18_support/new_delete_placement.cc compilation failed to produce executable
WARNING: program timed out.
FAIL: 18_support/numeric_limits.cc (test for excess errors)
WARNING: 18_support/numeric_limits.cc compilation failed to produce executable
WARNING: program timed out.
FAIL: 19_diagnostics/stdexceptions.cc (test for excess errors)
WARNING: 19_diagnostics/stdexceptions.cc compilation failed to produce executable
WARNING: program timed out.
FAIL: 20_util/allocator/1.cc (test for excess errors)
WARNING: 20_util/allocator/1.cc compilation failed to produce executable
WARNING: program timed out.
FAIL: 20_util/allocator/10378.cc (test for excess errors)
WARNING: 20_util/allocator/10378.cc compilation failed to produce executable
WARNING: program timed out.
FAIL: 20_util/allocator/14176.cc (test for excess errors)
WARNING: 20_util/allocator/14176.cc compilation failed to produce executable
WARNING: program timed out.
FAIL: 20_util/allocator/8230.cc (test for excess errors)
WARNING: 20_util/allocator/8230.cc compilation failed to produce executable
WARNING: program timed out.
FAIL: 20_util/auto_ptr/1.cc (test for excess errors)
WARNING: 20_util/auto_ptr/1.cc compilation failed to produce executable
WARNING: program timed out.
FAIL: 20_util/auto_ptr/2.cc (test for excess errors)
WARNING: 20_util/auto_ptr/2.cc compilation failed to produce executable
WARNING: program timed out.
FAIL: 20_util/auto_ptr/3.cc (test for excess errors)
WARNING: 20_util/auto_ptr/3.cc compilation failed to produce executable
WARNING: program timed out.
FAIL: 20_util/auto_ptr/3946.cc (test for excess errors)
WARNING: 20_util/auto_ptr/3946.cc compilation failed to produce executable
WARNING: program timed out.
FAIL: 20_util/auto_ptr/4.cc (test for excess errors)
WARNING: 20_util/auto_ptr/4.cc compilation failed to produce executable
WARNING: program timed out.
FAIL: 20_util/auto_ptr/5.cc (test for excess errors)
WARNING: 20_util/auto_ptr/5.cc compilation failed to produce executable
WARNING: program timed out.
FAIL: 20_util/auto_ptr/6.cc (test for excess errors)
WARNING: 20_util/auto_ptr/6.cc compilation failed to produce executable
WARNING: program timed out.
FAIL: 20_util/auto_ptr/7.cc (test for excess errors)
WARNING: 20_util/auto_ptr/7.cc compilation failed to produce executable
WARNING: program timed out.
WARNING: program timed out.
FAIL: 20_util/binders.cc (test for excess errors)
WARNING: 20_util/binders.cc compilation failed to produce executable
WARNING: program timed out.
FAIL: 20_util/comparisons.cc (test for excess errors)
WARNING: 20_util/comparisons.cc compilation failed to produce executable
WARNING: program timed out.
FAIL: 20_util/pair/1.cc (test for excess errors)
WARNING: 20_util/pair/1.cc compilation failed to produce executable
WARNING: program timed out.
FAIL: 20_util/pair/2.cc (test for excess errors)
WARNING: 20_util/pair/2.cc compilation failed to produce executable
WARNING: program timed out.
FAIL: 20_util/pair/3.cc (test for excess errors)
WARNING: 20_util/pair/3.cc compilation failed to produce executable
WARNING: program timed out.
FAIL: 20_util/pair/4.cc (test for excess errors)
WARNING: 20_util/pair/4.cc compilation failed to produce executable
WARNING: program timed out.
FAIL: 20_util/raw_storage_iterator.cc (test for excess errors)
WARNING: 20_util/raw_storage_iterator.cc compilation failed to produce executable
WARNING: program timed out.
FAIL: 20_util/temporary_buffer.cc (test for excess errors)
WARNING: 20_util/temporary_buffer.cc compilation failed to produce executable
=== libstdc++ Summary ===
PCH failure due to cgraph.c change
Compiler version: 3.5.0 20040521 (experimental)
Platform: powerpc-ibm-aix5.1.0.0
configure flags: --prefix=/gcc/dje/install/powerpc-ibm-aix5.1.0.0-20040519 --disable-werror --disable-win32-registry --disable-libmudflap --enable-languages=c,c++,objc
NB: new as & ar