This is the mail archive of the
gcc-testresults@gcc.gnu.org
mailing list for the GCC project.
Results for 3.3.4 20040516 (prerelease) testsuite on sparc-sun-solaris2.8
- From: Joe Buck <Joe dot Buck at synopsys dot com>
- To: gcc-testresults at gcc dot gnu dot org
- Date: Fri, 21 May 2004 02:07:42 -0700 (PDT)
- Subject: Results for 3.3.4 20040516 (prerelease) testsuite on sparc-sun-solaris2.8
OS: Solaris 8 (or 2.8, or SunOS 5.8, you pick)
System: 4-way 400 MHz SUNW,UltraSPARC-II, 4GB RAM, 6.4GB swap
GNU as and GNU ld used (2.13.1)
gcc 2.95.2 used for bootstrapping
All languages were tested.
LAST_UPDATED:
Native configuration is sparc-sun-solaris2.8
=== g++ tests ===
Running target unix
XPASS: g++.dg/special/conpr-2.C conpr-2a.o execution test
XPASS: g++.dg/special/initp1.C execution test
=== g++ Summary ===
# of expected passes 8178
# of unexpected successes 2
# of expected failures 99
# of untested testcases 21
# of unsupported tests 28
/remote/atg2/jbuck/solaris.tmp/3.3.4-pre/gcc/testsuite/../g++ version 3.3.4 20040516 (prerelease)
=== g77 tests ===
Running target unix
=== g77 Summary ===
# of expected passes 1720
# of unsupported tests 8
/remote/atg2/jbuck/solaris.tmp/3.3.4-pre/gcc/testsuite/../g77 version 3.3.4 20040516 (prerelease)
=== gcc tests ===
Running target unix
WARNING: gcc.dg/20021014-1.c compilation failed to produce executable
FAIL: gcc.dg/duff-2.c (test for excess errors)
=== gcc Summary ===
# of expected passes 21163
# of unexpected failures 1
# of expected failures 67
# of unsupported tests 184
/remote/atg2/jbuck/solaris.tmp/3.3.4-pre/gcc/xgcc version 3.3.4 20040516 (prerelease)
=== objc tests ===
Running target unix
=== objc Summary ===
# of expected passes 1166
/remote/atg2/jbuck/solaris.tmp/3.3.4-pre/gcc/xgcc version 3.3.4 20040516 (prerelease)
=== libjava tests ===
Running target unix
FAIL: Array_3 execution - gij test
FAIL: Array_3 execution - gij test
FAIL: FileHandleGcTest execution - source compiled test
FAIL: FileHandleGcTest execution - gij test
FAIL: FileHandleGcTest execution - bytecode->native test
FAIL: FileHandleGcTest -O execution - source compiled test
FAIL: FileHandleGcTest execution - gij test
FAIL: FileHandleGcTest -O execution - bytecode->native test
FAIL: SyncTest execution - gij test
FAIL: SyncTest execution - gij test
FAIL: TLtest execution - gij test
FAIL: Thread_Monitor execution - gij test
FAIL: Thread_Wait_Interrupt execution - gij test
FAIL: Thread_Wait_Interrupt execution - gij test
FAIL: Throw_2 execution - source compiled test
FAIL: Throw_2 execution - gij test
FAIL: Throw_2 execution - bytecode->native test
FAIL: Throw_2 -O execution - source compiled test
FAIL: Throw_2 execution - gij test
FAIL: Throw_2 -O execution - bytecode->native test
=== libjava Summary ===
# of expected passes 2951
# of unexpected failures 20
# of expected failures 16
# of untested testcases 32
=== libstdc++-v3 tests ===
Running target unix
=== libstdc++-v3 Summary ===
# of expected passes 429
# of expected failures 18
Compiler version: 3.3.4 20040516 (prerelease)
Platform: sparc-sun-solaris2.8
configure flags: --host=sparc-sun-solaris2.8 --prefix=/u/jbuck/cvs.sol2/3.3.4-pre --with-gnu-as --with-as=/u/jbuck/gnu.sol2/bin/as --with-gnu-ld --with-ld=/u/jbuck/gnu.sol2/bin/ld