This is the mail archive of the
gcc-testresults@gcc.gnu.org
mailing list for the GCC project.
Results for 3.5.0 20040520 (experimental) testsuite on powerpc-unknown-linux-gnualtivec
- From: Aldy Hernandez <aldyh at redhat dot com>
- To: aldyh at redhat dot com, gcc-testresults at gcc dot gnu dot org
- Date: Thu, 20 May 2004 09:30:50 -0400
- Subject: Results for 3.5.0 20040520 (experimental) testsuite on powerpc-unknown-linux-gnualtivec
LAST_UPDATED:
Native configuration is powerpc-unknown-linux-gnualtivec
=== g++ tests ===
Running target unix
XPASS: g++.dg/eh/elide1.C execution test
FAIL: g++.dg/eh/simd-1.C (test for excess errors)
WARNING: g++.dg/eh/simd-1.C compilation failed to produce executable
FAIL: g++.dg/ext/altivec-2.C (test for excess errors)
WARNING: g++.dg/ext/altivec-2.C compilation failed to produce executable
FAIL: g++.dg/ext/altivec-3.C execution test
FAIL: g++.dg/ext/altivec-4.C (test for excess errors)
FAIL: g++.dg/ext/altivec-5.C (test for excess errors)
FAIL: g++.dg/ext/altivec-6.C (test for excess errors)
FAIL: g++.dg/ext/altivec-8.C (test for excess errors)
XPASS: g++.dg/other/packed1.C execution test
FAIL: g++.dg/parse/stack1.C (test for excess errors)
FAIL: 258: expected branch percentages not found: 25
FAIL: g++.dg/gcov/gcov-1.C gcov: 0 failures in line counts, 1 in branch percentages, 0 in return percentages
FAIL: 23:is 2:should be 1
FAIL: g++.dg/gcov/gcov-2.C gcov: 1 failures in line counts, 0 in branch percentages, 0 in return percentages
FAIL: g++.old-deja/g++.abi/vtable3a.C (test for excess errors)
WARNING: g++.old-deja/g++.abi/vtable3a.C compilation failed to produce executable
FAIL: g++.old-deja/g++.abi/vtable3b.C (test for excess errors)
WARNING: g++.old-deja/g++.abi/vtable3b.C compilation failed to produce executable
FAIL: g++.old-deja/g++.abi/vtable3c.C (test for excess errors)
WARNING: g++.old-deja/g++.abi/vtable3c.C compilation failed to produce executable
FAIL: g++.old-deja/g++.abi/vtable3d.C (test for excess errors)
WARNING: g++.old-deja/g++.abi/vtable3d.C compilation failed to produce executable
FAIL: g++.old-deja/g++.abi/vtable3e.C (test for excess errors)
WARNING: g++.old-deja/g++.abi/vtable3e.C compilation failed to produce executable
FAIL: g++.old-deja/g++.abi/vtable3f.C (test for excess errors)
WARNING: g++.old-deja/g++.abi/vtable3f.C compilation failed to produce executable
FAIL: g++.old-deja/g++.abi/vtable3g.C (test for excess errors)
WARNING: g++.old-deja/g++.abi/vtable3g.C compilation failed to produce executable
FAIL: g++.old-deja/g++.abi/vtable3h.C (test for excess errors)
WARNING: g++.old-deja/g++.abi/vtable3h.C compilation failed to produce executable
FAIL: g++.old-deja/g++.abi/vtable3i.C (test for excess errors)
WARNING: g++.old-deja/g++.abi/vtable3i.C compilation failed to produce executable
FAIL: g++.old-deja/g++.abi/vtable3j.C (test for excess errors)
WARNING: g++.old-deja/g++.abi/vtable3j.C compilation failed to produce executable
FAIL: g++.old-deja/g++.brendan/crash13.C (test for errors, line 34)
FAIL: g++.old-deja/g++.bugs/900205_03.C (test for errors, line 21)
FAIL: g++.old-deja/g++.bugs/900205_03.C (test for errors, line 24)
FAIL: g++.old-deja/g++.bugs/900205_03.C (test for errors, line 44)
FAIL: g++.old-deja/g++.bugs/900205_03.C (test for errors, line 47)
FAIL: g++.old-deja/g++.law/friend5.C (test for errors, line 19)
FAIL: g++.old-deja/g++.law/friend5.C (test for errors, line 24)
WARNING: g++.old-deja/g++.mike/p10769a.C compilation failed to produce executable
FAIL: g++.old-deja/g++.mike/p646.C (test for warnings, line 104)
FAIL: g++.old-deja/g++.mike/p646.C (test for warnings, line 112)
FAIL: g++.old-deja/g++.mike/p646.C (test for warnings, line 120)
FAIL: g++.old-deja/g++.mike/p646.C (test for warnings, line 127)
FAIL: g++.old-deja/g++.mike/p646.C (test for warnings, line 133)
FAIL: g++.old-deja/g++.mike/pmf7.C (test for excess errors)
WARNING: g++.old-deja/g++.mike/pmf7.C compilation failed to produce executable
WARNING: g++.old-deja/g++.other/enum5.C compilation failed to produce executable
FAIL: g++.old-deja/g++.other/inline8.C (test for excess errors)
WARNING: g++.old-deja/g++.other/inline8.C compilation failed to produce executable
FAIL: g++.old-deja/g++.other/warn7.C (test for warnings, line 38)
WARNING: g++.old-deja/g++.pt/friend44.C compilation failed to produce executable
FAIL: g++.old-deja/g++.pt/instantiate5.C (test for excess errors)
FAIL: g++.old-deja/g++.pt/link1.C (test for excess errors)
FAIL: g++.old-deja/g++.pt/ttp21.C (test for excess errors)
WARNING: g++.old-deja/g++.pt/ttp21.C compilation failed to produce executable
FAIL: g++.old-deja/g++.pt/ttp22.C (test for excess errors)
WARNING: g++.old-deja/g++.pt/ttp22.C compilation failed to produce executable
FAIL: g++.old-deja/g++.pt/ttp23.C (test for excess errors)
WARNING: g++.old-deja/g++.pt/ttp23.C compilation failed to produce executable
FAIL: g++.old-deja/g++.robertl/eb73.C (test for excess errors)
WARNING: g++.old-deja/g++.robertl/eb73.C compilation failed to produce executable
=== g++ Summary ===
# of expected passes 9662
# of unexpected failures 43
# of unexpected successes 2
# of expected failures 83
# of unsupported tests 73
/tmp/nightly-builds/powerpc-unknown-linux-gnualtivec/chimay.ges.redhat.com/gcc/testsuite/../g++ version 3.5.0 20040520 (experimental)
=== gcc tests ===
Running target unix
FAIL: gcc.c-torture/execute/20001130-1.c compilation, -O0
UNRESOLVED: gcc.c-torture/execute/20001130-1.c execution, -O0
FAIL: gcc.c-torture/execute/20010605-1.c compilation, -O0
UNRESOLVED: gcc.c-torture/execute/20010605-1.c execution, -O0
FAIL: gcc.c-torture/execute/20030125-1.c execution, -O1
FAIL: gcc.c-torture/execute/20030125-1.c execution, -O2
FAIL: gcc.c-torture/execute/20030125-1.c execution, -Os
FAIL: gcc.c-torture/execute/20030313-1.c compilation, -O0
UNRESOLVED: gcc.c-torture/execute/20030313-1.c execution, -O0
FAIL: gcc.c-torture/execute/920721-3.c compilation, -O0
UNRESOLVED: gcc.c-torture/execute/920721-3.c execution, -O0
FAIL: gcc.c-torture/execute/941202-1.c compilation, -O0
UNRESOLVED: gcc.c-torture/execute/941202-1.c execution, -O0
FAIL: gcc.c-torture/execute/941202-1.c compilation, -O1
UNRESOLVED: gcc.c-torture/execute/941202-1.c execution, -O1
FAIL: gcc.c-torture/execute/960116-1.c compilation, -O0
UNRESOLVED: gcc.c-torture/execute/960116-1.c execution, -O0
FAIL: gcc.c-torture/execute/980526-2.c compilation, -O0
UNRESOLVED: gcc.c-torture/execute/980526-2.c execution, -O0
FAIL: gcc.c-torture/execute/990208-1.c compilation, -O0
UNRESOLVED: gcc.c-torture/execute/990208-1.c execution, -O0
FAIL: gcc.c-torture/execute/cvt-1.c compilation, -O0
UNRESOLVED: gcc.c-torture/execute/cvt-1.c execution, -O0
FAIL: gcc.c-torture/execute/simd-4.c compilation, -O0
UNRESOLVED: gcc.c-torture/execute/simd-4.c execution, -O0
FAIL: gcc.c-torture/execute/va-arg-25.c execution, -O0
FAIL: gcc.dg/compat/vector-1 c_compat_x_tst.o compile
FAIL: gcc.dg/compat/vector-1 c_compat_y_tst.o compile
UNRESOLVED: gcc.dg/compat/vector-1 c_compat_x_tst.o-c_compat_y_tst.o link
UNRESOLVED: gcc.dg/compat/vector-1 c_compat_x_tst.o-c_compat_y_tst.o execute
FAIL: gcc.dg/compat/vector-2 c_compat_x_tst.o compile
FAIL: gcc.dg/compat/vector-2 c_compat_y_tst.o compile
UNRESOLVED: gcc.dg/compat/vector-2 c_compat_x_tst.o-c_compat_y_tst.o link
UNRESOLVED: gcc.dg/compat/vector-2 c_compat_x_tst.o-c_compat_y_tst.o execute
FAIL: gcc.dg/debug/dwarf2/dwarf-die7.c scan-assembler 1.*DW_AT_inline
FAIL: gcc.dg/20020103-1.c scan-assembler-not LC
FAIL: gcc.dg/altivec-varargs-1.c (test for excess errors)
FAIL: gcc.dg/altivec-varargs-1.c execution test
FAIL: gcc.dg/builtins-18.c (test for excess errors)
FAIL: gcc.dg/builtins-20.c (test for excess errors)
FAIL: gcc.dg/c90-const-expr-3.c (test for excess errors)
FAIL: gcc.dg/c99-const-expr-3.c (test for excess errors)
FAIL: gcc.dg/ppc-sdata-1.c scan-assembler sdat@sdarel\\\\(13\\\\)
FAIL: gcc.dg/ppc-sdata-1.c scan-assembler sdat2@sda21\\\\(2\\\\)
FAIL: gcc.dg/rs6000-power2-2.c scan-assembler-not lfd
FAIL: gcc.dg/rs6000-power2-2.c scan-assembler sfq
XPASS: gcc.dg/setjmp-1.c spurious clobbered warning (test for bogus messages, line 16)
FAIL: gcc.dg/special/gcsec-1.c (test for excess errors)
WARNING: gcc.dg/special/gcsec-1.c compilation failed to produce executable
FAIL: gcc.dg/torture/builtin-convert-1.c (test for excess errors)
FAIL: gcc.dg/torture/builtin-convert-1.c (test for excess errors)
FAIL: gcc.dg/torture/builtin-convert-1.c (test for excess errors)
FAIL: gcc.dg/torture/builtin-convert-1.c (test for excess errors)
FAIL: gcc.dg/torture/builtin-convert-1.c (test for excess errors)
FAIL: gcc.dg/torture/builtin-convert-2.c (test for excess errors)
FAIL: gcc.dg/torture/builtin-convert-2.c (test for excess errors)
FAIL: gcc.dg/torture/builtin-convert-2.c (test for excess errors)
FAIL: gcc.dg/torture/builtin-convert-2.c (test for excess errors)
FAIL: gcc.dg/torture/builtin-convert-2.c (test for excess errors)
FAIL: gcc.dg/torture/builtin-convert-3.c (test for excess errors)
FAIL: gcc.dg/torture/builtin-convert-3.c (test for excess errors)
FAIL: gcc.dg/torture/builtin-convert-3.c (test for excess errors)
FAIL: gcc.dg/torture/builtin-convert-3.c (test for excess errors)
FAIL: gcc.dg/torture/builtin-convert-3.c (test for excess errors)
FAIL: gcc.dg/torture/builtin-power-1.c (test for excess errors)
FAIL: gcc.dg/torture/builtin-power-1.c (test for excess errors)
FAIL: gcc.dg/torture/builtin-power-1.c (test for excess errors)
FAIL: gcc.dg/torture/builtin-power-1.c (test for excess errors)
FAIL: gcc.dg/torture/builtin-power-1.c (test for excess errors)
FAIL: gcc.dg/torture/builtin-power-1.c (test for excess errors)
FAIL: gcc.dg/vmx/7-01a.c (test for excess errors)
FAIL: gcc.dg/vmx/7-01a.c (test for excess errors)
FAIL: gcc.dg/vmx/7-01a.c (test for excess errors)
FAIL: gcc.dg/vmx/7-01a.c (test for excess errors)
FAIL: gcc.dg/vmx/7-01a.c (test for excess errors)
FAIL: gcc.dg/vmx/7-01a.c (test for excess errors)
FAIL: gcc.dg/vmx/7-01a.c (test for excess errors)
FAIL: gcc.dg/vmx/7-01a.c (test for excess errors)
FAIL: gcc.dg/vmx/8-02a.c execution test
FAIL: gcc.dg/vmx/8-02a.c execution test
FAIL: gcc.dg/vmx/8-02a.c execution test
FAIL: gcc.dg/vmx/8-02a.c execution test
FAIL: gcc.dg/vmx/8-02a.c execution test
FAIL: gcc.dg/vmx/8-02a.c execution test
FAIL: gcc.dg/vmx/ira2a.c (test for excess errors)
WARNING: gcc.dg/vmx/ira2a.c compilation failed to produce executable
FAIL: gcc.dg/vmx/ira2a.c (test for excess errors)
WARNING: gcc.dg/vmx/ira2a.c compilation failed to produce executable
FAIL: gcc.dg/vmx/ira2a.c (test for excess errors)
WARNING: gcc.dg/vmx/ira2a.c compilation failed to produce executable
FAIL: gcc.dg/vmx/ira2a.c (test for excess errors)
WARNING: gcc.dg/vmx/ira2a.c compilation failed to produce executable
FAIL: gcc.dg/vmx/ira2a.c (test for excess errors)
WARNING: gcc.dg/vmx/ira2a.c compilation failed to produce executable
FAIL: gcc.dg/vmx/ira2a.c (test for excess errors)
WARNING: gcc.dg/vmx/ira2a.c compilation failed to produce executable
FAIL: gcc.dg/vmx/ops.c (test for excess errors)
FAIL: gcc.dg/vmx/ops.c (test for excess errors)
FAIL: gcc.dg/vmx/ops.c (test for excess errors)
FAIL: gcc.dg/vmx/ops.c (test for excess errors)
FAIL: gcc.dg/vmx/ops.c (test for excess errors)
FAIL: gcc.dg/vmx/ops.c (test for excess errors)
FAIL: gcc.dg/vmx/varargs-1.c output pattern test, is 1, 1, 1, 1
FAIL: gcc.dg/vmx/varargs-1.c output pattern test, is 1, 1, 1, 1
FAIL: gcc.dg/vmx/varargs-1.c output pattern test, is 1, 1, 1, 1
FAIL: gcc.dg/vmx/varargs-1.c output pattern test, is 1, 1, 1, 1
FAIL: gcc.dg/vmx/varargs-2.c execution test
FAIL: gcc.dg/vmx/varargs-3.c execution test
FAIL: gcc.dg/vmx/varargs-4.c execution test
FAIL: gcc.dg/vmx/varargs-4.c execution test
FAIL: gcc.dg/vmx/varargs-4.c execution test
FAIL: gcc.dg/vmx/varargs-4.c execution test
FAIL: gcc.dg/vmx/varargs-4.c execution test
FAIL: gcc.dg/vmx/varargs-4.c execution test
FAIL: gcc.dg/vmx/varargs-4.c execution test
FAIL: gcc.dg/vmx/varargs-4.c execution test
FAIL: gcc.dg/vmx/varargs-7.c execution test
FAIL: gcc.dg/vmx/vprint-1.c execution test
FAIL: gcc.dg/vmx/vprint-1.c execution test
FAIL: gcc.dg/vmx/vprint-1.c execution test
FAIL: gcc.dg/vmx/vprint-1.c execution test
FAIL: gcc.dg/vmx/vprint-1.c execution test
FAIL: gcc.dg/vmx/vprint-1.c execution test
FAIL: gcc.dg/vmx/vprint-1.c execution test
FAIL: gcc.dg/vmx/vprint-1.c execution test
FAIL: gcc.dg/vmx/vscan-1.c execution test
FAIL: gcc.dg/vmx/vscan-1.c execution test
FAIL: gcc.dg/vmx/vscan-1.c execution test
FAIL: gcc.dg/vmx/vscan-1.c execution test
FAIL: gcc.dg/vmx/vscan-1.c execution test
FAIL: gcc.dg/vmx/vscan-1.c execution test
FAIL: gcc.dg/vmx/vscan-1.c execution test
FAIL: gcc.dg/vmx/vscan-1.c execution test
FAIL: gcc.misc-tests/bprob-1.c compilation, -g -fprofile-arcs
UNRESOLVED: gcc.misc-tests/bprob-1.c execution, -g -fprofile-arcs
UNRESOLVED: gcc.misc-tests/bprob-1.c compilation, -g -fbranch-probabilities
UNRESOLVED: gcc.misc-tests/bprob-1.c execution, -g -fbranch-probabilities
FAIL: gcc.misc-tests/bprob-1.c compilation, -O0 -fprofile-arcs
UNRESOLVED: gcc.misc-tests/bprob-1.c execution, -O0 -fprofile-arcs
UNRESOLVED: gcc.misc-tests/bprob-1.c compilation, -O0 -fbranch-probabilities
UNRESOLVED: gcc.misc-tests/bprob-1.c execution, -O0 -fbranch-probabilities
FAIL: gcc.misc-tests/gcov-4.c (test for excess errors)
WARNING: gcc.misc-tests/gcov-4.c compilation failed to produce executable
FAIL: gcc.misc-tests/gcov-4.c gcov failed: gcov-4.c.gcov does not exist
FAIL: 209: expected branch percentages not found: 25
FAIL: gcc.misc-tests/gcov-4b.c gcov: 0 failures in line counts, 1 in branch percentages, 0 in return percentages
=== gcc Summary ===
# of expected passes 26870
# of unexpected failures 116
# of unexpected successes 1
# of expected failures 64
# of unresolved testcases 21
# of untested testcases 28
# of unsupported tests 304
/tmp/nightly-builds/powerpc-unknown-linux-gnualtivec/chimay.ges.redhat.com/gcc/xgcc version 3.5.0 20040520 (experimental)
=== objc tests ===
Running target unix
FAIL: objc/execute/IMP.m compilation, -O0
UNRESOLVED: objc/execute/IMP.m execution, -O0
FAIL: objc/execute/class-1.m compilation, -O0
UNRESOLVED: objc/execute/class-1.m execution, -O0
FAIL: objc/execute/class-10.m compilation, -O0
UNRESOLVED: objc/execute/class-10.m execution, -O0
FAIL: objc/execute/class-11.m compilation, -O0
UNRESOLVED: objc/execute/class-11.m execution, -O0
FAIL: objc/execute/class-12.m compilation, -O0
UNRESOLVED: objc/execute/class-12.m execution, -O0
FAIL: objc/execute/class-13.m compilation, -O0
UNRESOLVED: objc/execute/class-13.m execution, -O0
FAIL: objc/execute/class-14.m compilation, -O0
UNRESOLVED: objc/execute/class-14.m execution, -O0
FAIL: objc/execute/class-2.m compilation, -O0
UNRESOLVED: objc/execute/class-2.m execution, -O0
FAIL: objc/execute/class-3.m compilation, -O0
UNRESOLVED: objc/execute/class-3.m execution, -O0
FAIL: objc/execute/class-4.m compilation, -O0
UNRESOLVED: objc/execute/class-4.m execution, -O0
FAIL: objc/execute/class-5.m compilation, -O0
UNRESOLVED: objc/execute/class-5.m execution, -O0
FAIL: objc/execute/class-6.m compilation, -O0
UNRESOLVED: objc/execute/class-6.m execution, -O0
FAIL: objc/execute/class-7.m compilation, -O0
UNRESOLVED: objc/execute/class-7.m execution, -O0
FAIL: objc/execute/class-8.m compilation, -O0
UNRESOLVED: objc/execute/class-8.m execution, -O0
FAIL: objc/execute/class-9.m compilation, -O0
UNRESOLVED: objc/execute/class-9.m execution, -O0
FAIL: objc/execute/nested-2.m compilation, -O0
UNRESOLVED: objc/execute/nested-2.m execution, -O0
FAIL: objc/execute/object_is_class.m compilation, -O0
UNRESOLVED: objc/execute/object_is_class.m execution, -O0
FAIL: objc/execute/object_is_meta_class.m compilation, -O0
UNRESOLVED: objc/execute/object_is_meta_class.m execution, -O0
=== objc Summary ===
# of expected passes 1303
# of unexpected failures 18
# of unresolved testcases 18
# of unsupported tests 8
/tmp/nightly-builds/powerpc-unknown-linux-gnualtivec/chimay.ges.redhat.com/gcc/xgcc version 3.5.0 20040520 (experimental)
=== libffi tests ===
Running target unix
FAIL: libffi.call/closure_fn0.c (test for excess errors)
WARNING: libffi.call/closure_fn0.c compilation failed to produce executable
FAIL: libffi.call/closure_fn1.c (test for excess errors)
WARNING: libffi.call/closure_fn1.c compilation failed to produce executable
FAIL: libffi.call/closure_fn2.c (test for excess errors)
WARNING: libffi.call/closure_fn2.c compilation failed to produce executable
FAIL: libffi.call/closure_fn3.c (test for excess errors)
WARNING: libffi.call/closure_fn3.c compilation failed to produce executable
FAIL: libffi.call/closure_fn4.c (test for excess errors)
WARNING: libffi.call/closure_fn4.c compilation failed to produce executable
FAIL: libffi.call/closure_fn5.c (test for excess errors)
WARNING: libffi.call/closure_fn5.c compilation failed to produce executable
FAIL: libffi.call/cls_12byte.c (test for excess errors)
WARNING: libffi.call/cls_12byte.c compilation failed to produce executable
FAIL: libffi.call/cls_16byte.c (test for excess errors)
WARNING: libffi.call/cls_16byte.c compilation failed to produce executable
FAIL: libffi.call/cls_18byte.c (test for excess errors)
WARNING: libffi.call/cls_18byte.c compilation failed to produce executable
FAIL: libffi.call/cls_19byte.c (test for excess errors)
WARNING: libffi.call/cls_19byte.c compilation failed to produce executable
FAIL: libffi.call/cls_1_1byte.c (test for excess errors)
WARNING: libffi.call/cls_1_1byte.c compilation failed to produce executable
FAIL: libffi.call/cls_20byte.c (test for excess errors)
WARNING: libffi.call/cls_20byte.c compilation failed to produce executable
FAIL: libffi.call/cls_20byte1.c (test for excess errors)
WARNING: libffi.call/cls_20byte1.c compilation failed to produce executable
FAIL: libffi.call/cls_24byte.c (test for excess errors)
WARNING: libffi.call/cls_24byte.c compilation failed to produce executable
FAIL: libffi.call/cls_2byte.c (test for excess errors)
WARNING: libffi.call/cls_2byte.c compilation failed to produce executable
FAIL: libffi.call/cls_3_1byte.c (test for excess errors)
WARNING: libffi.call/cls_3_1byte.c compilation failed to produce executable
FAIL: libffi.call/cls_3byte1.c (test for excess errors)
WARNING: libffi.call/cls_3byte1.c compilation failed to produce executable
FAIL: libffi.call/cls_3byte2.c (test for excess errors)
WARNING: libffi.call/cls_3byte2.c compilation failed to produce executable
FAIL: libffi.call/cls_4_1byte.c (test for excess errors)
WARNING: libffi.call/cls_4_1byte.c compilation failed to produce executable
FAIL: libffi.call/cls_4byte.c (test for excess errors)
WARNING: libffi.call/cls_4byte.c compilation failed to produce executable
FAIL: libffi.call/cls_5byte.c (test for excess errors)
WARNING: libffi.call/cls_5byte.c compilation failed to produce executable
FAIL: libffi.call/cls_64byte.c (test for excess errors)
WARNING: libffi.call/cls_64byte.c compilation failed to produce executable
FAIL: libffi.call/cls_6byte.c (test for excess errors)
WARNING: libffi.call/cls_6byte.c compilation failed to produce executable
FAIL: libffi.call/cls_7byte.c (test for excess errors)
WARNING: libffi.call/cls_7byte.c compilation failed to produce executable
FAIL: libffi.call/cls_8byte.c (test for excess errors)
WARNING: libffi.call/cls_8byte.c compilation failed to produce executable
FAIL: libffi.call/cls_9byte1.c (test for excess errors)
WARNING: libffi.call/cls_9byte1.c compilation failed to produce executable
FAIL: libffi.call/cls_9byte2.c (test for excess errors)
WARNING: libffi.call/cls_9byte2.c compilation failed to produce executable
FAIL: libffi.call/cls_align_double.c (test for excess errors)
WARNING: libffi.call/cls_align_double.c compilation failed to produce executable
FAIL: libffi.call/cls_align_float.c (test for excess errors)
WARNING: libffi.call/cls_align_float.c compilation failed to produce executable
FAIL: libffi.call/cls_align_longdouble.c (test for excess errors)
WARNING: libffi.call/cls_align_longdouble.c compilation failed to produce executable
FAIL: libffi.call/cls_align_pointer.c (test for excess errors)
WARNING: libffi.call/cls_align_pointer.c compilation failed to produce executable
FAIL: libffi.call/cls_align_sint16.c (test for excess errors)
WARNING: libffi.call/cls_align_sint16.c compilation failed to produce executable
FAIL: libffi.call/cls_align_sint32.c (test for excess errors)
WARNING: libffi.call/cls_align_sint32.c compilation failed to produce executable
FAIL: libffi.call/cls_align_sint64.c (test for excess errors)
WARNING: libffi.call/cls_align_sint64.c compilation failed to produce executable
FAIL: libffi.call/cls_align_uint16.c (test for excess errors)
WARNING: libffi.call/cls_align_uint16.c compilation failed to produce executable
FAIL: libffi.call/cls_align_uint32.c (test for excess errors)
WARNING: libffi.call/cls_align_uint32.c compilation failed to produce executable
FAIL: libffi.call/cls_align_uint64.c (test for excess errors)
WARNING: libffi.call/cls_align_uint64.c compilation failed to produce executable
FAIL: libffi.call/cls_double.c (test for excess errors)
WARNING: libffi.call/cls_double.c compilation failed to produce executable
FAIL: libffi.call/cls_float.c (test for excess errors)
WARNING: libffi.call/cls_float.c compilation failed to produce executable
FAIL: libffi.call/cls_multi_schar.c (test for excess errors)
WARNING: libffi.call/cls_multi_schar.c compilation failed to produce executable
FAIL: libffi.call/cls_multi_sshort.c (test for excess errors)
WARNING: libffi.call/cls_multi_sshort.c compilation failed to produce executable
FAIL: libffi.call/cls_multi_sshortchar.c (test for excess errors)
WARNING: libffi.call/cls_multi_sshortchar.c compilation failed to produce executable
FAIL: libffi.call/cls_multi_uchar.c (test for excess errors)
WARNING: libffi.call/cls_multi_uchar.c compilation failed to produce executable
FAIL: libffi.call/cls_multi_ushort.c (test for excess errors)
WARNING: libffi.call/cls_multi_ushort.c compilation failed to produce executable
FAIL: libffi.call/cls_multi_ushortchar.c (test for excess errors)
WARNING: libffi.call/cls_multi_ushortchar.c compilation failed to produce executable
FAIL: libffi.call/cls_schar.c (test for excess errors)
WARNING: libffi.call/cls_schar.c compilation failed to produce executable
FAIL: libffi.call/cls_sint.c (test for excess errors)
WARNING: libffi.call/cls_sint.c compilation failed to produce executable
FAIL: libffi.call/cls_sshort.c (test for excess errors)
WARNING: libffi.call/cls_sshort.c compilation failed to produce executable
FAIL: libffi.call/cls_uchar.c (test for excess errors)
WARNING: libffi.call/cls_uchar.c compilation failed to produce executable
FAIL: libffi.call/cls_uint.c (test for excess errors)
WARNING: libffi.call/cls_uint.c compilation failed to produce executable
FAIL: libffi.call/cls_ulonglong.c (test for excess errors)
WARNING: libffi.call/cls_ulonglong.c compilation failed to produce executable
FAIL: libffi.call/cls_ushort.c (test for excess errors)
WARNING: libffi.call/cls_ushort.c compilation failed to produce executable
FAIL: libffi.call/nested_struct.c (test for excess errors)
WARNING: libffi.call/nested_struct.c compilation failed to produce executable
FAIL: libffi.call/nested_struct1.c (test for excess errors)
WARNING: libffi.call/nested_struct1.c compilation failed to produce executable
FAIL: libffi.call/nested_struct2.c (test for excess errors)
WARNING: libffi.call/nested_struct2.c compilation failed to produce executable
FAIL: libffi.call/nested_struct3.c (test for excess errors)
WARNING: libffi.call/nested_struct3.c compilation failed to produce executable
FAIL: libffi.call/problem1.c (test for excess errors)
WARNING: libffi.call/problem1.c compilation failed to produce executable
=== libffi Summary ===
# of expected passes 41
# of unexpected failures 57
# of unsupported tests 2
=== libjava tests ===
Running target unix
WARNING: program timed out.
FAIL: Throw_2 execution - source compiled test
WARNING: program timed out.
FAIL: Throw_2 execution - gij test
WARNING: program timed out.
FAIL: Throw_2 execution - bytecode->native test
WARNING: program timed out.
FAIL: Throw_2 -O3 execution - source compiled test
WARNING: program timed out.
FAIL: Throw_2 execution - gij test
WARNING: program timed out.
FAIL: Throw_2 -O3 execution - bytecode->native test
=== libjava Summary ===
# of expected passes 3351
# of unexpected failures 6
# of expected failures 14
# of untested testcases 22
=== libmudflap tests ===
Running target unix
FAIL: libmudflap.c/fail23-frag.c (-static) output pattern test
=== libmudflap Summary ===
# of expected passes 1091
# of unexpected failures 1
=== libstdc++ tests ===
Running target unix
=== libstdc++ Summary ===
# of expected passes 2677
# of expected failures 5
Compiler version: 3.5.0 20040520 (experimental)
Platform: powerpc-unknown-linux-gnualtivec
configure flags: --host=powerpc-unknown-linux-gnualtivec --enable-languages=c,c++,java,objc