This is the mail archive of the
gcc-testresults@gcc.gnu.org
mailing list for the GCC project.
Results for 3.5-tree-ssa-lno 20040519 (merged 20040425) testsuite on powerpc64-unknown-linux-gnu
- From: Janis Johnson <janis at mars dot ltc dot austin dot ibm dot com>
- To: gcc-testresults at gcc dot gnu dot org
- Date: Thu, 20 May 2004 05:14:07 -0500
- Subject: Results for 3.5-tree-ssa-lno 20040519 (merged 20040425) testsuite on powerpc64-unknown-linux-gnu
Linux 2.6.5-rc3-ames ppc64
GNU C Library stable release version 2.3.2
GNU ld version 2.14.90.0.4 20030523
GNU assembler 2.14.90.0.4 20030523
GNU Make version 3.79.1
DejaGnu:
Expect version is 5.40.0
Tcl version is 8.4
Framework version is 1.4.4
LAST_UPDATED: Thu May 20 07:25:17 UTC 2004
Native configuration is powerpc64-unknown-linux-gnu
=== gcc tests ===
Running target unix/-m32
FAIL: gcc.c-torture/compile/20010605-1.c -O0 (test for excess errors)
FAIL: gcc.c-torture/compile/20010605-1.c -O1 (test for excess errors)
FAIL: gcc.c-torture/execute/20030125-1.c execution, -O1
FAIL: gcc.c-torture/execute/20030125-1.c execution, -O2
FAIL: gcc.c-torture/execute/20030125-1.c execution, -Os
FAIL: gcc.c-torture/execute/20040307-1.c execution, -O1
FAIL: gcc.c-torture/execute/20040307-1.c execution, -O2
FAIL: gcc.c-torture/execute/20040307-1.c execution, -O3 -fomit-frame-pointer
FAIL: gcc.c-torture/execute/20040307-1.c execution, -O3 -fomit-frame-pointer -funroll-loops
FAIL: gcc.c-torture/execute/20040307-1.c execution, -O3 -fomit-frame-pointer -funroll-all-loops -finline-functions
FAIL: gcc.c-torture/execute/20040307-1.c execution, -O3 -g
FAIL: gcc.c-torture/execute/20040307-1.c execution, -Os
FAIL: gcc.c-torture/execute/20040313-1.c execution, -O0
FAIL: gcc.c-torture/execute/20040313-1.c execution, -O1
FAIL: gcc.c-torture/execute/20040313-1.c execution, -O2
FAIL: gcc.c-torture/execute/20040313-1.c execution, -O3 -fomit-frame-pointer
FAIL: gcc.c-torture/execute/20040313-1.c execution, -O3 -g
FAIL: gcc.c-torture/execute/20040313-1.c execution, -Os
FAIL: gcc.c-torture/execute/921017-1.c compilation, -O0
UNRESOLVED: gcc.c-torture/execute/921017-1.c execution, -O0
FAIL: gcc.c-torture/execute/921017-1.c compilation, -O1
UNRESOLVED: gcc.c-torture/execute/921017-1.c execution, -O1
FAIL: gcc.c-torture/execute/921017-1.c compilation, -O2
UNRESOLVED: gcc.c-torture/execute/921017-1.c execution, -O2
FAIL: gcc.c-torture/execute/921017-1.c compilation, -O3 -fomit-frame-pointer
UNRESOLVED: gcc.c-torture/execute/921017-1.c execution, -O3 -fomit-frame-pointer
FAIL: gcc.c-torture/execute/921017-1.c compilation, -O3 -g
UNRESOLVED: gcc.c-torture/execute/921017-1.c execution, -O3 -g
FAIL: gcc.c-torture/execute/921017-1.c compilation, -Os
UNRESOLVED: gcc.c-torture/execute/921017-1.c execution, -Os
FAIL: gcc.c-torture/execute/memcpy-bi.c compilation, -O3 -fomit-frame-pointer -funroll-loops
UNRESOLVED: gcc.c-torture/execute/memcpy-bi.c execution, -O3 -fomit-frame-pointer -funroll-loops
FAIL: gcc.c-torture/execute/memcpy-bi.c compilation, -O3 -fomit-frame-pointer -funroll-all-loops -finline-functions
UNRESOLVED: gcc.c-torture/execute/memcpy-bi.c execution, -O3 -fomit-frame-pointer -funroll-all-loops -finline-functions
FAIL: gcc.c-torture/execute/va-arg-25.c execution, -O0
FAIL: gcc.c-torture/execute/va-arg-25.c execution, -O1
FAIL: gcc.c-torture/execute/va-arg-25.c execution, -O2
FAIL: gcc.c-torture/execute/va-arg-25.c execution, -O3 -fomit-frame-pointer
FAIL: gcc.c-torture/execute/va-arg-25.c execution, -O3 -g
FAIL: gcc.c-torture/execute/va-arg-25.c execution, -Os
FAIL: gcc.dg/compat/scalar-by-value-3 c_compat_x_tst.o-c_compat_y_tst.o execute
FAIL: gcc.dg/compat/scalar-return-3 c_compat_x_tst.o-c_compat_y_tst.o execute
FAIL: gcc.dg/altivec-3.c execution test
FAIL: gcc.dg/altivec-varargs-1.c (test for excess errors)
FAIL: gcc.dg/builtins-10.c (test for excess errors)
FAIL: gcc.dg/builtins-18.c (test for excess errors)
FAIL: gcc.dg/builtins-20.c (test for excess errors)
FAIL: gcc.dg/builtins-26.c (test for excess errors)
FAIL: gcc.dg/builtins-7.c (test for excess errors)
FAIL: gcc.dg/c90-const-expr-3.c (test for excess errors)
FAIL: gcc.dg/c99-const-expr-3.c (test for excess errors)
FAIL: gcc.dg/complex-1.c execution test
FAIL: gcc.dg/ppc64-abi-1.c (test for excess errors)
WARNING: gcc.dg/ppc64-abi-1.c compilation failed to produce executable
FAIL: gcc.dg/ppc64-abi-2.c (test for excess errors)
WARNING: gcc.dg/ppc64-abi-2.c compilation failed to produce executable
FAIL: gcc.dg/ppc64-abi-3.c (test for errors, line 11)
FAIL: gcc.dg/ppc64-abi-3.c (test for errors, line 26)
XPASS: gcc.dg/setjmp-1.c spurious clobbered warning (test for bogus messages, line 16)
FAIL: largefile.c -O0 -g (test for excess errors)
FAIL: largefile.c -O0 (test for excess errors)
FAIL: largefile.c -O1 (test for excess errors)
FAIL: largefile.c -O2 (test for excess errors)
FAIL: largefile.c -O3 -fomit-frame-pointer (test for excess errors)
FAIL: largefile.c -O3 -g (test for excess errors)
FAIL: largefile.c -Os (test for excess errors)
FAIL: gcc.dg/torture/builtin-convert-1.c -O1 (test for excess errors)
FAIL: gcc.dg/torture/builtin-convert-1.c -O2 (test for excess errors)
FAIL: gcc.dg/torture/builtin-convert-1.c -O3 -fomit-frame-pointer (test for excess errors)
FAIL: gcc.dg/torture/builtin-convert-1.c -O3 -g (test for excess errors)
FAIL: gcc.dg/torture/builtin-convert-1.c -Os (test for excess errors)
FAIL: gcc.dg/torture/builtin-ctype-1.c -O1 (test for excess errors)
FAIL: gcc.dg/torture/builtin-ctype-1.c -O2 (test for excess errors)
FAIL: gcc.dg/torture/builtin-ctype-1.c -O3 -fomit-frame-pointer (test for excess errors)
FAIL: gcc.dg/torture/builtin-ctype-1.c -O3 -g (test for excess errors)
FAIL: gcc.dg/torture/builtin-ctype-1.c -Os (test for excess errors)
FAIL: gcc.dg/torture/builtin-ctype-2.c -O1 (test for excess errors)
FAIL: gcc.dg/torture/builtin-ctype-2.c -O2 (test for excess errors)
FAIL: gcc.dg/torture/builtin-ctype-2.c -O3 -fomit-frame-pointer (test for excess errors)
FAIL: gcc.dg/torture/builtin-ctype-2.c -O3 -g (test for excess errors)
FAIL: gcc.dg/torture/builtin-ctype-2.c -Os (test for excess errors)
FAIL: gcc.dg/torture/builtin-explog-1.c -O0 (test for excess errors)
FAIL: gcc.dg/torture/builtin-explog-1.c -O1 (test for excess errors)
FAIL: gcc.dg/torture/builtin-explog-1.c -O2 (test for excess errors)
FAIL: gcc.dg/torture/builtin-explog-1.c -O3 -fomit-frame-pointer (test for excess errors)
FAIL: gcc.dg/torture/builtin-explog-1.c -O3 -g (test for excess errors)
FAIL: gcc.dg/torture/builtin-explog-1.c -Os (test for excess errors)
FAIL: gcc.dg/torture/builtin-nonneg-1.c -O0 (test for excess errors)
FAIL: gcc.dg/torture/builtin-nonneg-1.c -O1 (test for excess errors)
FAIL: gcc.dg/torture/builtin-nonneg-1.c -O2 (test for excess errors)
FAIL: gcc.dg/torture/builtin-nonneg-1.c -O3 -fomit-frame-pointer (test for excess errors)
FAIL: gcc.dg/torture/builtin-nonneg-1.c -O3 -g (test for excess errors)
FAIL: gcc.dg/torture/builtin-nonneg-1.c -Os (test for excess errors)
FAIL: gcc.dg/torture/builtin-power-1.c -O0 (test for excess errors)
FAIL: gcc.dg/torture/builtin-power-1.c -O1 (test for excess errors)
FAIL: gcc.dg/torture/builtin-power-1.c -O2 (test for excess errors)
FAIL: gcc.dg/torture/builtin-power-1.c -O3 -fomit-frame-pointer (test for excess errors)
FAIL: gcc.dg/torture/builtin-power-1.c -O3 -g (test for excess errors)
FAIL: gcc.dg/torture/builtin-power-1.c -Os (test for excess errors)
ERROR: gcc.dg/tree-ssa-chrec/20040216-1.c: error executing dg-final: no files matched glob pattern "20040216-1.c.t??.ddg"
UNRESOLVED: gcc.dg/tree-ssa-chrec/20040216-1.c: error executing dg-final: no files matched glob pattern "20040216-1.c.t??.ddg"
FAIL: gcc.dg/tree-ssa-chrec/ssa-chrec-04.c scan-tree-dump-times remove_me 0
FAIL: gcc.dg/tree-ssa-chrec/ssa-chrec-06.c scan-tree-dump-times remove_me 0
FAIL: gcc.dg/tree-ssa-chrec/ssa-chrec-07.c scan-tree-dump-times remove_me 0
FAIL: gcc.dg/tree-ssa-chrec/ssa-chrec-08.c scan-tree-dump-times remove_me 0
FAIL: gcc.dg/tree-ssa-chrec/ssa-chrec-57.c scan-tree-dump-times remove_me 0
FAIL: gcc.dg/tree-ssa-chrec/ssa-chrec-58.c scan-tree-dump-times remove_me 0
FAIL: gcc.dg/tree-ssa-vect/tree-ssa-vect-20.c scan-tree-dump-times vectorized 3 loops 1
FAIL: gcc.dg/tree-ssa/20030807-6.c scan-tree-dump-times ABS_EXPR 0
FAIL: gcc.dg/tree-ssa/20031216-1.c scan-tree-dump-times link_error 0
FAIL: 209: expected branch percentages not found: 25
FAIL: gcc.misc-tests/gcov-4b.c gcov: 0 failures in line counts, 1 in branch percentages, 0 in return percentages
=== gcc Summary for unix/-m32 ===
# of expected passes 25723
# of unexpected failures 99
# of unexpected successes 1
# of expected failures 80
# of unresolved testcases 9
# of untested testcases 35
# of unsupported tests 299
Running target unix/-m64
FAIL: gcc.c-torture/compile/20010605-1.c -O0 (test for excess errors)
FAIL: gcc.c-torture/compile/20010605-1.c -O1 (test for excess errors)
FAIL: gcc.c-torture/execute/20030125-1.c execution, -O1
FAIL: gcc.c-torture/execute/20030125-1.c execution, -O2
FAIL: gcc.c-torture/execute/20030125-1.c execution, -Os
FAIL: gcc.c-torture/execute/20040307-1.c execution, -O1
FAIL: gcc.c-torture/execute/20040307-1.c execution, -O2
FAIL: gcc.c-torture/execute/20040307-1.c execution, -O3 -fomit-frame-pointer
FAIL: gcc.c-torture/execute/20040307-1.c execution, -O3 -fomit-frame-pointer -funroll-loops
FAIL: gcc.c-torture/execute/20040307-1.c execution, -O3 -fomit-frame-pointer -funroll-all-loops -finline-functions
FAIL: gcc.c-torture/execute/20040307-1.c execution, -O3 -g
FAIL: gcc.c-torture/execute/20040307-1.c execution, -Os
FAIL: gcc.c-torture/execute/20040313-1.c execution, -O0
FAIL: gcc.c-torture/execute/20040313-1.c execution, -O1
FAIL: gcc.c-torture/execute/20040313-1.c execution, -O2
FAIL: gcc.c-torture/execute/20040313-1.c execution, -O3 -fomit-frame-pointer
FAIL: gcc.c-torture/execute/20040313-1.c execution, -O3 -g
FAIL: gcc.c-torture/execute/20040313-1.c execution, -Os
FAIL: gcc.c-torture/execute/921017-1.c compilation, -O0
UNRESOLVED: gcc.c-torture/execute/921017-1.c execution, -O0
FAIL: gcc.c-torture/execute/921017-1.c compilation, -O1
UNRESOLVED: gcc.c-torture/execute/921017-1.c execution, -O1
FAIL: gcc.c-torture/execute/921017-1.c compilation, -O2
UNRESOLVED: gcc.c-torture/execute/921017-1.c execution, -O2
FAIL: gcc.c-torture/execute/921017-1.c compilation, -O3 -fomit-frame-pointer
UNRESOLVED: gcc.c-torture/execute/921017-1.c execution, -O3 -fomit-frame-pointer
FAIL: gcc.c-torture/execute/921017-1.c compilation, -O3 -g
UNRESOLVED: gcc.c-torture/execute/921017-1.c execution, -O3 -g
FAIL: gcc.c-torture/execute/921017-1.c compilation, -Os
UNRESOLVED: gcc.c-torture/execute/921017-1.c execution, -Os
FAIL: gcc.c-torture/execute/memcpy-bi.c compilation, -O3 -fomit-frame-pointer -funroll-loops
UNRESOLVED: gcc.c-torture/execute/memcpy-bi.c execution, -O3 -fomit-frame-pointer -funroll-loops
FAIL: gcc.c-torture/execute/memcpy-bi.c compilation, -O3 -fomit-frame-pointer -funroll-all-loops -finline-functions
UNRESOLVED: gcc.c-torture/execute/memcpy-bi.c execution, -O3 -fomit-frame-pointer -funroll-all-loops -finline-functions
FAIL: gcc.c-torture/execute/simd-2.c execution, -O3 -fomit-frame-pointer
FAIL: gcc.c-torture/execute/simd-2.c execution, -O3 -g
FAIL: gcc.dg/compat/vector-1 c_compat_x_tst.o compile
FAIL: gcc.dg/compat/vector-1 c_compat_y_tst.o compile
UNRESOLVED: gcc.dg/compat/vector-1 c_compat_x_tst.o-c_compat_y_tst.o link
UNRESOLVED: gcc.dg/compat/vector-1 c_compat_x_tst.o-c_compat_y_tst.o execute
FAIL: gcc.dg/compat/vector-2 c_compat_x_tst.o compile
FAIL: gcc.dg/compat/vector-2 c_compat_y_tst.o compile
UNRESOLVED: gcc.dg/compat/vector-2 c_compat_x_tst.o-c_compat_y_tst.o link
UNRESOLVED: gcc.dg/compat/vector-2 c_compat_x_tst.o-c_compat_y_tst.o execute
FAIL: gcc.dg/altivec-3.c execution test
FAIL: gcc.dg/altivec-7.c (test for excess errors)
FAIL: gcc.dg/altivec-varargs-1.c (test for excess errors)
FAIL: gcc.dg/builtins-10.c (test for excess errors)
FAIL: gcc.dg/builtins-18.c (test for excess errors)
FAIL: gcc.dg/builtins-20.c (test for excess errors)
FAIL: gcc.dg/builtins-26.c (test for excess errors)
FAIL: gcc.dg/builtins-7.c (test for excess errors)
FAIL: gcc.dg/c90-const-expr-3.c (test for excess errors)
FAIL: gcc.dg/c99-const-expr-3.c (test for excess errors)
XPASS: gcc.dg/setjmp-1.c spurious clobbered warning (test for bogus messages, line 16)
FAIL: largefile.c -O0 -g (test for excess errors)
FAIL: largefile.c -O0 (test for excess errors)
FAIL: largefile.c -O1 (test for excess errors)
FAIL: largefile.c -O2 (test for excess errors)
FAIL: largefile.c -O3 -fomit-frame-pointer (test for excess errors)
FAIL: largefile.c -O3 -g (test for excess errors)
FAIL: largefile.c -Os (test for excess errors)
FAIL: gcc.dg/tls/alias-1.c (test for excess errors)
FAIL: gcc.dg/tls/opt-2.c (test for excess errors)
FAIL: gcc.dg/torture/builtin-convert-1.c -O1 (test for excess errors)
FAIL: gcc.dg/torture/builtin-convert-1.c -O2 (test for excess errors)
FAIL: gcc.dg/torture/builtin-convert-1.c -O3 -fomit-frame-pointer (test for excess errors)
FAIL: gcc.dg/torture/builtin-convert-1.c -O3 -g (test for excess errors)
FAIL: gcc.dg/torture/builtin-convert-1.c -Os (test for excess errors)
FAIL: gcc.dg/torture/builtin-ctype-1.c -O1 (test for excess errors)
FAIL: gcc.dg/torture/builtin-ctype-1.c -O2 (test for excess errors)
FAIL: gcc.dg/torture/builtin-ctype-1.c -O3 -fomit-frame-pointer (test for excess errors)
FAIL: gcc.dg/torture/builtin-ctype-1.c -O3 -g (test for excess errors)
FAIL: gcc.dg/torture/builtin-ctype-1.c -Os (test for excess errors)
FAIL: gcc.dg/torture/builtin-ctype-2.c -O1 (test for excess errors)
FAIL: gcc.dg/torture/builtin-ctype-2.c -O2 (test for excess errors)
FAIL: gcc.dg/torture/builtin-ctype-2.c -O3 -fomit-frame-pointer (test for excess errors)
FAIL: gcc.dg/torture/builtin-ctype-2.c -O3 -g (test for excess errors)
FAIL: gcc.dg/torture/builtin-ctype-2.c -Os (test for excess errors)
FAIL: gcc.dg/torture/builtin-explog-1.c -O0 (test for excess errors)
FAIL: gcc.dg/torture/builtin-explog-1.c -O1 (test for excess errors)
FAIL: gcc.dg/torture/builtin-explog-1.c -O2 (test for excess errors)
FAIL: gcc.dg/torture/builtin-explog-1.c -O3 -fomit-frame-pointer (test for excess errors)
FAIL: gcc.dg/torture/builtin-explog-1.c -O3 -g (test for excess errors)
FAIL: gcc.dg/torture/builtin-explog-1.c -Os (test for excess errors)
FAIL: gcc.dg/torture/builtin-nonneg-1.c -O0 (test for excess errors)
FAIL: gcc.dg/torture/builtin-nonneg-1.c -O1 (test for excess errors)
FAIL: gcc.dg/torture/builtin-nonneg-1.c -O2 (test for excess errors)
FAIL: gcc.dg/torture/builtin-nonneg-1.c -O3 -fomit-frame-pointer (test for excess errors)
FAIL: gcc.dg/torture/builtin-nonneg-1.c -O3 -g (test for excess errors)
FAIL: gcc.dg/torture/builtin-nonneg-1.c -Os (test for excess errors)
FAIL: gcc.dg/torture/builtin-power-1.c -O0 (test for excess errors)
FAIL: gcc.dg/torture/builtin-power-1.c -O1 (test for excess errors)
FAIL: gcc.dg/torture/builtin-power-1.c -O2 (test for excess errors)
FAIL: gcc.dg/torture/builtin-power-1.c -O3 -fomit-frame-pointer (test for excess errors)
FAIL: gcc.dg/torture/builtin-power-1.c -O3 -g (test for excess errors)
FAIL: gcc.dg/torture/builtin-power-1.c -Os (test for excess errors)
ERROR: gcc.dg/tree-ssa-chrec/20040216-1.c: error executing dg-final: no files matched glob pattern "20040216-1.c.t??.ddg"
UNRESOLVED: gcc.dg/tree-ssa-chrec/20040216-1.c: error executing dg-final: no files matched glob pattern "20040216-1.c.t??.ddg"
FAIL: gcc.dg/tree-ssa-chrec/ssa-chrec-04.c scan-tree-dump-times remove_me 0
FAIL: gcc.dg/tree-ssa-chrec/ssa-chrec-06.c scan-tree-dump-times remove_me 0
FAIL: gcc.dg/tree-ssa-chrec/ssa-chrec-07.c scan-tree-dump-times remove_me 0
FAIL: gcc.dg/tree-ssa-chrec/ssa-chrec-08.c scan-tree-dump-times remove_me 0
FAIL: gcc.dg/tree-ssa-chrec/ssa-chrec-57.c scan-tree-dump-times remove_me 0
FAIL: gcc.dg/tree-ssa-chrec/ssa-chrec-58.c scan-tree-dump-times remove_me 0
FAIL: gcc.dg/tree-ssa-vect/tree-ssa-vect-20.c scan-tree-dump-times vectorized 3 loops 1
FAIL: gcc.dg/tree-ssa/20030807-6.c scan-tree-dump-times ABS_EXPR 0
FAIL: gcc.dg/tree-ssa/20031216-1.c scan-tree-dump-times link_error 0
FAIL: 209: expected branch percentages not found: 25
FAIL: gcc.misc-tests/gcov-4b.c gcov: 0 failures in line counts, 1 in branch percentages, 0 in return percentages
FAIL: linkage.c
=== gcc Summary for unix/-m64 ===
# of expected passes 25724
# of unexpected failures 96
# of unexpected successes 1
# of expected failures 80
# of unresolved testcases 13
# of untested testcases 35
# of unsupported tests 299
=== gcc Summary ===
# of expected passes 51447
# of unexpected failures 195
# of unexpected successes 2
# of expected failures 160
# of unresolved testcases 22
# of untested testcases 70
# of unsupported tests 598
/data/janis/build/nightly/build-gcc-lno/gcc/xgcc version 3.5-tree-ssa-lno 20040519 (merged 20040425)
=== libmudflap tests ===
Running target unix
FAIL: libmudflap.c/fail23-frag.c (-static) output pattern test
FAIL: libmudflap.c++/fail24-frag.cxx (test for excess errors)
WARNING: libmudflap.c++/fail24-frag.cxx compilation failed to produce executable
FAIL: libmudflap.c++/pass27-frag.cxx (test for excess errors)
WARNING: libmudflap.c++/pass27-frag.cxx compilation failed to produce executable
FAIL: libmudflap.c++/pass28-frag.cxx (test for excess errors)
WARNING: libmudflap.c++/pass28-frag.cxx compilation failed to produce executable
FAIL: libmudflap.c++/pass31-frag.cxx (test for excess errors)
WARNING: libmudflap.c++/pass31-frag.cxx compilation failed to produce executable
FAIL: libmudflap.c++/pass41-frag.cxx (test for excess errors)
WARNING: libmudflap.c++/pass41-frag.cxx compilation failed to produce executable
FAIL: libmudflap.c++/fail24-frag.cxx (-static) (test for excess errors)
WARNING: libmudflap.c++/fail24-frag.cxx (-static) compilation failed to produce executable
FAIL: libmudflap.c++/pass27-frag.cxx (-static) (test for excess errors)
WARNING: libmudflap.c++/pass27-frag.cxx (-static) compilation failed to produce executable
FAIL: libmudflap.c++/pass28-frag.cxx (-static) (test for excess errors)
WARNING: libmudflap.c++/pass28-frag.cxx (-static) compilation failed to produce executable
FAIL: libmudflap.c++/pass31-frag.cxx (-static) (test for excess errors)
WARNING: libmudflap.c++/pass31-frag.cxx (-static) compilation failed to produce executable
FAIL: libmudflap.c++/pass41-frag.cxx (-static) (test for excess errors)
WARNING: libmudflap.c++/pass41-frag.cxx (-static) compilation failed to produce executable
FAIL: libmudflap.c++/fail24-frag.cxx (-O2) (test for excess errors)
WARNING: libmudflap.c++/fail24-frag.cxx (-O2) compilation failed to produce executable
FAIL: libmudflap.c++/pass27-frag.cxx (-O2) (test for excess errors)
WARNING: libmudflap.c++/pass27-frag.cxx (-O2) compilation failed to produce executable
FAIL: libmudflap.c++/pass28-frag.cxx (-O2) (test for excess errors)
WARNING: libmudflap.c++/pass28-frag.cxx (-O2) compilation failed to produce executable
FAIL: libmudflap.c++/pass31-frag.cxx (-O2) (test for excess errors)
WARNING: libmudflap.c++/pass31-frag.cxx (-O2) compilation failed to produce executable
FAIL: libmudflap.c++/pass41-frag.cxx (-O2) (test for excess errors)
WARNING: libmudflap.c++/pass41-frag.cxx (-O2) compilation failed to produce executable
FAIL: libmudflap.c++/fail24-frag.cxx (-O3) (test for excess errors)
WARNING: libmudflap.c++/fail24-frag.cxx (-O3) compilation failed to produce executable
FAIL: libmudflap.c++/pass27-frag.cxx (-O3) (test for excess errors)
WARNING: libmudflap.c++/pass27-frag.cxx (-O3) compilation failed to produce executable
FAIL: libmudflap.c++/pass28-frag.cxx (-O3) (test for excess errors)
WARNING: libmudflap.c++/pass28-frag.cxx (-O3) compilation failed to produce executable
FAIL: libmudflap.c++/pass31-frag.cxx (-O3) (test for excess errors)
WARNING: libmudflap.c++/pass31-frag.cxx (-O3) compilation failed to produce executable
FAIL: libmudflap.c++/pass41-frag.cxx (-O3) (test for excess errors)
WARNING: libmudflap.c++/pass41-frag.cxx (-O3) compilation failed to produce executable
=== libmudflap Summary ===
# of expected passes 1047
# of unexpected failures 21
Compiler version: 3.5-tree-ssa-lno 20040519 (merged 20040425)
Platform: powerpc64-unknown-linux-gnu
configure flags: --prefix=/opt/gcc-nightly/lno-20040520 --build=powerpc64-linux --host=powerpc64-linux --target=powerpc64-linux --with-cpu=default32 --with-as=/usr/bin/as --with-ld=/usr/bin/ld --enable-threads=posix --enable-shared --enable-__cxa_atexit --enable-languages=c