This is the mail archive of the
gcc-testresults@gcc.gnu.org
mailing list for the GCC project.
Results for 3.4.0 testsuite on i686-pc-linux-gnu
- From: Guillermo Joandet <gjoandet at laforge dot nivel7 dot com dot ar>
- To: gcc-testresults at gcc dot gnu dot org
- Date: Wed, 19 May 2004 22:15:29 -0300
- Subject: Results for 3.4.0 testsuite on i686-pc-linux-gnu
I successfully built and installed GCC 3.4.0 on Red Hat Linux release 7.3 (Valhalla), , with glibc 2.2.5 and kernel 2.4.25 from www.kernel.org.
Hardware Configuration:
CPU = model name : Pentium III (Coppermine)
CPU = cpu MHz : 651.487
CPU = bogomips : 1300.88
MemTotal : 257100 kB
hda: QUANTUM FIREBALLlct10 10
hdd: ST317221A
Compiled with gcc 3.3.3 from gcc.gnu.org
\$ time make -k check > test.log 2> test.err
real 412m53.284s
user 286m35.290s
sys 56m28.020s
\$ ../gcc-3.4.0/config.guess
i686-pc-linux-gnu
\$ cat /etc/redhat-release
Red Hat Linux release 7.3 (Valhalla)
\$ uname -a
Linux laforge.clicknest.com 2.4.25 #1 sáb feb 21 21:41:14 ART 2004 i686 unknown
\$ rpm -q glibc
glibc-2.2.5-44
LAST_UPDATED: Obtained from CVS: -rgcc_3_4_0_release
Native configuration is i686-pc-linux-gnu
=== g77 tests ===
Running target unix
=== g77 Summary ===
# of expected passes 1812
/u2/tmp/gcc/gcc/testsuite/../g77 version 3.4.0
=== gcc tests ===
Running target unix
WARNING: program timed out.
FAIL: gcc.c-torture/compile/20001226-1.c (test for excess errors)
WARNING: program timed out.
FAIL: gcc.c-torture/compile/20001226-1.c (test for excess errors)
WARNING: program timed out.
FAIL: gcc.c-torture/compile/20001226-1.c (test for excess errors)
FAIL: gcc.c-torture/execute/va-arg-25.c execution, -Os
XPASS: gcc.dg/cpp/cmdlne-dI-M.c scan-file (^|\\\\n)cmdlne-dI-M.*:[^\\\\n]*cmdlne-dI-M.c
XPASS: gcc.dg/cpp/cmdlne-dM-M.c scan-file (^|\\\\n)cmdlne-dM-M[^\\\\n]*:[^\\\\n]*cmdlne-dM-M.c
FAIL: gcc.dg/visibility-1.c (test for excess errors)
FAIL: gcc.dg/visibility-1.c scan-assembler \\\\.hidden.*foo
FAIL: gcc.dg/visibility-2.c (test for excess errors)
FAIL: gcc.dg/visibility-2.c scan-assembler \\\\.hidden.*foo
FAIL: gcc.dg/visibility-3.c (test for excess errors)
FAIL: gcc.dg/visibility-3.c scan-assembler \\\\.hidden.*xyzzy
FAIL: gcc.dg/visibility-4.c (test for excess errors)
FAIL: gcc.dg/visibility-4.c scan-assembler \\\\.hidden.*xyzzy
FAIL: gcc.dg/visibility-5.c (test for excess errors)
FAIL: gcc.dg/visibility-5.c scan-assembler \\\\.hidden.*foo
FAIL: gcc.dg/visibility-6.c (test for excess errors)
FAIL: gcc.dg/visibility-6.c scan-assembler \\\\.hidden.*xyzzy
FAIL: gcc.dg/visibility-7.c (test for excess errors)
FAIL: gcc.dg/visibility-7.c scan-assembler \\\\.hidden.*xyzzy
FAIL: gcc.dg/visibility-8.c (test for excess errors)
FAIL: gcc.dg/visibility-8.c scan-assembler \\\\.hidden.*__GI_fputs_unlocked
FAIL: gcc.dg/pch/warn-1.c (test for excess errors)
FAIL: gcc.dg/pch/warn-1.c (test for excess errors)
FAIL: gcc.dg/pch/warn-1.c (test for excess errors)
FAIL: gcc.dg/pch/warn-1.c (test for excess errors)
FAIL: gcc.dg/pch/warn-1.c (test for excess errors)
FAIL: gcc.dg/pch/warn-1.c (test for excess errors)
FAIL: gcc.dg/pch/warn-1.c (test for excess errors)
=== gcc Summary ===
# of expected passes 24507
# of unexpected failures 27
# of unexpected successes 2
# of expected failures 67
# of untested testcases 7
# of unsupported tests 181
/u2/tmp/gcc/gcc/xgcc version 3.4.0
=== g++ tests ===
Running target unix
FAIL: g++.dg/ext/visibility-1.C (test for excess errors)
FAIL: g++.dg/ext/visibility-1.C scan-assembler \\\\.hidden.*_Z3foov
FAIL: g++.dg/ext/visibility-2.C (test for excess errors)
FAIL: g++.dg/ext/visibility-2.C scan-assembler \\\\.hidden.*_Z3foov
FAIL: g++.dg/ext/visibility-3.C (test for excess errors)
FAIL: g++.dg/ext/visibility-3.C scan-assembler \\\\.hidden.*xyzzy
FAIL: g++.dg/ext/visibility-4.C (test for excess errors)
FAIL: g++.dg/ext/visibility-4.C scan-assembler \\\\.hidden.*xyzzy
FAIL: g++.dg/ext/visibility-5.C (test for excess errors)
FAIL: g++.dg/ext/visibility-5.C scan-assembler \\\\.hidden.*_Z3foov
FAIL: g++.dg/ext/visibility-6.C (test for excess errors)
FAIL: g++.dg/ext/visibility-6.C scan-assembler \\\\.hidden.*xyzzy
FAIL: g++.dg/ext/visibility-7.C (test for excess errors)
FAIL: g++.dg/ext/visibility-7.C scan-assembler \\\\.hidden.*xyzzy
WARNING: program timed out.
FAIL: g++.dg/parse/stack1.C (test for excess errors)
WARNING: g++.old-deja/g++.mike/p10769a.C compilation failed to produce executable
WARNING: g++.old-deja/g++.other/enum5.C compilation failed to produce executable
WARNING: g++.old-deja/g++.pt/friend44.C compilation failed to produce executable
=== g++ Summary ===
# of expected passes 9544
# of unexpected failures 15
# of expected failures 68
# of unsupported tests 31
/u2/tmp/gcc/gcc/testsuite/../g++ version 3.4.0
=== objc tests ===
Running target unix
=== objc Summary ===
# of expected passes 1341
# of unsupported tests 8
/u2/tmp/gcc/gcc/xgcc version 3.4.0
=== libffi tests ===
Running target unix
=== libffi Summary ===
# of expected passes 212
# of unsupported tests 2
=== libstdc++ tests ===
Running target unix
FAIL: 22_locale/codecvt/encoding/wchar_t/wrapped_locale.cc execution test
FAIL: 22_locale/codecvt/in/wchar_t/9.cc execution test
FAIL: 22_locale/codecvt/max_length/wchar_t/wrapped_locale.cc execution test
FAIL: 22_locale/ctype/widen/wchar_t/2.cc execution test
FAIL: 22_locale/locale/cons/12438.cc execution test
WARNING: program timed out.
FAIL: 22_locale/locale/cons/12658_thread.cc execution test
FAIL: 22_locale/messages/members/char/1.cc execution test
FAIL: 22_locale/messages/members/char/2.cc execution test
FAIL: 22_locale/messages/members/char/wrapped_env.cc execution test
FAIL: 22_locale/messages/members/char/wrapped_locale.cc execution test
FAIL: 22_locale/messages_byname/named_equivalence.cc execution test
XPASS: 26_numerics/c99_classification_macros_c.cc (test for excess errors)
FAIL: 27_io/basic_filebuf/imbue/wchar_t/12868.cc execution test
FAIL: 27_io/basic_filebuf/overflow/wchar_t/11305-1.cc execution test
FAIL: 27_io/basic_filebuf/overflow/wchar_t/11305-2.cc execution test
FAIL: 27_io/basic_filebuf/overflow/wchar_t/11305-3.cc execution test
FAIL: 27_io/basic_filebuf/overflow/wchar_t/11305-4.cc execution test
FAIL: 27_io/basic_filebuf/seekoff/wchar_t/1.cc execution test
FAIL: 27_io/basic_filebuf/seekoff/wchar_t/2.cc execution test
FAIL: 27_io/basic_filebuf/seekpos/wchar_t/9874.cc execution test
FAIL: 27_io/basic_filebuf/underflow/wchar_t/1.cc execution test
FAIL: 27_io/basic_filebuf/underflow/wchar_t/2.cc execution test
FAIL: 27_io/basic_filebuf/underflow/wchar_t/3.cc execution test
FAIL: 27_io/basic_filebuf/underflow/wchar_t/9520.cc execution test
=== libstdc++ Summary ===
# of expected passes 2624
# of unexpected failures 23
# of unexpected successes 1
# of expected failures 5
Compiler version: 3.4.0
Platform: i686-pc-linux-gnu
configure flags: --enable-threads=posix --prefix=/usr/local/gcc-3.4.0