This is the mail archive of the
gcc-testresults@gcc.gnu.org
mailing list for the GCC project.
Results for 3.3.3-hammer testsuite on powerpc64-unknown-linux-gnu
- From: Janis Johnson <janis at mars dot ltc dot austin dot ibm dot com>
- To: gcc-testresults at gcc dot gnu dot org
- Date: Wed, 19 May 2004 06:21:25 -0500
- Subject: Results for 3.3.3-hammer testsuite on powerpc64-unknown-linux-gnu
Linux 2.6.5-rc3-ames ppc64
GNU C Library stable release version 2.3.2
GNU ld version 2.14.90.0.4 20030523
GNU assembler 2.14.90.0.4 20030523
GNU Make version 3.79.1
DejaGnu:
Expect version is 5.40.0
Tcl version is 8.4
Framework version is 1.4.4
LAST_UPDATED: Wed May 19 09:20:26 UTC 2004
Native configuration is powerpc64-unknown-linux-gnu
=== g++ tests ===
Running target unix/-m32
FAIL: g++.dg/overload/template1.C (test for excess errors)
FAIL: 14:is 2:should be 1
FAIL: g++.dg/gcov/gcov-3.C gcov: 1 failures in line counts, 0 in branch percentages, 0 in return percentages
XPASS: g++.other/init5.C Execution test
=== g++ Summary for unix/-m32 ===
# of expected passes 8195
# of unexpected failures 3
# of unexpected successes 1
# of expected failures 93
# of untested testcases 23
# of unsupported tests 33
Running target unix/-m64
FAIL: g++.dg/ext/altivec-7.C (test for excess errors)
ERROR: g++.dg/ext/altivec-7.C: error executing dg-final: couldn't open "altivec-7.s": no such file or directory
UNRESOLVED: g++.dg/ext/altivec-7.C: error executing dg-final: couldn't open "altivec-7.s": no such file or directory
FAIL: g++.dg/overload/template1.C (test for excess errors)
FAIL: 14:is 2:should be 1
FAIL: g++.dg/gcov/gcov-3.C gcov: 1 failures in line counts, 0 in branch percentages, 0 in return percentages
XPASS: g++.other/init5.C Execution test
=== g++ Summary for unix/-m64 ===
# of expected passes 8180
# of unexpected failures 4
# of unexpected successes 1
# of expected failures 93
# of unresolved testcases 1
# of untested testcases 23
# of unsupported tests 33
=== g++ Summary ===
# of expected passes 16375
# of unexpected failures 7
# of unexpected successes 2
# of expected failures 186
# of unresolved testcases 1
# of untested testcases 46
# of unsupported tests 66
/opt/gcc-nightly/build-gcc-hammer/gcc/testsuite/../g++ version 3.3.3-hammer
=== g77 tests ===
Running target unix/-m32
FAIL: g77.f-torture/execute/labug1.f compilation, -O3 -fomit-frame-pointer
FAIL: g77.f-torture/execute/labug1.f compilation, -O3 -fomit-frame-pointer -funroll-loops
FAIL: g77.f-torture/execute/labug1.f compilation, -O3 -fomit-frame-pointer -funroll-all-loops -finline-functions
FAIL: g77.f-torture/execute/labug1.f compilation, -O3 -g
=== g77 Summary for unix/-m32 ===
# of expected passes 1712
# of unexpected failures 4
# of untested testcases 4
# of unsupported tests 8
Running target unix/-m64
=== g77 Summary for unix/-m64 ===
# of expected passes 1720
# of unsupported tests 8
=== g77 Summary ===
# of expected passes 3432
# of unexpected failures 4
# of untested testcases 4
# of unsupported tests 16
/opt/gcc-nightly/build-gcc-hammer/gcc/testsuite/../g77 version 3.3.3-hammer
=== gcc tests ===
Running target unix/-m32
XPASS: gcc.c-torture/compile/simd-5.c, -O0
XPASS: gcc.c-torture/compile/simd-5.c, -O1
XPASS: gcc.c-torture/compile/simd-5.c, -O2
XPASS: gcc.c-torture/compile/simd-5.c, -O3 -fomit-frame-pointer
XPASS: gcc.c-torture/compile/simd-5.c, -O3 -g
XPASS: gcc.c-torture/compile/simd-5.c, -Os
FAIL: gcc.dg/duff-2.c (test for excess errors)
FAIL: gcc.dg/noreturn-1.c detect falling off end of noreturn (test for warnings, line 10)
FAIL: gcc.dg/noreturn-1.c this function should not get any warnings (test for bogus messages, line 18)
FAIL: gcc.dg/ppc64-abi-1.c (test for excess errors)
WARNING: gcc.dg/ppc64-abi-1.c compilation failed to produce executable
FAIL: gcc.dg/ppc64-abi-2.c (test for excess errors)
WARNING: gcc.dg/ppc64-abi-2.c compilation failed to produce executable
FAIL: gcc.dg/ppc64-abi-3.c (test for errors, line 12)
FAIL: gcc.dg/ppc64-abi-3.c (test for errors, line 19)
FAIL: gcc.dg/ppc64-abi-3.c (test for excess errors)
FAIL: gcc.dg/return-type-1.c warning for falling off end of non-void function (test for warnings, line 8)
FAIL: gcc.dg/return-type-1.c (test for excess errors)
FAIL: gcc.dg/warn-1.c (test for warnings, line 8)
FAIL: gcc.dg/warn-1.c (test for warnings, line 15)
=== gcc Summary for unix/-m32 ===
# of expected passes 21146
# of unexpected failures 12
# of unexpected successes 6
# of expected failures 68
# of unsupported tests 186
Running target unix/-m64
XPASS: gcc.c-torture/compile/simd-5.c, -O0
XPASS: gcc.c-torture/compile/simd-5.c, -O1
XPASS: gcc.c-torture/compile/simd-5.c, -O2
XPASS: gcc.c-torture/compile/simd-5.c, -O3 -fomit-frame-pointer
XPASS: gcc.c-torture/compile/simd-5.c, -O3 -g
XPASS: gcc.c-torture/compile/simd-5.c, -Os
FAIL: gcc.dg/altivec-7.c (test for excess errors)
FAIL: gcc.dg/duff-2.c (test for excess errors)
FAIL: gcc.dg/noreturn-1.c detect falling off end of noreturn (test for warnings, line 10)
FAIL: gcc.dg/noreturn-1.c this function should not get any warnings (test for bogus messages, line 18)
FAIL: gcc.dg/return-type-1.c warning for falling off end of non-void function (test for warnings, line 8)
FAIL: gcc.dg/return-type-1.c (test for excess errors)
FAIL: gcc.dg/typespec-1.c unsigned long long int double (test for errors, line 934)
FAIL: gcc.dg/typespec-1.c unsigned long long int signed (test for errors, line 935)
FAIL: gcc.dg/typespec-1.c unsigned long long int unsigned (test for errors, line 936)
FAIL: gcc.dg/typespec-1.c unsigned long long int _Bool (test for errors, line 937)
FAIL: gcc.dg/typespec-1.c (test for excess errors)
FAIL: gcc.dg/warn-1.c (test for warnings, line 8)
FAIL: gcc.dg/warn-1.c (test for warnings, line 15)
FAIL: linkage.c
=== gcc Summary for unix/-m64 ===
# of expected passes 21146
# of unexpected failures 14
# of unexpected successes 6
# of expected failures 68
# of unsupported tests 186
=== gcc Summary ===
# of expected passes 42292
# of unexpected failures 26
# of unexpected successes 12
# of expected failures 136
# of unsupported tests 372
/opt/gcc-nightly/build-gcc-hammer/gcc/xgcc version 3.3.3-hammer
=== objc tests ===
Running target unix/-m32
=== objc Summary for unix/-m32 ===
# of expected passes 1166
Running target unix/-m64
=== objc Summary for unix/-m64 ===
# of expected passes 1166
=== objc Summary ===
# of expected passes 2332
/opt/gcc-nightly/build-gcc-hammer/gcc/xgcc version 3.3.3-hammer
=== libstdc++-v3 tests ===
Running target unix/-m32
XPASS: 22_locale/collate_byname.cc execution test
XPASS: 22_locale/collate_members_char.cc execution test
XPASS: 22_locale/collate_members_wchar_t.cc execution test
XPASS: 22_locale/ctype_is_char.cc execution test
XPASS: 22_locale/ctype_is_wchar_t.cc execution test
XPASS: 22_locale/members.cc execution test
XPASS: 22_locale/messages_byname.cc execution test
XPASS: 22_locale/messages_members_char.cc execution test
XPASS: 22_locale/money_get_members_char.cc execution test
XPASS: 22_locale/money_get_members_wchar_t.cc execution test
XPASS: 22_locale/money_put_members_char.cc execution test
XPASS: 22_locale/money_put_members_wchar_t.cc execution test
XPASS: 22_locale/moneypunct_byname.cc execution test
XPASS: 22_locale/moneypunct_members_char.cc execution test
XPASS: 22_locale/moneypunct_members_wchar_t.cc execution test
XPASS: 22_locale/num_get_members_char.cc execution test
XPASS: 22_locale/num_get_members_wchar_t.cc execution test
XPASS: 22_locale/num_put_members_char.cc execution test
XPASS: 22_locale/num_put_members_wchar_t.cc execution test
XPASS: 22_locale/numpunct_byname.cc execution test
XPASS: 22_locale/numpunct_members_char.cc execution test
XPASS: 22_locale/numpunct_members_wchar_t.cc execution test
XPASS: 22_locale/time_get_members_char.cc execution test
XPASS: 22_locale/time_get_members_wchar_t.cc execution test
XPASS: 22_locale/time_put_members_char.cc execution test
XPASS: 22_locale/time_put_members_wchar_t.cc execution test
=== libstdc++-v3 Summary for unix/-m32 ===
# of expected passes 433
# of unexpected successes 26
# of expected failures 2
Running target unix/-m64
XPASS: 22_locale/collate_byname.cc execution test
XPASS: 22_locale/collate_members_char.cc execution test
XPASS: 22_locale/collate_members_wchar_t.cc execution test
XPASS: 22_locale/ctype_is_char.cc execution test
XPASS: 22_locale/ctype_is_wchar_t.cc execution test
XPASS: 22_locale/members.cc execution test
XPASS: 22_locale/money_get_members_char.cc execution test
XPASS: 22_locale/money_get_members_wchar_t.cc execution test
XPASS: 22_locale/money_put_members_char.cc execution test
XPASS: 22_locale/money_put_members_wchar_t.cc execution test
XPASS: 22_locale/moneypunct_byname.cc execution test
XPASS: 22_locale/moneypunct_members_char.cc execution test
XPASS: 22_locale/moneypunct_members_wchar_t.cc execution test
XPASS: 22_locale/num_get_members_char.cc execution test
XPASS: 22_locale/num_get_members_wchar_t.cc execution test
XPASS: 22_locale/num_put_members_char.cc execution test
XPASS: 22_locale/num_put_members_wchar_t.cc execution test
XPASS: 22_locale/numpunct_byname.cc execution test
XPASS: 22_locale/numpunct_members_char.cc execution test
XPASS: 22_locale/numpunct_members_wchar_t.cc execution test
XPASS: 22_locale/time_get_members_char.cc execution test
XPASS: 22_locale/time_get_members_wchar_t.cc execution test
XPASS: 22_locale/time_put_members_char.cc execution test
XPASS: 22_locale/time_put_members_wchar_t.cc execution test
=== libstdc++-v3 Summary for unix/-m64 ===
# of expected passes 433
# of unexpected successes 24
# of expected failures 4
=== libstdc++-v3 Summary ===
# of expected passes 866
# of unexpected successes 50
# of expected failures 6
Compiler version: 3.3.3-hammer
Platform: powerpc64-unknown-linux-gnu
configure flags: --prefix=/opt/gcc-nightly/hammer-20040519 --build=powerpc64-linux --host=powerpc64-linux --target=powerpc64-linux --with-cpu=default32 --with-as=/usr/bin/as --with-ld=/usr/bin/ld --enable-threads=posix --enable-shared --enable-__cxa_atexit --enable-languages=c,c++,f77,objc --enable-biarch