This is the mail archive of the gcc-testresults@gcc.gnu.org mailing list for the GCC project.
Index Nav: | [Date Index] [Subject Index] [Author Index] [Thread Index] | |
---|---|---|
Message Nav: | [Date Prev] [Date Next] | [Thread Prev] [Thread Next] |
Other format: | [Raw text] |
Aurora SPARC Linux 1.0 (Ansel) Ultra1 single UltraSparc I (SpitFire) sun4u: binutils 2.15.91 20040513 sparc64-linux (host built) bison-1.35-1 dejagnu-1.4.2-10 (ftp://download.fedora.redhat.com/pub/fedora/linux/core/1) expect-5.32.2-67 gcc 3.4.1 20040513 (prerelease) sparc64-linux (host built) glibc-2.2.5-44sparc1 glibc64-2.2.5-44sparc1 glibc-kernheaders-2.4-7.16sparc kernel-2.4.26-0.1sparc (ftp://ftp.j-son.org/pub/aurora/kernel-2.4.26) tcl-8.3.3-67 zlib64-1.1.4-10sparc (ftp://auroralinux.org/pub/aurora/scratch) LAST_UPDATED: Sun May 16 16:42:26 UTC 2004 Native configuration is sparc64-unknown-linux-gnu === gcc tests === Running target unix/-m32 FAIL: gcc.c-torture/execute/builtins/string-asm-2.c execution, -O1 FAIL: gcc.c-torture/execute/builtins/string-asm-2.c execution, -O2 FAIL: gcc.c-torture/execute/builtins/string-asm-2.c execution, -O3 -fomit-frame-pointer FAIL: gcc.c-torture/execute/builtins/string-asm-2.c execution, -O3 -g FAIL: gcc.c-torture/execute/builtins/string-asm-2.c execution, -Os FAIL: gcc.c-torture/execute/20030125-1.c execution, -O1 FAIL: gcc.c-torture/execute/20030125-1.c execution, -O2 FAIL: gcc.c-torture/execute/20030125-1.c execution, -Os FAIL: gcc.c-torture/execute/loop-14.c execution, -Os FAIL: gcc.c-torture/execute/strncmp-1.c execution, -O0 FAIL: gcc.c-torture/execute/strncmp-1.c execution, -O1 FAIL: gcc.c-torture/execute/strncmp-1.c execution, -O2 FAIL: gcc.c-torture/execute/strncmp-1.c execution, -O3 -fomit-frame-pointer FAIL: gcc.c-torture/execute/strncmp-1.c execution, -O3 -fomit-frame-pointer -funroll-loops FAIL: gcc.c-torture/execute/strncmp-1.c execution, -O3 -fomit-frame-pointer -funroll-all-loops -finline-functions FAIL: gcc.c-torture/execute/strncmp-1.c execution, -O3 -g FAIL: gcc.c-torture/execute/strncmp-1.c execution, -Os FAIL: gcc.dg/debug/dwarf2/dwarf-die7.c scan-assembler 1.*DW_AT_inline FAIL: gcc.dg/20020425-1.c (test for excess errors) FAIL: gcc.dg/builtins-20.c (test for excess errors) FAIL: gcc.dg/c90-const-expr-3.c (test for excess errors) FAIL: gcc.dg/c99-const-expr-3.c (test for excess errors) FAIL: gcc.dg/cleanup-10.c execution test FAIL: gcc.dg/cleanup-11.c execution test FAIL: gcc.dg/cleanup-5.c execution test FAIL: gcc.dg/cleanup-8.c execution test FAIL: gcc.dg/cleanup-9.c execution test XPASS: gcc.dg/setjmp-1.c spurious clobbered warning (test for bogus messages, line 16) FAIL: gcc.dg/uninit-H.c (test for bogus messages, line 20) FAIL: gcc.dg/pch/common-1.c (test for excess errors) FAIL: gcc.dg/pch/common-1.c (test for excess errors) FAIL: gcc.dg/pch/common-1.c (test for excess errors) FAIL: gcc.dg/pch/common-1.c (test for excess errors) FAIL: gcc.dg/pch/common-1.c (test for excess errors) FAIL: gcc.dg/pch/common-1.c (test for excess errors) FAIL: gcc.dg/pch/common-1.c (test for excess errors) FAIL: gcc.dg/pch/cpp-1.c (test for excess errors) FAIL: gcc.dg/pch/cpp-1.c (test for excess errors) FAIL: gcc.dg/pch/cpp-1.c (test for excess errors) FAIL: gcc.dg/pch/cpp-1.c (test for excess errors) FAIL: gcc.dg/pch/cpp-1.c (test for excess errors) FAIL: gcc.dg/pch/cpp-1.c (test for excess errors) FAIL: gcc.dg/pch/cpp-1.c (test for excess errors) FAIL: gcc.dg/pch/cpp-2.c (test for excess errors) FAIL: gcc.dg/pch/cpp-2.c (test for excess errors) FAIL: gcc.dg/pch/cpp-2.c (test for excess errors) FAIL: gcc.dg/pch/cpp-2.c (test for excess errors) FAIL: gcc.dg/pch/cpp-2.c (test for excess errors) FAIL: gcc.dg/pch/cpp-2.c (test for excess errors) FAIL: gcc.dg/pch/cpp-2.c (test for excess errors) FAIL: gcc.dg/pch/decl-1.c (test for excess errors) FAIL: gcc.dg/pch/decl-1.c (test for excess errors) FAIL: gcc.dg/pch/decl-1.c (test for excess errors) FAIL: gcc.dg/pch/decl-1.c (test for excess errors) FAIL: gcc.dg/pch/decl-1.c (test for excess errors) FAIL: gcc.dg/pch/decl-1.c (test for excess errors) FAIL: gcc.dg/pch/decl-1.c (test for excess errors) FAIL: gcc.dg/pch/decl-2.c (test for excess errors) FAIL: gcc.dg/pch/decl-2.c (test for excess errors) FAIL: gcc.dg/pch/decl-2.c (test for excess errors) FAIL: gcc.dg/pch/decl-2.c (test for excess errors) FAIL: gcc.dg/pch/decl-2.c (test for excess errors) FAIL: gcc.dg/pch/decl-2.c (test for excess errors) FAIL: gcc.dg/pch/decl-2.c (test for excess errors) FAIL: gcc.dg/pch/decl-3.c (test for excess errors) FAIL: gcc.dg/pch/decl-3.c (test for excess errors) FAIL: gcc.dg/pch/decl-3.c (test for excess errors) FAIL: gcc.dg/pch/decl-3.c (test for excess errors) FAIL: gcc.dg/pch/decl-3.c (test for excess errors) FAIL: gcc.dg/pch/decl-3.c (test for excess errors) FAIL: gcc.dg/pch/decl-3.c (test for excess errors) FAIL: gcc.dg/pch/decl-4.c (test for excess errors) FAIL: gcc.dg/pch/decl-4.c (test for excess errors) FAIL: gcc.dg/pch/decl-4.c (test for excess errors) FAIL: gcc.dg/pch/decl-4.c (test for excess errors) FAIL: gcc.dg/pch/decl-4.c (test for excess errors) FAIL: gcc.dg/pch/decl-4.c (test for excess errors) FAIL: gcc.dg/pch/decl-4.c (test for excess errors) FAIL: gcc.dg/pch/decl-5.c (test for excess errors) FAIL: gcc.dg/pch/decl-5.c (test for excess errors) FAIL: gcc.dg/pch/decl-5.c (test for excess errors) FAIL: gcc.dg/pch/decl-5.c (test for excess errors) FAIL: gcc.dg/pch/decl-5.c (test for excess errors) FAIL: gcc.dg/pch/decl-5.c (test for excess errors) FAIL: gcc.dg/pch/decl-5.c (test for excess errors) FAIL: gcc.dg/pch/empty.c (test for excess errors) FAIL: gcc.dg/pch/empty.c (test for excess errors) FAIL: gcc.dg/pch/empty.c (test for excess errors) FAIL: gcc.dg/pch/empty.c (test for excess errors) FAIL: gcc.dg/pch/empty.c (test for excess errors) FAIL: gcc.dg/pch/empty.c (test for excess errors) FAIL: gcc.dg/pch/empty.c (test for excess errors) FAIL: gcc.dg/pch/except-1.c (test for excess errors) FAIL: gcc.dg/pch/except-1.c (test for excess errors) FAIL: gcc.dg/pch/except-1.c (test for excess errors) FAIL: gcc.dg/pch/except-1.c (test for excess errors) FAIL: gcc.dg/pch/except-1.c (test for excess errors) FAIL: gcc.dg/pch/except-1.c (test for excess errors) FAIL: gcc.dg/pch/except-1.c (test for excess errors) FAIL: gcc.dg/pch/global-1.c (test for excess errors) FAIL: gcc.dg/pch/global-1.c (test for excess errors) FAIL: gcc.dg/pch/global-1.c (test for excess errors) FAIL: gcc.dg/pch/global-1.c (test for excess errors) FAIL: gcc.dg/pch/global-1.c (test for excess errors) FAIL: gcc.dg/pch/global-1.c (test for excess errors) FAIL: gcc.dg/pch/global-1.c (test for excess errors) FAIL: gcc.dg/pch/import-1.c (test for excess errors) FAIL: gcc.dg/pch/import-1.c (test for excess errors) FAIL: gcc.dg/pch/import-1.c (test for excess errors) FAIL: gcc.dg/pch/import-1.c (test for excess errors) FAIL: gcc.dg/pch/import-1.c (test for excess errors) FAIL: gcc.dg/pch/import-1.c (test for excess errors) FAIL: gcc.dg/pch/import-1.c (test for excess errors) FAIL: gcc.dg/pch/inline-1.c (test for excess errors) FAIL: gcc.dg/pch/inline-1.c (test for excess errors) FAIL: gcc.dg/pch/inline-1.c (test for excess errors) FAIL: gcc.dg/pch/inline-1.c (test for excess errors) FAIL: gcc.dg/pch/inline-1.c (test for excess errors) FAIL: gcc.dg/pch/inline-1.c (test for excess errors) FAIL: gcc.dg/pch/inline-1.c (test for excess errors) FAIL: gcc.dg/pch/inline-2.c (test for excess errors) FAIL: gcc.dg/pch/inline-2.c (test for excess errors) FAIL: gcc.dg/pch/inline-2.c (test for excess errors) FAIL: gcc.dg/pch/inline-2.c (test for excess errors) FAIL: gcc.dg/pch/inline-2.c (test for excess errors) FAIL: gcc.dg/pch/inline-2.c (test for excess errors) FAIL: gcc.dg/pch/inline-2.c (test for excess errors) FAIL: gcc.dg/pch/inline-3.c (test for excess errors) FAIL: gcc.dg/pch/inline-3.c (test for excess errors) FAIL: gcc.dg/pch/inline-3.c (test for excess errors) FAIL: gcc.dg/pch/inline-3.c (test for excess errors) FAIL: gcc.dg/pch/inline-3.c (test for excess errors) FAIL: gcc.dg/pch/inline-3.c (test for excess errors) FAIL: gcc.dg/pch/inline-3.c (test for excess errors) FAIL: gcc.dg/pch/inline-4.c (test for excess errors) FAIL: gcc.dg/pch/inline-4.c (test for excess errors) FAIL: gcc.dg/pch/inline-4.c (test for excess errors) FAIL: gcc.dg/pch/inline-4.c (test for excess errors) FAIL: gcc.dg/pch/inline-4.c (test for excess errors) FAIL: gcc.dg/pch/inline-4.c (test for excess errors) FAIL: gcc.dg/pch/inline-4.c (test for excess errors) FAIL: gcc.dg/pch/macro-1.c (test for excess errors) FAIL: gcc.dg/pch/macro-1.c (test for excess errors) FAIL: gcc.dg/pch/macro-1.c (test for excess errors) FAIL: gcc.dg/pch/macro-1.c (test for excess errors) FAIL: gcc.dg/pch/macro-1.c (test for excess errors) FAIL: gcc.dg/pch/macro-1.c (test for excess errors) FAIL: gcc.dg/pch/macro-1.c (test for excess errors) FAIL: gcc.dg/pch/macro-2.c (test for excess errors) FAIL: gcc.dg/pch/macro-2.c (test for excess errors) FAIL: gcc.dg/pch/macro-2.c (test for excess errors) FAIL: gcc.dg/pch/macro-2.c (test for excess errors) FAIL: gcc.dg/pch/macro-2.c (test for excess errors) FAIL: gcc.dg/pch/macro-2.c (test for excess errors) FAIL: gcc.dg/pch/macro-2.c (test for excess errors) FAIL: gcc.dg/pch/macro-3.c (test for excess errors) FAIL: gcc.dg/pch/macro-3.c (test for excess errors) FAIL: gcc.dg/pch/macro-3.c (test for excess errors) FAIL: gcc.dg/pch/macro-3.c (test for excess errors) FAIL: gcc.dg/pch/macro-3.c (test for excess errors) FAIL: gcc.dg/pch/macro-3.c (test for excess errors) FAIL: gcc.dg/pch/macro-3.c (test for excess errors) FAIL: gcc.dg/pch/static-1.c (test for excess errors) FAIL: gcc.dg/pch/static-1.c (test for excess errors) FAIL: gcc.dg/pch/static-1.c (test for excess errors) FAIL: gcc.dg/pch/static-1.c (test for excess errors) FAIL: gcc.dg/pch/static-1.c (test for excess errors) FAIL: gcc.dg/pch/static-1.c (test for excess errors) FAIL: gcc.dg/pch/static-1.c (test for excess errors) FAIL: gcc.dg/pch/static-2.c (test for excess errors) FAIL: gcc.dg/pch/static-2.c (test for excess errors) FAIL: gcc.dg/pch/static-2.c (test for excess errors) FAIL: gcc.dg/pch/static-2.c (test for excess errors) FAIL: gcc.dg/pch/static-2.c (test for excess errors) FAIL: gcc.dg/pch/static-2.c (test for excess errors) FAIL: gcc.dg/pch/static-2.c (test for excess errors) FAIL: gcc.dg/pch/static-3.c (test for excess errors) FAIL: gcc.dg/pch/static-3.c (test for excess errors) FAIL: gcc.dg/pch/static-3.c (test for excess errors) FAIL: gcc.dg/pch/static-3.c (test for excess errors) FAIL: gcc.dg/pch/static-3.c (test for excess errors) FAIL: gcc.dg/pch/static-3.c (test for excess errors) FAIL: gcc.dg/pch/static-3.c (test for excess errors) FAIL: gcc.dg/pch/system-1.c (test for excess errors) FAIL: gcc.dg/pch/system-1.c (test for excess errors) FAIL: gcc.dg/pch/system-1.c (test for excess errors) FAIL: gcc.dg/pch/system-1.c (test for excess errors) FAIL: gcc.dg/pch/system-1.c (test for excess errors) FAIL: gcc.dg/pch/system-1.c (test for excess errors) FAIL: gcc.dg/pch/system-1.c (test for excess errors) FAIL: gcc.dg/pch/valid-1b.c (test for excess errors) FAIL: gcc.dg/pch/valid-1b.c (test for excess errors) FAIL: gcc.dg/pch/valid-1b.c (test for excess errors) FAIL: gcc.dg/pch/valid-1b.c (test for excess errors) FAIL: gcc.dg/pch/valid-1b.c (test for excess errors) FAIL: gcc.dg/pch/valid-1b.c (test for excess errors) FAIL: gcc.dg/pch/valid-1b.c (test for excess errors) FAIL: gcc.dg/pch/valid-4.c (test for errors, line 5) FAIL: gcc.dg/pch/valid-4.c (test for excess errors) FAIL: gcc.dg/pch/valid-4.c (test for errors, line 5) FAIL: gcc.dg/pch/valid-4.c (test for excess errors) FAIL: gcc.dg/pch/valid-4.c (test for errors, line 5) FAIL: gcc.dg/pch/valid-4.c (test for excess errors) FAIL: gcc.dg/pch/valid-4.c (test for errors, line 5) FAIL: gcc.dg/pch/valid-4.c (test for excess errors) FAIL: gcc.dg/pch/valid-4.c (test for errors, line 5) FAIL: gcc.dg/pch/valid-4.c (test for excess errors) FAIL: gcc.dg/pch/valid-4.c (test for errors, line 5) FAIL: gcc.dg/pch/valid-4.c (test for excess errors) FAIL: gcc.dg/pch/valid-4.c (test for errors, line 5) FAIL: gcc.dg/pch/valid-4.c (test for excess errors) FAIL: gcc.dg/pch/valid-5.c (test for excess errors) FAIL: gcc.dg/pch/valid-5.c (test for excess errors) FAIL: gcc.dg/pch/valid-5.c (test for excess errors) FAIL: gcc.dg/pch/valid-5.c (test for excess errors) FAIL: gcc.dg/pch/valid-5.c (test for excess errors) FAIL: gcc.dg/pch/valid-5.c (test for excess errors) FAIL: gcc.dg/pch/valid-5.c (test for excess errors) FAIL: gcc.dg/pch/valid-6.c (test for excess errors) FAIL: gcc.dg/pch/valid-6.c -O0 -g assembly comparison FAIL: gcc.dg/pch/valid-6.c (test for excess errors) FAIL: gcc.dg/pch/valid-6.c -O0 assembly comparison FAIL: gcc.dg/pch/valid-6.c (test for excess errors) FAIL: gcc.dg/pch/valid-6.c -O1 assembly comparison FAIL: gcc.dg/pch/valid-6.c (test for excess errors) FAIL: gcc.dg/pch/valid-6.c -O2 assembly comparison FAIL: gcc.dg/pch/valid-6.c (test for excess errors) FAIL: gcc.dg/pch/valid-6.c -O3 -fomit-frame-pointer assembly comparison FAIL: gcc.dg/pch/valid-6.c (test for excess errors) FAIL: gcc.dg/pch/valid-6.c -O3 -g assembly comparison FAIL: gcc.dg/pch/valid-6.c (test for excess errors) FAIL: gcc.dg/pch/valid-6.c -Os assembly comparison FAIL: largefile.c (test for excess errors) FAIL: largefile.c (test for excess errors) FAIL: largefile.c (test for excess errors) FAIL: largefile.c (test for excess errors) FAIL: largefile.c (test for excess errors) FAIL: largefile.c (test for excess errors) FAIL: largefile.c (test for excess errors) FAIL: gcc.dg/torture/builtin-convert-1.c (test for excess errors) FAIL: gcc.dg/torture/builtin-convert-1.c (test for excess errors) FAIL: gcc.dg/torture/builtin-convert-1.c (test for excess errors) FAIL: gcc.dg/torture/builtin-convert-1.c (test for excess errors) FAIL: gcc.dg/torture/builtin-convert-1.c (test for excess errors) FAIL: gcc.dg/torture/builtin-convert-2.c (test for excess errors) FAIL: gcc.dg/torture/builtin-convert-2.c (test for excess errors) FAIL: gcc.dg/torture/builtin-convert-2.c (test for excess errors) FAIL: gcc.dg/torture/builtin-convert-2.c (test for excess errors) FAIL: gcc.dg/torture/builtin-convert-2.c (test for excess errors) FAIL: gcc.dg/torture/builtin-convert-3.c (test for excess errors) FAIL: gcc.dg/torture/builtin-convert-3.c (test for excess errors) FAIL: gcc.dg/torture/builtin-convert-3.c (test for excess errors) FAIL: gcc.dg/torture/builtin-convert-3.c (test for excess errors) FAIL: gcc.dg/torture/builtin-convert-3.c (test for excess errors) FAIL: gcc.dg/torture/builtin-power-1.c (test for excess errors) FAIL: gcc.dg/torture/builtin-power-1.c (test for excess errors) FAIL: gcc.dg/torture/builtin-power-1.c (test for excess errors) FAIL: gcc.dg/torture/builtin-power-1.c (test for excess errors) FAIL: gcc.dg/torture/builtin-power-1.c (test for excess errors) FAIL: gcc.dg/torture/builtin-power-1.c (test for excess errors) FAIL: 209: expected branch percentages not found: 25 FAIL: gcc.misc-tests/gcov-4b.c gcov: 0 failures in line counts, 1 in branch percentages, 0 in return percentages === gcc Summary for unix/-m32 === # of expected passes 25170 # of unexpected failures 261 # of unexpected successes 1 # of expected failures 64 # of untested testcases 217 # of unsupported tests 333 Running target unix/-fPIC FAIL: gcc.c-torture/compile/20021108-1.c (test for excess errors) FAIL: gcc.c-torture/compile/20021108-1.c (test for excess errors) FAIL: gcc.c-torture/compile/20021108-1.c (test for excess errors) FAIL: gcc.c-torture/compile/20021108-1.c (test for excess errors) FAIL: gcc.c-torture/compile/20021108-1.c (test for excess errors) FAIL: gcc.c-torture/compile/labels-1.c (test for excess errors) FAIL: gcc.c-torture/compile/labels-1.c (test for excess errors) FAIL: gcc.c-torture/compile/labels-1.c (test for excess errors) FAIL: gcc.c-torture/compile/labels-1.c (test for excess errors) FAIL: gcc.c-torture/compile/labels-1.c (test for excess errors) FAIL: gcc.c-torture/compile/labels-2.c (test for excess errors) FAIL: gcc.c-torture/compile/labels-2.c (test for excess errors) FAIL: gcc.c-torture/compile/labels-2.c (test for excess errors) FAIL: gcc.c-torture/compile/labels-2.c (test for excess errors) FAIL: gcc.c-torture/compile/labels-2.c (test for excess errors) FAIL: gcc.c-torture/execute/builtins/string-asm-2.c execution, -O1 FAIL: gcc.c-torture/execute/builtins/string-asm-2.c execution, -O2 FAIL: gcc.c-torture/execute/builtins/string-asm-2.c execution, -O3 -fomit-frame-pointer FAIL: gcc.c-torture/execute/builtins/string-asm-2.c execution, -O3 -g FAIL: gcc.c-torture/execute/builtins/string-asm-2.c execution, -Os UNRESOLVED: gcc.c-torture/execute/20020720-1.c execution, -O1 UNRESOLVED: gcc.c-torture/execute/20020720-1.c execution, -O2 UNRESOLVED: gcc.c-torture/execute/20020720-1.c execution, -O3 -fomit-frame-pointer UNRESOLVED: gcc.c-torture/execute/20020720-1.c execution, -O3 -g UNRESOLVED: gcc.c-torture/execute/20020720-1.c execution, -Os FAIL: gcc.c-torture/execute/20030125-1.c execution, -O1 FAIL: gcc.c-torture/execute/20030125-1.c execution, -O2 FAIL: gcc.c-torture/execute/20030125-1.c execution, -O3 -fomit-frame-pointer FAIL: gcc.c-torture/execute/20030125-1.c execution, -O3 -g FAIL: gcc.c-torture/execute/20030125-1.c execution, -Os FAIL: gcc.c-torture/execute/conversion.c execution, -O0 FAIL: gcc.c-torture/execute/conversion.c execution, -O1 FAIL: gcc.c-torture/execute/conversion.c execution, -O2 FAIL: gcc.c-torture/execute/conversion.c execution, -O3 -fomit-frame-pointer FAIL: gcc.c-torture/execute/conversion.c execution, -O3 -g FAIL: gcc.c-torture/execute/conversion.c execution, -Os FAIL: gcc.c-torture/execute/simd-5.c compilation, -O0 UNRESOLVED: gcc.c-torture/execute/simd-5.c execution, -O0 FAIL: gcc.c-torture/execute/strncmp-1.c execution, -O0 FAIL: gcc.c-torture/execute/strncmp-1.c execution, -O1 FAIL: gcc.c-torture/execute/strncmp-1.c execution, -O2 FAIL: gcc.c-torture/execute/strncmp-1.c execution, -O3 -fomit-frame-pointer FAIL: gcc.c-torture/execute/strncmp-1.c execution, -O3 -fomit-frame-pointer -funroll-loops FAIL: gcc.c-torture/execute/strncmp-1.c execution, -O3 -fomit-frame-pointer -funroll-all-loops -finline-functions FAIL: gcc.c-torture/execute/strncmp-1.c execution, -O3 -g FAIL: gcc.c-torture/execute/strncmp-1.c execution, -Os FAIL: gcc.dg/debug/dwarf2/dwarf-die7.c scan-assembler 1.*DW_AT_inline FAIL: gcc.dg/20020425-1.c (test for excess errors) FAIL: gcc.dg/20021014-1.c execution test FAIL: gcc.dg/builtins-18.c (test for excess errors) FAIL: gcc.dg/builtins-20.c (test for excess errors) FAIL: gcc.dg/c90-const-expr-3.c (test for excess errors) FAIL: gcc.dg/c99-const-expr-3.c (test for excess errors) FAIL: gcc.dg/cleanup-10.c execution test FAIL: gcc.dg/cleanup-11.c execution test FAIL: gcc.dg/cleanup-5.c execution test FAIL: gcc.dg/cleanup-8.c execution test FAIL: gcc.dg/cleanup-9.c execution test FAIL: gcc.dg/nest.c execution test XPASS: gcc.dg/setjmp-1.c spurious clobbered warning (test for bogus messages, line 16) FAIL: gcc.dg/uninit-H.c (test for bogus messages, line 20) FAIL: gcc.dg/pch/common-1.c (test for excess errors) FAIL: gcc.dg/pch/common-1.c (test for excess errors) FAIL: gcc.dg/pch/common-1.c (test for excess errors) FAIL: gcc.dg/pch/common-1.c (test for excess errors) FAIL: gcc.dg/pch/common-1.c (test for excess errors) FAIL: gcc.dg/pch/common-1.c (test for excess errors) FAIL: gcc.dg/pch/common-1.c (test for excess errors) FAIL: gcc.dg/pch/cpp-1.c (test for excess errors) FAIL: gcc.dg/pch/cpp-1.c (test for excess errors) FAIL: gcc.dg/pch/cpp-1.c (test for excess errors) FAIL: gcc.dg/pch/cpp-1.c (test for excess errors) FAIL: gcc.dg/pch/cpp-1.c (test for excess errors) FAIL: gcc.dg/pch/cpp-1.c (test for excess errors) FAIL: gcc.dg/pch/cpp-1.c (test for excess errors) FAIL: gcc.dg/pch/cpp-2.c (test for excess errors) FAIL: gcc.dg/pch/cpp-2.c (test for excess errors) FAIL: gcc.dg/pch/cpp-2.c (test for excess errors) FAIL: gcc.dg/pch/cpp-2.c (test for excess errors) FAIL: gcc.dg/pch/cpp-2.c (test for excess errors) FAIL: gcc.dg/pch/cpp-2.c (test for excess errors) FAIL: gcc.dg/pch/cpp-2.c (test for excess errors) FAIL: gcc.dg/pch/decl-1.c (test for excess errors) FAIL: gcc.dg/pch/decl-1.c (test for excess errors) FAIL: gcc.dg/pch/decl-1.c (test for excess errors) FAIL: gcc.dg/pch/decl-1.c (test for excess errors) FAIL: gcc.dg/pch/decl-1.c (test for excess errors) FAIL: gcc.dg/pch/decl-1.c (test for excess errors) FAIL: gcc.dg/pch/decl-1.c (test for excess errors) FAIL: gcc.dg/pch/decl-2.c (test for excess errors) FAIL: gcc.dg/pch/decl-2.c (test for excess errors) FAIL: gcc.dg/pch/decl-2.c (test for excess errors) FAIL: gcc.dg/pch/decl-2.c (test for excess errors) FAIL: gcc.dg/pch/decl-2.c (test for excess errors) FAIL: gcc.dg/pch/decl-2.c (test for excess errors) FAIL: gcc.dg/pch/decl-2.c (test for excess errors) FAIL: gcc.dg/pch/decl-3.c (test for excess errors) FAIL: gcc.dg/pch/decl-3.c (test for excess errors) FAIL: gcc.dg/pch/decl-3.c (test for excess errors) FAIL: gcc.dg/pch/decl-3.c (test for excess errors) FAIL: gcc.dg/pch/decl-3.c (test for excess errors) FAIL: gcc.dg/pch/decl-3.c (test for excess errors) FAIL: gcc.dg/pch/decl-3.c (test for excess errors) FAIL: gcc.dg/pch/decl-4.c (test for excess errors) FAIL: gcc.dg/pch/decl-4.c (test for excess errors) FAIL: gcc.dg/pch/decl-4.c (test for excess errors) FAIL: gcc.dg/pch/decl-4.c (test for excess errors) FAIL: gcc.dg/pch/decl-4.c (test for excess errors) FAIL: gcc.dg/pch/decl-4.c (test for excess errors) FAIL: gcc.dg/pch/decl-4.c (test for excess errors) FAIL: gcc.dg/pch/decl-5.c (test for excess errors) FAIL: gcc.dg/pch/decl-5.c (test for excess errors) FAIL: gcc.dg/pch/decl-5.c (test for excess errors) FAIL: gcc.dg/pch/decl-5.c (test for excess errors) FAIL: gcc.dg/pch/decl-5.c (test for excess errors) FAIL: gcc.dg/pch/decl-5.c (test for excess errors) FAIL: gcc.dg/pch/decl-5.c (test for excess errors) FAIL: gcc.dg/pch/empty.c (test for excess errors) FAIL: gcc.dg/pch/empty.c (test for excess errors) FAIL: gcc.dg/pch/empty.c (test for excess errors) FAIL: gcc.dg/pch/empty.c (test for excess errors) FAIL: gcc.dg/pch/empty.c (test for excess errors) FAIL: gcc.dg/pch/empty.c (test for excess errors) FAIL: gcc.dg/pch/empty.c (test for excess errors) FAIL: gcc.dg/pch/except-1.c (test for excess errors) FAIL: gcc.dg/pch/except-1.c (test for excess errors) FAIL: gcc.dg/pch/except-1.c (test for excess errors) FAIL: gcc.dg/pch/except-1.c (test for excess errors) FAIL: gcc.dg/pch/except-1.c (test for excess errors) FAIL: gcc.dg/pch/except-1.c (test for excess errors) FAIL: gcc.dg/pch/except-1.c (test for excess errors) FAIL: gcc.dg/pch/global-1.c (test for excess errors) FAIL: gcc.dg/pch/global-1.c (test for excess errors) FAIL: gcc.dg/pch/global-1.c (test for excess errors) FAIL: gcc.dg/pch/global-1.c (test for excess errors) FAIL: gcc.dg/pch/global-1.c (test for excess errors) FAIL: gcc.dg/pch/global-1.c (test for excess errors) FAIL: gcc.dg/pch/global-1.c (test for excess errors) FAIL: gcc.dg/pch/import-1.c (test for excess errors) FAIL: gcc.dg/pch/import-1.c (test for excess errors) FAIL: gcc.dg/pch/import-1.c (test for excess errors) FAIL: gcc.dg/pch/import-1.c (test for excess errors) FAIL: gcc.dg/pch/import-1.c (test for excess errors) FAIL: gcc.dg/pch/import-1.c (test for excess errors) FAIL: gcc.dg/pch/import-1.c (test for excess errors) FAIL: gcc.dg/pch/inline-1.c (test for excess errors) FAIL: gcc.dg/pch/inline-1.c (test for excess errors) FAIL: gcc.dg/pch/inline-1.c (test for excess errors) FAIL: gcc.dg/pch/inline-1.c (test for excess errors) FAIL: gcc.dg/pch/inline-1.c (test for excess errors) FAIL: gcc.dg/pch/inline-1.c (test for excess errors) FAIL: gcc.dg/pch/inline-1.c (test for excess errors) FAIL: gcc.dg/pch/inline-2.c (test for excess errors) FAIL: gcc.dg/pch/inline-2.c (test for excess errors) FAIL: gcc.dg/pch/inline-2.c (test for excess errors) FAIL: gcc.dg/pch/inline-2.c (test for excess errors) FAIL: gcc.dg/pch/inline-2.c (test for excess errors) FAIL: gcc.dg/pch/inline-2.c (test for excess errors) FAIL: gcc.dg/pch/inline-2.c (test for excess errors) FAIL: gcc.dg/pch/inline-3.c (test for excess errors) FAIL: gcc.dg/pch/inline-3.c (test for excess errors) FAIL: gcc.dg/pch/inline-3.c (test for excess errors) FAIL: gcc.dg/pch/inline-3.c (test for excess errors) FAIL: gcc.dg/pch/inline-3.c (test for excess errors) FAIL: gcc.dg/pch/inline-3.c (test for excess errors) FAIL: gcc.dg/pch/inline-3.c (test for excess errors) FAIL: gcc.dg/pch/inline-4.c (test for excess errors) FAIL: gcc.dg/pch/inline-4.c (test for excess errors) FAIL: gcc.dg/pch/inline-4.c (test for excess errors) FAIL: gcc.dg/pch/inline-4.c (test for excess errors) FAIL: gcc.dg/pch/inline-4.c (test for excess errors) FAIL: gcc.dg/pch/inline-4.c (test for excess errors) FAIL: gcc.dg/pch/inline-4.c (test for excess errors) FAIL: gcc.dg/pch/macro-1.c (test for excess errors) FAIL: gcc.dg/pch/macro-1.c (test for excess errors) FAIL: gcc.dg/pch/macro-1.c (test for excess errors) FAIL: gcc.dg/pch/macro-1.c (test for excess errors) FAIL: gcc.dg/pch/macro-1.c (test for excess errors) FAIL: gcc.dg/pch/macro-1.c (test for excess errors) FAIL: gcc.dg/pch/macro-1.c (test for excess errors) FAIL: gcc.dg/pch/macro-2.c (test for excess errors) FAIL: gcc.dg/pch/macro-2.c (test for excess errors) FAIL: gcc.dg/pch/macro-2.c (test for excess errors) FAIL: gcc.dg/pch/macro-2.c (test for excess errors) FAIL: gcc.dg/pch/macro-2.c (test for excess errors) FAIL: gcc.dg/pch/macro-2.c (test for excess errors) FAIL: gcc.dg/pch/macro-2.c (test for excess errors) FAIL: gcc.dg/pch/macro-3.c (test for excess errors) FAIL: gcc.dg/pch/macro-3.c (test for excess errors) FAIL: gcc.dg/pch/macro-3.c (test for excess errors) FAIL: gcc.dg/pch/macro-3.c (test for excess errors) FAIL: gcc.dg/pch/macro-3.c (test for excess errors) FAIL: gcc.dg/pch/macro-3.c (test for excess errors) FAIL: gcc.dg/pch/macro-3.c (test for excess errors) FAIL: gcc.dg/pch/static-1.c (test for excess errors) FAIL: gcc.dg/pch/static-1.c (test for excess errors) FAIL: gcc.dg/pch/static-1.c (test for excess errors) FAIL: gcc.dg/pch/static-1.c (test for excess errors) FAIL: gcc.dg/pch/static-1.c (test for excess errors) FAIL: gcc.dg/pch/static-1.c (test for excess errors) FAIL: gcc.dg/pch/static-1.c (test for excess errors) FAIL: gcc.dg/pch/static-2.c (test for excess errors) FAIL: gcc.dg/pch/static-2.c (test for excess errors) FAIL: gcc.dg/pch/static-2.c (test for excess errors) FAIL: gcc.dg/pch/static-2.c (test for excess errors) FAIL: gcc.dg/pch/static-2.c (test for excess errors) FAIL: gcc.dg/pch/static-2.c (test for excess errors) FAIL: gcc.dg/pch/static-2.c (test for excess errors) FAIL: gcc.dg/pch/static-3.c (test for excess errors) FAIL: gcc.dg/pch/static-3.c (test for excess errors) FAIL: gcc.dg/pch/static-3.c (test for excess errors) FAIL: gcc.dg/pch/static-3.c (test for excess errors) FAIL: gcc.dg/pch/static-3.c (test for excess errors) FAIL: gcc.dg/pch/static-3.c (test for excess errors) FAIL: gcc.dg/pch/static-3.c (test for excess errors) FAIL: gcc.dg/pch/system-1.c (test for excess errors) FAIL: gcc.dg/pch/system-1.c (test for excess errors) FAIL: gcc.dg/pch/system-1.c (test for excess errors) FAIL: gcc.dg/pch/system-1.c (test for excess errors) FAIL: gcc.dg/pch/system-1.c (test for excess errors) FAIL: gcc.dg/pch/system-1.c (test for excess errors) FAIL: gcc.dg/pch/system-1.c (test for excess errors) FAIL: gcc.dg/pch/valid-1b.c (test for excess errors) FAIL: gcc.dg/pch/valid-1b.c (test for excess errors) FAIL: gcc.dg/pch/valid-1b.c (test for excess errors) FAIL: gcc.dg/pch/valid-1b.c (test for excess errors) FAIL: gcc.dg/pch/valid-1b.c (test for excess errors) FAIL: gcc.dg/pch/valid-1b.c (test for excess errors) FAIL: gcc.dg/pch/valid-1b.c (test for excess errors) FAIL: gcc.dg/pch/valid-4.c (test for errors, line 5) FAIL: gcc.dg/pch/valid-4.c (test for excess errors) FAIL: gcc.dg/pch/valid-4.c (test for errors, line 5) FAIL: gcc.dg/pch/valid-4.c (test for excess errors) FAIL: gcc.dg/pch/valid-4.c (test for errors, line 5) FAIL: gcc.dg/pch/valid-4.c (test for excess errors) FAIL: gcc.dg/pch/valid-4.c (test for errors, line 5) FAIL: gcc.dg/pch/valid-4.c (test for excess errors) FAIL: gcc.dg/pch/valid-4.c (test for errors, line 5) FAIL: gcc.dg/pch/valid-4.c (test for excess errors) FAIL: gcc.dg/pch/valid-4.c (test for errors, line 5) FAIL: gcc.dg/pch/valid-4.c (test for excess errors) FAIL: gcc.dg/pch/valid-4.c (test for errors, line 5) FAIL: gcc.dg/pch/valid-4.c (test for excess errors) FAIL: gcc.dg/pch/valid-5.c (test for excess errors) FAIL: gcc.dg/pch/valid-5.c (test for excess errors) FAIL: gcc.dg/pch/valid-5.c (test for excess errors) FAIL: gcc.dg/pch/valid-5.c (test for excess errors) FAIL: gcc.dg/pch/valid-5.c (test for excess errors) FAIL: gcc.dg/pch/valid-5.c (test for excess errors) FAIL: gcc.dg/pch/valid-5.c (test for excess errors) FAIL: gcc.dg/pch/valid-6.c (test for excess errors) FAIL: gcc.dg/pch/valid-6.c -O0 -g assembly comparison FAIL: gcc.dg/pch/valid-6.c (test for excess errors) FAIL: gcc.dg/pch/valid-6.c -O0 assembly comparison FAIL: gcc.dg/pch/valid-6.c (test for excess errors) FAIL: gcc.dg/pch/valid-6.c -O1 assembly comparison FAIL: gcc.dg/pch/valid-6.c (test for excess errors) FAIL: gcc.dg/pch/valid-6.c -O2 assembly comparison FAIL: gcc.dg/pch/valid-6.c (test for excess errors) FAIL: gcc.dg/pch/valid-6.c -O3 -fomit-frame-pointer assembly comparison FAIL: gcc.dg/pch/valid-6.c (test for excess errors) FAIL: gcc.dg/pch/valid-6.c -O3 -g assembly comparison FAIL: gcc.dg/pch/valid-6.c (test for excess errors) FAIL: gcc.dg/pch/valid-6.c -Os assembly comparison FAIL: largefile.c (test for excess errors) FAIL: largefile.c (test for excess errors) FAIL: largefile.c (test for excess errors) FAIL: largefile.c (test for excess errors) FAIL: largefile.c (test for excess errors) FAIL: largefile.c (test for excess errors) FAIL: largefile.c (test for excess errors) FAIL: gcc.dg/special/gcsec-1.c (test for excess errors) FAIL: gcc.dg/tls/alias-1.c (test for excess errors) FAIL: gcc.dg/tls/opt-2.c (test for excess errors) FAIL: gcc.dg/torture/builtin-convert-1.c (test for excess errors) FAIL: gcc.dg/torture/builtin-convert-1.c (test for excess errors) FAIL: gcc.dg/torture/builtin-convert-1.c (test for excess errors) FAIL: gcc.dg/torture/builtin-convert-1.c (test for excess errors) FAIL: gcc.dg/torture/builtin-convert-1.c (test for excess errors) FAIL: gcc.dg/torture/builtin-convert-2.c (test for excess errors) FAIL: gcc.dg/torture/builtin-convert-2.c (test for excess errors) FAIL: gcc.dg/torture/builtin-convert-2.c (test for excess errors) FAIL: gcc.dg/torture/builtin-convert-2.c (test for excess errors) FAIL: gcc.dg/torture/builtin-convert-2.c (test for excess errors) FAIL: gcc.dg/torture/builtin-convert-3.c (test for excess errors) FAIL: gcc.dg/torture/builtin-convert-3.c (test for excess errors) FAIL: gcc.dg/torture/builtin-convert-3.c (test for excess errors) FAIL: gcc.dg/torture/builtin-convert-3.c (test for excess errors) FAIL: gcc.dg/torture/builtin-convert-3.c (test for excess errors) FAIL: gcc.dg/torture/builtin-power-1.c (test for excess errors) FAIL: gcc.dg/torture/builtin-power-1.c (test for excess errors) FAIL: gcc.dg/torture/builtin-power-1.c (test for excess errors) FAIL: gcc.dg/torture/builtin-power-1.c (test for excess errors) FAIL: gcc.dg/torture/builtin-power-1.c (test for excess errors) FAIL: gcc.dg/torture/builtin-power-1.c (test for excess errors) FAIL: gcc.dg/tree-ssa/ssa-dce-2.c scan-tree-dump-times if 0 FAIL: 209: expected branch percentages not found: 25 FAIL: gcc.misc-tests/gcov-4b.c gcov: 0 failures in line counts, 1 in branch percentages, 0 in return percentages FAIL: linkage.c === gcc Summary for unix/-fPIC === # of expected passes 25122 # of unexpected failures 292 # of unexpected successes 1 # of expected failures 75 # of unresolved testcases 6 # of untested testcases 217 # of unsupported tests 333 Running target unix FAIL: gcc.c-torture/execute/builtins/string-asm-2.c execution, -O1 FAIL: gcc.c-torture/execute/builtins/string-asm-2.c execution, -O2 FAIL: gcc.c-torture/execute/builtins/string-asm-2.c execution, -O3 -fomit-frame-pointer FAIL: gcc.c-torture/execute/builtins/string-asm-2.c execution, -O3 -g FAIL: gcc.c-torture/execute/builtins/string-asm-2.c execution, -Os FAIL: gcc.c-torture/execute/20030125-1.c execution, -O1 FAIL: gcc.c-torture/execute/20030125-1.c execution, -O2 FAIL: gcc.c-torture/execute/20030125-1.c execution, -Os FAIL: gcc.c-torture/execute/conversion.c execution, -O0 FAIL: gcc.c-torture/execute/conversion.c execution, -O1 FAIL: gcc.c-torture/execute/conversion.c execution, -O2 FAIL: gcc.c-torture/execute/simd-5.c compilation, -O0 UNRESOLVED: gcc.c-torture/execute/simd-5.c execution, -O0 FAIL: gcc.c-torture/execute/strncmp-1.c execution, -O0 FAIL: gcc.c-torture/execute/strncmp-1.c execution, -O1 FAIL: gcc.c-torture/execute/strncmp-1.c execution, -O2 FAIL: gcc.c-torture/execute/strncmp-1.c execution, -O3 -fomit-frame-pointer FAIL: gcc.c-torture/execute/strncmp-1.c execution, -O3 -fomit-frame-pointer -funroll-loops FAIL: gcc.c-torture/execute/strncmp-1.c execution, -O3 -fomit-frame-pointer -funroll-all-loops -finline-functions FAIL: gcc.c-torture/execute/strncmp-1.c execution, -O3 -g FAIL: gcc.c-torture/execute/strncmp-1.c execution, -Os FAIL: gcc.dg/debug/dwarf2/dwarf-die7.c scan-assembler 1.*DW_AT_inline FAIL: gcc.dg/20020425-1.c (test for excess errors) FAIL: gcc.dg/20021014-1.c execution test FAIL: gcc.dg/builtins-18.c (test for excess errors) FAIL: gcc.dg/builtins-20.c (test for excess errors) FAIL: gcc.dg/c90-const-expr-3.c (test for excess errors) FAIL: gcc.dg/c99-const-expr-3.c (test for excess errors) FAIL: gcc.dg/cleanup-10.c execution test FAIL: gcc.dg/cleanup-11.c execution test FAIL: gcc.dg/cleanup-5.c execution test FAIL: gcc.dg/cleanup-8.c execution test FAIL: gcc.dg/cleanup-9.c execution test FAIL: gcc.dg/nest.c execution test XPASS: gcc.dg/setjmp-1.c spurious clobbered warning (test for bogus messages, line 16) FAIL: gcc.dg/uninit-H.c (test for bogus messages, line 20) FAIL: gcc.dg/pch/common-1.c (test for excess errors) FAIL: gcc.dg/pch/common-1.c (test for excess errors) FAIL: gcc.dg/pch/common-1.c (test for excess errors) FAIL: gcc.dg/pch/common-1.c (test for excess errors) FAIL: gcc.dg/pch/common-1.c (test for excess errors) FAIL: gcc.dg/pch/common-1.c (test for excess errors) FAIL: gcc.dg/pch/common-1.c (test for excess errors) FAIL: gcc.dg/pch/cpp-1.c (test for excess errors) FAIL: gcc.dg/pch/cpp-1.c (test for excess errors) FAIL: gcc.dg/pch/cpp-1.c (test for excess errors) FAIL: gcc.dg/pch/cpp-1.c (test for excess errors) FAIL: gcc.dg/pch/cpp-1.c (test for excess errors) FAIL: gcc.dg/pch/cpp-1.c (test for excess errors) FAIL: gcc.dg/pch/cpp-1.c (test for excess errors) FAIL: gcc.dg/pch/cpp-2.c (test for excess errors) FAIL: gcc.dg/pch/cpp-2.c (test for excess errors) FAIL: gcc.dg/pch/cpp-2.c (test for excess errors) FAIL: gcc.dg/pch/cpp-2.c (test for excess errors) FAIL: gcc.dg/pch/cpp-2.c (test for excess errors) FAIL: gcc.dg/pch/cpp-2.c (test for excess errors) FAIL: gcc.dg/pch/cpp-2.c (test for excess errors) FAIL: gcc.dg/pch/decl-1.c (test for excess errors) FAIL: gcc.dg/pch/decl-1.c (test for excess errors) FAIL: gcc.dg/pch/decl-1.c (test for excess errors) FAIL: gcc.dg/pch/decl-1.c (test for excess errors) FAIL: gcc.dg/pch/decl-1.c (test for excess errors) FAIL: gcc.dg/pch/decl-1.c (test for excess errors) FAIL: gcc.dg/pch/decl-1.c (test for excess errors) FAIL: gcc.dg/pch/decl-2.c (test for excess errors) FAIL: gcc.dg/pch/decl-2.c (test for excess errors) FAIL: gcc.dg/pch/decl-2.c (test for excess errors) FAIL: gcc.dg/pch/decl-2.c (test for excess errors) FAIL: gcc.dg/pch/decl-2.c (test for excess errors) FAIL: gcc.dg/pch/decl-2.c (test for excess errors) FAIL: gcc.dg/pch/decl-2.c (test for excess errors) FAIL: gcc.dg/pch/decl-3.c (test for excess errors) FAIL: gcc.dg/pch/decl-3.c (test for excess errors) FAIL: gcc.dg/pch/decl-3.c (test for excess errors) FAIL: gcc.dg/pch/decl-3.c (test for excess errors) FAIL: gcc.dg/pch/decl-3.c (test for excess errors) FAIL: gcc.dg/pch/decl-3.c (test for excess errors) FAIL: gcc.dg/pch/decl-3.c (test for excess errors) FAIL: gcc.dg/pch/decl-4.c (test for excess errors) FAIL: gcc.dg/pch/decl-4.c (test for excess errors) FAIL: gcc.dg/pch/decl-4.c (test for excess errors) FAIL: gcc.dg/pch/decl-4.c (test for excess errors) FAIL: gcc.dg/pch/decl-4.c (test for excess errors) FAIL: gcc.dg/pch/decl-4.c (test for excess errors) FAIL: gcc.dg/pch/decl-4.c (test for excess errors) FAIL: gcc.dg/pch/decl-5.c (test for excess errors) FAIL: gcc.dg/pch/decl-5.c (test for excess errors) FAIL: gcc.dg/pch/decl-5.c (test for excess errors) FAIL: gcc.dg/pch/decl-5.c (test for excess errors) FAIL: gcc.dg/pch/decl-5.c (test for excess errors) FAIL: gcc.dg/pch/decl-5.c (test for excess errors) FAIL: gcc.dg/pch/decl-5.c (test for excess errors) FAIL: gcc.dg/pch/empty.c (test for excess errors) FAIL: gcc.dg/pch/empty.c (test for excess errors) FAIL: gcc.dg/pch/empty.c (test for excess errors) FAIL: gcc.dg/pch/empty.c (test for excess errors) FAIL: gcc.dg/pch/empty.c (test for excess errors) FAIL: gcc.dg/pch/empty.c (test for excess errors) FAIL: gcc.dg/pch/empty.c (test for excess errors) FAIL: gcc.dg/pch/except-1.c (test for excess errors) FAIL: gcc.dg/pch/except-1.c (test for excess errors) FAIL: gcc.dg/pch/except-1.c (test for excess errors) FAIL: gcc.dg/pch/except-1.c (test for excess errors) FAIL: gcc.dg/pch/except-1.c (test for excess errors) FAIL: gcc.dg/pch/except-1.c (test for excess errors) FAIL: gcc.dg/pch/except-1.c (test for excess errors) FAIL: gcc.dg/pch/global-1.c (test for excess errors) FAIL: gcc.dg/pch/global-1.c (test for excess errors) FAIL: gcc.dg/pch/global-1.c (test for excess errors) FAIL: gcc.dg/pch/global-1.c (test for excess errors) FAIL: gcc.dg/pch/global-1.c (test for excess errors) FAIL: gcc.dg/pch/global-1.c (test for excess errors) FAIL: gcc.dg/pch/global-1.c (test for excess errors) FAIL: gcc.dg/pch/import-1.c (test for excess errors) FAIL: gcc.dg/pch/import-1.c (test for excess errors) FAIL: gcc.dg/pch/import-1.c (test for excess errors) FAIL: gcc.dg/pch/import-1.c (test for excess errors) FAIL: gcc.dg/pch/import-1.c (test for excess errors) FAIL: gcc.dg/pch/import-1.c (test for excess errors) FAIL: gcc.dg/pch/import-1.c (test for excess errors) FAIL: gcc.dg/pch/inline-1.c (test for excess errors) FAIL: gcc.dg/pch/inline-1.c (test for excess errors) FAIL: gcc.dg/pch/inline-1.c (test for excess errors) FAIL: gcc.dg/pch/inline-1.c (test for excess errors) FAIL: gcc.dg/pch/inline-1.c (test for excess errors) FAIL: gcc.dg/pch/inline-1.c (test for excess errors) FAIL: gcc.dg/pch/inline-1.c (test for excess errors) FAIL: gcc.dg/pch/inline-2.c (test for excess errors) FAIL: gcc.dg/pch/inline-2.c (test for excess errors) FAIL: gcc.dg/pch/inline-2.c (test for excess errors) FAIL: gcc.dg/pch/inline-2.c (test for excess errors) FAIL: gcc.dg/pch/inline-2.c (test for excess errors) FAIL: gcc.dg/pch/inline-2.c (test for excess errors) FAIL: gcc.dg/pch/inline-2.c (test for excess errors) FAIL: gcc.dg/pch/inline-3.c (test for excess errors) FAIL: gcc.dg/pch/inline-3.c (test for excess errors) FAIL: gcc.dg/pch/inline-3.c (test for excess errors) FAIL: gcc.dg/pch/inline-3.c (test for excess errors) FAIL: gcc.dg/pch/inline-3.c (test for excess errors) FAIL: gcc.dg/pch/inline-3.c (test for excess errors) FAIL: gcc.dg/pch/inline-3.c (test for excess errors) FAIL: gcc.dg/pch/inline-4.c (test for excess errors) FAIL: gcc.dg/pch/inline-4.c (test for excess errors) FAIL: gcc.dg/pch/inline-4.c (test for excess errors) FAIL: gcc.dg/pch/inline-4.c (test for excess errors) FAIL: gcc.dg/pch/inline-4.c (test for excess errors) FAIL: gcc.dg/pch/inline-4.c (test for excess errors) FAIL: gcc.dg/pch/inline-4.c (test for excess errors) FAIL: gcc.dg/pch/macro-1.c (test for excess errors) FAIL: gcc.dg/pch/macro-1.c (test for excess errors) FAIL: gcc.dg/pch/macro-1.c (test for excess errors) FAIL: gcc.dg/pch/macro-1.c (test for excess errors) FAIL: gcc.dg/pch/macro-1.c (test for excess errors) FAIL: gcc.dg/pch/macro-1.c (test for excess errors) FAIL: gcc.dg/pch/macro-1.c (test for excess errors) FAIL: gcc.dg/pch/macro-2.c (test for excess errors) FAIL: gcc.dg/pch/macro-2.c (test for excess errors) FAIL: gcc.dg/pch/macro-2.c (test for excess errors) FAIL: gcc.dg/pch/macro-2.c (test for excess errors) FAIL: gcc.dg/pch/macro-2.c (test for excess errors) FAIL: gcc.dg/pch/macro-2.c (test for excess errors) FAIL: gcc.dg/pch/macro-2.c (test for excess errors) FAIL: gcc.dg/pch/macro-3.c (test for excess errors) FAIL: gcc.dg/pch/macro-3.c (test for excess errors) FAIL: gcc.dg/pch/macro-3.c (test for excess errors) FAIL: gcc.dg/pch/macro-3.c (test for excess errors) FAIL: gcc.dg/pch/macro-3.c (test for excess errors) FAIL: gcc.dg/pch/macro-3.c (test for excess errors) FAIL: gcc.dg/pch/macro-3.c (test for excess errors) FAIL: gcc.dg/pch/static-1.c (test for excess errors) FAIL: gcc.dg/pch/static-1.c (test for excess errors) FAIL: gcc.dg/pch/static-1.c (test for excess errors) FAIL: gcc.dg/pch/static-1.c (test for excess errors) FAIL: gcc.dg/pch/static-1.c (test for excess errors) FAIL: gcc.dg/pch/static-1.c (test for excess errors) FAIL: gcc.dg/pch/static-1.c (test for excess errors) FAIL: gcc.dg/pch/static-2.c (test for excess errors) FAIL: gcc.dg/pch/static-2.c (test for excess errors) FAIL: gcc.dg/pch/static-2.c (test for excess errors) FAIL: gcc.dg/pch/static-2.c (test for excess errors) FAIL: gcc.dg/pch/static-2.c (test for excess errors) FAIL: gcc.dg/pch/static-2.c (test for excess errors) FAIL: gcc.dg/pch/static-2.c (test for excess errors) FAIL: gcc.dg/pch/static-3.c (test for excess errors) FAIL: gcc.dg/pch/static-3.c (test for excess errors) FAIL: gcc.dg/pch/static-3.c (test for excess errors) FAIL: gcc.dg/pch/static-3.c (test for excess errors) FAIL: gcc.dg/pch/static-3.c (test for excess errors) FAIL: gcc.dg/pch/static-3.c (test for excess errors) FAIL: gcc.dg/pch/static-3.c (test for excess errors) FAIL: gcc.dg/pch/system-1.c (test for excess errors) FAIL: gcc.dg/pch/system-1.c (test for excess errors) FAIL: gcc.dg/pch/system-1.c (test for excess errors) FAIL: gcc.dg/pch/system-1.c (test for excess errors) FAIL: gcc.dg/pch/system-1.c (test for excess errors) FAIL: gcc.dg/pch/system-1.c (test for excess errors) FAIL: gcc.dg/pch/system-1.c (test for excess errors) FAIL: gcc.dg/pch/valid-1b.c (test for excess errors) FAIL: gcc.dg/pch/valid-1b.c (test for excess errors) FAIL: gcc.dg/pch/valid-1b.c (test for excess errors) FAIL: gcc.dg/pch/valid-1b.c (test for excess errors) FAIL: gcc.dg/pch/valid-1b.c (test for excess errors) FAIL: gcc.dg/pch/valid-1b.c (test for excess errors) FAIL: gcc.dg/pch/valid-1b.c (test for excess errors) FAIL: gcc.dg/pch/valid-4.c (test for errors, line 5) FAIL: gcc.dg/pch/valid-4.c (test for excess errors) FAIL: gcc.dg/pch/valid-4.c (test for errors, line 5) FAIL: gcc.dg/pch/valid-4.c (test for excess errors) FAIL: gcc.dg/pch/valid-4.c (test for errors, line 5) FAIL: gcc.dg/pch/valid-4.c (test for excess errors) FAIL: gcc.dg/pch/valid-4.c (test for errors, line 5) FAIL: gcc.dg/pch/valid-4.c (test for excess errors) FAIL: gcc.dg/pch/valid-4.c (test for errors, line 5) FAIL: gcc.dg/pch/valid-4.c (test for excess errors) FAIL: gcc.dg/pch/valid-4.c (test for errors, line 5) FAIL: gcc.dg/pch/valid-4.c (test for excess errors) FAIL: gcc.dg/pch/valid-4.c (test for errors, line 5) FAIL: gcc.dg/pch/valid-4.c (test for excess errors) FAIL: gcc.dg/pch/valid-5.c (test for excess errors) FAIL: gcc.dg/pch/valid-5.c (test for excess errors) FAIL: gcc.dg/pch/valid-5.c (test for excess errors) FAIL: gcc.dg/pch/valid-5.c (test for excess errors) FAIL: gcc.dg/pch/valid-5.c (test for excess errors) FAIL: gcc.dg/pch/valid-5.c (test for excess errors) FAIL: gcc.dg/pch/valid-5.c (test for excess errors) FAIL: gcc.dg/pch/valid-6.c (test for excess errors) FAIL: gcc.dg/pch/valid-6.c -O0 -g assembly comparison FAIL: gcc.dg/pch/valid-6.c (test for excess errors) FAIL: gcc.dg/pch/valid-6.c -O0 assembly comparison FAIL: gcc.dg/pch/valid-6.c (test for excess errors) FAIL: gcc.dg/pch/valid-6.c -O1 assembly comparison FAIL: gcc.dg/pch/valid-6.c (test for excess errors) FAIL: gcc.dg/pch/valid-6.c -O2 assembly comparison FAIL: gcc.dg/pch/valid-6.c (test for excess errors) FAIL: gcc.dg/pch/valid-6.c -O3 -fomit-frame-pointer assembly comparison FAIL: gcc.dg/pch/valid-6.c (test for excess errors) FAIL: gcc.dg/pch/valid-6.c -O3 -g assembly comparison FAIL: gcc.dg/pch/valid-6.c (test for excess errors) FAIL: gcc.dg/pch/valid-6.c -Os assembly comparison FAIL: largefile.c (test for excess errors) FAIL: largefile.c (test for excess errors) FAIL: largefile.c (test for excess errors) FAIL: largefile.c (test for excess errors) FAIL: largefile.c (test for excess errors) FAIL: largefile.c (test for excess errors) FAIL: largefile.c (test for excess errors) FAIL: gcc.dg/special/gcsec-1.c (test for excess errors) FAIL: gcc.dg/tls/alias-1.c (test for excess errors) FAIL: gcc.dg/tls/opt-2.c (test for excess errors) FAIL: gcc.dg/torture/builtin-convert-1.c (test for excess errors) FAIL: gcc.dg/torture/builtin-convert-1.c (test for excess errors) FAIL: gcc.dg/torture/builtin-convert-1.c (test for excess errors) FAIL: gcc.dg/torture/builtin-convert-1.c (test for excess errors) FAIL: gcc.dg/torture/builtin-convert-1.c (test for excess errors) FAIL: gcc.dg/torture/builtin-convert-2.c (test for excess errors) FAIL: gcc.dg/torture/builtin-convert-2.c (test for excess errors) FAIL: gcc.dg/torture/builtin-convert-2.c (test for excess errors) FAIL: gcc.dg/torture/builtin-convert-2.c (test for excess errors) FAIL: gcc.dg/torture/builtin-convert-2.c (test for excess errors) FAIL: gcc.dg/torture/builtin-convert-3.c (test for excess errors) FAIL: gcc.dg/torture/builtin-convert-3.c (test for excess errors) FAIL: gcc.dg/torture/builtin-convert-3.c (test for excess errors) FAIL: gcc.dg/torture/builtin-convert-3.c (test for excess errors) FAIL: gcc.dg/torture/builtin-convert-3.c (test for excess errors) FAIL: gcc.dg/torture/builtin-power-1.c (test for excess errors) FAIL: gcc.dg/torture/builtin-power-1.c (test for excess errors) FAIL: gcc.dg/torture/builtin-power-1.c (test for excess errors) FAIL: gcc.dg/torture/builtin-power-1.c (test for excess errors) FAIL: gcc.dg/torture/builtin-power-1.c (test for excess errors) FAIL: gcc.dg/torture/builtin-power-1.c (test for excess errors) FAIL: 209: expected branch percentages not found: 25 FAIL: gcc.misc-tests/gcov-4b.c gcov: 0 failures in line counts, 1 in branch percentages, 0 in return percentages FAIL: linkage.c === gcc Summary for unix === # of expected passes 25153 # of unexpected failures 271 # of unexpected successes 1 # of expected failures 70 # of unresolved testcases 1 # of untested testcases 217 # of unsupported tests 333 === gcc Summary === # of expected passes 75445 # of unexpected failures 824 # of unexpected successes 3 # of expected failures 209 # of unresolved testcases 7 # of untested testcases 651 # of unsupported tests 999 /usr/local/src/trunk/objdir/gcc/xgcc version 3.5.0 20040516 (experimental) === g++ tests === Running target unix/-m32 WARNING: program timed out. FAIL: g++.dg/eh/cleanup1.C (test for excess errors) XPASS: g++.dg/eh/elide1.C execution test FAIL: g++.dg/inherit/thunk2.C (test for excess errors) FAIL: g++.dg/parse/stack1.C (test for excess errors) FAIL: 258: expected branch percentages not found: 25 FAIL: g++.dg/gcov/gcov-1.C gcov: 0 failures in line counts, 1 in branch percentages, 0 in return percentages FAIL: 23:is 2:should be 1 FAIL: g++.dg/gcov/gcov-2.C gcov: 1 failures in line counts, 0 in branch percentages, 0 in return percentages FAIL: g++.dg/pch/empty.C (test for excess errors) FAIL: g++.dg/pch/empty.C (test for excess errors) FAIL: g++.dg/pch/empty.C (test for excess errors) FAIL: g++.dg/pch/externc-1.C (test for excess errors) FAIL: g++.dg/pch/externc-1.C (test for excess errors) FAIL: g++.dg/pch/externc-1.C (test for excess errors) FAIL: g++.dg/pch/static-1.C (test for excess errors) FAIL: g++.dg/pch/static-1.C (test for excess errors) FAIL: g++.dg/pch/static-1.C (test for excess errors) FAIL: g++.dg/pch/system-1.C (test for excess errors) FAIL: g++.dg/pch/system-1.C (test for excess errors) FAIL: g++.dg/pch/system-2.C (test for excess errors) FAIL: g++.dg/pch/system-2.C (test for excess errors) FAIL: g++.dg/pch/uninst.C (test for excess errors) FAIL: g++.old-deja/g++.brendan/crash13.C (test for errors, line 34) FAIL: g++.old-deja/g++.bugs/900205_03.C (test for errors, line 21) FAIL: g++.old-deja/g++.bugs/900205_03.C (test for errors, line 24) FAIL: g++.old-deja/g++.bugs/900205_03.C (test for errors, line 44) FAIL: g++.old-deja/g++.bugs/900205_03.C (test for errors, line 47) FAIL: g++.old-deja/g++.law/friend5.C (test for errors, line 19) FAIL: g++.old-deja/g++.law/friend5.C (test for errors, line 24) WARNING: g++.old-deja/g++.mike/p10769a.C compilation failed to produce executable FAIL: g++.old-deja/g++.mike/p646.C (test for warnings, line 104) FAIL: g++.old-deja/g++.mike/p646.C (test for warnings, line 112) FAIL: g++.old-deja/g++.mike/p646.C (test for warnings, line 120) FAIL: g++.old-deja/g++.mike/p646.C (test for warnings, line 127) FAIL: g++.old-deja/g++.mike/p646.C (test for warnings, line 133) WARNING: g++.old-deja/g++.other/enum5.C compilation failed to produce executable XPASS: g++.old-deja/g++.other/init5.C execution test FAIL: g++.old-deja/g++.other/warn7.C (test for warnings, line 38) WARNING: g++.old-deja/g++.pt/friend44.C compilation failed to produce executable === g++ Summary for unix/-m32 === # of expected passes 9617 # of unexpected failures 34 # of unexpected successes 2 # of expected failures 83 # of untested testcases 14 # of unsupported tests 90 Running target unix/-fPIC WARNING: program timed out. FAIL: g++.dg/eh/cleanup1.C (test for excess errors) XPASS: g++.dg/eh/elide1.C execution test FAIL: g++.dg/inherit/thunk2.C (test for excess errors) FAIL: g++.dg/parse/stack1.C (test for excess errors) FAIL: 258: expected branch percentages not found: 25 FAIL: g++.dg/gcov/gcov-1.C gcov: 0 failures in line counts, 1 in branch percentages, 0 in return percentages FAIL: 23:is 2:should be 1 FAIL: g++.dg/gcov/gcov-2.C gcov: 1 failures in line counts, 0 in branch percentages, 0 in return percentages FAIL: g++.dg/pch/empty.C (test for excess errors) FAIL: g++.dg/pch/empty.C (test for excess errors) FAIL: g++.dg/pch/empty.C (test for excess errors) FAIL: g++.dg/pch/externc-1.C (test for excess errors) FAIL: g++.dg/pch/externc-1.C (test for excess errors) FAIL: g++.dg/pch/externc-1.C (test for excess errors) FAIL: g++.dg/pch/static-1.C (test for excess errors) FAIL: g++.dg/pch/static-1.C (test for excess errors) FAIL: g++.dg/pch/static-1.C (test for excess errors) FAIL: g++.dg/pch/system-1.C (test for excess errors) FAIL: g++.dg/pch/system-1.C (test for excess errors) FAIL: g++.dg/pch/system-2.C (test for excess errors) FAIL: g++.dg/pch/system-2.C (test for excess errors) FAIL: g++.dg/pch/uninst.C (test for excess errors) FAIL: g++.old-deja/g++.brendan/crash13.C (test for errors, line 34) FAIL: g++.old-deja/g++.bugs/900205_03.C (test for errors, line 21) FAIL: g++.old-deja/g++.bugs/900205_03.C (test for errors, line 24) FAIL: g++.old-deja/g++.bugs/900205_03.C (test for errors, line 44) FAIL: g++.old-deja/g++.bugs/900205_03.C (test for errors, line 47) FAIL: g++.old-deja/g++.law/friend5.C (test for errors, line 19) FAIL: g++.old-deja/g++.law/friend5.C (test for errors, line 24) FAIL: g++.old-deja/g++.law/profile1.C execution test FAIL: g++.old-deja/g++.mike/net20.C (test for excess errors) WARNING: g++.old-deja/g++.mike/p10769a.C compilation failed to produce executable FAIL: g++.old-deja/g++.mike/p646.C (test for warnings, line 104) FAIL: g++.old-deja/g++.mike/p646.C (test for warnings, line 112) FAIL: g++.old-deja/g++.mike/p646.C (test for warnings, line 120) FAIL: g++.old-deja/g++.mike/p646.C (test for warnings, line 127) FAIL: g++.old-deja/g++.mike/p646.C (test for warnings, line 133) WARNING: g++.old-deja/g++.other/enum5.C compilation failed to produce executable XPASS: g++.old-deja/g++.other/init5.C execution test FAIL: g++.old-deja/g++.other/warn7.C (test for warnings, line 38) WARNING: g++.old-deja/g++.pt/friend44.C compilation failed to produce executable === g++ Summary for unix/-fPIC === # of expected passes 9615 # of unexpected failures 36 # of unexpected successes 2 # of expected failures 83 # of untested testcases 14 # of unsupported tests 90 Running target unix WARNING: program timed out. FAIL: g++.dg/eh/cleanup1.C (test for excess errors) XPASS: g++.dg/eh/elide1.C execution test FAIL: g++.dg/inherit/thunk2.C (test for excess errors) FAIL: g++.dg/parse/stack1.C (test for excess errors) FAIL: 258: expected branch percentages not found: 25 FAIL: g++.dg/gcov/gcov-1.C gcov: 0 failures in line counts, 1 in branch percentages, 0 in return percentages FAIL: 23:is 2:should be 1 FAIL: g++.dg/gcov/gcov-2.C gcov: 1 failures in line counts, 0 in branch percentages, 0 in return percentages FAIL: g++.dg/pch/empty.C (test for excess errors) FAIL: g++.dg/pch/empty.C (test for excess errors) FAIL: g++.dg/pch/empty.C (test for excess errors) FAIL: g++.dg/pch/externc-1.C (test for excess errors) FAIL: g++.dg/pch/externc-1.C (test for excess errors) FAIL: g++.dg/pch/externc-1.C (test for excess errors) FAIL: g++.dg/pch/static-1.C (test for excess errors) FAIL: g++.dg/pch/static-1.C (test for excess errors) FAIL: g++.dg/pch/static-1.C (test for excess errors) FAIL: g++.dg/pch/system-1.C (test for excess errors) FAIL: g++.dg/pch/system-1.C (test for excess errors) FAIL: g++.dg/pch/system-2.C (test for excess errors) FAIL: g++.dg/pch/system-2.C (test for excess errors) FAIL: g++.dg/pch/uninst.C (test for excess errors) FAIL: g++.old-deja/g++.brendan/crash13.C (test for errors, line 34) FAIL: g++.old-deja/g++.bugs/900205_03.C (test for errors, line 21) FAIL: g++.old-deja/g++.bugs/900205_03.C (test for errors, line 24) FAIL: g++.old-deja/g++.bugs/900205_03.C (test for errors, line 44) FAIL: g++.old-deja/g++.bugs/900205_03.C (test for errors, line 47) FAIL: g++.old-deja/g++.law/friend5.C (test for errors, line 19) FAIL: g++.old-deja/g++.law/friend5.C (test for errors, line 24) FAIL: g++.old-deja/g++.law/profile1.C execution test FAIL: g++.old-deja/g++.mike/net20.C (test for excess errors) WARNING: g++.old-deja/g++.mike/p10769a.C compilation failed to produce executable FAIL: g++.old-deja/g++.mike/p646.C (test for warnings, line 104) FAIL: g++.old-deja/g++.mike/p646.C (test for warnings, line 112) FAIL: g++.old-deja/g++.mike/p646.C (test for warnings, line 120) FAIL: g++.old-deja/g++.mike/p646.C (test for warnings, line 127) FAIL: g++.old-deja/g++.mike/p646.C (test for warnings, line 133) WARNING: g++.old-deja/g++.other/enum5.C compilation failed to produce executable XPASS: g++.old-deja/g++.other/init5.C execution test FAIL: g++.old-deja/g++.other/warn7.C (test for warnings, line 38) WARNING: g++.old-deja/g++.pt/friend44.C compilation failed to produce executable === g++ Summary for unix === # of expected passes 9615 # of unexpected failures 36 # of unexpected successes 2 # of expected failures 83 # of untested testcases 14 # of unsupported tests 90 === g++ Summary === # of expected passes 28847 # of unexpected failures 106 # of unexpected successes 6 # of expected failures 249 # of untested testcases 42 # of unsupported tests 270 /usr/local/src/trunk/objdir/gcc/testsuite/../g++ version 3.5.0 20040516 (experimental) === objc tests === Running target unix/-m32 === objc Summary for unix/-m32 === # of expected passes 1339 # of unsupported tests 8 Running target unix/-fPIC === objc Summary for unix/-fPIC === # of expected passes 1339 # of unsupported tests 8 Running target unix === objc Summary for unix === # of expected passes 1339 # of unsupported tests 8 === objc Summary === # of expected passes 4017 # of unsupported tests 24 /usr/local/src/trunk/objdir/gcc/xgcc version 3.5.0 20040516 (experimental) === libffi tests === Running target unix/-m32 === libffi Summary for unix/-m32 === # of expected passes 212 # of unsupported tests 2 Running target unix/-fPIC === libffi Summary for unix/-fPIC === # of expected passes 212 # of unsupported tests 2 Running target unix === libffi Summary for unix === # of expected passes 212 # of unsupported tests 2 === libffi Summary === # of expected passes 636 # of unsupported tests 6 === libjava tests === Running target unix/-m32 === libjava Summary for unix/-m32 === # of expected passes 3363 # of expected failures 14 # of untested testcases 16 Running target unix/-fPIC FAIL: PR15133 output - gij test FAIL: invoke output - gij test FAIL: overload output - gij test FAIL: register output - gij test FAIL: simple_int output - gij test FAIL: Array_3 execution - source compiled test FAIL: Array_3 execution - gij test FAIL: Array_3 execution - bytecode->native test FAIL: Array_3 -O3 execution - source compiled test FAIL: Array_3 execution - gij test FAIL: Array_3 -O3 execution - bytecode->native test FAIL: Invoke_1 execution - source compiled test FAIL: Invoke_1 execution - bytecode->native test FAIL: Invoke_1 -O3 execution - source compiled test FAIL: Invoke_1 -O3 execution - bytecode->native test FAIL: PR218 execution - gij test FAIL: PR218 execution - gij test === libjava Summary for unix/-fPIC === # of expected passes 3334 # of unexpected failures 17 # of expected failures 14 # of untested testcases 28 Running target unix FAIL: PR15133 output - gij test FAIL: invoke output - gij test FAIL: overload output - gij test FAIL: register output - gij test FAIL: simple_int output - gij test FAIL: Array_3 execution - source compiled test FAIL: Array_3 execution - gij test FAIL: Array_3 execution - bytecode->native test FAIL: Array_3 -O3 execution - source compiled test FAIL: Array_3 execution - gij test FAIL: Array_3 -O3 execution - bytecode->native test FAIL: Invoke_1 execution - source compiled test FAIL: Invoke_1 execution - bytecode->native test FAIL: Invoke_1 -O3 execution - source compiled test FAIL: Invoke_1 -O3 execution - bytecode->native test FAIL: PR218 execution - gij test FAIL: PR218 execution - gij test === libjava Summary for unix === # of expected passes 3334 # of unexpected failures 17 # of expected failures 14 # of untested testcases 28 === libjava Summary === # of expected passes 10031 # of unexpected failures 34 # of expected failures 42 # of untested testcases 72 === libmudflap tests === Running target unix FAIL: libmudflap.c/fail1-frag.c output pattern test FAIL: libmudflap.c/fail10-frag.c output pattern test FAIL: libmudflap.c/fail11-frag.c output pattern test FAIL: libmudflap.c/fail12-frag.c output pattern test FAIL: libmudflap.c/fail13-frag.c output pattern test FAIL: libmudflap.c/fail14-frag.c output pattern test FAIL: libmudflap.c/fail15-frag.c output pattern test FAIL: libmudflap.c/fail16-frag.c output pattern test FAIL: libmudflap.c/fail17-frag.c output pattern test FAIL: libmudflap.c/fail18-frag.c output pattern test FAIL: libmudflap.c/fail19-frag.c output pattern test FAIL: libmudflap.c/fail2-frag.c output pattern test FAIL: libmudflap.c/fail20-frag.c output pattern test FAIL: libmudflap.c/fail21-frag.c output pattern test FAIL: libmudflap.c/fail22-frag.c output pattern test FAIL: libmudflap.c/fail23-frag.c output pattern test FAIL: libmudflap.c/fail25-frag.c output pattern test FAIL: libmudflap.c/fail26-frag.c output pattern test FAIL: libmudflap.c/fail27-frag.c output pattern test FAIL: libmudflap.c/fail28-frag.c output pattern test FAIL: libmudflap.c/fail29-frag.c output pattern test FAIL: libmudflap.c/fail3-frag.c output pattern test FAIL: libmudflap.c/fail30-frag.c output pattern test FAIL: libmudflap.c/fail31-frag.c output pattern test FAIL: libmudflap.c/fail4-frag.c output pattern test FAIL: libmudflap.c/fail5-frag.c output pattern test FAIL: libmudflap.c/fail6-frag.c output pattern test FAIL: libmudflap.c/fail7-frag.c output pattern test FAIL: libmudflap.c/fail8-frag.c output pattern test FAIL: libmudflap.c/fail9-frag.c output pattern test FAIL: libmudflap.c/hook-allocstuff.c execution test FAIL: libmudflap.c/hook-allocstuff.c output pattern test FAIL: libmudflap.c/pass-stratcliff.c execution test FAIL: libmudflap.c/pass1-frag.c execution test FAIL: libmudflap.c/pass10-frag.c execution test FAIL: libmudflap.c/pass11-frag.c execution test FAIL: libmudflap.c/pass12-frag.c execution test FAIL: libmudflap.c/pass13-frag.c execution test FAIL: libmudflap.c/pass14-frag.c execution test FAIL: libmudflap.c/pass15-frag.c execution test FAIL: libmudflap.c/pass16-frag.c execution test FAIL: libmudflap.c/pass17-frag.c execution test FAIL: libmudflap.c/pass18-frag.c execution test FAIL: libmudflap.c/pass19-frag.c execution test FAIL: libmudflap.c/pass2-frag.c execution test FAIL: libmudflap.c/pass20-frag.c execution test FAIL: libmudflap.c/pass21-frag.c execution test FAIL: libmudflap.c/pass22-frag.c execution test FAIL: libmudflap.c/pass23-frag.c execution test FAIL: libmudflap.c/pass24-frag.c execution test FAIL: libmudflap.c/pass25-frag.c execution test FAIL: libmudflap.c/pass26-frag.c execution test FAIL: libmudflap.c/pass29-frag.c execution test FAIL: libmudflap.c/pass3-frag.c execution test FAIL: libmudflap.c/pass30-frag.c execution test FAIL: libmudflap.c/pass32-frag.c execution test FAIL: libmudflap.c/pass33-frag.c execution test FAIL: libmudflap.c/pass34-frag.c execution test FAIL: libmudflap.c/pass35-frag.c execution test FAIL: libmudflap.c/pass36-frag.c execution test FAIL: libmudflap.c/pass36-frag.c output pattern test FAIL: libmudflap.c/pass38-frag.c execution test FAIL: libmudflap.c/pass4-frag.c execution test FAIL: libmudflap.c/pass42-frag.c execution test FAIL: libmudflap.c/pass42-frag.c output pattern test FAIL: libmudflap.c/pass43-frag.c execution test FAIL: libmudflap.c/pass44-frag.c execution test FAIL: libmudflap.c/pass45-frag.c execution test FAIL: libmudflap.c/pass45-frag.c output pattern test FAIL: libmudflap.c/pass46-frag.c execution test FAIL: libmudflap.c/pass5-frag.c execution test FAIL: libmudflap.c/pass6-frag.c execution test FAIL: libmudflap.c/pass7-frag.c execution test FAIL: libmudflap.c/pass8-frag.c execution test FAIL: libmudflap.c/pass9-frag.c execution test FAIL: libmudflap.c/fail1-frag.c (-O2) output pattern test FAIL: libmudflap.c/fail10-frag.c (-O2) output pattern test FAIL: libmudflap.c/fail11-frag.c (-O2) output pattern test FAIL: libmudflap.c/fail12-frag.c (-O2) output pattern test FAIL: libmudflap.c/fail13-frag.c (-O2) output pattern test FAIL: libmudflap.c/fail14-frag.c (-O2) output pattern test FAIL: libmudflap.c/fail15-frag.c (-O2) output pattern test FAIL: libmudflap.c/fail16-frag.c (-O2) output pattern test FAIL: libmudflap.c/fail17-frag.c (-O2) output pattern test FAIL: libmudflap.c/fail18-frag.c (-O2) output pattern test FAIL: libmudflap.c/fail19-frag.c (-O2) output pattern test FAIL: libmudflap.c/fail2-frag.c (-O2) output pattern test FAIL: libmudflap.c/fail20-frag.c (-O2) output pattern test FAIL: libmudflap.c/fail21-frag.c (-O2) output pattern test FAIL: libmudflap.c/fail22-frag.c (-O2) output pattern test FAIL: libmudflap.c/fail23-frag.c (-O2) output pattern test FAIL: libmudflap.c/fail25-frag.c (-O2) output pattern test FAIL: libmudflap.c/fail26-frag.c (-O2) output pattern test FAIL: libmudflap.c/fail27-frag.c (-O2) output pattern test FAIL: libmudflap.c/fail28-frag.c (-O2) output pattern test FAIL: libmudflap.c/fail29-frag.c (-O2) output pattern test FAIL: libmudflap.c/fail3-frag.c (-O2) output pattern test FAIL: libmudflap.c/fail30-frag.c (-O2) output pattern test FAIL: libmudflap.c/fail31-frag.c (-O2) output pattern test FAIL: libmudflap.c/fail4-frag.c (-O2) output pattern test FAIL: libmudflap.c/fail5-frag.c (-O2) output pattern test FAIL: libmudflap.c/fail6-frag.c (-O2) output pattern test FAIL: libmudflap.c/fail7-frag.c (-O2) output pattern test FAIL: libmudflap.c/fail8-frag.c (-O2) output pattern test FAIL: libmudflap.c/fail9-frag.c (-O2) output pattern test FAIL: libmudflap.c/hook-allocstuff.c (-O2) execution test FAIL: libmudflap.c/hook-allocstuff.c (-O2) output pattern test FAIL: libmudflap.c/pass-stratcliff.c (-O2) execution test FAIL: libmudflap.c/pass1-frag.c (-O2) execution test FAIL: libmudflap.c/pass10-frag.c (-O2) execution test FAIL: libmudflap.c/pass11-frag.c (-O2) execution test FAIL: libmudflap.c/pass12-frag.c (-O2) execution test FAIL: libmudflap.c/pass13-frag.c (-O2) execution test FAIL: libmudflap.c/pass14-frag.c (-O2) execution test FAIL: libmudflap.c/pass15-frag.c (-O2) execution test FAIL: libmudflap.c/pass16-frag.c (-O2) execution test FAIL: libmudflap.c/pass17-frag.c (-O2) execution test FAIL: libmudflap.c/pass18-frag.c (-O2) execution test FAIL: libmudflap.c/pass19-frag.c (-O2) execution test FAIL: libmudflap.c/pass2-frag.c (-O2) execution test FAIL: libmudflap.c/pass20-frag.c (-O2) execution test FAIL: libmudflap.c/pass21-frag.c (-O2) execution test FAIL: libmudflap.c/pass22-frag.c (-O2) execution test FAIL: libmudflap.c/pass23-frag.c (-O2) execution test FAIL: libmudflap.c/pass24-frag.c (-O2) execution test FAIL: libmudflap.c/pass25-frag.c (-O2) execution test FAIL: libmudflap.c/pass26-frag.c (-O2) execution test FAIL: libmudflap.c/pass29-frag.c (-O2) execution test FAIL: libmudflap.c/pass3-frag.c (-O2) execution test FAIL: libmudflap.c/pass30-frag.c (-O2) execution test FAIL: libmudflap.c/pass32-frag.c (-O2) execution test FAIL: libmudflap.c/pass33-frag.c (-O2) execution test FAIL: libmudflap.c/pass34-frag.c (-O2) execution test FAIL: libmudflap.c/pass35-frag.c (-O2) execution test FAIL: libmudflap.c/pass36-frag.c (-O2) execution test FAIL: libmudflap.c/pass36-frag.c (-O2) output pattern test FAIL: libmudflap.c/pass38-frag.c (-O2) execution test FAIL: libmudflap.c/pass4-frag.c (-O2) execution test FAIL: libmudflap.c/pass42-frag.c (-O2) execution test FAIL: libmudflap.c/pass42-frag.c (-O2) output pattern test FAIL: libmudflap.c/pass43-frag.c (-O2) execution test FAIL: libmudflap.c/pass44-frag.c (-O2) execution test FAIL: libmudflap.c/pass45-frag.c (-O2) execution test FAIL: libmudflap.c/pass45-frag.c (-O2) output pattern test FAIL: libmudflap.c/pass46-frag.c (-O2) execution test FAIL: libmudflap.c/pass5-frag.c (-O2) execution test FAIL: libmudflap.c/pass6-frag.c (-O2) execution test FAIL: libmudflap.c/pass7-frag.c (-O2) execution test FAIL: libmudflap.c/pass8-frag.c (-O2) execution test FAIL: libmudflap.c/pass9-frag.c (-O2) execution test FAIL: libmudflap.c/fail1-frag.c (-O3) output pattern test FAIL: libmudflap.c/fail10-frag.c (-O3) output pattern test FAIL: libmudflap.c/fail11-frag.c (-O3) output pattern test FAIL: libmudflap.c/fail12-frag.c (-O3) output pattern test FAIL: libmudflap.c/fail13-frag.c (-O3) output pattern test FAIL: libmudflap.c/fail14-frag.c (-O3) output pattern test FAIL: libmudflap.c/fail15-frag.c (-O3) output pattern test FAIL: libmudflap.c/fail16-frag.c (-O3) output pattern test FAIL: libmudflap.c/fail17-frag.c (-O3) output pattern test FAIL: libmudflap.c/fail18-frag.c (-O3) output pattern test FAIL: libmudflap.c/fail19-frag.c (-O3) output pattern test FAIL: libmudflap.c/fail2-frag.c (-O3) output pattern test FAIL: libmudflap.c/fail20-frag.c (-O3) output pattern test FAIL: libmudflap.c/fail21-frag.c (-O3) output pattern test FAIL: libmudflap.c/fail22-frag.c (-O3) output pattern test FAIL: libmudflap.c/fail23-frag.c (-O3) output pattern test FAIL: libmudflap.c/fail25-frag.c (-O3) output pattern test FAIL: libmudflap.c/fail26-frag.c (-O3) output pattern test FAIL: libmudflap.c/fail27-frag.c (-O3) output pattern test FAIL: libmudflap.c/fail28-frag.c (-O3) output pattern test FAIL: libmudflap.c/fail29-frag.c (-O3) output pattern test FAIL: libmudflap.c/fail3-frag.c (-O3) output pattern test FAIL: libmudflap.c/fail30-frag.c (-O3) output pattern test FAIL: libmudflap.c/fail31-frag.c (-O3) output pattern test FAIL: libmudflap.c/fail4-frag.c (-O3) output pattern test FAIL: libmudflap.c/fail5-frag.c (-O3) output pattern test FAIL: libmudflap.c/fail6-frag.c (-O3) output pattern test FAIL: libmudflap.c/fail7-frag.c (-O3) output pattern test FAIL: libmudflap.c/fail8-frag.c (-O3) output pattern test FAIL: libmudflap.c/fail9-frag.c (-O3) output pattern test FAIL: libmudflap.c/hook-allocstuff.c (-O3) execution test FAIL: libmudflap.c/hook-allocstuff.c (-O3) output pattern test FAIL: libmudflap.c/pass-stratcliff.c (-O3) execution test FAIL: libmudflap.c/pass1-frag.c (-O3) execution test FAIL: libmudflap.c/pass10-frag.c (-O3) execution test FAIL: libmudflap.c/pass11-frag.c (-O3) execution test FAIL: libmudflap.c/pass12-frag.c (-O3) execution test FAIL: libmudflap.c/pass13-frag.c (-O3) execution test FAIL: libmudflap.c/pass14-frag.c (-O3) execution test FAIL: libmudflap.c/pass15-frag.c (-O3) execution test FAIL: libmudflap.c/pass16-frag.c (-O3) execution test FAIL: libmudflap.c/pass17-frag.c (-O3) execution test FAIL: libmudflap.c/pass18-frag.c (-O3) execution test FAIL: libmudflap.c/pass19-frag.c (-O3) execution test FAIL: libmudflap.c/pass2-frag.c (-O3) execution test FAIL: libmudflap.c/pass20-frag.c (-O3) execution test FAIL: libmudflap.c/pass21-frag.c (-O3) execution test FAIL: libmudflap.c/pass22-frag.c (-O3) execution test FAIL: libmudflap.c/pass23-frag.c (-O3) execution test FAIL: libmudflap.c/pass24-frag.c (-O3) execution test FAIL: libmudflap.c/pass25-frag.c (-O3) execution test FAIL: libmudflap.c/pass26-frag.c (-O3) execution test FAIL: libmudflap.c/pass29-frag.c (-O3) execution test FAIL: libmudflap.c/pass3-frag.c (-O3) execution test FAIL: libmudflap.c/pass30-frag.c (-O3) execution test FAIL: libmudflap.c/pass32-frag.c (-O3) execution test FAIL: libmudflap.c/pass33-frag.c (-O3) execution test FAIL: libmudflap.c/pass34-frag.c (-O3) execution test FAIL: libmudflap.c/pass35-frag.c (-O3) execution test FAIL: libmudflap.c/pass36-frag.c (-O3) execution test FAIL: libmudflap.c/pass36-frag.c (-O3) output pattern test FAIL: libmudflap.c/pass38-frag.c (-O3) execution test FAIL: libmudflap.c/pass4-frag.c (-O3) execution test FAIL: libmudflap.c/pass42-frag.c (-O3) execution test FAIL: libmudflap.c/pass42-frag.c (-O3) output pattern test FAIL: libmudflap.c/pass43-frag.c (-O3) execution test FAIL: libmudflap.c/pass44-frag.c (-O3) execution test FAIL: libmudflap.c/pass45-frag.c (-O3) execution test FAIL: libmudflap.c/pass45-frag.c (-O3) output pattern test FAIL: libmudflap.c/pass46-frag.c (-O3) execution test FAIL: libmudflap.c/pass5-frag.c (-O3) execution test FAIL: libmudflap.c/pass6-frag.c (-O3) execution test FAIL: libmudflap.c/pass7-frag.c (-O3) execution test FAIL: libmudflap.c/pass8-frag.c (-O3) execution test FAIL: libmudflap.c/pass9-frag.c (-O3) execution test FAIL: libmudflap.c++/fail24-frag.cxx output pattern test FAIL: libmudflap.c++/pass27-frag.cxx execution test FAIL: libmudflap.c++/pass28-frag.cxx execution test FAIL: libmudflap.c++/pass31-frag.cxx execution test FAIL: libmudflap.c++/pass41-frag.cxx (test for excess errors) WARNING: libmudflap.c++/pass41-frag.cxx compilation failed to produce executable FAIL: libmudflap.c++/pass41-frag.cxx (-static) (test for excess errors) WARNING: libmudflap.c++/pass41-frag.cxx (-static) compilation failed to produce executable FAIL: libmudflap.c++/fail24-frag.cxx (-O2) output pattern test FAIL: libmudflap.c++/pass27-frag.cxx (-O2) execution test FAIL: libmudflap.c++/pass28-frag.cxx (-O2) execution test FAIL: libmudflap.c++/pass31-frag.cxx (-O2) execution test FAIL: libmudflap.c++/pass41-frag.cxx (-O2) (test for excess errors) WARNING: libmudflap.c++/pass41-frag.cxx (-O2) compilation failed to produce executable FAIL: libmudflap.c++/fail24-frag.cxx (-O3) output pattern test FAIL: libmudflap.c++/pass27-frag.cxx (-O3) execution test FAIL: libmudflap.c++/pass28-frag.cxx (-O3) execution test FAIL: libmudflap.c++/pass31-frag.cxx (-O3) execution test FAIL: libmudflap.c++/pass41-frag.cxx (-O3) (test for excess errors) WARNING: libmudflap.c++/pass41-frag.cxx (-O3) compilation failed to produce executable FAIL: libmudflap.cth/pass37-frag.c execution test FAIL: libmudflap.cth/pass37-frag.c output pattern test FAIL: libmudflap.cth/pass37-frag.c (rerun 1) execution test FAIL: libmudflap.cth/pass37-frag.c (rerun 1) output pattern test FAIL: libmudflap.cth/pass37-frag.c (rerun 2) execution test FAIL: libmudflap.cth/pass37-frag.c (rerun 2) output pattern test FAIL: libmudflap.cth/pass37-frag.c (rerun 3) execution test FAIL: libmudflap.cth/pass37-frag.c (rerun 3) output pattern test FAIL: libmudflap.cth/pass37-frag.c (rerun 4) execution test FAIL: libmudflap.cth/pass37-frag.c (rerun 4) output pattern test FAIL: libmudflap.cth/pass37-frag.c (rerun 5) execution test FAIL: libmudflap.cth/pass37-frag.c (rerun 5) output pattern test FAIL: libmudflap.cth/pass37-frag.c (rerun 6) execution test FAIL: libmudflap.cth/pass37-frag.c (rerun 6) output pattern test FAIL: libmudflap.cth/pass37-frag.c (rerun 7) execution test FAIL: libmudflap.cth/pass37-frag.c (rerun 7) output pattern test FAIL: libmudflap.cth/pass37-frag.c (rerun 8) execution test FAIL: libmudflap.cth/pass37-frag.c (rerun 8) output pattern test FAIL: libmudflap.cth/pass37-frag.c (rerun 9) execution test FAIL: libmudflap.cth/pass37-frag.c (rerun 9) output pattern test FAIL: libmudflap.cth/pass37-frag.c (rerun 10) execution test FAIL: libmudflap.cth/pass37-frag.c (rerun 10) output pattern test FAIL: libmudflap.cth/pass37-frag.c (rerun 11) execution test FAIL: libmudflap.cth/pass37-frag.c (rerun 11) output pattern test FAIL: libmudflap.cth/pass37-frag.c (rerun 12) execution test FAIL: libmudflap.cth/pass37-frag.c (rerun 12) output pattern test FAIL: libmudflap.cth/pass37-frag.c (rerun 13) execution test FAIL: libmudflap.cth/pass37-frag.c (rerun 13) output pattern test FAIL: libmudflap.cth/pass37-frag.c (rerun 14) execution test FAIL: libmudflap.cth/pass37-frag.c (rerun 14) output pattern test FAIL: libmudflap.cth/pass37-frag.c (rerun 15) execution test FAIL: libmudflap.cth/pass37-frag.c (rerun 15) output pattern test FAIL: libmudflap.cth/pass37-frag.c (rerun 16) execution test FAIL: libmudflap.cth/pass37-frag.c (rerun 16) output pattern test FAIL: libmudflap.cth/pass37-frag.c (rerun 17) execution test FAIL: libmudflap.cth/pass37-frag.c (rerun 17) output pattern test FAIL: libmudflap.cth/pass37-frag.c (rerun 18) execution test FAIL: libmudflap.cth/pass37-frag.c (rerun 18) output pattern test FAIL: libmudflap.cth/pass37-frag.c (rerun 19) execution test FAIL: libmudflap.cth/pass37-frag.c (rerun 19) output pattern test FAIL: libmudflap.cth/pass39-frag.c execution test FAIL: libmudflap.cth/pass39-frag.c output pattern test FAIL: libmudflap.cth/pass39-frag.c (rerun 1) execution test FAIL: libmudflap.cth/pass39-frag.c (rerun 1) output pattern test FAIL: libmudflap.cth/pass39-frag.c (rerun 2) execution test FAIL: libmudflap.cth/pass39-frag.c (rerun 2) output pattern test FAIL: libmudflap.cth/pass39-frag.c (rerun 3) execution test FAIL: libmudflap.cth/pass39-frag.c (rerun 3) output pattern test FAIL: libmudflap.cth/pass39-frag.c (rerun 4) execution test FAIL: libmudflap.cth/pass39-frag.c (rerun 4) output pattern test FAIL: libmudflap.cth/pass39-frag.c (rerun 5) execution test FAIL: libmudflap.cth/pass39-frag.c (rerun 5) output pattern test FAIL: libmudflap.cth/pass39-frag.c (rerun 6) execution test FAIL: libmudflap.cth/pass39-frag.c (rerun 6) output pattern test FAIL: libmudflap.cth/pass39-frag.c (rerun 7) execution test FAIL: libmudflap.cth/pass39-frag.c (rerun 7) output pattern test FAIL: libmudflap.cth/pass39-frag.c (rerun 8) execution test FAIL: libmudflap.cth/pass39-frag.c (rerun 8) output pattern test FAIL: libmudflap.cth/pass39-frag.c (rerun 9) execution test FAIL: libmudflap.cth/pass39-frag.c (rerun 9) output pattern test FAIL: libmudflap.cth/pass39-frag.c (rerun 10) execution test FAIL: libmudflap.cth/pass39-frag.c (rerun 10) output pattern test FAIL: libmudflap.cth/pass39-frag.c (rerun 11) execution test FAIL: libmudflap.cth/pass39-frag.c (rerun 11) output pattern test FAIL: libmudflap.cth/pass39-frag.c (rerun 12) execution test FAIL: libmudflap.cth/pass39-frag.c (rerun 12) output pattern test FAIL: libmudflap.cth/pass39-frag.c (rerun 13) execution test FAIL: libmudflap.cth/pass39-frag.c (rerun 13) output pattern test FAIL: libmudflap.cth/pass39-frag.c (rerun 14) execution test FAIL: libmudflap.cth/pass39-frag.c (rerun 14) output pattern test FAIL: libmudflap.cth/pass39-frag.c (rerun 15) execution test FAIL: libmudflap.cth/pass39-frag.c (rerun 15) output pattern test FAIL: libmudflap.cth/pass39-frag.c (rerun 16) execution test FAIL: libmudflap.cth/pass39-frag.c (rerun 16) output pattern test FAIL: libmudflap.cth/pass39-frag.c (rerun 17) execution test FAIL: libmudflap.cth/pass39-frag.c (rerun 17) output pattern test FAIL: libmudflap.cth/pass39-frag.c (rerun 18) execution test FAIL: libmudflap.cth/pass39-frag.c (rerun 18) output pattern test FAIL: libmudflap.cth/pass39-frag.c (rerun 19) execution test FAIL: libmudflap.cth/pass39-frag.c (rerun 19) output pattern test FAIL: libmudflap.cth/pass40-frag.c execution test FAIL: libmudflap.cth/pass40-frag.c output pattern test FAIL: libmudflap.cth/pass37-frag.c (-O2) execution test FAIL: libmudflap.cth/pass37-frag.c (-O2) output pattern test FAIL: libmudflap.cth/pass37-frag.c (-O2) (rerun 1) execution test FAIL: libmudflap.cth/pass37-frag.c (-O2) (rerun 1) output pattern test FAIL: libmudflap.cth/pass37-frag.c (-O2) (rerun 2) execution test FAIL: libmudflap.cth/pass37-frag.c (-O2) (rerun 2) output pattern test FAIL: libmudflap.cth/pass37-frag.c (-O2) (rerun 3) execution test FAIL: libmudflap.cth/pass37-frag.c (-O2) (rerun 3) output pattern test FAIL: libmudflap.cth/pass37-frag.c (-O2) (rerun 4) execution test FAIL: libmudflap.cth/pass37-frag.c (-O2) (rerun 4) output pattern test FAIL: libmudflap.cth/pass37-frag.c (-O2) (rerun 5) execution test FAIL: libmudflap.cth/pass37-frag.c (-O2) (rerun 5) output pattern test FAIL: libmudflap.cth/pass37-frag.c (-O2) (rerun 6) execution test FAIL: libmudflap.cth/pass37-frag.c (-O2) (rerun 6) output pattern test FAIL: libmudflap.cth/pass37-frag.c (-O2) (rerun 7) execution test FAIL: libmudflap.cth/pass37-frag.c (-O2) (rerun 7) output pattern test FAIL: libmudflap.cth/pass37-frag.c (-O2) (rerun 8) execution test FAIL: libmudflap.cth/pass37-frag.c (-O2) (rerun 8) output pattern test FAIL: libmudflap.cth/pass37-frag.c (-O2) (rerun 9) execution test FAIL: libmudflap.cth/pass37-frag.c (-O2) (rerun 9) output pattern test FAIL: libmudflap.cth/pass37-frag.c (-O2) (rerun 10) execution test FAIL: libmudflap.cth/pass37-frag.c (-O2) (rerun 10) output pattern test FAIL: libmudflap.cth/pass37-frag.c (-O2) (rerun 11) execution test FAIL: libmudflap.cth/pass37-frag.c (-O2) (rerun 11) output pattern test FAIL: libmudflap.cth/pass37-frag.c (-O2) (rerun 12) execution test FAIL: libmudflap.cth/pass37-frag.c (-O2) (rerun 12) output pattern test FAIL: libmudflap.cth/pass37-frag.c (-O2) (rerun 13) execution test FAIL: libmudflap.cth/pass37-frag.c (-O2) (rerun 13) output pattern test FAIL: libmudflap.cth/pass37-frag.c (-O2) (rerun 14) execution test FAIL: libmudflap.cth/pass37-frag.c (-O2) (rerun 14) output pattern test FAIL: libmudflap.cth/pass37-frag.c (-O2) (rerun 15) execution test FAIL: libmudflap.cth/pass37-frag.c (-O2) (rerun 15) output pattern test FAIL: libmudflap.cth/pass37-frag.c (-O2) (rerun 16) execution test FAIL: libmudflap.cth/pass37-frag.c (-O2) (rerun 16) output pattern test FAIL: libmudflap.cth/pass37-frag.c (-O2) (rerun 17) execution test FAIL: libmudflap.cth/pass37-frag.c (-O2) (rerun 17) output pattern test FAIL: libmudflap.cth/pass37-frag.c (-O2) (rerun 18) execution test FAIL: libmudflap.cth/pass37-frag.c (-O2) (rerun 18) output pattern test FAIL: libmudflap.cth/pass37-frag.c (-O2) (rerun 19) execution test FAIL: libmudflap.cth/pass37-frag.c (-O2) (rerun 19) output pattern test FAIL: libmudflap.cth/pass39-frag.c (-O2) execution test FAIL: libmudflap.cth/pass39-frag.c (-O2) output pattern test FAIL: libmudflap.cth/pass39-frag.c (-O2) (rerun 1) execution test FAIL: libmudflap.cth/pass39-frag.c (-O2) (rerun 1) output pattern test FAIL: libmudflap.cth/pass39-frag.c (-O2) (rerun 2) execution test FAIL: libmudflap.cth/pass39-frag.c (-O2) (rerun 2) output pattern test FAIL: libmudflap.cth/pass39-frag.c (-O2) (rerun 3) execution test FAIL: libmudflap.cth/pass39-frag.c (-O2) (rerun 3) output pattern test FAIL: libmudflap.cth/pass39-frag.c (-O2) (rerun 4) execution test FAIL: libmudflap.cth/pass39-frag.c (-O2) (rerun 4) output pattern test FAIL: libmudflap.cth/pass39-frag.c (-O2) (rerun 5) execution test FAIL: libmudflap.cth/pass39-frag.c (-O2) (rerun 5) output pattern test FAIL: libmudflap.cth/pass39-frag.c (-O2) (rerun 6) execution test FAIL: libmudflap.cth/pass39-frag.c (-O2) (rerun 6) output pattern test FAIL: libmudflap.cth/pass39-frag.c (-O2) (rerun 7) execution test FAIL: libmudflap.cth/pass39-frag.c (-O2) (rerun 7) output pattern test FAIL: libmudflap.cth/pass39-frag.c (-O2) (rerun 8) execution test FAIL: libmudflap.cth/pass39-frag.c (-O2) (rerun 8) output pattern test FAIL: libmudflap.cth/pass39-frag.c (-O2) (rerun 9) execution test FAIL: libmudflap.cth/pass39-frag.c (-O2) (rerun 9) output pattern test FAIL: libmudflap.cth/pass39-frag.c (-O2) (rerun 10) execution test FAIL: libmudflap.cth/pass39-frag.c (-O2) (rerun 10) output pattern test FAIL: libmudflap.cth/pass39-frag.c (-O2) (rerun 11) execution test FAIL: libmudflap.cth/pass39-frag.c (-O2) (rerun 11) output pattern test FAIL: libmudflap.cth/pass39-frag.c (-O2) (rerun 12) execution test FAIL: libmudflap.cth/pass39-frag.c (-O2) (rerun 12) output pattern test FAIL: libmudflap.cth/pass39-frag.c (-O2) (rerun 13) execution test FAIL: libmudflap.cth/pass39-frag.c (-O2) (rerun 13) output pattern test FAIL: libmudflap.cth/pass39-frag.c (-O2) (rerun 14) execution test FAIL: libmudflap.cth/pass39-frag.c (-O2) (rerun 14) output pattern test FAIL: libmudflap.cth/pass39-frag.c (-O2) (rerun 15) execution test FAIL: libmudflap.cth/pass39-frag.c (-O2) (rerun 15) output pattern test FAIL: libmudflap.cth/pass39-frag.c (-O2) (rerun 16) execution test FAIL: libmudflap.cth/pass39-frag.c (-O2) (rerun 16) output pattern test FAIL: libmudflap.cth/pass39-frag.c (-O2) (rerun 17) execution test FAIL: libmudflap.cth/pass39-frag.c (-O2) (rerun 17) output pattern test FAIL: libmudflap.cth/pass39-frag.c (-O2) (rerun 18) execution test FAIL: libmudflap.cth/pass39-frag.c (-O2) (rerun 18) output pattern test FAIL: libmudflap.cth/pass39-frag.c (-O2) (rerun 19) execution test FAIL: libmudflap.cth/pass39-frag.c (-O2) (rerun 19) output pattern test FAIL: libmudflap.cth/pass40-frag.c (-O2) execution test FAIL: libmudflap.cth/pass40-frag.c (-O2) output pattern test FAIL: libmudflap.cth/pass37-frag.c (-O3) execution test FAIL: libmudflap.cth/pass37-frag.c (-O3) output pattern test FAIL: libmudflap.cth/pass37-frag.c (-O3) (rerun 1) execution test FAIL: libmudflap.cth/pass37-frag.c (-O3) (rerun 1) output pattern test FAIL: libmudflap.cth/pass37-frag.c (-O3) (rerun 2) execution test FAIL: libmudflap.cth/pass37-frag.c (-O3) (rerun 2) output pattern test FAIL: libmudflap.cth/pass37-frag.c (-O3) (rerun 3) execution test FAIL: libmudflap.cth/pass37-frag.c (-O3) (rerun 3) output pattern test FAIL: libmudflap.cth/pass37-frag.c (-O3) (rerun 4) execution test FAIL: libmudflap.cth/pass37-frag.c (-O3) (rerun 4) output pattern test FAIL: libmudflap.cth/pass37-frag.c (-O3) (rerun 5) execution test FAIL: libmudflap.cth/pass37-frag.c (-O3) (rerun 5) output pattern test FAIL: libmudflap.cth/pass37-frag.c (-O3) (rerun 6) execution test FAIL: libmudflap.cth/pass37-frag.c (-O3) (rerun 6) output pattern test FAIL: libmudflap.cth/pass37-frag.c (-O3) (rerun 7) execution test FAIL: libmudflap.cth/pass37-frag.c (-O3) (rerun 7) output pattern test FAIL: libmudflap.cth/pass37-frag.c (-O3) (rerun 8) execution test FAIL: libmudflap.cth/pass37-frag.c (-O3) (rerun 8) output pattern test FAIL: libmudflap.cth/pass37-frag.c (-O3) (rerun 9) execution test FAIL: libmudflap.cth/pass37-frag.c (-O3) (rerun 9) output pattern test FAIL: libmudflap.cth/pass37-frag.c (-O3) (rerun 10) execution test FAIL: libmudflap.cth/pass37-frag.c (-O3) (rerun 10) output pattern test FAIL: libmudflap.cth/pass37-frag.c (-O3) (rerun 11) execution test FAIL: libmudflap.cth/pass37-frag.c (-O3) (rerun 11) output pattern test FAIL: libmudflap.cth/pass37-frag.c (-O3) (rerun 12) execution test FAIL: libmudflap.cth/pass37-frag.c (-O3) (rerun 12) output pattern test FAIL: libmudflap.cth/pass37-frag.c (-O3) (rerun 13) execution test FAIL: libmudflap.cth/pass37-frag.c (-O3) (rerun 13) output pattern test FAIL: libmudflap.cth/pass37-frag.c (-O3) (rerun 14) execution test FAIL: libmudflap.cth/pass37-frag.c (-O3) (rerun 14) output pattern test FAIL: libmudflap.cth/pass37-frag.c (-O3) (rerun 15) execution test FAIL: libmudflap.cth/pass37-frag.c (-O3) (rerun 15) output pattern test FAIL: libmudflap.cth/pass37-frag.c (-O3) (rerun 16) execution test FAIL: libmudflap.cth/pass37-frag.c (-O3) (rerun 16) output pattern test FAIL: libmudflap.cth/pass37-frag.c (-O3) (rerun 17) execution test FAIL: libmudflap.cth/pass37-frag.c (-O3) (rerun 17) output pattern test FAIL: libmudflap.cth/pass37-frag.c (-O3) (rerun 18) execution test FAIL: libmudflap.cth/pass37-frag.c (-O3) (rerun 18) output pattern test FAIL: libmudflap.cth/pass37-frag.c (-O3) (rerun 19) execution test FAIL: libmudflap.cth/pass37-frag.c (-O3) (rerun 19) output pattern test FAIL: libmudflap.cth/pass39-frag.c (-O3) execution test FAIL: libmudflap.cth/pass39-frag.c (-O3) output pattern test FAIL: libmudflap.cth/pass39-frag.c (-O3) (rerun 1) execution test FAIL: libmudflap.cth/pass39-frag.c (-O3) (rerun 1) output pattern test FAIL: libmudflap.cth/pass39-frag.c (-O3) (rerun 2) execution test FAIL: libmudflap.cth/pass39-frag.c (-O3) (rerun 2) output pattern test FAIL: libmudflap.cth/pass39-frag.c (-O3) (rerun 3) execution test FAIL: libmudflap.cth/pass39-frag.c (-O3) (rerun 3) output pattern test FAIL: libmudflap.cth/pass39-frag.c (-O3) (rerun 4) execution test FAIL: libmudflap.cth/pass39-frag.c (-O3) (rerun 4) output pattern test FAIL: libmudflap.cth/pass39-frag.c (-O3) (rerun 5) execution test FAIL: libmudflap.cth/pass39-frag.c (-O3) (rerun 5) output pattern test FAIL: libmudflap.cth/pass39-frag.c (-O3) (rerun 6) execution test FAIL: libmudflap.cth/pass39-frag.c (-O3) (rerun 6) output pattern test FAIL: libmudflap.cth/pass39-frag.c (-O3) (rerun 7) execution test FAIL: libmudflap.cth/pass39-frag.c (-O3) (rerun 7) output pattern test FAIL: libmudflap.cth/pass39-frag.c (-O3) (rerun 8) execution test FAIL: libmudflap.cth/pass39-frag.c (-O3) (rerun 8) output pattern test FAIL: libmudflap.cth/pass39-frag.c (-O3) (rerun 9) execution test FAIL: libmudflap.cth/pass39-frag.c (-O3) (rerun 9) output pattern test FAIL: libmudflap.cth/pass39-frag.c (-O3) (rerun 10) execution test FAIL: libmudflap.cth/pass39-frag.c (-O3) (rerun 10) output pattern test FAIL: libmudflap.cth/pass39-frag.c (-O3) (rerun 11) execution test FAIL: libmudflap.cth/pass39-frag.c (-O3) (rerun 11) output pattern test FAIL: libmudflap.cth/pass39-frag.c (-O3) (rerun 12) execution test FAIL: libmudflap.cth/pass39-frag.c (-O3) (rerun 12) output pattern test FAIL: libmudflap.cth/pass39-frag.c (-O3) (rerun 13) execution test FAIL: libmudflap.cth/pass39-frag.c (-O3) (rerun 13) output pattern test FAIL: libmudflap.cth/pass39-frag.c (-O3) (rerun 14) execution test FAIL: libmudflap.cth/pass39-frag.c (-O3) (rerun 14) output pattern test FAIL: libmudflap.cth/pass39-frag.c (-O3) (rerun 15) execution test FAIL: libmudflap.cth/pass39-frag.c (-O3) (rerun 15) output pattern test FAIL: libmudflap.cth/pass39-frag.c (-O3) (rerun 16) execution test FAIL: libmudflap.cth/pass39-frag.c (-O3) (rerun 16) output pattern test FAIL: libmudflap.cth/pass39-frag.c (-O3) (rerun 17) execution test FAIL: libmudflap.cth/pass39-frag.c (-O3) (rerun 17) output pattern test FAIL: libmudflap.cth/pass39-frag.c (-O3) (rerun 18) execution test FAIL: libmudflap.cth/pass39-frag.c (-O3) (rerun 18) output pattern test FAIL: libmudflap.cth/pass39-frag.c (-O3) (rerun 19) execution test FAIL: libmudflap.cth/pass39-frag.c (-O3) (rerun 19) output pattern test FAIL: libmudflap.cth/pass40-frag.c (-O3) execution test FAIL: libmudflap.cth/pass40-frag.c (-O3) output pattern test === libmudflap Summary === # of expected passes 601 # of unexpected failures 487 === libstdc++-v3 check-abi Summary === # of added symbols: 682 # of missing symbols: 810 # of incompatible symbols: 810 === libstdc++ tests === Running target unix/-m32 FAIL: 22_locale/codecvt/encoding/wchar_t/wrapped_locale.cc execution test FAIL: 22_locale/codecvt/in/wchar_t/9.cc execution test FAIL: 22_locale/codecvt/max_length/wchar_t/wrapped_locale.cc execution test FAIL: 22_locale/ctype/widen/wchar_t/2.cc execution test WARNING: program timed out. FAIL: 22_locale/locale/cons/12658_thread.cc execution test FAIL: 22_locale/messages/members/char/1.cc execution test FAIL: 22_locale/messages/members/char/2.cc execution test FAIL: 22_locale/messages/members/char/wrapped_env.cc execution test FAIL: 22_locale/messages/members/char/wrapped_locale.cc execution test FAIL: 22_locale/messages_byname/named_equivalence.cc execution test XPASS: 26_numerics/c99_classification_macros_c.cc (test for excess errors) FAIL: 27_io/basic_filebuf/imbue/wchar_t/12868.cc execution test FAIL: 27_io/basic_filebuf/overflow/wchar_t/11305-1.cc execution test FAIL: 27_io/basic_filebuf/overflow/wchar_t/11305-2.cc execution test FAIL: 27_io/basic_filebuf/overflow/wchar_t/11305-3.cc execution test FAIL: 27_io/basic_filebuf/overflow/wchar_t/11305-4.cc execution test FAIL: 27_io/basic_filebuf/seekoff/wchar_t/1.cc execution test FAIL: 27_io/basic_filebuf/seekoff/wchar_t/2.cc execution test FAIL: 27_io/basic_filebuf/seekpos/wchar_t/9874.cc execution test FAIL: 27_io/basic_filebuf/underflow/wchar_t/1.cc execution test FAIL: 27_io/basic_filebuf/underflow/wchar_t/2.cc execution test FAIL: 27_io/basic_filebuf/underflow/wchar_t/3.cc execution test FAIL: 27_io/basic_filebuf/underflow/wchar_t/9520.cc execution test === libstdc++ Summary for unix/-m32 === # of expected passes 2647 # of unexpected failures 22 # of unexpected successes 1 # of expected failures 5 Running target unix/-fPIC FAIL: 20_util/allocator/8230.cc execution test FAIL: 22_locale/codecvt/encoding/wchar_t/wrapped_locale.cc execution test FAIL: 22_locale/codecvt/in/wchar_t/9.cc execution test FAIL: 22_locale/codecvt/max_length/wchar_t/wrapped_locale.cc execution test FAIL: 22_locale/ctype/widen/wchar_t/2.cc execution test WARNING: program timed out. FAIL: 22_locale/locale/cons/12658_thread.cc execution test FAIL: 27_io/basic_filebuf/imbue/wchar_t/12868.cc execution test FAIL: 27_io/basic_filebuf/overflow/wchar_t/11305-1.cc execution test FAIL: 27_io/basic_filebuf/overflow/wchar_t/11305-2.cc execution test FAIL: 27_io/basic_filebuf/overflow/wchar_t/11305-3.cc execution test FAIL: 27_io/basic_filebuf/overflow/wchar_t/11305-4.cc execution test FAIL: 27_io/basic_filebuf/seekoff/wchar_t/1.cc execution test FAIL: 27_io/basic_filebuf/seekoff/wchar_t/2.cc execution test FAIL: 27_io/basic_filebuf/seekpos/wchar_t/9874.cc execution test FAIL: 27_io/basic_filebuf/underflow/wchar_t/1.cc execution test FAIL: 27_io/basic_filebuf/underflow/wchar_t/2.cc execution test FAIL: 27_io/basic_filebuf/underflow/wchar_t/3.cc execution test FAIL: 27_io/basic_filebuf/underflow/wchar_t/9520.cc execution test XPASS: 27_io/fpos/14320-1.cc execution test FAIL: ext/enc_filebuf/char/13189.cc (test for excess errors) WARNING: ext/enc_filebuf/char/13189.cc compilation failed to produce executable FAIL: ext/enc_filebuf/wchar_t/13189.cc (test for excess errors) WARNING: ext/enc_filebuf/wchar_t/13189.cc compilation failed to produce executable === libstdc++ Summary for unix/-fPIC === # of expected passes 2647 # of unexpected failures 20 # of unexpected successes 1 # of expected failures 5 Running target unix FAIL: 22_locale/codecvt/encoding/wchar_t/wrapped_locale.cc execution test FAIL: 22_locale/codecvt/in/wchar_t/9.cc execution test FAIL: 22_locale/codecvt/max_length/wchar_t/wrapped_locale.cc execution test FAIL: 22_locale/ctype/widen/wchar_t/2.cc execution test WARNING: program timed out. FAIL: 22_locale/locale/cons/12658_thread.cc execution test XPASS: 26_numerics/c99_classification_macros_c.cc (test for excess errors) FAIL: 27_io/basic_filebuf/imbue/wchar_t/12868.cc execution test FAIL: 27_io/basic_filebuf/overflow/wchar_t/11305-1.cc execution test FAIL: 27_io/basic_filebuf/overflow/wchar_t/11305-2.cc execution test FAIL: 27_io/basic_filebuf/overflow/wchar_t/11305-3.cc execution test FAIL: 27_io/basic_filebuf/overflow/wchar_t/11305-4.cc execution test FAIL: 27_io/basic_filebuf/seekoff/wchar_t/1.cc execution test FAIL: 27_io/basic_filebuf/seekoff/wchar_t/2.cc execution test FAIL: 27_io/basic_filebuf/seekpos/wchar_t/9874.cc execution test FAIL: 27_io/basic_filebuf/underflow/wchar_t/1.cc execution test FAIL: 27_io/basic_filebuf/underflow/wchar_t/2.cc execution test FAIL: 27_io/basic_filebuf/underflow/wchar_t/3.cc execution test FAIL: 27_io/basic_filebuf/underflow/wchar_t/9520.cc execution test XPASS: 27_io/fpos/14320-1.cc execution test === libstdc++ Summary for unix === # of expected passes 2652 # of unexpected failures 17 # of unexpected successes 2 # of expected failures 4 === libstdc++ Summary === # of expected passes 7946 # of unexpected failures 59 # of unexpected successes 4 # of expected failures 14 Compiler version: 3.5.0 20040516 (experimental) Platform: sparc64-unknown-linux-gnu configure flags: sparc64-linux --prefix=/usr/local/gcc-binutils --enable-__cxa_atexit --enable-shared --enable-threads=posix --with-system-zlib --enable-clocale=gnu --enable-languages=c,c++,java,objc Counting all warnings, there are 253 warnings in stage0 of this bootstrap. Number of warnings per file: 34 libbanshee/points-to/andersen_terms.c 30 libiberty/concat.c 19 libjava/java/lang/mprec.c 18 libiberty/regex.c 15 libcompat/pages.c 14 libbanshee/engine/setif-sort.c 9 ./java/lang/Integer.h 8 libjava/java/lang/strtod.c 7 include/xregex2.h 6 libmudflap/mf-runtime.c 6 libjava/java/lang/natClassLoader.cc 6 libjava/java/lang/e_exp.c 6 libjava/java/lang/dtoa.c 6 libiberty/floatformat.c 5 libbanshee/engine/flowrow-sort.c 4 libobjc/encoding.c 4 libobjc/archive.c 4 libiberty/pex-unix.c 4 libcompat/regions.c 4 libcompat/alloc.c 4 <command line> 2 ./runtime-info.h 2 libobjc/sendmsg.c 2 libjava/prims.cc 2 libjava/java/lang/natClass.cc 2 libjava/java/lang/e_rem_pio2.c 2 libjava/java/lang/e_asin.c 2 libjava/gnu/gcj/io/shs.cc 2 libjava/boehm.cc 2 libbanshee/engine/setst-sort.c 2 libbanshee/engine/jcollection.c 2 java/net/natNetworkInterface.cc 2 include/private/../gc_config_macros.h 2 include/java-signal.h 2 include/gc_config_macros.h 2 gcc/defaults.h 2 gcc/coretypes.h 2 gcc/boehm-gc/mark_rts.c 2 gcc/auto-host.h 1 libmudflap/mf-hooks3.c 1 libcompat/radix-tree.c 1 libbanshee/engine/dot.c 1 fastjar/jartool.c Number of warning types: 30 traditional C rejects ISO C style function definitions 18 signed and unsigned type in conditional expression 12 suggest parentheses around + or - inside shift 9 this decimal constant is unsigned only in ISO C90 8 this is the location of the previous definition 8 comparison between signed and unsigned integer expressions 7 ISO C forbids nested functions 7 ISO C90 forbids variable-size array \`???' 7 ISO C90 does not support \`static' or type qualifiers in parameter array declarators 7 invalid storage class for function \`???' 6 use of C99 hexadecimal floating constant 6 ??? format, ??? arg (arg ???) 6 comparison between signed and unsigned 4 variable 'out' might be clobbered by \`longjmp' or \`vfork' 4 suggest parentheses around assignment used as truth value 4 ISO C90 forbids compound literals 4 initialization discards qualifiers from pointer target type 4 \`GC_LINUX_THREADS' redefined 4 cast from pointer to integer of different size 3 unused variable \`???' 3 suggest parentheses around arithmetic in operand of | 2 'z' is used uninitialized in this function 2 'void __rt_sigreturn_stub()' defined but not used 2 'void byteReverse()' declared \`static' but never defined 2 unused parameter 't' 2 unused parameter '_p' 2 't' may be used uninitialized in this function 2 'target_flags' defined but not used 2 'spec_case' may be used uninitialized in this function 2 \`rtx' redefined 2 'lo' may be used uninitialized in this function 2 'k' may be used uninitialized in this function 2 'ilim' may be used uninitialized in this function 2 'ilim1' may be used uninitialized in this function 2 'hi' may be used uninitialized in this function 2 function returns address of local variable 2 empty body in an if-statement 2 'delta' may be used uninitialized in this function 2 \`DEFAULT_USE_CXA_ATEXIT' redefined 2 'bs' may be used uninitialized in this function 2 'bd' may be used uninitialized in this function 2 'bb' may be used uninitialized in this function 1 unused parameter 'type' 1 unused parameter 'root' 1 unused parameter 'arg2' 1 unused parameter 'arg1' 1 type of bit-field \`???' is a GCC extension 1 (this will be reported only once per input file) 1 'struct_forward_array' defined but not used 1 string length \`???' is greater than the length \`???' ISO C89 compilers are required to support 1 \`noreturn' function does return 1 no previous prototype for 'unlink_page' 1 no previous prototype for 'set_region_range' 1 no previous prototype for 'set_region' 1 no previous prototype for 'scavenge_single_pages' 1 no previous prototype for 'region_get_mem' 1 no previous prototype for 'ref_proj2' 1 no previous prototype for 'ref_proj1' 1 no previous prototype for 'ref_proj0' 1 no previous prototype for 'qalloc' 1 no previous prototype for 'lam_proj2' 1 no previous prototype for 'lam_proj1' 1 no previous prototype for 'lam_proj0' 1 no previous prototype for 'initregion' 1 no previous prototype for 'free_all_pages' 1 no previous prototype for 'aterm_is_ref' 1 no previous prototype for 'aterm_is_lam' 1 no previous prototype for 'argterm_zero' 1 no previous prototype for 'argterm_wild' 1 no previous prototype for 'argterm_unify' 1 no previous prototype for 'argterm_row' 1 no previous prototype for 'argterm_one' 1 no previous prototype for 'argterm_make_field' 1 no previous prototype for 'argterm_inclusion' 1 no previous prototype for 'argterm_fresh' 1 no previous prototype for 'argterm_extract_rest' 1 no previous prototype for 'argterm_extract_fields' 1 no previous prototype for 'argterm_extract_field' 1 no previous prototype for 'argterm_abs' 1 no previous prototype for 'andersen_terms_stats' 1 no previous prototype for 'andersen_terms_reset' 1 no previous prototype for 'andersen_terms_print_graph' 1 no previous prototype for 'andersen_terms_init' 1 no previous prototype for 'alloc_split' 1 no previous prototype for 'alloc_new' 1 no previous prototype for 'addfront' 1 'label_term_inclusion_contra' defined but not used 1 'label_term_fresh_small' defined but not used 1 C++ style comments are not allowed in ISO C90 1 cast to pointer from integer of different size 1 'aterm_fresh_small' defined but not used 1 'argterm_fresh_small' defined but not used Counting all warnings, there are 16 warnings in stage3 of this bootstrap. Number of warnings per file: 5 /usr/share/bison/bison.simple 3 gengtype-lex.c 3 gcc/gcc.c 2 gcc/objc/lang-specs.h 2 gcc/cp/lang-specs.h 1 gcc/java/jvspec.c Number of warning types: 6 string length \`???' is greater than the length \`???' ISO C89 compilers are required to support 6 old-style function definition 2 label \`???' defined but not used 1 (near initialization for \`???') 1 missing initializer
Index Nav: | [Date Index] [Subject Index] [Author Index] [Thread Index] | |
---|---|---|
Message Nav: | [Date Prev] [Date Next] | [Thread Prev] [Thread Next] |