This is the mail archive of the gcc-testresults@gcc.gnu.org mailing list for the GCC project.
Index Nav: | [Date Index] [Subject Index] [Author Index] [Thread Index] | |
---|---|---|
Message Nav: | [Date Prev] [Date Next] | [Thread Prev] [Thread Next] |
Other format: | [Raw text] |
LAST_UPDATED: Mon May 17 12:35:06 UTC 2004 Native configuration is i386-pc-solaris2.10 === g++ tests === Running target unix XPASS: g++.dg/eh/elide1.C execution test FAIL: g++.dg/eh/simd-2.C (test for excess errors) WARNING: g++.dg/eh/simd-2.C compilation failed to produce executable FAIL: g++.dg/parse/stack1.C (test for excess errors) FAIL: 258: expected branch percentages not found: 25 FAIL: g++.dg/gcov/gcov-1.C gcov: 0 failures in line counts, 1 in branch percentages, 0 in return percentages FAIL: 23:is 2:should be 1 FAIL: g++.dg/gcov/gcov-2.C gcov: 1 failures in line counts, 0 in branch percentages, 0 in return percentages FAIL: g++.dg/special/conpr-1.C execution test FAIL: g++.dg/special/conpr-3.C execution test FAIL: g++.dg/special/conpr-4.C execution test FAIL: g++.old-deja/g++.brendan/crash13.C (test for errors, line 34) FAIL: g++.old-deja/g++.bugs/900205_03.C (test for errors, line 21) FAIL: g++.old-deja/g++.bugs/900205_03.C (test for errors, line 24) FAIL: g++.old-deja/g++.bugs/900205_03.C (test for errors, line 44) FAIL: g++.old-deja/g++.bugs/900205_03.C (test for errors, line 47) FAIL: g++.old-deja/g++.eh/badalloc1.C execution test FAIL: g++.old-deja/g++.law/friend5.C (test for errors, line 19) FAIL: g++.old-deja/g++.law/friend5.C (test for errors, line 24) FAIL: g++.old-deja/g++.law/nest1.C (test for errors, line 9) FAIL: g++.old-deja/g++.law/nest1.C (test for errors, line 13) FAIL: g++.old-deja/g++.law/nest1.C (test for excess errors) WARNING: g++.old-deja/g++.mike/p10769a.C compilation failed to produce executable FAIL: g++.old-deja/g++.mike/p646.C (test for warnings, line 104) FAIL: g++.old-deja/g++.mike/p646.C (test for warnings, line 112) FAIL: g++.old-deja/g++.mike/p646.C (test for warnings, line 120) FAIL: g++.old-deja/g++.mike/p646.C (test for warnings, line 127) FAIL: g++.old-deja/g++.mike/p646.C (test for warnings, line 133) WARNING: g++.old-deja/g++.other/enum5.C compilation failed to produce executable FAIL: g++.old-deja/g++.other/warn7.C (test for warnings, line 38) FAIL: g++.old-deja/g++.pt/crash44.C (test for errors, line 8) FAIL: g++.old-deja/g++.pt/crash44.C (test for excess errors) FAIL: g++.old-deja/g++.pt/friend11.C (test for errors, line 12) FAIL: g++.old-deja/g++.pt/friend11.C (test for errors, line 24) FAIL: g++.old-deja/g++.pt/friend11.C (test for excess errors) XPASS: g++.old-deja/g++.pt/friend44.C (test for bogus messages, line 18) XPASS: g++.old-deja/g++.pt/friend44.C (test for bogus messages, line 32) FAIL: g++.old-deja/g++.pt/friend44.C (test for excess errors) WARNING: g++.old-deja/g++.pt/friend44.C compilation failed to produce executable === g++ Summary === # of expected passes 9679 # of unexpected failures 32 # of unexpected successes 3 # of expected failures 83 # of unsupported tests 63 /amnt/figaro/volumes/obj-gcc/gcc/obj.sol86/gcc-3.5.0-20040517/10-gcc/gcc/testsuite/../g++ version 3.5.0 20040517 (experimental) === gcc tests === Running target unix FAIL: gcc.c-torture/execute/va-arg-25.c execution, -Os FAIL: gcc.dg/compat/vector-1 c_compat_x_tst.o compile FAIL: gcc.dg/compat/vector-1 c_compat_y_tst.o compile UNRESOLVED: gcc.dg/compat/vector-1 c_compat_x_tst.o-c_compat_y_tst.o link UNRESOLVED: gcc.dg/compat/vector-1 c_compat_x_tst.o-c_compat_y_tst.o execute FAIL: gcc.dg/compat/vector-2 c_compat_x_tst.o compile FAIL: gcc.dg/compat/vector-2 c_compat_y_tst.o compile UNRESOLVED: gcc.dg/compat/vector-2 c_compat_x_tst.o-c_compat_y_tst.o link UNRESOLVED: gcc.dg/compat/vector-2 c_compat_x_tst.o-c_compat_y_tst.o execute FAIL: gcc.dg/debug/dwarf2/dwarf-die7.c scan-assembler 1.*DW_AT_inline FAIL: gcc.dg/20011009-1.c (test for excess errors) WARNING: gcc.dg/20011009-1.c compilation failed to produce executable FAIL: gcc.dg/c90-const-expr-3.c (test for excess errors) FAIL: gcc.dg/c99-const-expr-3.c (test for excess errors) FAIL: gcc.dg/i386-sse-6.c (test for excess errors) WARNING: gcc.dg/i386-sse-6.c compilation failed to produce executable XPASS: gcc.dg/i386-ssetype-1.c scan-assembler-not movdqa XPASS: gcc.dg/i386-ssetype-3.c scan-assembler-not movdqa XPASS: gcc.dg/setjmp-1.c spurious clobbered warning (test for bogus messages, line 16) FAIL: gcc.dg/visibility-1.c (test for excess errors) FAIL: gcc.dg/visibility-1.c scan-assembler \\\\.hidden.*foo FAIL: gcc.dg/visibility-2.c (test for excess errors) FAIL: gcc.dg/visibility-2.c scan-assembler \\\\.hidden.*foo FAIL: gcc.dg/visibility-3.c (test for excess errors) FAIL: gcc.dg/visibility-3.c scan-assembler \\\\.hidden.*xyzzy FAIL: gcc.dg/visibility-4.c (test for excess errors) FAIL: gcc.dg/visibility-4.c scan-assembler \\\\.hidden.*xyzzy FAIL: gcc.dg/visibility-5.c (test for excess errors) FAIL: gcc.dg/visibility-5.c scan-assembler \\\\.hidden.*foo FAIL: gcc.dg/visibility-6.c (test for excess errors) FAIL: gcc.dg/visibility-6.c scan-assembler \\\\.hidden.*xyzzy FAIL: gcc.dg/visibility-7.c (test for excess errors) FAIL: gcc.dg/visibility-7.c scan-assembler \\\\.hidden.*xyzzy FAIL: gcc.dg/visibility-8.c (test for excess errors) FAIL: gcc.dg/visibility-8.c scan-assembler \\\\.hidden.*__GI_fputs_unlocked FAIL: largefile.c (test for excess errors) FAIL: largefile.c (test for excess errors) FAIL: largefile.c (test for excess errors) FAIL: largefile.c (test for excess errors) FAIL: largefile.c (test for excess errors) FAIL: largefile.c (test for excess errors) FAIL: largefile.c (test for excess errors) XPASS: gcc.dg/tree-ssa/20040204-1.c scan-tree-dump-times link_error 0 FAIL: 209: expected branch percentages not found: 25 FAIL: gcc.misc-tests/gcov-4b.c gcov: 0 failures in line counts, 1 in branch percentages, 0 in return percentages === gcc Summary === # of expected passes 26013 # of unexpected failures 35 # of unexpected successes 4 # of expected failures 63 # of unresolved testcases 4 # of untested testcases 35 # of unsupported tests 220 /amnt/figaro/volumes/obj-gcc/gcc/obj.sol86/gcc-3.5.0-20040517/10-gcc/gcc/xgcc version 3.5.0 20040517 (experimental) === gfortran tests === Running target unix FAIL: gfortran.fortran-torture/compile/actual.f90, -O2 FAIL: gfortran.fortran-torture/compile/actual.f90, -O2 -fomit-frame-pointer -finline-functions FAIL: gfortran.fortran-torture/compile/actual.f90, -O2 -fomit-frame-pointer -finline-functions -funroll-loops FAIL: gfortran.fortran-torture/compile/actual.f90, -O2 -fomit-frame-pointer -finline-functions -funroll-all-loops FAIL: gfortran.fortran-torture/compile/actual.f90, -O2 -fno-repack-arrays FAIL: gfortran.fortran-torture/compile/actual.f90, -O3 -g FAIL: gfortran.fortran-torture/compile/actual.f90, -Os FAIL: gfortran.fortran-torture/execute/a_edit_1.f90 compilation, -O0 FAIL: gfortran.fortran-torture/execute/a_edit_1.f90 compilation, -O1 FAIL: gfortran.fortran-torture/execute/a_edit_1.f90 compilation, -O2 FAIL: gfortran.fortran-torture/execute/a_edit_1.f90 compilation, -O2 -fomit-frame-pointer -finline-functions FAIL: gfortran.fortran-torture/execute/a_edit_1.f90 compilation, -O2 -fomit-frame-pointer -finline-functions -funroll-loops FAIL: gfortran.fortran-torture/execute/a_edit_1.f90 compilation, -O2 -fomit-frame-pointer -finline-functions -funroll-all-loops FAIL: gfortran.fortran-torture/execute/a_edit_1.f90 compilation, -O2 -fno-repack-arrays FAIL: gfortran.fortran-torture/execute/a_edit_1.f90 compilation, -O3 -g FAIL: gfortran.fortran-torture/execute/a_edit_1.f90 compilation, -Os FAIL: gfortran.fortran-torture/execute/adjustr.f90 compilation, -O0 FAIL: gfortran.fortran-torture/execute/adjustr.f90 compilation, -O1 FAIL: gfortran.fortran-torture/execute/adjustr.f90 compilation, -O2 FAIL: gfortran.fortran-torture/execute/adjustr.f90 compilation, -O2 -fomit-frame-pointer -finline-functions FAIL: gfortran.fortran-torture/execute/adjustr.f90 compilation, -O2 -fomit-frame-pointer -finline-functions -funroll-loops FAIL: gfortran.fortran-torture/execute/adjustr.f90 compilation, -O2 -fomit-frame-pointer -finline-functions -funroll-all-loops FAIL: gfortran.fortran-torture/execute/adjustr.f90 compilation, -O2 -fno-repack-arrays FAIL: gfortran.fortran-torture/execute/adjustr.f90 compilation, -O3 -g FAIL: gfortran.fortran-torture/execute/adjustr.f90 compilation, -Os FAIL: gfortran.fortran-torture/execute/allocate.f90 compilation, -O0 FAIL: gfortran.fortran-torture/execute/allocate.f90 compilation, -O1 FAIL: gfortran.fortran-torture/execute/allocate.f90 compilation, -O2 FAIL: gfortran.fortran-torture/execute/allocate.f90 compilation, -O2 -fomit-frame-pointer -finline-functions FAIL: gfortran.fortran-torture/execute/allocate.f90 compilation, -O2 -fomit-frame-pointer -finline-functions -funroll-loops FAIL: gfortran.fortran-torture/execute/allocate.f90 compilation, -O2 -fomit-frame-pointer -finline-functions -funroll-all-loops FAIL: gfortran.fortran-torture/execute/allocate.f90 compilation, -O2 -fno-repack-arrays FAIL: gfortran.fortran-torture/execute/allocate.f90 compilation, -O3 -g FAIL: gfortran.fortran-torture/execute/allocate.f90 compilation, -Os FAIL: gfortran.fortran-torture/execute/alternate_return.f90 compilation, -O0 FAIL: gfortran.fortran-torture/execute/alternate_return.f90 compilation, -O1 FAIL: gfortran.fortran-torture/execute/alternate_return.f90 compilation, -O2 FAIL: gfortran.fortran-torture/execute/alternate_return.f90 compilation, -O2 -fomit-frame-pointer -finline-functions FAIL: gfortran.fortran-torture/execute/alternate_return.f90 compilation, -O2 -fomit-frame-pointer -finline-functions -funroll-loops FAIL: gfortran.fortran-torture/execute/alternate_return.f90 compilation, -O2 -fomit-frame-pointer -finline-functions -funroll-all-loops FAIL: gfortran.fortran-torture/execute/alternate_return.f90 compilation, -O2 -fno-repack-arrays FAIL: gfortran.fortran-torture/execute/alternate_return.f90 compilation, -O3 -g FAIL: gfortran.fortran-torture/execute/alternate_return.f90 compilation, -Os FAIL: gfortran.fortran-torture/execute/args.f90 compilation, -O0 FAIL: gfortran.fortran-torture/execute/args.f90 compilation, -O1 FAIL: gfortran.fortran-torture/execute/args.f90 compilation, -O2 FAIL: gfortran.fortran-torture/execute/args.f90 compilation, -O2 -fomit-frame-pointer -finline-functions FAIL: gfortran.fortran-torture/execute/args.f90 compilation, -O2 -fomit-frame-pointer -finline-functions -funroll-loops FAIL: gfortran.fortran-torture/execute/args.f90 compilation, -O2 -fomit-frame-pointer -finline-functions -funroll-all-loops FAIL: gfortran.fortran-torture/execute/args.f90 compilation, -O2 -fno-repack-arrays FAIL: gfortran.fortran-torture/execute/args.f90 compilation, -O3 -g FAIL: gfortran.fortran-torture/execute/args.f90 compilation, -Os FAIL: gfortran.fortran-torture/execute/arithmeticif.f90 compilation, -O0 FAIL: gfortran.fortran-torture/execute/arithmeticif.f90 compilation, -O1 FAIL: gfortran.fortran-torture/execute/arithmeticif.f90 compilation, -O2 FAIL: gfortran.fortran-torture/execute/arithmeticif.f90 compilation, -O2 -fomit-frame-pointer -finline-functions FAIL: gfortran.fortran-torture/execute/arithmeticif.f90 compilation, -O2 -fomit-frame-pointer -finline-functions -funroll-loops FAIL: gfortran.fortran-torture/execute/arithmeticif.f90 compilation, -O2 -fomit-frame-pointer -finline-functions -funroll-all-loops FAIL: gfortran.fortran-torture/execute/arithmeticif.f90 compilation, -O2 -fno-repack-arrays FAIL: gfortran.fortran-torture/execute/arithmeticif.f90 compilation, -O3 -g FAIL: gfortran.fortran-torture/execute/arithmeticif.f90 compilation, -Os FAIL: gfortran.fortran-torture/execute/arrayarg.f90 compilation, -O0 FAIL: gfortran.fortran-torture/execute/arrayarg.f90 compilation, -O1 FAIL: gfortran.fortran-torture/execute/arrayarg.f90 compilation, -O2 FAIL: gfortran.fortran-torture/execute/arrayarg.f90 compilation, -O2 -fomit-frame-pointer -finline-functions FAIL: gfortran.fortran-torture/execute/arrayarg.f90 compilation, -O2 -fomit-frame-pointer -finline-functions -funroll-loops FAIL: gfortran.fortran-torture/execute/arrayarg.f90 compilation, -O2 -fomit-frame-pointer -finline-functions -funroll-all-loops FAIL: gfortran.fortran-torture/execute/arrayarg.f90 compilation, -O2 -fno-repack-arrays FAIL: gfortran.fortran-torture/execute/arrayarg.f90 compilation, -O3 -g FAIL: gfortran.fortran-torture/execute/arrayarg.f90 compilation, -Os FAIL: gfortran.fortran-torture/execute/arrayarg2.f90 compilation, -O0 FAIL: gfortran.fortran-torture/execute/arrayarg2.f90 compilation, -O1 FAIL: gfortran.fortran-torture/execute/arrayarg2.f90 compilation, -O2 FAIL: gfortran.fortran-torture/execute/arrayarg2.f90 compilation, -O2 -fomit-frame-pointer -finline-functions FAIL: gfortran.fortran-torture/execute/arrayarg2.f90 compilation, -O2 -fomit-frame-pointer -finline-functions -funroll-loops FAIL: gfortran.fortran-torture/execute/arrayarg2.f90 compilation, -O2 -fomit-frame-pointer -finline-functions -funroll-all-loops FAIL: gfortran.fortran-torture/execute/arrayarg2.f90 compilation, -O2 -fno-repack-arrays FAIL: gfortran.fortran-torture/execute/arrayarg2.f90 compilation, -O3 -g FAIL: gfortran.fortran-torture/execute/arrayarg2.f90 compilation, -Os FAIL: gfortran.fortran-torture/execute/arraysave.f90 compilation, -O0 FAIL: gfortran.fortran-torture/execute/arraysave.f90 compilation, -O1 FAIL: gfortran.fortran-torture/execute/arraysave.f90 compilation, -O2 FAIL: gfortran.fortran-torture/execute/arraysave.f90 compilation, -O2 -fomit-frame-pointer -finline-functions FAIL: gfortran.fortran-torture/execute/arraysave.f90 compilation, -O2 -fomit-frame-pointer -finline-functions -funroll-loops FAIL: gfortran.fortran-torture/execute/arraysave.f90 compilation, -O2 -fomit-frame-pointer -finline-functions -funroll-all-loops FAIL: gfortran.fortran-torture/execute/arraysave.f90 compilation, -O2 -fno-repack-arrays FAIL: gfortran.fortran-torture/execute/arraysave.f90 compilation, -O3 -g FAIL: gfortran.fortran-torture/execute/arraysave.f90 compilation, -Os FAIL: gfortran.fortran-torture/execute/assumed_size.f90 compilation, -O0 FAIL: gfortran.fortran-torture/execute/assumed_size.f90 compilation, -O1 FAIL: gfortran.fortran-torture/execute/assumed_size.f90 compilation, -O2 FAIL: gfortran.fortran-torture/execute/assumed_size.f90 compilation, -O2 -fomit-frame-pointer -finline-functions FAIL: gfortran.fortran-torture/execute/assumed_size.f90 compilation, -O2 -fomit-frame-pointer -finline-functions -funroll-loops FAIL: gfortran.fortran-torture/execute/assumed_size.f90 compilation, -O2 -fomit-frame-pointer -finline-functions -funroll-all-loops FAIL: gfortran.fortran-torture/execute/assumed_size.f90 compilation, -O2 -fno-repack-arrays FAIL: gfortran.fortran-torture/execute/assumed_size.f90 compilation, -O3 -g FAIL: gfortran.fortran-torture/execute/assumed_size.f90 compilation, -Os FAIL: gfortran.fortran-torture/execute/bounds.f90 compilation, -O0 FAIL: gfortran.fortran-torture/execute/bounds.f90 compilation, -O1 FAIL: gfortran.fortran-torture/execute/bounds.f90 compilation, -O2 FAIL: gfortran.fortran-torture/execute/bounds.f90 compilation, -O2 -fomit-frame-pointer -finline-functions FAIL: gfortran.fortran-torture/execute/bounds.f90 compilation, -O2 -fomit-frame-pointer -finline-functions -funroll-loops FAIL: gfortran.fortran-torture/execute/bounds.f90 compilation, -O2 -fomit-frame-pointer -finline-functions -funroll-all-loops FAIL: gfortran.fortran-torture/execute/bounds.f90 compilation, -O2 -fno-repack-arrays FAIL: gfortran.fortran-torture/execute/bounds.f90 compilation, -O3 -g FAIL: gfortran.fortran-torture/execute/bounds.f90 compilation, -Os FAIL: gfortran.fortran-torture/execute/character_select_1.f90 compilation, -O0 FAIL: gfortran.fortran-torture/execute/character_select_1.f90 compilation, -O1 FAIL: gfortran.fortran-torture/execute/character_select_1.f90 compilation, -O2 FAIL: gfortran.fortran-torture/execute/character_select_1.f90 compilation, -O2 -fomit-frame-pointer -finline-functions FAIL: gfortran.fortran-torture/execute/character_select_1.f90 compilation, -O2 -fomit-frame-pointer -finline-functions -funroll-loops FAIL: gfortran.fortran-torture/execute/character_select_1.f90 compilation, -O2 -fomit-frame-pointer -finline-functions -funroll-all-loops FAIL: gfortran.fortran-torture/execute/character_select_1.f90 compilation, -O2 -fno-repack-arrays FAIL: gfortran.fortran-torture/execute/character_select_1.f90 compilation, -O3 -g FAIL: gfortran.fortran-torture/execute/character_select_1.f90 compilation, -Os FAIL: gfortran.fortran-torture/execute/cmplx.f90 compilation, -O0 FAIL: gfortran.fortran-torture/execute/cmplx.f90 compilation, -O1 FAIL: gfortran.fortran-torture/execute/cmplx.f90 compilation, -O2 FAIL: gfortran.fortran-torture/execute/cmplx.f90 compilation, -O2 -fomit-frame-pointer -finline-functions FAIL: gfortran.fortran-torture/execute/cmplx.f90 compilation, -O2 -fomit-frame-pointer -finline-functions -funroll-loops FAIL: gfortran.fortran-torture/execute/cmplx.f90 compilation, -O2 -fomit-frame-pointer -finline-functions -funroll-all-loops FAIL: gfortran.fortran-torture/execute/cmplx.f90 compilation, -O2 -fno-repack-arrays FAIL: gfortran.fortran-torture/execute/cmplx.f90 compilation, -O3 -g FAIL: gfortran.fortran-torture/execute/cmplx.f90 compilation, -Os FAIL: gfortran.fortran-torture/execute/common.f90 compilation, -O0 FAIL: gfortran.fortran-torture/execute/common.f90 compilation, -O1 FAIL: gfortran.fortran-torture/execute/common.f90 compilation, -O2 FAIL: gfortran.fortran-torture/execute/common.f90 compilation, -O2 -fomit-frame-pointer -finline-functions FAIL: gfortran.fortran-torture/execute/common.f90 compilation, -O2 -fomit-frame-pointer -finline-functions -funroll-loops FAIL: gfortran.fortran-torture/execute/common.f90 compilation, -O2 -fomit-frame-pointer -finline-functions -funroll-all-loops FAIL: gfortran.fortran-torture/execute/common.f90 compilation, -O2 -fno-repack-arrays FAIL: gfortran.fortran-torture/execute/common.f90 compilation, -O3 -g FAIL: gfortran.fortran-torture/execute/common.f90 compilation, -Os FAIL: gfortran.fortran-torture/execute/common_size.f90 compilation, -O0 FAIL: gfortran.fortran-torture/execute/common_size.f90 compilation, -O1 FAIL: gfortran.fortran-torture/execute/common_size.f90 compilation, -O2 FAIL: gfortran.fortran-torture/execute/common_size.f90 compilation, -O2 -fomit-frame-pointer -finline-functions FAIL: gfortran.fortran-torture/execute/common_size.f90 compilation, -O2 -fomit-frame-pointer -finline-functions -funroll-loops FAIL: gfortran.fortran-torture/execute/common_size.f90 compilation, -O2 -fomit-frame-pointer -finline-functions -funroll-all-loops FAIL: gfortran.fortran-torture/execute/common_size.f90 compilation, -O2 -fno-repack-arrays FAIL: gfortran.fortran-torture/execute/common_size.f90 compilation, -O3 -g FAIL: gfortran.fortran-torture/execute/common_size.f90 compilation, -Os FAIL: gfortran.fortran-torture/execute/constructor.f90 compilation, -O0 FAIL: gfortran.fortran-torture/execute/constructor.f90 compilation, -O1 FAIL: gfortran.fortran-torture/execute/constructor.f90 compilation, -O2 FAIL: gfortran.fortran-torture/execute/constructor.f90 compilation, -O2 -fomit-frame-pointer -finline-functions FAIL: gfortran.fortran-torture/execute/constructor.f90 compilation, -O2 -fomit-frame-pointer -finline-functions -funroll-loops FAIL: gfortran.fortran-torture/execute/constructor.f90 compilation, -O2 -fomit-frame-pointer -finline-functions -funroll-all-loops FAIL: gfortran.fortran-torture/execute/constructor.f90 compilation, -O2 -fno-repack-arrays FAIL: gfortran.fortran-torture/execute/constructor.f90 compilation, -O3 -g FAIL: gfortran.fortran-torture/execute/constructor.f90 compilation, -Os FAIL: gfortran.fortran-torture/execute/contained.f90 compilation, -O0 FAIL: gfortran.fortran-torture/execute/contained.f90 compilation, -O1 FAIL: gfortran.fortran-torture/execute/contained.f90 compilation, -O2 FAIL: gfortran.fortran-torture/execute/contained.f90 compilation, -O2 -fomit-frame-pointer -finline-functions FAIL: gfortran.fortran-torture/execute/contained.f90 compilation, -O2 -fomit-frame-pointer -finline-functions -funroll-loops FAIL: gfortran.fortran-torture/execute/contained.f90 compilation, -O2 -fomit-frame-pointer -finline-functions -funroll-all-loops FAIL: gfortran.fortran-torture/execute/contained.f90 compilation, -O2 -fno-repack-arrays FAIL: gfortran.fortran-torture/execute/contained.f90 compilation, -O3 -g FAIL: gfortran.fortran-torture/execute/contained.f90 compilation, -Os FAIL: gfortran.fortran-torture/execute/contained2.f90 compilation, -O0 FAIL: gfortran.fortran-torture/execute/contained2.f90 compilation, -O1 FAIL: gfortran.fortran-torture/execute/contained2.f90 compilation, -O2 FAIL: gfortran.fortran-torture/execute/contained2.f90 compilation, -O2 -fomit-frame-pointer -finline-functions FAIL: gfortran.fortran-torture/execute/contained2.f90 compilation, -O2 -fomit-frame-pointer -finline-functions -funroll-loops FAIL: gfortran.fortran-torture/execute/contained2.f90 compilation, -O2 -fomit-frame-pointer -finline-functions -funroll-all-loops FAIL: gfortran.fortran-torture/execute/contained2.f90 compilation, -O2 -fno-repack-arrays FAIL: gfortran.fortran-torture/execute/contained2.f90 compilation, -O3 -g FAIL: gfortran.fortran-torture/execute/contained2.f90 compilation, -Os FAIL: gfortran.fortran-torture/execute/csqrt_1.f90 compilation, -O0 FAIL: gfortran.fortran-torture/execute/csqrt_1.f90 compilation, -O1 FAIL: gfortran.fortran-torture/execute/csqrt_1.f90 compilation, -O2 FAIL: gfortran.fortran-torture/execute/csqrt_1.f90 compilation, -O2 -fomit-frame-pointer -finline-functions FAIL: gfortran.fortran-torture/execute/csqrt_1.f90 compilation, -O2 -fomit-frame-pointer -finline-functions -funroll-loops FAIL: gfortran.fortran-torture/execute/csqrt_1.f90 compilation, -O2 -fomit-frame-pointer -finline-functions -funroll-all-loops FAIL: gfortran.fortran-torture/execute/csqrt_1.f90 compilation, -O2 -fno-repack-arrays FAIL: gfortran.fortran-torture/execute/csqrt_1.f90 compilation, -O3 -g FAIL: gfortran.fortran-torture/execute/csqrt_1.f90 compilation, -Os FAIL: gfortran.fortran-torture/execute/data.f90 compilation, -O0 FAIL: gfortran.fortran-torture/execute/data.f90 compilation, -O1 FAIL: gfortran.fortran-torture/execute/data.f90 compilation, -O2 FAIL: gfortran.fortran-torture/execute/data.f90 compilation, -O2 -fomit-frame-pointer -finline-functions FAIL: gfortran.fortran-torture/execute/data.f90 compilation, -O2 -fomit-frame-pointer -finline-functions -funroll-loops FAIL: gfortran.fortran-torture/execute/data.f90 compilation, -O2 -fomit-frame-pointer -finline-functions -funroll-all-loops FAIL: gfortran.fortran-torture/execute/data.f90 compilation, -O2 -fno-repack-arrays FAIL: gfortran.fortran-torture/execute/data.f90 compilation, -O3 -g FAIL: gfortran.fortran-torture/execute/data.f90 compilation, -Os FAIL: gfortran.fortran-torture/execute/data_2.f90 compilation, -O0 FAIL: gfortran.fortran-torture/execute/data_2.f90 compilation, -O1 FAIL: gfortran.fortran-torture/execute/data_2.f90 compilation, -O2 FAIL: gfortran.fortran-torture/execute/data_2.f90 compilation, -O2 -fomit-frame-pointer -finline-functions FAIL: gfortran.fortran-torture/execute/data_2.f90 compilation, -O2 -fomit-frame-pointer -finline-functions -funroll-loops FAIL: gfortran.fortran-torture/execute/data_2.f90 compilation, -O2 -fomit-frame-pointer -finline-functions -funroll-all-loops FAIL: gfortran.fortran-torture/execute/data_2.f90 compilation, -O2 -fno-repack-arrays FAIL: gfortran.fortran-torture/execute/data_2.f90 compilation, -O3 -g FAIL: gfortran.fortran-torture/execute/data_2.f90 compilation, -Os FAIL: gfortran.fortran-torture/execute/dep_fails.f90 compilation, -O0 FAIL: gfortran.fortran-torture/execute/dep_fails.f90 compilation, -O1 FAIL: gfortran.fortran-torture/execute/dep_fails.f90 compilation, -O2 FAIL: gfortran.fortran-torture/execute/dep_fails.f90 compilation, -O2 -fomit-frame-pointer -finline-functions FAIL: gfortran.fortran-torture/execute/dep_fails.f90 compilation, -O2 -fomit-frame-pointer -finline-functions -funroll-loops FAIL: gfortran.fortran-torture/execute/dep_fails.f90 compilation, -O2 -fomit-frame-pointer -finline-functions -funroll-all-loops FAIL: gfortran.fortran-torture/execute/dep_fails.f90 compilation, -O2 -fno-repack-arrays FAIL: gfortran.fortran-torture/execute/dep_fails.f90 compilation, -O3 -g FAIL: gfortran.fortran-torture/execute/dep_fails.f90 compilation, -Os FAIL: gfortran.fortran-torture/execute/der_init.f90 compilation, -O0 FAIL: gfortran.fortran-torture/execute/der_init.f90 compilation, -O1 FAIL: gfortran.fortran-torture/execute/der_init.f90 compilation, -O2 FAIL: gfortran.fortran-torture/execute/der_init.f90 compilation, -O2 -fomit-frame-pointer -finline-functions FAIL: gfortran.fortran-torture/execute/der_init.f90 compilation, -O2 -fomit-frame-pointer -finline-functions -funroll-loops FAIL: gfortran.fortran-torture/execute/der_init.f90 compilation, -O2 -fomit-frame-pointer -finline-functions -funroll-all-loops FAIL: gfortran.fortran-torture/execute/der_init.f90 compilation, -O2 -fno-repack-arrays FAIL: gfortran.fortran-torture/execute/der_init.f90 compilation, -O3 -g FAIL: gfortran.fortran-torture/execute/der_init.f90 compilation, -Os FAIL: gfortran.fortran-torture/execute/der_init_2.f90 compilation, -O0 FAIL: gfortran.fortran-torture/execute/der_init_2.f90 compilation, -O1 FAIL: gfortran.fortran-torture/execute/der_init_2.f90 compilation, -O2 FAIL: gfortran.fortran-torture/execute/der_init_2.f90 compilation, -O2 -fomit-frame-pointer -finline-functions FAIL: gfortran.fortran-torture/execute/der_init_2.f90 compilation, -O2 -fomit-frame-pointer -finline-functions -funroll-loops FAIL: gfortran.fortran-torture/execute/der_init_2.f90 compilation, -O2 -fomit-frame-pointer -finline-functions -funroll-all-loops FAIL: gfortran.fortran-torture/execute/der_init_2.f90 compilation, -O2 -fno-repack-arrays FAIL: gfortran.fortran-torture/execute/der_init_2.f90 compilation, -O3 -g FAIL: gfortran.fortran-torture/execute/der_init_2.f90 compilation, -Os FAIL: gfortran.fortran-torture/execute/der_init_3.f90 compilation, -O0 FAIL: gfortran.fortran-torture/execute/der_init_3.f90 compilation, -O1 FAIL: gfortran.fortran-torture/execute/der_init_3.f90 compilation, -O2 FAIL: gfortran.fortran-torture/execute/der_init_3.f90 compilation, -O2 -fomit-frame-pointer -finline-functions FAIL: gfortran.fortran-torture/execute/der_init_3.f90 compilation, -O2 -fomit-frame-pointer -finline-functions -funroll-loops FAIL: gfortran.fortran-torture/execute/der_init_3.f90 compilation, -O2 -fomit-frame-pointer -finline-functions -funroll-all-loops FAIL: gfortran.fortran-torture/execute/der_init_3.f90 compilation, -O2 -fno-repack-arrays FAIL: gfortran.fortran-torture/execute/der_init_3.f90 compilation, -O3 -g FAIL: gfortran.fortran-torture/execute/der_init_3.f90 compilation, -Os FAIL: gfortran.fortran-torture/execute/der_io.f90 compilation, -O0 FAIL: gfortran.fortran-torture/execute/der_io.f90 compilation, -O1 FAIL: gfortran.fortran-torture/execute/der_io.f90 compilation, -O2 FAIL: gfortran.fortran-torture/execute/der_io.f90 compilation, -O2 -fomit-frame-pointer -finline-functions FAIL: gfortran.fortran-torture/execute/der_io.f90 compilation, -O2 -fomit-frame-pointer -finline-functions -funroll-loops FAIL: gfortran.fortran-torture/execute/der_io.f90 compilation, -O2 -fomit-frame-pointer -finline-functions -funroll-all-loops FAIL: gfortran.fortran-torture/execute/der_io.f90 compilation, -O2 -fno-repack-arrays FAIL: gfortran.fortran-torture/execute/der_io.f90 compilation, -O3 -g FAIL: gfortran.fortran-torture/execute/der_io.f90 compilation, -Os FAIL: gfortran.fortran-torture/execute/der_point.f90 compilation, -O0 FAIL: gfortran.fortran-torture/execute/der_point.f90 compilation, -O1 FAIL: gfortran.fortran-torture/execute/der_point.f90 compilation, -O2 FAIL: gfortran.fortran-torture/execute/der_point.f90 compilation, -O2 -fomit-frame-pointer -finline-functions FAIL: gfortran.fortran-torture/execute/der_point.f90 compilation, -O2 -fomit-frame-pointer -finline-functions -funroll-loops FAIL: gfortran.fortran-torture/execute/der_point.f90 compilation, -O2 -fomit-frame-pointer -finline-functions -funroll-all-loops FAIL: gfortran.fortran-torture/execute/der_point.f90 compilation, -O2 -fno-repack-arrays FAIL: gfortran.fortran-torture/execute/der_point.f90 compilation, -O3 -g FAIL: gfortran.fortran-torture/execute/der_point.f90 compilation, -Os FAIL: gfortran.fortran-torture/execute/der_type.f90 compilation, -O0 FAIL: gfortran.fortran-torture/execute/der_type.f90 compilation, -O1 FAIL: gfortran.fortran-torture/execute/der_type.f90 compilation, -O2 FAIL: gfortran.fortran-torture/execute/der_type.f90 compilation, -O2 -fomit-frame-pointer -finline-functions FAIL: gfortran.fortran-torture/execute/der_type.f90 compilation, -O2 -fomit-frame-pointer -finline-functions -funroll-loops FAIL: gfortran.fortran-torture/execute/der_type.f90 compilation, -O2 -fomit-frame-pointer -finline-functions -funroll-all-loops FAIL: gfortran.fortran-torture/execute/der_type.f90 compilation, -O2 -fno-repack-arrays FAIL: gfortran.fortran-torture/execute/der_type.f90 compilation, -O3 -g FAIL: gfortran.fortran-torture/execute/der_type.f90 compilation, -Os FAIL: gfortran.fortran-torture/execute/direct_io.f90 compilation, -O0 FAIL: gfortran.fortran-torture/execute/direct_io.f90 compilation, -O1 FAIL: gfortran.fortran-torture/execute/direct_io.f90 compilation, -O2 FAIL: gfortran.fortran-torture/execute/direct_io.f90 compilation, -O2 -fomit-frame-pointer -finline-functions FAIL: gfortran.fortran-torture/execute/direct_io.f90 compilation, -O2 -fomit-frame-pointer -finline-functions -funroll-loops FAIL: gfortran.fortran-torture/execute/direct_io.f90 compilation, -O2 -fomit-frame-pointer -finline-functions -funroll-all-loops FAIL: gfortran.fortran-torture/execute/direct_io.f90 compilation, -O2 -fno-repack-arrays FAIL: gfortran.fortran-torture/execute/direct_io.f90 compilation, -O3 -g FAIL: gfortran.fortran-torture/execute/direct_io.f90 compilation, -Os FAIL: gfortran.fortran-torture/execute/elemental.f90 compilation, -O0 FAIL: gfortran.fortran-torture/execute/elemental.f90 compilation, -O1 FAIL: gfortran.fortran-torture/execute/elemental.f90 compilation, -O2 FAIL: gfortran.fortran-torture/execute/elemental.f90 compilation, -O2 -fomit-frame-pointer -finline-functions FAIL: gfortran.fortran-torture/execute/elemental.f90 compilation, -O2 -fomit-frame-pointer -finline-functions -funroll-loops FAIL: gfortran.fortran-torture/execute/elemental.f90 compilation, -O2 -fomit-frame-pointer -finline-functions -funroll-all-loops FAIL: gfortran.fortran-torture/execute/elemental.f90 compilation, -O2 -fno-repack-arrays FAIL: gfortran.fortran-torture/execute/elemental.f90 compilation, -O3 -g FAIL: gfortran.fortran-torture/execute/elemental.f90 compilation, -Os FAIL: gfortran.fortran-torture/execute/empty_format.f90 compilation, -O0 FAIL: gfortran.fortran-torture/execute/empty_format.f90 compilation, -O1 FAIL: gfortran.fortran-torture/execute/empty_format.f90 compilation, -O2 FAIL: gfortran.fortran-torture/execute/empty_format.f90 compilation, -O2 -fomit-frame-pointer -finline-functions FAIL: gfortran.fortran-torture/execute/empty_format.f90 compilation, -O2 -fomit-frame-pointer -finline-functions -funroll-loops FAIL: gfortran.fortran-torture/execute/empty_format.f90 compilation, -O2 -fomit-frame-pointer -finline-functions -funroll-all-loops FAIL: gfortran.fortran-torture/execute/empty_format.f90 compilation, -O2 -fno-repack-arrays FAIL: gfortran.fortran-torture/execute/empty_format.f90 compilation, -O3 -g FAIL: gfortran.fortran-torture/execute/empty_format.f90 compilation, -Os FAIL: gfortran.fortran-torture/execute/emptyif.f90 compilation, -O0 FAIL: gfortran.fortran-torture/execute/emptyif.f90 compilation, -O1 FAIL: gfortran.fortran-torture/execute/emptyif.f90 compilation, -O2 FAIL: gfortran.fortran-torture/execute/emptyif.f90 compilation, -O2 -fomit-frame-pointer -finline-functions FAIL: gfortran.fortran-torture/execute/emptyif.f90 compilation, -O2 -fomit-frame-pointer -finline-functions -funroll-loops FAIL: gfortran.fortran-torture/execute/emptyif.f90 compilation, -O2 -fomit-frame-pointer -finline-functions -funroll-all-loops FAIL: gfortran.fortran-torture/execute/emptyif.f90 compilation, -O2 -fno-repack-arrays FAIL: gfortran.fortran-torture/execute/emptyif.f90 compilation, -O3 -g FAIL: gfortran.fortran-torture/execute/emptyif.f90 compilation, -Os FAIL: gfortran.fortran-torture/execute/f2_edit_1.f90 compilation, -O0 FAIL: gfortran.fortran-torture/execute/f2_edit_1.f90 compilation, -O1 FAIL: gfortran.fortran-torture/execute/f2_edit_1.f90 compilation, -O2 FAIL: gfortran.fortran-torture/execute/f2_edit_1.f90 compilation, -O2 -fomit-frame-pointer -finline-functions FAIL: gfortran.fortran-torture/execute/f2_edit_1.f90 compilation, -O2 -fomit-frame-pointer -finline-functions -funroll-loops FAIL: gfortran.fortran-torture/execute/f2_edit_1.f90 compilation, -O2 -fomit-frame-pointer -finline-functions -funroll-all-loops FAIL: gfortran.fortran-torture/execute/f2_edit_1.f90 compilation, -O2 -fno-repack-arrays FAIL: gfortran.fortran-torture/execute/f2_edit_1.f90 compilation, -O3 -g FAIL: gfortran.fortran-torture/execute/f2_edit_1.f90 compilation, -Os FAIL: gfortran.fortran-torture/execute/forall.f90 compilation, -O0 FAIL: gfortran.fortran-torture/execute/forall.f90 compilation, -O1 FAIL: gfortran.fortran-torture/execute/forall.f90 compilation, -O2 FAIL: gfortran.fortran-torture/execute/forall.f90 compilation, -O2 -fomit-frame-pointer -finline-functions FAIL: gfortran.fortran-torture/execute/forall.f90 compilation, -O2 -fomit-frame-pointer -finline-functions -funroll-loops FAIL: gfortran.fortran-torture/execute/forall.f90 compilation, -O2 -fomit-frame-pointer -finline-functions -funroll-all-loops FAIL: gfortran.fortran-torture/execute/forall.f90 compilation, -O2 -fno-repack-arrays FAIL: gfortran.fortran-torture/execute/forall.f90 compilation, -O3 -g FAIL: gfortran.fortran-torture/execute/forall.f90 compilation, -Os FAIL: gfortran.fortran-torture/execute/forall_1.f90 compilation, -O0 FAIL: gfortran.fortran-torture/execute/forall_1.f90 compilation, -O1 FAIL: gfortran.fortran-torture/execute/forall_1.f90 compilation, -O2 FAIL: gfortran.fortran-torture/execute/forall_1.f90 compilation, -O2 -fomit-frame-pointer -finline-functions FAIL: gfortran.fortran-torture/execute/forall_1.f90 compilation, -O2 -fomit-frame-pointer -finline-functions -funroll-loops FAIL: gfortran.fortran-torture/execute/forall_1.f90 compilation, -O2 -fomit-frame-pointer -finline-functions -funroll-all-loops FAIL: gfortran.fortran-torture/execute/forall_1.f90 compilation, -O2 -fno-repack-arrays FAIL: gfortran.fortran-torture/execute/forall_1.f90 compilation, -O3 -g FAIL: gfortran.fortran-torture/execute/forall_1.f90 compilation, -Os FAIL: gfortran.fortran-torture/execute/forall_2.f90 compilation, -O0 FAIL: gfortran.fortran-torture/execute/forall_2.f90 compilation, -O1 FAIL: gfortran.fortran-torture/execute/forall_2.f90 compilation, -O2 FAIL: gfortran.fortran-torture/execute/forall_2.f90 compilation, -O2 -fomit-frame-pointer -finline-functions FAIL: gfortran.fortran-torture/execute/forall_2.f90 compilation, -O2 -fomit-frame-pointer -finline-functions -funroll-loops FAIL: gfortran.fortran-torture/execute/forall_2.f90 compilation, -O2 -fomit-frame-pointer -finline-functions -funroll-all-loops FAIL: gfortran.fortran-torture/execute/forall_2.f90 compilation, -O2 -fno-repack-arrays FAIL: gfortran.fortran-torture/execute/forall_2.f90 compilation, -O3 -g FAIL: gfortran.fortran-torture/execute/forall_2.f90 compilation, -Os FAIL: gfortran.fortran-torture/execute/forall_3.f90 compilation, -O0 FAIL: gfortran.fortran-torture/execute/forall_3.f90 compilation, -O1 FAIL: gfortran.fortran-torture/execute/forall_3.f90 compilation, -O2 FAIL: gfortran.fortran-torture/execute/forall_3.f90 compilation, -O2 -fomit-frame-pointer -finline-functions FAIL: gfortran.fortran-torture/execute/forall_3.f90 compilation, -O2 -fomit-frame-pointer -finline-functions -funroll-loops FAIL: gfortran.fortran-torture/execute/forall_3.f90 compilation, -O2 -fomit-frame-pointer -finline-functions -funroll-all-loops FAIL: gfortran.fortran-torture/execute/forall_3.f90 compilation, -O2 -fno-repack-arrays FAIL: gfortran.fortran-torture/execute/forall_3.f90 compilation, -O3 -g FAIL: gfortran.fortran-torture/execute/forall_3.f90 compilation, -Os FAIL: gfortran.fortran-torture/execute/forall_4.f90 compilation, -O0 FAIL: gfortran.fortran-torture/execute/forall_4.f90 compilation, -O1 FAIL: gfortran.fortran-torture/execute/forall_4.f90 compilation, -O2 FAIL: gfortran.fortran-torture/execute/forall_4.f90 compilation, -O2 -fomit-frame-pointer -finline-functions FAIL: gfortran.fortran-torture/execute/forall_4.f90 compilation, -O2 -fomit-frame-pointer -finline-functions -funroll-loops FAIL: gfortran.fortran-torture/execute/forall_4.f90 compilation, -O2 -fomit-frame-pointer -finline-functions -funroll-all-loops FAIL: gfortran.fortran-torture/execute/forall_4.f90 compilation, -O2 -fno-repack-arrays FAIL: gfortran.fortran-torture/execute/forall_4.f90 compilation, -O3 -g FAIL: gfortran.fortran-torture/execute/forall_4.f90 compilation, -Os FAIL: gfortran.fortran-torture/execute/forall_5.f90 compilation, -O0 FAIL: gfortran.fortran-torture/execute/forall_5.f90 compilation, -O1 FAIL: gfortran.fortran-torture/execute/forall_5.f90 compilation, -O2 FAIL: gfortran.fortran-torture/execute/forall_5.f90 compilation, -O2 -fomit-frame-pointer -finline-functions FAIL: gfortran.fortran-torture/execute/forall_5.f90 compilation, -O2 -fomit-frame-pointer -finline-functions -funroll-loops FAIL: gfortran.fortran-torture/execute/forall_5.f90 compilation, -O2 -fomit-frame-pointer -finline-functions -funroll-all-loops FAIL: gfortran.fortran-torture/execute/forall_5.f90 compilation, -O2 -fno-repack-arrays FAIL: gfortran.fortran-torture/execute/forall_5.f90 compilation, -O3 -g FAIL: gfortran.fortran-torture/execute/forall_5.f90 compilation, -Os FAIL: gfortran.fortran-torture/execute/forall_6.f90 compilation, -O0 FAIL: gfortran.fortran-torture/execute/forall_6.f90 compilation, -O1 FAIL: gfortran.fortran-torture/execute/forall_6.f90 compilation, -O2 FAIL: gfortran.fortran-torture/execute/forall_6.f90 compilation, -O2 -fomit-frame-pointer -finline-functions FAIL: gfortran.fortran-torture/execute/forall_6.f90 compilation, -O2 -fomit-frame-pointer -finline-functions -funroll-loops FAIL: gfortran.fortran-torture/execute/forall_6.f90 compilation, -O2 -fomit-frame-pointer -finline-functions -funroll-all-loops FAIL: gfortran.fortran-torture/execute/forall_6.f90 compilation, -O2 -fno-repack-arrays FAIL: gfortran.fortran-torture/execute/forall_6.f90 compilation, -O3 -g FAIL: gfortran.fortran-torture/execute/forall_6.f90 compilation, -Os FAIL: gfortran.fortran-torture/execute/function_module_1.f90 compilation, -O0 FAIL: gfortran.fortran-torture/execute/function_module_1.f90 compilation, -O1 FAIL: gfortran.fortran-torture/execute/function_module_1.f90 compilation, -O2 FAIL: gfortran.fortran-torture/execute/function_module_1.f90 compilation, -O2 -fomit-frame-pointer -finline-functions FAIL: gfortran.fortran-torture/execute/function_module_1.f90 compilation, -O2 -fomit-frame-pointer -finline-functions -funroll-loops FAIL: gfortran.fortran-torture/execute/function_module_1.f90 compilation, -O2 -fomit-frame-pointer -finline-functions -funroll-all-loops FAIL: gfortran.fortran-torture/execute/function_module_1.f90 compilation, -O2 -fno-repack-arrays FAIL: gfortran.fortran-torture/execute/function_module_1.f90 compilation, -O3 -g FAIL: gfortran.fortran-torture/execute/function_module_1.f90 compilation, -Os FAIL: gfortran.fortran-torture/execute/hollerith.f90 compilation, -O0 FAIL: gfortran.fortran-torture/execute/hollerith.f90 compilation, -O1 FAIL: gfortran.fortran-torture/execute/hollerith.f90 compilation, -O2 FAIL: gfortran.fortran-torture/execute/hollerith.f90 compilation, -O2 -fomit-frame-pointer -finline-functions FAIL: gfortran.fortran-torture/execute/hollerith.f90 compilation, -O2 -fomit-frame-pointer -finline-functions -funroll-loops FAIL: gfortran.fortran-torture/execute/hollerith.f90 compilation, -O2 -fomit-frame-pointer -finline-functions -funroll-all-loops FAIL: gfortran.fortran-torture/execute/hollerith.f90 compilation, -O2 -fno-repack-arrays FAIL: gfortran.fortran-torture/execute/hollerith.f90 compilation, -O3 -g FAIL: gfortran.fortran-torture/execute/hollerith.f90 compilation, -Os FAIL: gfortran.fortran-torture/execute/initializer.f90 compilation, -O0 FAIL: gfortran.fortran-torture/execute/initializer.f90 compilation, -O1 FAIL: gfortran.fortran-torture/execute/initializer.f90 compilation, -O2 FAIL: gfortran.fortran-torture/execute/initializer.f90 compilation, -O2 -fomit-frame-pointer -finline-functions FAIL: gfortran.fortran-torture/execute/initializer.f90 compilation, -O2 -fomit-frame-pointer -finline-functions -funroll-loops FAIL: gfortran.fortran-torture/execute/initializer.f90 compilation, -O2 -fomit-frame-pointer -finline-functions -funroll-all-loops FAIL: gfortran.fortran-torture/execute/initializer.f90 compilation, -O2 -fno-repack-arrays FAIL: gfortran.fortran-torture/execute/initializer.f90 compilation, -O3 -g FAIL: gfortran.fortran-torture/execute/initializer.f90 compilation, -Os FAIL: gfortran.fortran-torture/execute/inquire_1.f90 compilation, -O0 FAIL: gfortran.fortran-torture/execute/inquire_1.f90 compilation, -O1 FAIL: gfortran.fortran-torture/execute/inquire_1.f90 compilation, -O2 FAIL: gfortran.fortran-torture/execute/inquire_1.f90 compilation, -O2 -fomit-frame-pointer -finline-functions FAIL: gfortran.fortran-torture/execute/inquire_1.f90 compilation, -O2 -fomit-frame-pointer -finline-functions -funroll-loops FAIL: gfortran.fortran-torture/execute/inquire_1.f90 compilation, -O2 -fomit-frame-pointer -finline-functions -funroll-all-loops FAIL: gfortran.fortran-torture/execute/inquire_1.f90 compilation, -O2 -fno-repack-arrays FAIL: gfortran.fortran-torture/execute/inquire_1.f90 compilation, -O3 -g FAIL: gfortran.fortran-torture/execute/inquire_1.f90 compilation, -Os FAIL: gfortran.fortran-torture/execute/inquire_2.f90 compilation, -O0 FAIL: gfortran.fortran-torture/execute/inquire_2.f90 compilation, -O1 FAIL: gfortran.fortran-torture/execute/inquire_2.f90 compilation, -O2 FAIL: gfortran.fortran-torture/execute/inquire_2.f90 compilation, -O2 -fomit-frame-pointer -finline-functions FAIL: gfortran.fortran-torture/execute/inquire_2.f90 compilation, -O2 -fomit-frame-pointer -finline-functions -funroll-loops FAIL: gfortran.fortran-torture/execute/inquire_2.f90 compilation, -O2 -fomit-frame-pointer -finline-functions -funroll-all-loops FAIL: gfortran.fortran-torture/execute/inquire_2.f90 compilation, -O2 -fno-repack-arrays FAIL: gfortran.fortran-torture/execute/inquire_2.f90 compilation, -O3 -g FAIL: gfortran.fortran-torture/execute/inquire_2.f90 compilation, -Os FAIL: gfortran.fortran-torture/execute/inquire_3.f90 compilation, -O0 FAIL: gfortran.fortran-torture/execute/inquire_3.f90 compilation, -O1 FAIL: gfortran.fortran-torture/execute/inquire_3.f90 compilation, -O2 FAIL: gfortran.fortran-torture/execute/inquire_3.f90 compilation, -O2 -fomit-frame-pointer -finline-functions FAIL: gfortran.fortran-torture/execute/inquire_3.f90 compilation, -O2 -fomit-frame-pointer -finline-functions -funroll-loops FAIL: gfortran.fortran-torture/execute/inquire_3.f90 compilation, -O2 -fomit-frame-pointer -finline-functions -funroll-all-loops FAIL: gfortran.fortran-torture/execute/inquire_3.f90 compilation, -O2 -fno-repack-arrays FAIL: gfortran.fortran-torture/execute/inquire_3.f90 compilation, -O3 -g FAIL: gfortran.fortran-torture/execute/inquire_3.f90 compilation, -Os FAIL: gfortran.fortran-torture/execute/inquire_4.f90 compilation, -O0 FAIL: gfortran.fortran-torture/execute/inquire_4.f90 compilation, -O1 FAIL: gfortran.fortran-torture/execute/inquire_4.f90 compilation, -O2 FAIL: gfortran.fortran-torture/execute/inquire_4.f90 compilation, -O2 -fomit-frame-pointer -finline-functions FAIL: gfortran.fortran-torture/execute/inquire_4.f90 compilation, -O2 -fomit-frame-pointer -finline-functions -funroll-loops FAIL: gfortran.fortran-torture/execute/inquire_4.f90 compilation, -O2 -fomit-frame-pointer -finline-functions -funroll-all-loops FAIL: gfortran.fortran-torture/execute/inquire_4.f90 compilation, -O2 -fno-repack-arrays FAIL: gfortran.fortran-torture/execute/inquire_4.f90 compilation, -O3 -g FAIL: gfortran.fortran-torture/execute/inquire_4.f90 compilation, -Os FAIL: gfortran.fortran-torture/execute/integer_select.f90 compilation, -O0 FAIL: gfortran.fortran-torture/execute/integer_select.f90 compilation, -O1 FAIL: gfortran.fortran-torture/execute/integer_select.f90 compilation, -O2 FAIL: gfortran.fortran-torture/execute/integer_select.f90 compilation, -O2 -fomit-frame-pointer -finline-functions FAIL: gfortran.fortran-torture/execute/integer_select.f90 compilation, -O2 -fomit-frame-pointer -finline-functions -funroll-loops FAIL: gfortran.fortran-torture/execute/integer_select.f90 compilation, -O2 -fomit-frame-pointer -finline-functions -funroll-all-loops FAIL: gfortran.fortran-torture/execute/integer_select.f90 compilation, -O2 -fno-repack-arrays FAIL: gfortran.fortran-torture/execute/integer_select.f90 compilation, -O3 -g FAIL: gfortran.fortran-torture/execute/integer_select.f90 compilation, -Os FAIL: gfortran.fortran-torture/execute/integer_select_1.f90 compilation, -O0 FAIL: gfortran.fortran-torture/execute/integer_select_1.f90 compilation, -O1 FAIL: gfortran.fortran-torture/execute/integer_select_1.f90 compilation, -O2 FAIL: gfortran.fortran-torture/execute/integer_select_1.f90 compilation, -O2 -fomit-frame-pointer -finline-functions FAIL: gfortran.fortran-torture/execute/integer_select_1.f90 compilation, -O2 -fomit-frame-pointer -finline-functions -funroll-loops FAIL: gfortran.fortran-torture/execute/integer_select_1.f90 compilation, -O2 -fomit-frame-pointer -finline-functions -funroll-all-loops FAIL: gfortran.fortran-torture/execute/integer_select_1.f90 compilation, -O2 -fno-repack-arrays FAIL: gfortran.fortran-torture/execute/integer_select_1.f90 compilation, -O3 -g FAIL: gfortran.fortran-torture/execute/integer_select_1.f90 compilation, -Os FAIL: gfortran.fortran-torture/execute/internal_write.f90 compilation, -O0 FAIL: gfortran.fortran-torture/execute/internal_write.f90 compilation, -O1 FAIL: gfortran.fortran-torture/execute/internal_write.f90 compilation, -O2 FAIL: gfortran.fortran-torture/execute/internal_write.f90 compilation, -O2 -fomit-frame-pointer -finline-functions FAIL: gfortran.fortran-torture/execute/internal_write.f90 compilation, -O2 -fomit-frame-pointer -finline-functions -funroll-loops FAIL: gfortran.fortran-torture/execute/internal_write.f90 compilation, -O2 -fomit-frame-pointer -finline-functions -funroll-all-loops FAIL: gfortran.fortran-torture/execute/internal_write.f90 compilation, -O2 -fno-repack-arrays FAIL: gfortran.fortran-torture/execute/internal_write.f90 compilation, -O3 -g FAIL: gfortran.fortran-torture/execute/internal_write.f90 compilation, -Os FAIL: gfortran.fortran-torture/execute/intrinsic_abs.f90 compilation, -O0 FAIL: gfortran.fortran-torture/execute/intrinsic_abs.f90 compilation, -O1 FAIL: gfortran.fortran-torture/execute/intrinsic_abs.f90 compilation, -O2 FAIL: gfortran.fortran-torture/execute/intrinsic_abs.f90 compilation, -O2 -fomit-frame-pointer -finline-functions FAIL: gfortran.fortran-torture/execute/intrinsic_abs.f90 compilation, -O2 -fomit-frame-pointer -finline-functions -funroll-loops FAIL: gfortran.fortran-torture/execute/intrinsic_abs.f90 compilation, -O2 -fomit-frame-pointer -finline-functions -funroll-all-loops FAIL: gfortran.fortran-torture/execute/intrinsic_abs.f90 compilation, -O2 -fno-repack-arrays FAIL: gfortran.fortran-torture/execute/intrinsic_abs.f90 compilation, -O3 -g FAIL: gfortran.fortran-torture/execute/intrinsic_abs.f90 compilation, -Os FAIL: gfortran.fortran-torture/execute/intrinsic_achar.f90 compilation, -O0 FAIL: gfortran.fortran-torture/execute/intrinsic_achar.f90 compilation, -O1 FAIL: gfortran.fortran-torture/execute/intrinsic_achar.f90 compilation, -O2 FAIL: gfortran.fortran-torture/execute/intrinsic_achar.f90 compilation, -O2 -fomit-frame-pointer -finline-functions FAIL: gfortran.fortran-torture/execute/intrinsic_achar.f90 compilation, -O2 -fomit-frame-pointer -finline-functions -funroll-loops FAIL: gfortran.fortran-torture/execute/intrinsic_achar.f90 compilation, -O2 -fomit-frame-pointer -finline-functions -funroll-all-loops FAIL: gfortran.fortran-torture/execute/intrinsic_achar.f90 compilation, -O2 -fno-repack-arrays FAIL: gfortran.fortran-torture/execute/intrinsic_achar.f90 compilation, -O3 -g FAIL: gfortran.fortran-torture/execute/intrinsic_achar.f90 compilation, -Os FAIL: gfortran.fortran-torture/execute/intrinsic_aint_anint.f90 compilation, -O0 FAIL: gfortran.fortran-torture/execute/intrinsic_aint_anint.f90 compilation, -O1 FAIL: gfortran.fortran-torture/execute/intrinsic_aint_anint.f90 compilation, -O2 FAIL: gfortran.fortran-torture/execute/intrinsic_aint_anint.f90 compilation, -O2 -fomit-frame-pointer -finline-functions FAIL: gfortran.fortran-torture/execute/intrinsic_aint_anint.f90 compilation, -O2 -fomit-frame-pointer -finline-functions -funroll-loops FAIL: gfortran.fortran-torture/execute/intrinsic_aint_anint.f90 compilation, -O2 -fomit-frame-pointer -finline-functions -funroll-all-loops FAIL: gfortran.fortran-torture/execute/intrinsic_aint_anint.f90 compilation, -O2 -fno-repack-arrays FAIL: gfortran.fortran-torture/execute/intrinsic_aint_anint.f90 compilation, -O3 -g FAIL: gfortran.fortran-torture/execute/intrinsic_aint_anint.f90 compilation, -Os FAIL: gfortran.fortran-torture/execute/intrinsic_anyall.f90 compilation, -O0 FAIL: gfortran.fortran-torture/execute/intrinsic_anyall.f90 compilation, -O1 FAIL: gfortran.fortran-torture/execute/intrinsic_anyall.f90 compilation, -O2 FAIL: gfortran.fortran-torture/execute/intrinsic_anyall.f90 compilation, -O2 -fomit-frame-pointer -finline-functions FAIL: gfortran.fortran-torture/execute/intrinsic_anyall.f90 compilation, -O2 -fomit-frame-pointer -finline-functions -funroll-loops FAIL: gfortran.fortran-torture/execute/intrinsic_anyall.f90 compilation, -O2 -fomit-frame-pointer -finline-functions -funroll-all-loops FAIL: gfortran.fortran-torture/execute/intrinsic_anyall.f90 compilation, -O2 -fno-repack-arrays FAIL: gfortran.fortran-torture/execute/intrinsic_anyall.f90 compilation, -O3 -g FAIL: gfortran.fortran-torture/execute/intrinsic_anyall.f90 compilation, -Os FAIL: gfortran.fortran-torture/execute/intrinsic_associated.f90 compilation, -O0 FAIL: gfortran.fortran-torture/execute/intrinsic_associated.f90 compilation, -O1 FAIL: gfortran.fortran-torture/execute/intrinsic_associated.f90 compilation, -O2 FAIL: gfortran.fortran-torture/execute/intrinsic_associated.f90 compilation, -O2 -fomit-frame-pointer -finline-functions FAIL: gfortran.fortran-torture/execute/intrinsic_associated.f90 compilation, -O2 -fomit-frame-pointer -finline-functions -funroll-loops FAIL: gfortran.fortran-torture/execute/intrinsic_associated.f90 compilation, -O2 -fomit-frame-pointer -finline-functions -funroll-all-loops FAIL: gfortran.fortran-torture/execute/intrinsic_associated.f90 compilation, -O2 -fno-repack-arrays FAIL: gfortran.fortran-torture/execute/intrinsic_associated.f90 compilation, -O3 -g FAIL: gfortran.fortran-torture/execute/intrinsic_associated.f90 compilation, -Os FAIL: gfortran.fortran-torture/execute/intrinsic_associated_2.f90 compilation, -O0 FAIL: gfortran.fortran-torture/execute/intrinsic_associated_2.f90 compilation, -O1 FAIL: gfortran.fortran-torture/execute/intrinsic_associated_2.f90 compilation, -O2 FAIL: gfortran.fortran-torture/execute/intrinsic_associated_2.f90 compilation, -O2 -fomit-frame-pointer -finline-functions FAIL: gfortran.fortran-torture/execute/intrinsic_associated_2.f90 compilation, -O2 -fomit-frame-pointer -finline-functions -funroll-loops FAIL: gfortran.fortran-torture/execute/intrinsic_associated_2.f90 compilation, -O2 -fomit-frame-pointer -finline-functions -funroll-all-loops FAIL: gfortran.fortran-torture/execute/intrinsic_associated_2.f90 compilation, -O2 -fno-repack-arrays FAIL: gfortran.fortran-torture/execute/intrinsic_associated_2.f90 compilation, -O3 -g FAIL: gfortran.fortran-torture/execute/intrinsic_associated_2.f90 compilation, -Os FAIL: gfortran.fortran-torture/execute/intrinsic_bitops.f90 compilation, -O0 FAIL: gfortran.fortran-torture/execute/intrinsic_bitops.f90 compilation, -O1 FAIL: gfortran.fortran-torture/execute/intrinsic_bitops.f90 compilation, -O2 FAIL: gfortran.fortran-torture/execute/intrinsic_bitops.f90 compilation, -O2 -fomit-frame-pointer -finline-functions FAIL: gfortran.fortran-torture/execute/intrinsic_bitops.f90 compilation, -O2 -fomit-frame-pointer -finline-functions -funroll-loops FAIL: gfortran.fortran-torture/execute/intrinsic_bitops.f90 compilation, -O2 -fomit-frame-pointer -finline-functions -funroll-all-loops FAIL: gfortran.fortran-torture/execute/intrinsic_bitops.f90 compilation, -O2 -fno-repack-arrays FAIL: gfortran.fortran-torture/execute/intrinsic_bitops.f90 compilation, -O3 -g FAIL: gfortran.fortran-torture/execute/intrinsic_bitops.f90 compilation, -Os FAIL: gfortran.fortran-torture/execute/intrinsic_count.f90 compilation, -O0 FAIL: gfortran.fortran-torture/execute/intrinsic_count.f90 compilation, -O1 FAIL: gfortran.fortran-torture/execute/intrinsic_count.f90 compilation, -O2 FAIL: gfortran.fortran-torture/execute/intrinsic_count.f90 compilation, -O2 -fomit-frame-pointer -finline-functions FAIL: gfortran.fortran-torture/execute/intrinsic_count.f90 compilation, -O2 -fomit-frame-pointer -finline-functions -funroll-loops FAIL: gfortran.fortran-torture/execute/intrinsic_count.f90 compilation, -O2 -fomit-frame-pointer -finline-functions -funroll-all-loops FAIL: gfortran.fortran-torture/execute/intrinsic_count.f90 compilation, -O2 -fno-repack-arrays FAIL: gfortran.fortran-torture/execute/intrinsic_count.f90 compilation, -O3 -g FAIL: gfortran.fortran-torture/execute/intrinsic_count.f90 compilation, -Os FAIL: gfortran.fortran-torture/execute/intrinsic_cshift.f90 compilation, -O0 FAIL: gfortran.fortran-torture/execute/intrinsic_cshift.f90 compilation, -O1 FAIL: gfortran.fortran-torture/execute/intrinsic_cshift.f90 compilation, -O2 FAIL: gfortran.fortran-torture/execute/intrinsic_cshift.f90 compilation, -O2 -fomit-frame-pointer -finline-functions FAIL: gfortran.fortran-torture/execute/intrinsic_cshift.f90 compilation, -O2 -fomit-frame-pointer -finline-functions -funroll-loops FAIL: gfortran.fortran-torture/execute/intrinsic_cshift.f90 compilation, -O2 -fomit-frame-pointer -finline-functions -funroll-all-loops FAIL: gfortran.fortran-torture/execute/intrinsic_cshift.f90 compilation, -O2 -fno-repack-arrays FAIL: gfortran.fortran-torture/execute/intrinsic_cshift.f90 compilation, -O3 -g FAIL: gfortran.fortran-torture/execute/intrinsic_cshift.f90 compilation, -Os FAIL: gfortran.fortran-torture/execute/intrinsic_dim.f90 compilation, -O0 FAIL: gfortran.fortran-torture/execute/intrinsic_dim.f90 compilation, -O1 FAIL: gfortran.fortran-torture/execute/intrinsic_dim.f90 compilation, -O2 FAIL: gfortran.fortran-torture/execute/intrinsic_dim.f90 compilation, -O2 -fomit-frame-pointer -finline-functions FAIL: gfortran.fortran-torture/execute/intrinsic_dim.f90 compilation, -O2 -fomit-frame-pointer -finline-functions -funroll-loops FAIL: gfortran.fortran-torture/execute/intrinsic_dim.f90 compilation, -O2 -fomit-frame-pointer -finline-functions -funroll-all-loops FAIL: gfortran.fortran-torture/execute/intrinsic_dim.f90 compilation, -O2 -fno-repack-arrays FAIL: gfortran.fortran-torture/execute/intrinsic_dim.f90 compilation, -O3 -g FAIL: gfortran.fortran-torture/execute/intrinsic_dim.f90 compilation, -Os FAIL: gfortran.fortran-torture/execute/intrinsic_dotprod.f90 compilation, -O0 FAIL: gfortran.fortran-torture/execute/intrinsic_dotprod.f90 compilation, -O1 FAIL: gfortran.fortran-torture/execute/intrinsic_dotprod.f90 compilation, -O2 FAIL: gfortran.fortran-torture/execute/intrinsic_dotprod.f90 compilation, -O2 -fomit-frame-pointer -finline-functions FAIL: gfortran.fortran-torture/execute/intrinsic_dotprod.f90 compilation, -O2 -fomit-frame-pointer -finline-functions -funroll-loops FAIL: gfortran.fortran-torture/execute/intrinsic_dotprod.f90 compilation, -O2 -fomit-frame-pointer -finline-functions -funroll-all-loops FAIL: gfortran.fortran-torture/execute/intrinsic_dotprod.f90 compilation, -O2 -fno-repack-arrays FAIL: gfortran.fortran-torture/execute/intrinsic_dotprod.f90 compilation, -O3 -g FAIL: gfortran.fortran-torture/execute/intrinsic_dotprod.f90 compilation, -Os FAIL: gfortran.fortran-torture/execute/intrinsic_dprod.f90 compilation, -O0 FAIL: gfortran.fortran-torture/execute/intrinsic_dprod.f90 compilation, -O1 FAIL: gfortran.fortran-torture/execute/intrinsic_dprod.f90 compilation, -O2 FAIL: gfortran.fortran-torture/execute/intrinsic_dprod.f90 compilation, -O2 -fomit-frame-pointer -finline-functions FAIL: gfortran.fortran-torture/execute/intrinsic_dprod.f90 compilation, -O2 -fomit-frame-pointer -finline-functions -funroll-loops FAIL: gfortran.fortran-torture/execute/intrinsic_dprod.f90 compilation, -O2 -fomit-frame-pointer -finline-functions -funroll-all-loops FAIL: gfortran.fortran-torture/execute/intrinsic_dprod.f90 compilation, -O2 -fno-repack-arrays FAIL: gfortran.fortran-torture/execute/intrinsic_dprod.f90 compilation, -O3 -g FAIL: gfortran.fortran-torture/execute/intrinsic_dprod.f90 compilation, -Os FAIL: gfortran.fortran-torture/execute/intrinsic_dummy.f90 compilation, -O0 FAIL: gfortran.fortran-torture/execute/intrinsic_dummy.f90 compilation, -O1 FAIL: gfortran.fortran-torture/execute/intrinsic_dummy.f90 compilation, -O2 FAIL: gfortran.fortran-torture/execute/intrinsic_dummy.f90 compilation, -O2 -fomit-frame-pointer -finline-functions FAIL: gfortran.fortran-torture/execute/intrinsic_dummy.f90 compilation, -O2 -fomit-frame-pointer -finline-functions -funroll-loops FAIL: gfortran.fortran-torture/execute/intrinsic_dummy.f90 compilation, -O2 -fomit-frame-pointer -finline-functions -funroll-all-loops FAIL: gfortran.fortran-torture/execute/intrinsic_dummy.f90 compilation, -O2 -fno-repack-arrays FAIL: gfortran.fortran-torture/execute/intrinsic_dummy.f90 compilation, -O3 -g FAIL: gfortran.fortran-torture/execute/intrinsic_dummy.f90 compilation, -Os FAIL: gfortran.fortran-torture/execute/intrinsic_eoshift.f90 compilation, -O0 FAIL: gfortran.fortran-torture/execute/intrinsic_eoshift.f90 compilation, -O1 FAIL: gfortran.fortran-torture/execute/intrinsic_eoshift.f90 compilation, -O2 FAIL: gfortran.fortran-torture/execute/intrinsic_eoshift.f90 compilation, -O2 -fomit-frame-pointer -finline-functions FAIL: gfortran.fortran-torture/execute/intrinsic_eoshift.f90 compilation, -O2 -fomit-frame-pointer -finline-functions -funroll-loops FAIL: gfortran.fortran-torture/execute/intrinsic_eoshift.f90 compilation, -O2 -fomit-frame-pointer -finline-functions -funroll-all-loops FAIL: gfortran.fortran-torture/execute/intrinsic_eoshift.f90 compilation, -O2 -fno-repack-arrays FAIL: gfortran.fortran-torture/execute/intrinsic_eoshift.f90 compilation, -O3 -g FAIL: gfortran.fortran-torture/execute/intrinsic_eoshift.f90 compilation, -Os FAIL: gfortran.fortran-torture/execute/intrinsic_fraction_exponent.f90 compilation, -O0 FAIL: gfortran.fortran-torture/execute/intrinsic_fraction_exponent.f90 compilation, -O1 FAIL: gfortran.fortran-torture/execute/intrinsic_fraction_exponent.f90 compilation, -O2 FAIL: gfortran.fortran-torture/execute/intrinsic_fraction_exponent.f90 compilation, -O2 -fomit-frame-pointer -finline-functions FAIL: gfortran.fortran-torture/execute/intrinsic_fraction_exponent.f90 compilation, -O2 -fomit-frame-pointer -finline-functions -funroll-loops FAIL: gfortran.fortran-torture/execute/intrinsic_fraction_exponent.f90 compilation, -O2 -fomit-frame-pointer -finline-functions -funroll-all-loops FAIL: gfortran.fortran-torture/execute/intrinsic_fraction_exponent.f90 compilation, -O2 -fno-repack-arrays FAIL: gfortran.fortran-torture/execute/intrinsic_fraction_exponent.f90 compilation, -O3 -g FAIL: gfortran.fortran-torture/execute/intrinsic_fraction_exponent.f90 compilation, -Os FAIL: gfortran.fortran-torture/execute/intrinsic_index.f90 compilation, -O0 FAIL: gfortran.fortran-torture/execute/intrinsic_index.f90 compilation, -O1 FAIL: gfortran.fortran-torture/execute/intrinsic_index.f90 compilation, -O2 FAIL: gfortran.fortran-torture/execute/intrinsic_index.f90 compilation, -O2 -fomit-frame-pointer -finline-functions FAIL: gfortran.fortran-torture/execute/intrinsic_index.f90 compilation, -O2 -fomit-frame-pointer -finline-functions -funroll-loops FAIL: gfortran.fortran-torture/execute/intrinsic_index.f90 compilation, -O2 -fomit-frame-pointer -finline-functions -funroll-all-loops FAIL: gfortran.fortran-torture/execute/intrinsic_index.f90 compilation, -O2 -fno-repack-arrays FAIL: gfortran.fortran-torture/execute/intrinsic_index.f90 compilation, -O3 -g FAIL: gfortran.fortran-torture/execute/intrinsic_index.f90 compilation, -Os FAIL: gfortran.fortran-torture/execute/intrinsic_integer.f90 compilation, -O0 FAIL: gfortran.fortran-torture/execute/intrinsic_integer.f90 compilation, -O1 FAIL: gfortran.fortran-torture/execute/intrinsic_integer.f90 compilation, -O2 FAIL: gfortran.fortran-torture/execute/intrinsic_integer.f90 compilation, -O2 -fomit-frame-pointer -finline-functions FAIL: gfortran.fortran-torture/execute/intrinsic_integer.f90 compilation, -O2 -fomit-frame-pointer -finline-functions -funroll-loops FAIL: gfortran.fortran-torture/execute/intrinsic_integer.f90 compilation, -O2 -fomit-frame-pointer -finline-functions -funroll-all-loops FAIL: gfortran.fortran-torture/execute/intrinsic_integer.f90 compilation, -O2 -fno-repack-arrays FAIL: gfortran.fortran-torture/execute/intrinsic_integer.f90 compilation, -O3 -g FAIL: gfortran.fortran-torture/execute/intrinsic_integer.f90 compilation, -Os FAIL: gfortran.fortran-torture/execute/intrinsic_len.f90 compilation, -O0 FAIL: gfortran.fortran-torture/execute/intrinsic_len.f90 compilation, -O1 FAIL: gfortran.fortran-torture/execute/intrinsic_len.f90 compilation, -O2 FAIL: gfortran.fortran-torture/execute/intrinsic_len.f90 compilation, -O2 -fomit-frame-pointer -finline-functions FAIL: gfortran.fortran-torture/execute/intrinsic_len.f90 compilation, -O2 -fomit-frame-pointer -finline-functions -funroll-loops FAIL: gfortran.fortran-torture/execute/intrinsic_len.f90 compilation, -O2 -fomit-frame-pointer -finline-functions -funroll-all-loops FAIL: gfortran.fortran-torture/execute/intrinsic_len.f90 compilation, -O2 -fno-repack-arrays FAIL: gfortran.fortran-torture/execute/intrinsic_len.f90 compilation, -O3 -g FAIL: gfortran.fortran-torture/execute/intrinsic_len.f90 compilation, -Os FAIL: gfortran.fortran-torture/execute/intrinsic_matmul.f90 compilation, -O0 FAIL: gfortran.fortran-torture/execute/intrinsic_matmul.f90 compilation, -O1 FAIL: gfortran.fortran-torture/execute/intrinsic_matmul.f90 compilation, -O2 FAIL: gfortran.fortran-torture/execute/intrinsic_matmul.f90 compilation, -O2 -fomit-frame-pointer -finline-functions FAIL: gfortran.fortran-torture/execute/intrinsic_matmul.f90 compilation, -O2 -fomit-frame-pointer -finline-functions -funroll-loops FAIL: gfortran.fortran-torture/execute/intrinsic_matmul.f90 compilation, -O2 -fomit-frame-pointer -finline-functions -funroll-all-loops FAIL: gfortran.fortran-torture/execute/intrinsic_matmul.f90 compilation, -O2 -fno-repack-arrays FAIL: gfortran.fortran-torture/execute/intrinsic_matmul.f90 compilation, -O3 -g FAIL: gfortran.fortran-torture/execute/intrinsic_matmul.f90 compilation, -Os FAIL: gfortran.fortran-torture/execute/intrinsic_merge.f90 compilation, -O0 FAIL: gfortran.fortran-torture/execute/intrinsic_merge.f90 compilation, -O1 FAIL: gfortran.fortran-torture/execute/intrinsic_merge.f90 compilation, -O2 FAIL: gfortran.fortran-torture/execute/intrinsic_merge.f90 compilation, -O2 -fomit-frame-pointer -finline-functions FAIL: gfortran.fortran-torture/execute/intrinsic_merge.f90 compilation, -O2 -fomit-frame-pointer -finline-functions -funroll-loops FAIL: gfortran.fortran-torture/execute/intrinsic_merge.f90 compilation, -O2 -fomit-frame-pointer -finline-functions -funroll-all-loops FAIL: gfortran.fortran-torture/execute/intrinsic_merge.f90 compilation, -O2 -fno-repack-arrays FAIL: gfortran.fortran-torture/execute/intrinsic_merge.f90 compilation, -O3 -g FAIL: gfortran.fortran-torture/execute/intrinsic_merge.f90 compilation, -Os FAIL: gfortran.fortran-torture/execute/intrinsic_minmax.f90 compilation, -O0 FAIL: gfortran.fortran-torture/execute/intrinsic_minmax.f90 compilation, -O1 FAIL: gfortran.fortran-torture/execute/intrinsic_minmax.f90 compilation, -O2 FAIL: gfortran.fortran-torture/execute/intrinsic_minmax.f90 compilation, -O2 -fomit-frame-pointer -finline-functions FAIL: gfortran.fortran-torture/execute/intrinsic_minmax.f90 compilation, -O2 -fomit-frame-pointer -finline-functions -funroll-loops FAIL: gfortran.fortran-torture/execute/intrinsic_minmax.f90 compilation, -O2 -fomit-frame-pointer -finline-functions -funroll-all-loops FAIL: gfortran.fortran-torture/execute/intrinsic_minmax.f90 compilation, -O2 -fno-repack-arrays FAIL: gfortran.fortran-torture/execute/intrinsic_minmax.f90 compilation, -O3 -g FAIL: gfortran.fortran-torture/execute/intrinsic_minmax.f90 compilation, -Os FAIL: gfortran.fortran-torture/execute/intrinsic_mmloc.f90 compilation, -O0 FAIL: gfortran.fortran-torture/execute/intrinsic_mmloc.f90 compilation, -O1 FAIL: gfortran.fortran-torture/execute/intrinsic_mmloc.f90 compilation, -O2 FAIL: gfortran.fortran-torture/execute/intrinsic_mmloc.f90 compilation, -O2 -fomit-frame-pointer -finline-functions FAIL: gfortran.fortran-torture/execute/intrinsic_mmloc.f90 compilation, -O2 -fomit-frame-pointer -finline-functions -funroll-loops FAIL: gfortran.fortran-torture/execute/intrinsic_mmloc.f90 compilation, -O2 -fomit-frame-pointer -finline-functions -funroll-all-loops FAIL: gfortran.fortran-torture/execute/intrinsic_mmloc.f90 compilation, -O2 -fno-repack-arrays FAIL: gfortran.fortran-torture/execute/intrinsic_mmloc.f90 compilation, -O3 -g FAIL: gfortran.fortran-torture/execute/intrinsic_mmloc.f90 compilation, -Os FAIL: gfortran.fortran-torture/execute/intrinsic_mmloc_2.f90 compilation, -O0 FAIL: gfortran.fortran-torture/execute/intrinsic_mmloc_2.f90 compilation, -O1 FAIL: gfortran.fortran-torture/execute/intrinsic_mmloc_2.f90 compilation, -O2 FAIL: gfortran.fortran-torture/execute/intrinsic_mmloc_2.f90 compilation, -O2 -fomit-frame-pointer -finline-functions FAIL: gfortran.fortran-torture/execute/intrinsic_mmloc_2.f90 compilation, -O2 -fomit-frame-pointer -finline-functions -funroll-loops FAIL: gfortran.fortran-torture/execute/intrinsic_mmloc_2.f90 compilation, -O2 -fomit-frame-pointer -finline-functions -funroll-all-loops FAIL: gfortran.fortran-torture/execute/intrinsic_mmloc_2.f90 compilation, -O2 -fno-repack-arrays FAIL: gfortran.fortran-torture/execute/intrinsic_mmloc_2.f90 compilation, -O3 -g FAIL: gfortran.fortran-torture/execute/intrinsic_mmloc_2.f90 compilation, -Os FAIL: gfortran.fortran-torture/execute/intrinsic_mmloc_3.f90 compilation, -O0 FAIL: gfortran.fortran-torture/execute/intrinsic_mmloc_3.f90 compilation, -O1 FAIL: gfortran.fortran-torture/execute/intrinsic_mmloc_3.f90 compilation, -O2 FAIL: gfortran.fortran-torture/execute/intrinsic_mmloc_3.f90 compilation, -O2 -fomit-frame-pointer -finline-functions FAIL: gfortran.fortran-torture/execute/intrinsic_mmloc_3.f90 compilation, -O2 -fomit-frame-pointer -finline-functions -funroll-loops FAIL: gfortran.fortran-torture/execute/intrinsic_mmloc_3.f90 compilation, -O2 -fomit-frame-pointer -finline-functions -funroll-all-loops FAIL: gfortran.fortran-torture/execute/intrinsic_mmloc_3.f90 compilation, -O2 -fno-repack-arrays FAIL: gfortran.fortran-torture/execute/intrinsic_mmloc_3.f90 compilation, -O3 -g FAIL: gfortran.fortran-torture/execute/intrinsic_mmloc_3.f90 compilation, -Os FAIL: gfortran.fortran-torture/execute/intrinsic_mmloc_4.f90 compilation, -O0 FAIL: gfortran.fortran-torture/execute/intrinsic_mmloc_4.f90 compilation, -O1 FAIL: gfortran.fortran-torture/execute/intrinsic_mmloc_4.f90 compilation, -O2 FAIL: gfortran.fortran-torture/execute/intrinsic_mmloc_4.f90 compilation, -O2 -fomit-frame-pointer -finline-functions FAIL: gfortran.fortran-torture/execute/intrinsic_mmloc_4.f90 compilation, -O2 -fomit-frame-pointer -finline-functions -funroll-loops FAIL: gfortran.fortran-torture/execute/intrinsic_mmloc_4.f90 compilation, -O2 -fomit-frame-pointer -finline-functions -funroll-all-loops FAIL: gfortran.fortran-torture/execute/intrinsic_mmloc_4.f90 compilation, -O2 -fno-repack-arrays FAIL: gfortran.fortran-torture/execute/intrinsic_mmloc_4.f90 compilation, -O3 -g FAIL: gfortran.fortran-torture/execute/intrinsic_mmloc_4.f90 compilation, -Os FAIL: gfortran.fortran-torture/execute/intrinsic_mmval.f90 compilation, -O0 FAIL: gfortran.fortran-torture/execute/intrinsic_mmval.f90 compilation, -O1 FAIL: gfortran.fortran-torture/execute/intrinsic_mmval.f90 compilation, -O2 FAIL: gfortran.fortran-torture/execute/intrinsic_mmval.f90 compilation, -O2 -fomit-frame-pointer -finline-functions FAIL: gfortran.fortran-torture/execute/intrinsic_mmval.f90 compilation, -O2 -fomit-frame-pointer -finline-functions -funroll-loops FAIL: gfortran.fortran-torture/execute/intrinsic_mmval.f90 compilation, -O2 -fomit-frame-pointer -finline-functions -funroll-all-loops FAIL: gfortran.fortran-torture/execute/intrinsic_mmval.f90 compilation, -O2 -fno-repack-arrays FAIL: gfortran.fortran-torture/execute/intrinsic_mmval.f90 compilation, -O3 -g FAIL: gfortran.fortran-torture/execute/intrinsic_mmval.f90 compilation, -Os FAIL: gfortran.fortran-torture/execute/intrinsic_mod_ulo.f90 compilation, -O0 FAIL: gfortran.fortran-torture/execute/intrinsic_mod_ulo.f90 compilation, -O1 FAIL: gfortran.fortran-torture/execute/intrinsic_mod_ulo.f90 compilation, -O2 FAIL: gfortran.fortran-torture/execute/intrinsic_mod_ulo.f90 compilation, -O2 -fomit-frame-pointer -finline-functions FAIL: gfortran.fortran-torture/execute/intrinsic_mod_ulo.f90 compilation, -O2 -fomit-frame-pointer -finline-functions -funroll-loops FAIL: gfortran.fortran-torture/execute/intrinsic_mod_ulo.f90 compilation, -O2 -fomit-frame-pointer -finline-functions -funroll-all-loops FAIL: gfortran.fortran-torture/execute/intrinsic_mod_ulo.f90 compilation, -O2 -fno-repack-arrays FAIL: gfortran.fortran-torture/execute/intrinsic_mod_ulo.f90 compilation, -O3 -g FAIL: gfortran.fortran-torture/execute/intrinsic_mod_ulo.f90 compilation, -Os FAIL: gfortran.fortran-torture/execute/intrinsic_nearest.f90 compilation, -O0 FAIL: gfortran.fortran-torture/execute/intrinsic_nearest.f90 compilation, -O1 FAIL: gfortran.fortran-torture/execute/intrinsic_nearest.f90 compilation, -O2 FAIL: gfortran.fortran-torture/execute/intrinsic_nearest.f90 compilation, -O2 -fomit-frame-pointer -finline-functions FAIL: gfortran.fortran-torture/execute/intrinsic_nearest.f90 compilation, -O2 -fomit-frame-pointer -finline-functions -funroll-loops FAIL: gfortran.fortran-torture/execute/intrinsic_nearest.f90 compilation, -O2 -fomit-frame-pointer -finline-functions -funroll-all-loops FAIL: gfortran.fortran-torture/execute/intrinsic_nearest.f90 compilation, -O2 -fno-repack-arrays FAIL: gfortran.fortran-torture/execute/intrinsic_nearest.f90 compilation, -O3 -g FAIL: gfortran.fortran-torture/execute/intrinsic_nearest.f90 compilation, -Os FAIL: gfortran.fortran-torture/execute/intrinsic_pack.f90 compilation, -O0 FAIL: gfortran.fortran-torture/execute/intrinsic_pack.f90 compilation, -O1 FAIL: gfortran.fortran-torture/execute/intrinsic_pack.f90 compilation, -O2 FAIL: gfortran.fortran-torture/execute/intrinsic_pack.f90 compilation, -O2 -fomit-frame-pointer -finline-functions FAIL: gfortran.fortran-torture/execute/intrinsic_pack.f90 compilation, -O2 -fomit-frame-pointer -finline-functions -funroll-loops FAIL: gfortran.fortran-torture/execute/intrinsic_pack.f90 compilation, -O2 -fomit-frame-pointer -finline-functions -funroll-all-loops FAIL: gfortran.fortran-torture/execute/intrinsic_pack.f90 compilation, -O2 -fno-repack-arrays FAIL: gfortran.fortran-torture/execute/intrinsic_pack.f90 compilation, -O3 -g FAIL: gfortran.fortran-torture/execute/intrinsic_pack.f90 compilation, -Os FAIL: gfortran.fortran-torture/execute/intrinsic_present.f90 compilation, -O0 FAIL: gfortran.fortran-torture/execute/intrinsic_present.f90 compilation, -O1 FAIL: gfortran.fortran-torture/execute/intrinsic_present.f90 compilation, -O2 FAIL: gfortran.fortran-torture/execute/intrinsic_present.f90 compilation, -O2 -fomit-frame-pointer -finline-functions FAIL: gfortran.fortran-torture/execute/intrinsic_present.f90 compilation, -O2 -fomit-frame-pointer -finline-functions -funroll-loops FAIL: gfortran.fortran-torture/execute/intrinsic_present.f90 compilation, -O2 -fomit-frame-pointer -finline-functions -funroll-all-loops FAIL: gfortran.fortran-torture/execute/intrinsic_present.f90 compilation, -O2 -fno-repack-arrays FAIL: gfortran.fortran-torture/execute/intrinsic_present.f90 compilation, -O3 -g FAIL: gfortran.fortran-torture/execute/intrinsic_present.f90 compilation, -Os FAIL: gfortran.fortran-torture/execute/intrinsic_product.f90 compilation, -O0 FAIL: gfortran.fortran-torture/execute/intrinsic_product.f90 compilation, -O1 FAIL: gfortran.fortran-torture/execute/intrinsic_product.f90 compilation, -O2 FAIL: gfortran.fortran-torture/execute/intrinsic_product.f90 compilation, -O2 -fomit-frame-pointer -finline-functions FAIL: gfortran.fortran-torture/execute/intrinsic_product.f90 compilation, -O2 -fomit-frame-pointer -finline-functions -funroll-loops FAIL: gfortran.fortran-torture/execute/intrinsic_product.f90 compilation, -O2 -fomit-frame-pointer -finline-functions -funroll-all-loops FAIL: gfortran.fortran-torture/execute/intrinsic_product.f90 compilation, -O2 -fno-repack-arrays FAIL: gfortran.fortran-torture/execute/intrinsic_product.f90 compilation, -O3 -g FAIL: gfortran.fortran-torture/execute/intrinsic_product.f90 compilation, -Os FAIL: gfortran.fortran-torture/execute/intrinsic_rrspacing.f90 compilation, -O0 FAIL: gfortran.fortran-torture/execute/intrinsic_rrspacing.f90 compilation, -O1 FAIL: gfortran.fortran-torture/execute/intrinsic_rrspacing.f90 compilation, -O2 FAIL: gfortran.fortran-torture/execute/intrinsic_rrspacing.f90 compilation, -O2 -fomit-frame-pointer -finline-functions FAIL: gfortran.fortran-torture/execute/intrinsic_rrspacing.f90 compilation, -O2 -fomit-frame-pointer -finline-functions -funroll-loops FAIL: gfortran.fortran-torture/execute/intrinsic_rrspacing.f90 compilation, -O2 -fomit-frame-pointer -finline-functions -funroll-all-loops FAIL: gfortran.fortran-torture/execute/intrinsic_rrspacing.f90 compilation, -O2 -fno-repack-arrays FAIL: gfortran.fortran-torture/execute/intrinsic_rrspacing.f90 compilation, -O3 -g FAIL: gfortran.fortran-torture/execute/intrinsic_rrspacing.f90 compilation, -Os FAIL: gfortran.fortran-torture/execute/intrinsic_scale.f90 compilation, -O0 FAIL: gfortran.fortran-torture/execute/intrinsic_scale.f90 compilation, -O1 FAIL: gfortran.fortran-torture/execute/intrinsic_scale.f90 compilation, -O2 FAIL: gfortran.fortran-torture/execute/intrinsic_scale.f90 compilation, -O2 -fomit-frame-pointer -finline-functions FAIL: gfortran.fortran-torture/execute/intrinsic_scale.f90 compilation, -O2 -fomit-frame-pointer -finline-functions -funroll-loops FAIL: gfortran.fortran-torture/execute/intrinsic_scale.f90 compilation, -O2 -fomit-frame-pointer -finline-functions -funroll-all-loops FAIL: gfortran.fortran-torture/execute/intrinsic_scale.f90 compilation, -O2 -fno-repack-arrays FAIL: gfortran.fortran-torture/execute/intrinsic_scale.f90 compilation, -O3 -g FAIL: gfortran.fortran-torture/execute/intrinsic_scale.f90 compilation, -Os FAIL: gfortran.fortran-torture/execute/intrinsic_set_exponent.f90 compilation, -O0 FAIL: gfortran.fortran-torture/execute/intrinsic_set_exponent.f90 compilation, -O1 FAIL: gfortran.fortran-torture/execute/intrinsic_set_exponent.f90 compilation, -O2 FAIL: gfortran.fortran-torture/execute/intrinsic_set_exponent.f90 compilation, -O2 -fomit-frame-pointer -finline-functions FAIL: gfortran.fortran-torture/execute/intrinsic_set_exponent.f90 compilation, -O2 -fomit-frame-pointer -finline-functions -funroll-loops FAIL: gfortran.fortran-torture/execute/intrinsic_set_exponent.f90 compilation, -O2 -fomit-frame-pointer -finline-functions -funroll-all-loops FAIL: gfortran.fortran-torture/execute/intrinsic_set_exponent.f90 compilation, -O2 -fno-repack-arrays FAIL: gfortran.fortran-torture/execute/intrinsic_set_exponent.f90 compilation, -O3 -g FAIL: gfortran.fortran-torture/execute/intrinsic_set_exponent.f90 compilation, -Os FAIL: gfortran.fortran-torture/execute/intrinsic_shape.f90 compilation, -O0 FAIL: gfortran.fortran-torture/execute/intrinsic_shape.f90 compilation, -O1 FAIL: gfortran.fortran-torture/execute/intrinsic_shape.f90 compilation, -O2 FAIL: gfortran.fortran-torture/execute/intrinsic_shape.f90 compilation, -O2 -fomit-frame-pointer -finline-functions FAIL: gfortran.fortran-torture/execute/intrinsic_shape.f90 compilation, -O2 -fomit-frame-pointer -finline-functions -funroll-loops FAIL: gfortran.fortran-torture/execute/intrinsic_shape.f90 compilation, -O2 -fomit-frame-pointer -finline-functions -funroll-all-loops FAIL: gfortran.fortran-torture/execute/intrinsic_shape.f90 compilation, -O2 -fno-repack-arrays FAIL: gfortran.fortran-torture/execute/intrinsic_shape.f90 compilation, -O3 -g FAIL: gfortran.fortran-torture/execute/intrinsic_shape.f90 compilation, -Os FAIL: gfortran.fortran-torture/execute/intrinsic_si_kind.f90 compilation, -O0 FAIL: gfortran.fortran-torture/execute/intrinsic_si_kind.f90 compilation, -O1 FAIL: gfortran.fortran-torture/execute/intrinsic_si_kind.f90 compilation, -O2 FAIL: gfortran.fortran-torture/execute/intrinsic_si_kind.f90 compilation, -O2 -fomit-frame-pointer -finline-functions FAIL: gfortran.fortran-torture/execute/intrinsic_si_kind.f90 compilation, -O2 -fomit-frame-pointer -finline-functions -funroll-loops FAIL: gfortran.fortran-torture/execute/intrinsic_si_kind.f90 compilation, -O2 -fomit-frame-pointer -finline-functions -funroll-all-loops FAIL: gfortran.fortran-torture/execute/intrinsic_si_kind.f90 compilation, -O2 -fno-repack-arrays FAIL: gfortran.fortran-torture/execute/intrinsic_si_kind.f90 compilation, -O3 -g FAIL: gfortran.fortran-torture/execute/intrinsic_si_kind.f90 compilation, -Os FAIL: gfortran.fortran-torture/execute/intrinsic_sign.f90 compilation, -O0 FAIL: gfortran.fortran-torture/execute/intrinsic_sign.f90 compilation, -O1 FAIL: gfortran.fortran-torture/execute/intrinsic_sign.f90 compilation, -O2 FAIL: gfortran.fortran-torture/execute/intrinsic_sign.f90 compilation, -O2 -fomit-frame-pointer -finline-functions FAIL: gfortran.fortran-torture/execute/intrinsic_sign.f90 compilation, -O2 -fomit-frame-pointer -finline-functions -funroll-loops FAIL: gfortran.fortran-torture/execute/intrinsic_sign.f90 compilation, -O2 -fomit-frame-pointer -finline-functions -funroll-all-loops FAIL: gfortran.fortran-torture/execute/intrinsic_sign.f90 compilation, -O2 -fno-repack-arrays FAIL: gfortran.fortran-torture/execute/intrinsic_sign.f90 compilation, -O3 -g FAIL: gfortran.fortran-torture/execute/intrinsic_sign.f90 compilation, -Os FAIL: gfortran.fortran-torture/execute/intrinsic_size.f90 compilation, -O0 FAIL: gfortran.fortran-torture/execute/intrinsic_size.f90 compilation, -O1 FAIL: gfortran.fortran-torture/execute/intrinsic_size.f90 compilation, -O2 FAIL: gfortran.fortran-torture/execute/intrinsic_size.f90 compilation, -O2 -fomit-frame-pointer -finline-functions FAIL: gfortran.fortran-torture/execute/intrinsic_size.f90 compilation, -O2 -fomit-frame-pointer -finline-functions -funroll-loops FAIL: gfortran.fortran-torture/execute/intrinsic_size.f90 compilation, -O2 -fomit-frame-pointer -finline-functions -funroll-all-loops FAIL: gfortran.fortran-torture/execute/intrinsic_size.f90 compilation, -O2 -fno-repack-arrays FAIL: gfortran.fortran-torture/execute/intrinsic_size.f90 compilation, -O3 -g FAIL: gfortran.fortran-torture/execute/intrinsic_size.f90 compilation, -Os FAIL: gfortran.fortran-torture/execute/intrinsic_spacing.f90 compilation, -O0 FAIL: gfortran.fortran-torture/execute/intrinsic_spacing.f90 compilation, -O1 FAIL: gfortran.fortran-torture/execute/intrinsic_spacing.f90 compilation, -O2 FAIL: gfortran.fortran-torture/execute/intrinsic_spacing.f90 compilation, -O2 -fomit-frame-pointer -finline-functions FAIL: gfortran.fortran-torture/execute/intrinsic_spacing.f90 compilation, -O2 -fomit-frame-pointer -finline-functions -funroll-loops FAIL: gfortran.fortran-torture/execute/intrinsic_spacing.f90 compilation, -O2 -fomit-frame-pointer -finline-functions -funroll-all-loops FAIL: gfortran.fortran-torture/execute/intrinsic_spacing.f90 compilation, -O2 -fno-repack-arrays FAIL: gfortran.fortran-torture/execute/intrinsic_spacing.f90 compilation, -O3 -g FAIL: gfortran.fortran-torture/execute/intrinsic_spacing.f90 compilation, -Os FAIL: gfortran.fortran-torture/execute/intrinsic_spread.f90 compilation, -O0 FAIL: gfortran.fortran-torture/execute/intrinsic_spread.f90 compilation, -O1 FAIL: gfortran.fortran-torture/execute/intrinsic_spread.f90 compilation, -O2 FAIL: gfortran.fortran-torture/execute/intrinsic_spread.f90 compilation, -O2 -fomit-frame-pointer -finline-functions FAIL: gfortran.fortran-torture/execute/intrinsic_spread.f90 compilation, -O2 -fomit-frame-pointer -finline-functions -funroll-loops FAIL: gfortran.fortran-torture/execute/intrinsic_spread.f90 compilation, -O2 -fomit-frame-pointer -finline-functions -funroll-all-loops FAIL: gfortran.fortran-torture/execute/intrinsic_spread.f90 compilation, -O2 -fno-repack-arrays FAIL: gfortran.fortran-torture/execute/intrinsic_spread.f90 compilation, -O3 -g FAIL: gfortran.fortran-torture/execute/intrinsic_spread.f90 compilation, -Os FAIL: gfortran.fortran-torture/execute/intrinsic_sr_kind.f90 compilation, -O0 FAIL: gfortran.fortran-torture/execute/intrinsic_sr_kind.f90 compilation, -O1 FAIL: gfortran.fortran-torture/execute/intrinsic_sr_kind.f90 compilation, -O2 FAIL: gfortran.fortran-torture/execute/intrinsic_sr_kind.f90 compilation, -O2 -fomit-frame-pointer -finline-functions FAIL: gfortran.fortran-torture/execute/intrinsic_sr_kind.f90 compilation, -O2 -fomit-frame-pointer -finline-functions -funroll-loops FAIL: gfortran.fortran-torture/execute/intrinsic_sr_kind.f90 compilation, -O2 -fomit-frame-pointer -finline-functions -funroll-all-loops FAIL: gfortran.fortran-torture/execute/intrinsic_sr_kind.f90 compilation, -O2 -fno-repack-arrays FAIL: gfortran.fortran-torture/execute/intrinsic_sr_kind.f90 compilation, -O3 -g FAIL: gfortran.fortran-torture/execute/intrinsic_sr_kind.f90 compilation, -Os FAIL: gfortran.fortran-torture/execute/intrinsic_sum.f90 compilation, -O0 FAIL: gfortran.fortran-torture/execute/intrinsic_sum.f90 compilation, -O1 FAIL: gfortran.fortran-torture/execute/intrinsic_sum.f90 compilation, -O2 FAIL: gfortran.fortran-torture/execute/intrinsic_sum.f90 compilation, -O2 -fomit-frame-pointer -finline-functions FAIL: gfortran.fortran-torture/execute/intrinsic_sum.f90 compilation, -O2 -fomit-frame-pointer -finline-functions -funroll-loops FAIL: gfortran.fortran-torture/execute/intrinsic_sum.f90 compilation, -O2 -fomit-frame-pointer -finline-functions -funroll-all-loops FAIL: gfortran.fortran-torture/execute/intrinsic_sum.f90 compilation, -O2 -fno-repack-arrays FAIL: gfortran.fortran-torture/execute/intrinsic_sum.f90 compilation, -O3 -g FAIL: gfortran.fortran-torture/execute/intrinsic_sum.f90 compilation, -Os FAIL: gfortran.fortran-torture/execute/intrinsic_transpose.f90 compilation, -O0 FAIL: gfortran.fortran-torture/execute/intrinsic_transpose.f90 compilation, -O1 FAIL: gfortran.fortran-torture/execute/intrinsic_transpose.f90 compilation, -O2 FAIL: gfortran.fortran-torture/execute/intrinsic_transpose.f90 compilation, -O2 -fomit-frame-pointer -finline-functions FAIL: gfortran.fortran-torture/execute/intrinsic_transpose.f90 compilation, -O2 -fomit-frame-pointer -finline-functions -funroll-loops FAIL: gfortran.fortran-torture/execute/intrinsic_transpose.f90 compilation, -O2 -fomit-frame-pointer -finline-functions -funroll-all-loops FAIL: gfortran.fortran-torture/execute/intrinsic_transpose.f90 compilation, -O2 -fno-repack-arrays FAIL: gfortran.fortran-torture/execute/intrinsic_transpose.f90 compilation, -O3 -g FAIL: gfortran.fortran-torture/execute/intrinsic_transpose.f90 compilation, -Os FAIL: gfortran.fortran-torture/execute/intrinsic_trim.f90 compilation, -O0 FAIL: gfortran.fortran-torture/execute/intrinsic_trim.f90 compilation, -O1 FAIL: gfortran.fortran-torture/execute/intrinsic_trim.f90 compilation, -O2 FAIL: gfortran.fortran-torture/execute/intrinsic_trim.f90 compilation, -O2 -fomit-frame-pointer -finline-functions FAIL: gfortran.fortran-torture/execute/intrinsic_trim.f90 compilation, -O2 -fomit-frame-pointer -finline-functions -funroll-loops FAIL: gfortran.fortran-torture/execute/intrinsic_trim.f90 compilation, -O2 -fomit-frame-pointer -finline-functions -funroll-all-loops FAIL: gfortran.fortran-torture/execute/intrinsic_trim.f90 compilation, -O2 -fno-repack-arrays FAIL: gfortran.fortran-torture/execute/intrinsic_trim.f90 compilation, -O3 -g FAIL: gfortran.fortran-torture/execute/intrinsic_trim.f90 compilation, -Os FAIL: gfortran.fortran-torture/execute/intrinsic_unpack.f90 compilation, -O0 FAIL: gfortran.fortran-torture/execute/intrinsic_unpack.f90 compilation, -O1 FAIL: gfortran.fortran-torture/execute/intrinsic_unpack.f90 compilation, -O2 FAIL: gfortran.fortran-torture/execute/intrinsic_unpack.f90 compilation, -O2 -fomit-frame-pointer -finline-functions FAIL: gfortran.fortran-torture/execute/intrinsic_unpack.f90 compilation, -O2 -fomit-frame-pointer -finline-functions -funroll-loops FAIL: gfortran.fortran-torture/execute/intrinsic_unpack.f90 compilation, -O2 -fomit-frame-pointer -finline-functions -funroll-all-loops FAIL: gfortran.fortran-torture/execute/intrinsic_unpack.f90 compilation, -O2 -fno-repack-arrays FAIL: gfortran.fortran-torture/execute/intrinsic_unpack.f90 compilation, -O3 -g FAIL: gfortran.fortran-torture/execute/intrinsic_unpack.f90 compilation, -Os FAIL: gfortran.fortran-torture/execute/list_read_1.f90 compilation, -O0 FAIL: gfortran.fortran-torture/execute/list_read_1.f90 compilation, -O1 FAIL: gfortran.fortran-torture/execute/list_read_1.f90 compilation, -O2 FAIL: gfortran.fortran-torture/execute/list_read_1.f90 compilation, -O2 -fomit-frame-pointer -finline-functions FAIL: gfortran.fortran-torture/execute/list_read_1.f90 compilation, -O2 -fomit-frame-pointer -finline-functions -funroll-loops FAIL: gfortran.fortran-torture/execute/list_read_1.f90 compilation, -O2 -fomit-frame-pointer -finline-functions -funroll-all-loops FAIL: gfortran.fortran-torture/execute/list_read_1.f90 compilation, -O2 -fno-repack-arrays FAIL: gfortran.fortran-torture/execute/list_read_1.f90 compilation, -O3 -g FAIL: gfortran.fortran-torture/execute/list_read_1.f90 compilation, -Os FAIL: gfortran.fortran-torture/execute/logical_select_1.f90 compilation, -O0 FAIL: gfortran.fortran-torture/execute/logical_select_1.f90 compilation, -O1 FAIL: gfortran.fortran-torture/execute/logical_select_1.f90 compilation, -O2 FAIL: gfortran.fortran-torture/execute/logical_select_1.f90 compilation, -O2 -fomit-frame-pointer -finline-functions FAIL: gfortran.fortran-torture/execute/logical_select_1.f90 compilation, -O2 -fomit-frame-pointer -finline-functions -funroll-loops FAIL: gfortran.fortran-torture/execute/logical_select_1.f90 compilation, -O2 -fomit-frame-pointer -finline-functions -funroll-all-loops FAIL: gfortran.fortran-torture/execute/logical_select_1.f90 compilation, -O2 -fno-repack-arrays FAIL: gfortran.fortran-torture/execute/logical_select_1.f90 compilation, -O3 -g FAIL: gfortran.fortran-torture/execute/logical_select_1.f90 compilation, -Os FAIL: gfortran.fortran-torture/execute/mainsub.f90 compilation, -O0 FAIL: gfortran.fortran-torture/execute/mainsub.f90 compilation, -O1 FAIL: gfortran.fortran-torture/execute/mainsub.f90 compilation, -O2 FAIL: gfortran.fortran-torture/execute/mainsub.f90 compilation, -O2 -fomit-frame-pointer -finline-functions FAIL: gfortran.fortran-torture/execute/mainsub.f90 compilation, -O2 -fomit-frame-pointer -finline-functions -funroll-loops FAIL: gfortran.fortran-torture/execute/mainsub.f90 compilation, -O2 -fomit-frame-pointer -finline-functions -funroll-all-loops FAIL: gfortran.fortran-torture/execute/mainsub.f90 compilation, -O2 -fno-repack-arrays FAIL: gfortran.fortran-torture/execute/mainsub.f90 compilation, -O3 -g FAIL: gfortran.fortran-torture/execute/mainsub.f90 compilation, -Os FAIL: gfortran.fortran-torture/execute/math.f90 compilation, -O0 FAIL: gfortran.fortran-torture/execute/math.f90 compilation, -O1 FAIL: gfortran.fortran-torture/execute/math.f90 compilation, -O2 FAIL: gfortran.fortran-torture/execute/math.f90 compilation, -O2 -fomit-frame-pointer -finline-functions FAIL: gfortran.fortran-torture/execute/math.f90 compilation, -O2 -fomit-frame-pointer -finline-functions -funroll-loops FAIL: gfortran.fortran-torture/execute/math.f90 compilation, -O2 -fomit-frame-pointer -finline-functions -funroll-all-loops FAIL: gfortran.fortran-torture/execute/math.f90 compilation, -O2 -fno-repack-arrays FAIL: gfortran.fortran-torture/execute/math.f90 compilation, -O3 -g FAIL: gfortran.fortran-torture/execute/math.f90 compilation, -Os FAIL: gfortran.fortran-torture/execute/module_interface.f90 compilation, -O0 FAIL: gfortran.fortran-torture/execute/module_interface.f90 compilation, -O1 FAIL: gfortran.fortran-torture/execute/module_interface.f90 compilation, -O2 FAIL: gfortran.fortran-torture/execute/module_interface.f90 compilation, -O2 -fomit-frame-pointer -finline-functions FAIL: gfortran.fortran-torture/execute/module_interface.f90 compilation, -O2 -fomit-frame-pointer -finline-functions -funroll-loops FAIL: gfortran.fortran-torture/execute/module_interface.f90 compilation, -O2 -fomit-frame-pointer -finline-functions -funroll-all-loops FAIL: gfortran.fortran-torture/execute/module_interface.f90 compilation, -O2 -fno-repack-arrays FAIL: gfortran.fortran-torture/execute/module_interface.f90 compilation, -O3 -g FAIL: gfortran.fortran-torture/execute/module_interface.f90 compilation, -Os FAIL: gfortran.fortran-torture/execute/module_interface_2.f90 compilation, -O0 FAIL: gfortran.fortran-torture/execute/module_interface_2.f90 compilation, -O1 FAIL: gfortran.fortran-torture/execute/module_interface_2.f90 compilation, -O2 FAIL: gfortran.fortran-torture/execute/module_interface_2.f90 compilation, -O2 -fomit-frame-pointer -finline-functions FAIL: gfortran.fortran-torture/execute/module_interface_2.f90 compilation, -O2 -fomit-frame-pointer -finline-functions -funroll-loops FAIL: gfortran.fortran-torture/execute/module_interface_2.f90 compilation, -O2 -fomit-frame-pointer -finline-functions -funroll-all-loops FAIL: gfortran.fortran-torture/execute/module_interface_2.f90 compilation, -O2 -fno-repack-arrays FAIL: gfortran.fortran-torture/execute/module_interface_2.f90 compilation, -O3 -g FAIL: gfortran.fortran-torture/execute/module_interface_2.f90 compilation, -Os FAIL: gfortran.fortran-torture/execute/mystery_proc.f90 compilation, -O0 FAIL: gfortran.fortran-torture/execute/mystery_proc.f90 compilation, -O1 FAIL: gfortran.fortran-torture/execute/mystery_proc.f90 compilation, -O2 FAIL: gfortran.fortran-torture/execute/mystery_proc.f90 compilation, -O2 -fomit-frame-pointer -finline-functions FAIL: gfortran.fortran-torture/execute/mystery_proc.f90 compilation, -O2 -fomit-frame-pointer -finline-functions -funroll-loops FAIL: gfortran.fortran-torture/execute/mystery_proc.f90 compilation, -O2 -fomit-frame-pointer -finline-functions -funroll-all-loops FAIL: gfortran.fortran-torture/execute/mystery_proc.f90 compilation, -O2 -fno-repack-arrays FAIL: gfortran.fortran-torture/execute/mystery_proc.f90 compilation, -O3 -g FAIL: gfortran.fortran-torture/execute/mystery_proc.f90 compilation, -Os FAIL: gfortran.fortran-torture/execute/nestcons.f90 compilation, -O0 FAIL: gfortran.fortran-torture/execute/nestcons.f90 compilation, -O1 FAIL: gfortran.fortran-torture/execute/nestcons.f90 compilation, -O2 FAIL: gfortran.fortran-torture/execute/nestcons.f90 compilation, -O2 -fomit-frame-pointer -finline-functions FAIL: gfortran.fortran-torture/execute/nestcons.f90 compilation, -O2 -fomit-frame-pointer -finline-functions -funroll-loops FAIL: gfortran.fortran-torture/execute/nestcons.f90 compilation, -O2 -fomit-frame-pointer -finline-functions -funroll-all-loops FAIL: gfortran.fortran-torture/execute/nestcons.f90 compilation, -O2 -fno-repack-arrays FAIL: gfortran.fortran-torture/execute/nestcons.f90 compilation, -O3 -g FAIL: gfortran.fortran-torture/execute/nestcons.f90 compilation, -Os FAIL: gfortran.fortran-torture/execute/parameter_1.f90 compilation, -O0 FAIL: gfortran.fortran-torture/execute/parameter_1.f90 compilation, -O1 FAIL: gfortran.fortran-torture/execute/parameter_1.f90 compilation, -O2 FAIL: gfortran.fortran-torture/execute/parameter_1.f90 compilation, -O2 -fomit-frame-pointer -finline-functions FAIL: gfortran.fortran-torture/execute/parameter_1.f90 compilation, -O2 -fomit-frame-pointer -finline-functions -funroll-loops FAIL: gfortran.fortran-torture/execute/parameter_1.f90 compilation, -O2 -fomit-frame-pointer -finline-functions -funroll-all-loops FAIL: gfortran.fortran-torture/execute/parameter_1.f90 compilation, -O2 -fno-repack-arrays FAIL: gfortran.fortran-torture/execute/parameter_1.f90 compilation, -O3 -g FAIL: gfortran.fortran-torture/execute/parameter_1.f90 compilation, -Os FAIL: gfortran.fortran-torture/execute/partparm.f90 compilation, -O0 FAIL: gfortran.fortran-torture/execute/partparm.f90 compilation, -O1 FAIL: gfortran.fortran-torture/execute/partparm.f90 compilation, -O2 FAIL: gfortran.fortran-torture/execute/partparm.f90 compilation, -O2 -fomit-frame-pointer -finline-functions FAIL: gfortran.fortran-torture/execute/partparm.f90 compilation, -O2 -fomit-frame-pointer -finline-functions -funroll-loops FAIL: gfortran.fortran-torture/execute/partparm.f90 compilation, -O2 -fomit-frame-pointer -finline-functions -funroll-all-loops FAIL: gfortran.fortran-torture/execute/partparm.f90 compilation, -O2 -fno-repack-arrays FAIL: gfortran.fortran-torture/execute/partparm.f90 compilation, -O3 -g FAIL: gfortran.fortran-torture/execute/partparm.f90 compilation, -Os FAIL: gfortran.fortran-torture/execute/plusconst_1.f90 compilation, -O0 FAIL: gfortran.fortran-torture/execute/plusconst_1.f90 compilation, -O1 FAIL: gfortran.fortran-torture/execute/plusconst_1.f90 compilation, -O2 FAIL: gfortran.fortran-torture/execute/plusconst_1.f90 compilation, -O2 -fomit-frame-pointer -finline-functions FAIL: gfortran.fortran-torture/execute/plusconst_1.f90 compilation, -O2 -fomit-frame-pointer -finline-functions -funroll-loops FAIL: gfortran.fortran-torture/execute/plusconst_1.f90 compilation, -O2 -fomit-frame-pointer -finline-functions -funroll-all-loops FAIL: gfortran.fortran-torture/execute/plusconst_1.f90 compilation, -O2 -fno-repack-arrays FAIL: gfortran.fortran-torture/execute/plusconst_1.f90 compilation, -O3 -g FAIL: gfortran.fortran-torture/execute/plusconst_1.f90 compilation, -Os FAIL: gfortran.fortran-torture/execute/power.f90 compilation, -O0 FAIL: gfortran.fortran-torture/execute/power.f90 compilation, -O1 FAIL: gfortran.fortran-torture/execute/power.f90 compilation, -O2 FAIL: gfortran.fortran-torture/execute/power.f90 compilation, -O2 -fomit-frame-pointer -finline-functions FAIL: gfortran.fortran-torture/execute/power.f90 compilation, -O2 -fomit-frame-pointer -finline-functions -funroll-loops FAIL: gfortran.fortran-torture/execute/power.f90 compilation, -O2 -fomit-frame-pointer -finline-functions -funroll-all-loops FAIL: gfortran.fortran-torture/execute/power.f90 compilation, -O2 -fno-repack-arrays FAIL: gfortran.fortran-torture/execute/power.f90 compilation, -O3 -g FAIL: gfortran.fortran-torture/execute/power.f90 compilation, -Os FAIL: gfortran.fortran-torture/execute/procarg.f90 compilation, -O0 FAIL: gfortran.fortran-torture/execute/procarg.f90 compilation, -O1 FAIL: gfortran.fortran-torture/execute/procarg.f90 compilation, -O2 FAIL: gfortran.fortran-torture/execute/procarg.f90 compilation, -O2 -fomit-frame-pointer -finline-functions FAIL: gfortran.fortran-torture/execute/procarg.f90 compilation, -O2 -fomit-frame-pointer -finline-functions -funroll-loops FAIL: gfortran.fortran-torture/execute/procarg.f90 compilation, -O2 -fomit-frame-pointer -finline-functions -funroll-all-loops FAIL: gfortran.fortran-torture/execute/procarg.f90 compilation, -O2 -fno-repack-arrays FAIL: gfortran.fortran-torture/execute/procarg.f90 compilation, -O3 -g FAIL: gfortran.fortran-torture/execute/procarg.f90 compilation, -Os FAIL: gfortran.fortran-torture/execute/ptr.f90 compilation, -O0 FAIL: gfortran.fortran-torture/execute/ptr.f90 compilation, -O1 FAIL: gfortran.fortran-torture/execute/ptr.f90 compilation, -O2 FAIL: gfortran.fortran-torture/execute/ptr.f90 compilation, -O2 -fomit-frame-pointer -finline-functions FAIL: gfortran.fortran-torture/execute/ptr.f90 compilation, -O2 -fomit-frame-pointer -finline-functions -funroll-loops FAIL: gfortran.fortran-torture/execute/ptr.f90 compilation, -O2 -fomit-frame-pointer -finline-functions -funroll-all-loops FAIL: gfortran.fortran-torture/execute/ptr.f90 compilation, -O2 -fno-repack-arrays FAIL: gfortran.fortran-torture/execute/ptr.f90 compilation, -O3 -g FAIL: gfortran.fortran-torture/execute/ptr.f90 compilation, -Os FAIL: gfortran.fortran-torture/execute/random_init.f90 compilation, -O0 FAIL: gfortran.fortran-torture/execute/random_init.f90 compilation, -O1 FAIL: gfortran.fortran-torture/execute/random_init.f90 compilation, -O2 FAIL: gfortran.fortran-torture/execute/random_init.f90 compilation, -O2 -fomit-frame-pointer -finline-functions FAIL: gfortran.fortran-torture/execute/random_init.f90 compilation, -O2 -fomit-frame-pointer -finline-functions -funroll-loops FAIL: gfortran.fortran-torture/execute/random_init.f90 compilation, -O2 -fomit-frame-pointer -finline-functions -funroll-all-loops FAIL: gfortran.fortran-torture/execute/random_init.f90 compilation, -O2 -fno-repack-arrays FAIL: gfortran.fortran-torture/execute/random_init.f90 compilation, -O3 -g FAIL: gfortran.fortran-torture/execute/random_init.f90 compilation, -Os FAIL: gfortran.fortran-torture/execute/read_eof.f90 compilation, -O0 FAIL: gfortran.fortran-torture/execute/read_eof.f90 compilation, -O1 FAIL: gfortran.fortran-torture/execute/read_eof.f90 compilation, -O2 FAIL: gfortran.fortran-torture/execute/read_eof.f90 compilation, -O2 -fomit-frame-pointer -finline-functions FAIL: gfortran.fortran-torture/execute/read_eof.f90 compilation, -O2 -fomit-frame-pointer -finline-functions -funroll-loops FAIL: gfortran.fortran-torture/execute/read_eof.f90 compilation, -O2 -fomit-frame-pointer -finline-functions -funroll-all-loops FAIL: gfortran.fortran-torture/execute/read_eof.f90 compilation, -O2 -fno-repack-arrays FAIL: gfortran.fortran-torture/execute/read_eof.f90 compilation, -O3 -g FAIL: gfortran.fortran-torture/execute/read_eof.f90 compilation, -Os FAIL: gfortran.fortran-torture/execute/retarray.f90 compilation, -O0 FAIL: gfortran.fortran-torture/execute/retarray.f90 compilation, -O1 FAIL: gfortran.fortran-torture/execute/retarray.f90 compilation, -O2 FAIL: gfortran.fortran-torture/execute/retarray.f90 compilation, -O2 -fomit-frame-pointer -finline-functions FAIL: gfortran.fortran-torture/execute/retarray.f90 compilation, -O2 -fomit-frame-pointer -finline-functions -funroll-loops FAIL: gfortran.fortran-torture/execute/retarray.f90 compilation, -O2 -fomit-frame-pointer -finline-functions -funroll-all-loops FAIL: gfortran.fortran-torture/execute/retarray.f90 compilation, -O2 -fno-repack-arrays FAIL: gfortran.fortran-torture/execute/retarray.f90 compilation, -O3 -g FAIL: gfortran.fortran-torture/execute/retarray.f90 compilation, -Os FAIL: gfortran.fortran-torture/execute/retarray_2.f90 compilation, -O0 FAIL: gfortran.fortran-torture/execute/retarray_2.f90 compilation, -O1 FAIL: gfortran.fortran-torture/execute/retarray_2.f90 compilation, -O2 FAIL: gfortran.fortran-torture/execute/retarray_2.f90 compilation, -O2 -fomit-frame-pointer -finline-functions FAIL: gfortran.fortran-torture/execute/retarray_2.f90 compilation, -O2 -fomit-frame-pointer -finline-functions -funroll-loops FAIL: gfortran.fortran-torture/execute/retarray_2.f90 compilation, -O2 -fomit-frame-pointer -finline-functions -funroll-all-loops FAIL: gfortran.fortran-torture/execute/retarray_2.f90 compilation, -O2 -fno-repack-arrays FAIL: gfortran.fortran-torture/execute/retarray_2.f90 compilation, -O3 -g FAIL: gfortran.fortran-torture/execute/retarray_2.f90 compilation, -Os FAIL: gfortran.fortran-torture/execute/scalarize.f90 compilation, -O0 FAIL: gfortran.fortran-torture/execute/scalarize.f90 compilation, -O1 FAIL: gfortran.fortran-torture/execute/scalarize.f90 compilation, -O2 FAIL: gfortran.fortran-torture/execute/scalarize.f90 compilation, -O2 -fomit-frame-pointer -finline-functions FAIL: gfortran.fortran-torture/execute/scalarize.f90 compilation, -O2 -fomit-frame-pointer -finline-functions -funroll-loops FAIL: gfortran.fortran-torture/execute/scalarize.f90 compilation, -O2 -fomit-frame-pointer -finline-functions -funroll-all-loops FAIL: gfortran.fortran-torture/execute/scalarize.f90 compilation, -O2 -fno-repack-arrays FAIL: gfortran.fortran-torture/execute/scalarize.f90 compilation, -O3 -g FAIL: gfortran.fortran-torture/execute/scalarize.f90 compilation, -Os FAIL: gfortran.fortran-torture/execute/scalarize2.f90 compilation, -O0 FAIL: gfortran.fortran-torture/execute/scalarize2.f90 compilation, -O1 FAIL: gfortran.fortran-torture/execute/scalarize2.f90 compilation, -O2 FAIL: gfortran.fortran-torture/execute/scalarize2.f90 compilation, -O2 -fomit-frame-pointer -finline-functions FAIL: gfortran.fortran-torture/execute/scalarize2.f90 compilation, -O2 -fomit-frame-pointer -finline-functions -funroll-loops FAIL: gfortran.fortran-torture/execute/scalarize2.f90 compilation, -O2 -fomit-frame-pointer -finline-functions -funroll-all-loops FAIL: gfortran.fortran-torture/execute/scalarize2.f90 compilation, -O2 -fno-repack-arrays FAIL: gfortran.fortran-torture/execute/scalarize2.f90 compilation, -O3 -g FAIL: gfortran.fortran-torture/execute/scalarize2.f90 compilation, -Os FAIL: gfortran.fortran-torture/execute/scalarize3.f90 compilation, -O0 FAIL: gfortran.fortran-torture/execute/scalarize3.f90 compilation, -O1 FAIL: gfortran.fortran-torture/execute/scalarize3.f90 compilation, -O2 FAIL: gfortran.fortran-torture/execute/scalarize3.f90 compilation, -O2 -fomit-frame-pointer -finline-functions FAIL: gfortran.fortran-torture/execute/scalarize3.f90 compilation, -O2 -fomit-frame-pointer -finline-functions -funroll-loops FAIL: gfortran.fortran-torture/execute/scalarize3.f90 compilation, -O2 -fomit-frame-pointer -finline-functions -funroll-all-loops FAIL: gfortran.fortran-torture/execute/scalarize3.f90 compilation, -O2 -fno-repack-arrays FAIL: gfortran.fortran-torture/execute/scalarize3.f90 compilation, -O3 -g FAIL: gfortran.fortran-torture/execute/scalarize3.f90 compilation, -Os FAIL: gfortran.fortran-torture/execute/slash_edit.f90 compilation, -O0 FAIL: gfortran.fortran-torture/execute/slash_edit.f90 compilation, -O1 FAIL: gfortran.fortran-torture/execute/slash_edit.f90 compilation, -O2 FAIL: gfortran.fortran-torture/execute/slash_edit.f90 compilation, -O2 -fomit-frame-pointer -finline-functions FAIL: gfortran.fortran-torture/execute/slash_edit.f90 compilation, -O2 -fomit-frame-pointer -finline-functions -funroll-loops FAIL: gfortran.fortran-torture/execute/slash_edit.f90 compilation, -O2 -fomit-frame-pointer -finline-functions -funroll-all-loops FAIL: gfortran.fortran-torture/execute/slash_edit.f90 compilation, -O2 -fno-repack-arrays FAIL: gfortran.fortran-torture/execute/slash_edit.f90 compilation, -O3 -g FAIL: gfortran.fortran-torture/execute/slash_edit.f90 compilation, -Os FAIL: gfortran.fortran-torture/execute/spec_abs.f90 compilation, -O0 FAIL: gfortran.fortran-torture/execute/spec_abs.f90 compilation, -O1 FAIL: gfortran.fortran-torture/execute/spec_abs.f90 compilation, -O2 FAIL: gfortran.fortran-torture/execute/spec_abs.f90 compilation, -O2 -fomit-frame-pointer -finline-functions FAIL: gfortran.fortran-torture/execute/spec_abs.f90 compilation, -O2 -fomit-frame-pointer -finline-functions -funroll-loops FAIL: gfortran.fortran-torture/execute/spec_abs.f90 compilation, -O2 -fomit-frame-pointer -finline-functions -funroll-all-loops FAIL: gfortran.fortran-torture/execute/spec_abs.f90 compilation, -O2 -fno-repack-arrays FAIL: gfortran.fortran-torture/execute/spec_abs.f90 compilation, -O3 -g FAIL: gfortran.fortran-torture/execute/spec_abs.f90 compilation, -Os FAIL: gfortran.fortran-torture/execute/specifics.f90 compilation, -O0 FAIL: gfortran.fortran-torture/execute/specifics.f90 compilation, -O1 FAIL: gfortran.fortran-torture/execute/specifics.f90 compilation, -O2 FAIL: gfortran.fortran-torture/execute/specifics.f90 compilation, -O2 -fomit-frame-pointer -finline-functions FAIL: gfortran.fortran-torture/execute/specifics.f90 compilation, -O2 -fomit-frame-pointer -finline-functions -funroll-loops FAIL: gfortran.fortran-torture/execute/specifics.f90 compilation, -O2 -fomit-frame-pointer -finline-functions -funroll-all-loops FAIL: gfortran.fortran-torture/execute/specifics.f90 compilation, -O2 -fno-repack-arrays FAIL: gfortran.fortran-torture/execute/specifics.f90 compilation, -O3 -g FAIL: gfortran.fortran-torture/execute/specifics.f90 compilation, -Os FAIL: gfortran.fortran-torture/execute/st_function.f90 compilation, -O0 FAIL: gfortran.fortran-torture/execute/st_function.f90 compilation, -O1 FAIL: gfortran.fortran-torture/execute/st_function.f90 compilation, -O2 FAIL: gfortran.fortran-torture/execute/st_function.f90 compilation, -O2 -fomit-frame-pointer -finline-functions FAIL: gfortran.fortran-torture/execute/st_function.f90 compilation, -O2 -fomit-frame-pointer -finline-functions -funroll-loops FAIL: gfortran.fortran-torture/execute/st_function.f90 compilation, -O2 -fomit-frame-pointer -finline-functions -funroll-all-loops FAIL: gfortran.fortran-torture/execute/st_function.f90 compilation, -O2 -fno-repack-arrays FAIL: gfortran.fortran-torture/execute/st_function.f90 compilation, -O3 -g FAIL: gfortran.fortran-torture/execute/st_function.f90 compilation, -Os FAIL: gfortran.fortran-torture/execute/stack_varsize.f90 compilation, -O0 FAIL: gfortran.fortran-torture/execute/stack_varsize.f90 compilation, -O1 FAIL: gfortran.fortran-torture/execute/stack_varsize.f90 compilation, -O2 FAIL: gfortran.fortran-torture/execute/stack_varsize.f90 compilation, -O2 -fomit-frame-pointer -finline-functions FAIL: gfortran.fortran-torture/execute/stack_varsize.f90 compilation, -O2 -fomit-frame-pointer -finline-functions -funroll-loops FAIL: gfortran.fortran-torture/execute/stack_varsize.f90 compilation, -O2 -fomit-frame-pointer -finline-functions -funroll-all-loops FAIL: gfortran.fortran-torture/execute/stack_varsize.f90 compilation, -O2 -fno-repack-arrays FAIL: gfortran.fortran-torture/execute/stack_varsize.f90 compilation, -O3 -g FAIL: gfortran.fortran-torture/execute/stack_varsize.f90 compilation, -Os FAIL: gfortran.fortran-torture/execute/straret.f90 compilation, -O0 FAIL: gfortran.fortran-torture/execute/straret.f90 compilation, -O1 FAIL: gfortran.fortran-torture/execute/straret.f90 compilation, -O2 FAIL: gfortran.fortran-torture/execute/straret.f90 compilation, -O2 -fomit-frame-pointer -finline-functions FAIL: gfortran.fortran-torture/execute/straret.f90 compilation, -O2 -fomit-frame-pointer -finline-functions -funroll-loops FAIL: gfortran.fortran-torture/execute/straret.f90 compilation, -O2 -fomit-frame-pointer -finline-functions -funroll-all-loops FAIL: gfortran.fortran-torture/execute/straret.f90 compilation, -O2 -fno-repack-arrays FAIL: gfortran.fortran-torture/execute/straret.f90 compilation, -O3 -g FAIL: gfortran.fortran-torture/execute/straret.f90 compilation, -Os FAIL: gfortran.fortran-torture/execute/strarray_1.f90 compilation, -O0 FAIL: gfortran.fortran-torture/execute/strarray_1.f90 compilation, -O1 FAIL: gfortran.fortran-torture/execute/strarray_1.f90 compilation, -O2 FAIL: gfortran.fortran-torture/execute/strarray_1.f90 compilation, -O2 -fomit-frame-pointer -finline-functions FAIL: gfortran.fortran-torture/execute/strarray_1.f90 compilation, -O2 -fomit-frame-pointer -finline-functions -funroll-loops FAIL: gfortran.fortran-torture/execute/strarray_1.f90 compilation, -O2 -fomit-frame-pointer -finline-functions -funroll-all-loops FAIL: gfortran.fortran-torture/execute/strarray_1.f90 compilation, -O2 -fno-repack-arrays FAIL: gfortran.fortran-torture/execute/strarray_1.f90 compilation, -O3 -g FAIL: gfortran.fortran-torture/execute/strarray_1.f90 compilation, -Os FAIL: gfortran.fortran-torture/execute/strarray_2.f90 compilation, -O0 FAIL: gfortran.fortran-torture/execute/strarray_2.f90 compilation, -O1 FAIL: gfortran.fortran-torture/execute/strarray_2.f90 compilation, -O2 FAIL: gfortran.fortran-torture/execute/strarray_2.f90 compilation, -O2 -fomit-frame-pointer -finline-functions FAIL: gfortran.fortran-torture/execute/strarray_2.f90 compilation, -O2 -fomit-frame-pointer -finline-functions -funroll-loops FAIL: gfortran.fortran-torture/execute/strarray_2.f90 compilation, -O2 -fomit-frame-pointer -finline-functions -funroll-all-loops FAIL: gfortran.fortran-torture/execute/strarray_2.f90 compilation, -O2 -fno-repack-arrays FAIL: gfortran.fortran-torture/execute/strarray_2.f90 compilation, -O3 -g FAIL: gfortran.fortran-torture/execute/strarray_2.f90 compilation, -Os FAIL: gfortran.fortran-torture/execute/strarray_3.f90 compilation, -O0 FAIL: gfortran.fortran-torture/execute/strarray_3.f90 compilation, -O1 FAIL: gfortran.fortran-torture/execute/strarray_3.f90 compilation, -O2 FAIL: gfortran.fortran-torture/execute/strarray_3.f90 compilation, -O2 -fomit-frame-pointer -finline-functions FAIL: gfortran.fortran-torture/execute/strarray_3.f90 compilation, -O2 -fomit-frame-pointer -finline-functions -funroll-loops FAIL: gfortran.fortran-torture/execute/strarray_3.f90 compilation, -O2 -fomit-frame-pointer -finline-functions -funroll-all-loops FAIL: gfortran.fortran-torture/execute/strarray_3.f90 compilation, -O2 -fno-repack-arrays FAIL: gfortran.fortran-torture/execute/strarray_3.f90 compilation, -O3 -g FAIL: gfortran.fortran-torture/execute/strarray_3.f90 compilation, -Os FAIL: gfortran.fortran-torture/execute/strarray_4.f90 compilation, -O0 FAIL: gfortran.fortran-torture/execute/strarray_4.f90 compilation, -O1 FAIL: gfortran.fortran-torture/execute/strarray_4.f90 compilation, -O2 FAIL: gfortran.fortran-torture/execute/strarray_4.f90 compilation, -O2 -fomit-frame-pointer -finline-functions FAIL: gfortran.fortran-torture/execute/strarray_4.f90 compilation, -O2 -fomit-frame-pointer -finline-functions -funroll-loops FAIL: gfortran.fortran-torture/execute/strarray_4.f90 compilation, -O2 -fomit-frame-pointer -finline-functions -funroll-all-loops FAIL: gfortran.fortran-torture/execute/strarray_4.f90 compilation, -O2 -fno-repack-arrays FAIL: gfortran.fortran-torture/execute/strarray_4.f90 compilation, -O3 -g FAIL: gfortran.fortran-torture/execute/strarray_4.f90 compilation, -Os FAIL: gfortran.fortran-torture/execute/strcmp.f90 compilation, -O0 FAIL: gfortran.fortran-torture/execute/strcmp.f90 compilation, -O1 FAIL: gfortran.fortran-torture/execute/strcmp.f90 compilation, -O2 FAIL: gfortran.fortran-torture/execute/strcmp.f90 compilation, -O2 -fomit-frame-pointer -finline-functions FAIL: gfortran.fortran-torture/execute/strcmp.f90 compilation, -O2 -fomit-frame-pointer -finline-functions -funroll-loops FAIL: gfortran.fortran-torture/execute/strcmp.f90 compilation, -O2 -fomit-frame-pointer -finline-functions -funroll-all-loops FAIL: gfortran.fortran-torture/execute/strcmp.f90 compilation, -O2 -fno-repack-arrays FAIL: gfortran.fortran-torture/execute/strcmp.f90 compilation, -O3 -g FAIL: gfortran.fortran-torture/execute/strcmp.f90 compilation, -Os FAIL: gfortran.fortran-torture/execute/strcommon_1.f90 compilation, -O0 FAIL: gfortran.fortran-torture/execute/strcommon_1.f90 compilation, -O1 FAIL: gfortran.fortran-torture/execute/strcommon_1.f90 compilation, -O2 FAIL: gfortran.fortran-torture/execute/strcommon_1.f90 compilation, -O2 -fomit-frame-pointer -finline-functions FAIL: gfortran.fortran-torture/execute/strcommon_1.f90 compilation, -O2 -fomit-frame-pointer -finline-functions -funroll-loops FAIL: gfortran.fortran-torture/execute/strcommon_1.f90 compilation, -O2 -fomit-frame-pointer -finline-functions -funroll-all-loops FAIL: gfortran.fortran-torture/execute/strcommon_1.f90 compilation, -O2 -fno-repack-arrays FAIL: gfortran.fortran-torture/execute/strcommon_1.f90 compilation, -O3 -g FAIL: gfortran.fortran-torture/execute/strcommon_1.f90 compilation, -Os FAIL: gfortran.fortran-torture/execute/string.f90 compilation, -O0 FAIL: gfortran.fortran-torture/execute/string.f90 compilation, -O1 FAIL: gfortran.fortran-torture/execute/string.f90 compilation, -O2 FAIL: gfortran.fortran-torture/execute/string.f90 compilation, -O2 -fomit-frame-pointer -finline-functions FAIL: gfortran.fortran-torture/execute/string.f90 compilation, -O2 -fomit-frame-pointer -finline-functions -funroll-loops FAIL: gfortran.fortran-torture/execute/string.f90 compilation, -O2 -fomit-frame-pointer -finline-functions -funroll-all-loops FAIL: gfortran.fortran-torture/execute/string.f90 compilation, -O2 -fno-repack-arrays FAIL: gfortran.fortran-torture/execute/string.f90 compilation, -O3 -g FAIL: gfortran.fortran-torture/execute/string.f90 compilation, -Os FAIL: gfortran.fortran-torture/execute/strlen.f90 compilation, -O0 FAIL: gfortran.fortran-torture/execute/strlen.f90 compilation, -O1 FAIL: gfortran.fortran-torture/execute/strlen.f90 compilation, -O2 FAIL: gfortran.fortran-torture/execute/strlen.f90 compilation, -O2 -fomit-frame-pointer -finline-functions FAIL: gfortran.fortran-torture/execute/strlen.f90 compilation, -O2 -fomit-frame-pointer -finline-functions -funroll-loops FAIL: gfortran.fortran-torture/execute/strlen.f90 compilation, -O2 -fomit-frame-pointer -finline-functions -funroll-all-loops FAIL: gfortran.fortran-torture/execute/strlen.f90 compilation, -O2 -fno-repack-arrays FAIL: gfortran.fortran-torture/execute/strlen.f90 compilation, -O3 -g FAIL: gfortran.fortran-torture/execute/strlen.f90 compilation, -Os FAIL: gfortran.fortran-torture/execute/strret.f90 compilation, -O0 FAIL: gfortran.fortran-torture/execute/strret.f90 compilation, -O1 FAIL: gfortran.fortran-torture/execute/strret.f90 compilation, -O2 FAIL: gfortran.fortran-torture/execute/strret.f90 compilation, -O2 -fomit-frame-pointer -finline-functions FAIL: gfortran.fortran-torture/execute/strret.f90 compilation, -O2 -fomit-frame-pointer -finline-functions -funroll-loops FAIL: gfortran.fortran-torture/execute/strret.f90 compilation, -O2 -fomit-frame-pointer -finline-functions -funroll-all-loops FAIL: gfortran.fortran-torture/execute/strret.f90 compilation, -O2 -fno-repack-arrays FAIL: gfortran.fortran-torture/execute/strret.f90 compilation, -O3 -g FAIL: gfortran.fortran-torture/execute/strret.f90 compilation, -Os FAIL: gfortran.fortran-torture/execute/test_slice.f90 compilation, -O0 FAIL: gfortran.fortran-torture/execute/test_slice.f90 compilation, -O1 FAIL: gfortran.fortran-torture/execute/test_slice.f90 compilation, -O2 FAIL: gfortran.fortran-torture/execute/test_slice.f90 compilation, -O2 -fomit-frame-pointer -finline-functions FAIL: gfortran.fortran-torture/execute/test_slice.f90 compilation, -O2 -fomit-frame-pointer -finline-functions -funroll-loops FAIL: gfortran.fortran-torture/execute/test_slice.f90 compilation, -O2 -fomit-frame-pointer -finline-functions -funroll-all-loops FAIL: gfortran.fortran-torture/execute/test_slice.f90 compilation, -O2 -fno-repack-arrays FAIL: gfortran.fortran-torture/execute/test_slice.f90 compilation, -O3 -g FAIL: gfortran.fortran-torture/execute/test_slice.f90 compilation, -Os FAIL: gfortran.fortran-torture/execute/unopened_unit_1.f90 compilation, -O0 FAIL: gfortran.fortran-torture/execute/unopened_unit_1.f90 compilation, -O1 FAIL: gfortran.fortran-torture/execute/unopened_unit_1.f90 compilation, -O2 FAIL: gfortran.fortran-torture/execute/unopened_unit_1.f90 compilation, -O2 -fomit-frame-pointer -finline-functions FAIL: gfortran.fortran-torture/execute/unopened_unit_1.f90 compilation, -O2 -fomit-frame-pointer -finline-functions -funroll-loops FAIL: gfortran.fortran-torture/execute/unopened_unit_1.f90 compilation, -O2 -fomit-frame-pointer -finline-functions -funroll-all-loops FAIL: gfortran.fortran-torture/execute/unopened_unit_1.f90 compilation, -O2 -fno-repack-arrays FAIL: gfortran.fortran-torture/execute/unopened_unit_1.f90 compilation, -O3 -g FAIL: gfortran.fortran-torture/execute/unopened_unit_1.f90 compilation, -Os FAIL: gfortran.fortran-torture/execute/userop.f90 compilation, -O0 FAIL: gfortran.fortran-torture/execute/userop.f90 compilation, -O1 FAIL: gfortran.fortran-torture/execute/userop.f90 compilation, -O2 FAIL: gfortran.fortran-torture/execute/userop.f90 compilation, -O2 -fomit-frame-pointer -finline-functions FAIL: gfortran.fortran-torture/execute/userop.f90 compilation, -O2 -fomit-frame-pointer -finline-functions -funroll-loops FAIL: gfortran.fortran-torture/execute/userop.f90 compilation, -O2 -fomit-frame-pointer -finline-functions -funroll-all-loops FAIL: gfortran.fortran-torture/execute/userop.f90 compilation, -O2 -fno-repack-arrays FAIL: gfortran.fortran-torture/execute/userop.f90 compilation, -O3 -g FAIL: gfortran.fortran-torture/execute/userop.f90 compilation, -Os FAIL: gfortran.fortran-torture/execute/where_1.f90 compilation, -O0 FAIL: gfortran.fortran-torture/execute/where_1.f90 compilation, -O1 FAIL: gfortran.fortran-torture/execute/where_1.f90 compilation, -O2 FAIL: gfortran.fortran-torture/execute/where_1.f90 compilation, -O2 -fomit-frame-pointer -finline-functions FAIL: gfortran.fortran-torture/execute/where_1.f90 compilation, -O2 -fomit-frame-pointer -finline-functions -funroll-loops FAIL: gfortran.fortran-torture/execute/where_1.f90 compilation, -O2 -fomit-frame-pointer -finline-functions -funroll-all-loops FAIL: gfortran.fortran-torture/execute/where_1.f90 compilation, -O2 -fno-repack-arrays FAIL: gfortran.fortran-torture/execute/where_1.f90 compilation, -O3 -g FAIL: gfortran.fortran-torture/execute/where_1.f90 compilation, -Os FAIL: gfortran.fortran-torture/execute/where_2.f90 compilation, -O0 FAIL: gfortran.fortran-torture/execute/where_2.f90 compilation, -O1 FAIL: gfortran.fortran-torture/execute/where_2.f90 compilation, -O2 FAIL: gfortran.fortran-torture/execute/where_2.f90 compilation, -O2 -fomit-frame-pointer -finline-functions FAIL: gfortran.fortran-torture/execute/where_2.f90 compilation, -O2 -fomit-frame-pointer -finline-functions -funroll-loops FAIL: gfortran.fortran-torture/execute/where_2.f90 compilation, -O2 -fomit-frame-pointer -finline-functions -funroll-all-loops FAIL: gfortran.fortran-torture/execute/where_2.f90 compilation, -O2 -fno-repack-arrays FAIL: gfortran.fortran-torture/execute/where_2.f90 compilation, -O3 -g FAIL: gfortran.fortran-torture/execute/where_2.f90 compilation, -Os FAIL: gfortran.fortran-torture/execute/where_3.f90 compilation, -O0 FAIL: gfortran.fortran-torture/execute/where_3.f90 compilation, -O1 FAIL: gfortran.fortran-torture/execute/where_3.f90 compilation, -O2 FAIL: gfortran.fortran-torture/execute/where_3.f90 compilation, -O2 -fomit-frame-pointer -finline-functions FAIL: gfortran.fortran-torture/execute/where_3.f90 compilation, -O2 -fomit-frame-pointer -finline-functions -funroll-loops FAIL: gfortran.fortran-torture/execute/where_3.f90 compilation, -O2 -fomit-frame-pointer -finline-functions -funroll-all-loops FAIL: gfortran.fortran-torture/execute/where_3.f90 compilation, -O2 -fno-repack-arrays FAIL: gfortran.fortran-torture/execute/where_3.f90 compilation, -O3 -g FAIL: gfortran.fortran-torture/execute/where_3.f90 compilation, -Os FAIL: gfortran.fortran-torture/execute/where_4.f90 compilation, -O0 FAIL: gfortran.fortran-torture/execute/where_4.f90 compilation, -O1 FAIL: gfortran.fortran-torture/execute/where_4.f90 compilation, -O2 FAIL: gfortran.fortran-torture/execute/where_4.f90 compilation, -O2 -fomit-frame-pointer -finline-functions FAIL: gfortran.fortran-torture/execute/where_4.f90 compilation, -O2 -fomit-frame-pointer -finline-functions -funroll-loops FAIL: gfortran.fortran-torture/execute/where_4.f90 compilation, -O2 -fomit-frame-pointer -finline-functions -funroll-all-loops FAIL: gfortran.fortran-torture/execute/where_4.f90 compilation, -O2 -fno-repack-arrays FAIL: gfortran.fortran-torture/execute/where_4.f90 compilation, -O3 -g FAIL: gfortran.fortran-torture/execute/where_4.f90 compilation, -Os FAIL: gfortran.fortran-torture/execute/where_5.f90 compilation, -O0 FAIL: gfortran.fortran-torture/execute/where_5.f90 compilation, -O1 FAIL: gfortran.fortran-torture/execute/where_5.f90 compilation, -O2 FAIL: gfortran.fortran-torture/execute/where_5.f90 compilation, -O2 -fomit-frame-pointer -finline-functions FAIL: gfortran.fortran-torture/execute/where_5.f90 compilation, -O2 -fomit-frame-pointer -finline-functions -funroll-loops FAIL: gfortran.fortran-torture/execute/where_5.f90 compilation, -O2 -fomit-frame-pointer -finline-functions -funroll-all-loops FAIL: gfortran.fortran-torture/execute/where_5.f90 compilation, -O2 -fno-repack-arrays FAIL: gfortran.fortran-torture/execute/where_5.f90 compilation, -O3 -g FAIL: gfortran.fortran-torture/execute/where_5.f90 compilation, -Os FAIL: gfortran.fortran-torture/execute/where_6.f90 compilation, -O0 FAIL: gfortran.fortran-torture/execute/where_6.f90 compilation, -O1 FAIL: gfortran.fortran-torture/execute/where_6.f90 compilation, -O2 FAIL: gfortran.fortran-torture/execute/where_6.f90 compilation, -O2 -fomit-frame-pointer -finline-functions FAIL: gfortran.fortran-torture/execute/where_6.f90 compilation, -O2 -fomit-frame-pointer -finline-functions -funroll-loops FAIL: gfortran.fortran-torture/execute/where_6.f90 compilation, -O2 -fomit-frame-pointer -finline-functions -funroll-all-loops FAIL: gfortran.fortran-torture/execute/where_6.f90 compilation, -O2 -fno-repack-arrays FAIL: gfortran.fortran-torture/execute/where_6.f90 compilation, -O3 -g FAIL: gfortran.fortran-torture/execute/where_6.f90 compilation, -Os FAIL: gfortran.fortran-torture/execute/write_a_1.f90 compilation, -O0 FAIL: gfortran.fortran-torture/execute/write_a_1.f90 compilation, -O1 FAIL: gfortran.fortran-torture/execute/write_a_1.f90 compilation, -O2 FAIL: gfortran.fortran-torture/execute/write_a_1.f90 compilation, -O2 -fomit-frame-pointer -finline-functions FAIL: gfortran.fortran-torture/execute/write_a_1.f90 compilation, -O2 -fomit-frame-pointer -finline-functions -funroll-loops FAIL: gfortran.fortran-torture/execute/write_a_1.f90 compilation, -O2 -fomit-frame-pointer -finline-functions -funroll-all-loops FAIL: gfortran.fortran-torture/execute/write_a_1.f90 compilation, -O2 -fno-repack-arrays FAIL: gfortran.fortran-torture/execute/write_a_1.f90 compilation, -O3 -g FAIL: gfortran.fortran-torture/execute/write_a_1.f90 compilation, -Os FAIL: gfortran.fortran-torture/execute/write_logical.f90 compilation, -O0 FAIL: gfortran.fortran-torture/execute/write_logical.f90 compilation, -O1 FAIL: gfortran.fortran-torture/execute/write_logical.f90 compilation, -O2 FAIL: gfortran.fortran-torture/execute/write_logical.f90 compilation, -O2 -fomit-frame-pointer -finline-functions FAIL: gfortran.fortran-torture/execute/write_logical.f90 compilation, -O2 -fomit-frame-pointer -finline-functions -funroll-loops FAIL: gfortran.fortran-torture/execute/write_logical.f90 compilation, -O2 -fomit-frame-pointer -finline-functions -funroll-all-loops FAIL: gfortran.fortran-torture/execute/write_logical.f90 compilation, -O2 -fno-repack-arrays FAIL: gfortran.fortran-torture/execute/write_logical.f90 compilation, -O3 -g FAIL: gfortran.fortran-torture/execute/write_logical.f90 compilation, -Os === gfortran Summary === # of expected passes 281 # of unexpected failures 1285 # of untested testcases 1278 /amnt/figaro/volumes/obj-gcc/gcc/obj.sol86/gcc-3.5.0-20040517/10-gcc/gcc/testsuite/../gfortran version 3.5.0 20040517 (experimental) === objc tests === Running target unix === objc Summary === # of expected passes 1339 # of unsupported tests 8 /amnt/figaro/volumes/obj-gcc/gcc/obj.sol86/gcc-3.5.0-20040517/10-gcc/gcc/xgcc version 3.5.0 20040517 (experimental) === libffi tests === Running target unix === libffi Summary === # of expected passes 212 # of unsupported tests 2 === libjava tests === Running target unix ERROR: tcl error sourcing /vol/gnu/src/gcc/gcc-dist/libjava/testsuite/libjava.compile/compile.exp. ERROR: can't read "x": no such variable ERROR: No \`main' given in program Array_2 UNRESOLVED: Array_3 compilation from source FAIL: Class_1 -O3 compilation from bytecode FAIL: FileHandleGcTest execution - source compiled test FAIL: FileHandleGcTest execution - gij test FAIL: FileHandleGcTest execution - bytecode->native test FAIL: FileHandleGcTest -O3 execution - source compiled test FAIL: FileHandleGcTest execution - gij test FAIL: FileHandleGcTest -O3 execution - bytecode->native test ERROR: No \`main' given in program N19990310_02 UNRESOLVED: N19990310_3 compilation from source FAIL: SyncTest execution - gij test FAIL: Thread_Join -O3 compilation from bytecode FAIL: Thread_Wait_2 execution - gij test FAIL: Thread_Wait_Interrupt execution - gij test FAIL: Throw_2 execution - source compiled test FAIL: Throw_2 execution - gij test FAIL: Throw_2 execution - bytecode->native test FAIL: Throw_2 -O3 execution - source compiled test FAIL: Throw_2 execution - gij test FAIL: Throw_2 -O3 execution - bytecode->native test FAIL: anon4 -O3 compilation from bytecode === libjava Summary === # of expected passes 3146 # of unexpected failures 18 # of expected failures 14 # of unresolved testcases 2 # of untested testcases 37 === libstdc++ tests === Running target unix FAIL: 26_numerics/c99_classification_macros_c++.cc (test for excess errors) FAIL: 26_numerics/c99_classification_macros_c.cc (test for excess errors) FAIL: 27_io/basic_istream/extractors_arithmetic/char/12.cc execution test FAIL: 27_io/fpos/14775.cc execution test === libstdc++ Summary === # of expected passes 2666 # of unexpected failures 4 # of expected failures 5 Compiler version: 3.5.0 20040517 (experimental) Platform: i386-pc-solaris2.10 configure flags: --prefix=/vol/gcc --with-local-prefix=/vol/gcc --disable-nls --with-as=/vol/gcc/lib/as-7.0 --disable-libmudflap --with-gmp-dir=/vol/gnu/obj/gmp-4.1.3 --enable-languages=c,c++,f95,java,objc BOOT_CFLAGS=-g -O2
Index Nav: | [Date Index] [Subject Index] [Author Index] [Thread Index] | |
---|---|---|
Message Nav: | [Date Prev] [Date Next] | [Thread Prev] [Thread Next] |