This is the mail archive of the
gcc-testresults@gcc.gnu.org
mailing list for the GCC project.
Results for 3.3.4 20040514 (prerelease) testsuite on hppa64-hp-hpux11.00
- From: John David Anglin <dave at hiauly2 dot hia dot nrc dot ca>
- To: dave at hiauly2 dot hia dot nrc dot ca, gcc-testresults at gcc dot gnu dot org
- Date: Mon, 17 May 2004 10:52:15 -0400 (EDT)
- Subject: Results for 3.3.4 20040514 (prerelease) testsuite on hppa64-hp-hpux11.00
LAST_UPDATED: Fri May 14 17:59:13 UTC 2004
Native configuration is hppa64-hp-hpux11.00
=== g++ tests ===
Running target unix
FAIL: g++.dg/parse/class1.C (test for excess errors)
XPASS: g++.other/decl5.C no such type (test for errors, line 60)
XPASS: g++.other/decl5.C no such type (test for errors, line 63)
XPASS: g++.other/decl5.C N::fn not a member of NMS (test for errors, line 66)
XPASS: g++.other/decl5.C extra qualification (test for warnings, line 57)
FAIL: g++.other/decl5.C (test for excess errors)
XPASS: g++.pt/static3.C (test for excess errors)
XPASS: g++.pt/static3.C Execution test
XPASS: g++.pt/static6.C (test for excess errors)
=== g++ Summary ===
# of expected passes 7921
# of unexpected failures 2
# of unexpected successes 7
# of expected failures 99
# of untested testcases 23
# of unsupported tests 30
/xxx/gnu/gcc-3.4/objdir/gcc/testsuite/../g++ version 3.3.4 20040514 (prerelease)
=== g77 tests ===
Running target unix
=== g77 Summary ===
# of expected passes 1720
# of unsupported tests 8
/xxx/gnu/gcc-3.4/objdir/gcc/testsuite/../g77 version 3.3.4 20040514 (prerelease)
=== gcc tests ===
Running target unix
FAIL: gcc.dg/duff-2.c (test for excess errors)
FAIL: gcc.dg/noreturn-7.c (test for warnings, line 21)
FAIL: gcc.dg/sibcall-1.c execution test
FAIL: gcc.dg/sibcall-2.c execution test
FAIL: gcc.dg/sibcall-3.c execution test
FAIL: gcc.dg/sibcall-4.c execution test
=== gcc Summary ===
# of expected passes 20779
# of unexpected failures 6
# of expected failures 73
# of unsupported tests 199
/xxx/gnu/gcc-3.4/objdir/gcc/xgcc version 3.3.4 20040514 (prerelease)
=== objc tests ===
Running target unix
=== objc Summary ===
# of expected passes 1166
/xxx/gnu/gcc-3.4/objdir/gcc/xgcc version 3.3.4 20040514 (prerelease)
=== libstdc++-v3 tests ===
Running target unix
FAIL: 26_numerics/c99_classification_macros_c.cc (test for excess errors)
=== libstdc++-v3 Summary ===
# of expected passes 417
# of unexpected failures 1
# of expected failures 17
# of unsupported tests 6
Compiler version: 3.3.4 20040514 (prerelease)
Platform: hppa64-hp-hpux11.00
configure flags: --with-gnu-as --with-as=/opt/gnu64/bin/as --with-ld=/usr/ccs/bin/ld --enable-shared --with-local-prefix=/opt/gnu64 --prefix=/opt/gnu64/gcc/gcc-3.3.4 --host=hppa64-hp-hpux11.00 --disable-nls --enable-languages=c,c++,f77,java,objc