This is the mail archive of the
gcc-testresults@gcc.gnu.org
mailing list for the GCC project.
Results for 3.3.4 20040512 (prerelease) testsuite on powerpc-unknown-linux-gnu
- From: Olaf Hering <olh at suse dot de>
- To: gcc-testresults at gcc dot gnu dot org
- Date: Thu, 13 May 2004 07:11:00 +0000
- Subject: Results for 3.3.4 20040512 (prerelease) testsuite on powerpc-unknown-linux-gnu
LAST_UPDATED: Wed May 12 23:06:46 UTC 2004
Native configuration is powerpc-unknown-linux-gnu
=== g++ tests ===
Running target unix
XPASS: g++.dg/other/packed1.C execution test
FAIL: g++.other/decl5.C caused compiler crash
XPASS: g++.other/init5.C Execution test
=== g++ Summary ===
# of expected passes 8163
# of unexpected failures 1
# of unexpected successes 2
# of expected failures 91
# of untested testcases 23
# of unsupported tests 30
/abuild/gcc_cvs_build/obj/obj-gcc33/gcc/testsuite/../g++ version 3.3.4 20040512 (prerelease)
=== g77 tests ===
Running target unix
=== g77 Summary ===
# of expected passes 1720
# of unsupported tests 8
/abuild/gcc_cvs_build/obj/obj-gcc33/gcc/testsuite/../g77 version 3.3.4 20040512 (prerelease)
=== gcc tests ===
Running target unix
ERROR: error writing "file3": no space left on device
FAIL: gcc.c-torture/execute/ieee/20000320-1.c compilation, -O0
UNRESOLVED: gcc.c-torture/execute/ieee/20000320-1.c execution, -O0
FAIL: gcc.c-torture/execute/ieee/20000320-1.c compilation, -O1
UNRESOLVED: gcc.c-torture/execute/ieee/20000320-1.c execution, -O1
FAIL: gcc.c-torture/execute/ieee/20000320-1.c compilation, -O2
UNRESOLVED: gcc.c-torture/execute/ieee/20000320-1.c execution, -O2
FAIL: gcc.c-torture/execute/ieee/20000320-1.c compilation, -O3 -fomit-frame-pointer
UNRESOLVED: gcc.c-torture/execute/ieee/20000320-1.c execution, -O3 -fomit-frame-pointer
FAIL: gcc.c-torture/execute/ieee/20000320-1.c compilation, -O3 -g
UNRESOLVED: gcc.c-torture/execute/ieee/20000320-1.c execution, -O3 -g
FAIL: gcc.c-torture/execute/ieee/20000320-1.c compilation, -Os
UNRESOLVED: gcc.c-torture/execute/ieee/20000320-1.c execution, -Os
FAIL: gcc.c-torture/execute/ieee/20001122-1.c compilation, -O0
UNRESOLVED: gcc.c-torture/execute/ieee/20001122-1.c execution, -O0
FAIL: gcc.c-torture/execute/ieee/20001122-1.c compilation, -O1
UNRESOLVED: gcc.c-torture/execute/ieee/20001122-1.c execution, -O1
FAIL: gcc.c-torture/execute/ieee/20001122-1.c compilation, -O2
UNRESOLVED: gcc.c-torture/execute/ieee/20001122-1.c execution, -O2
FAIL: gcc.c-torture/execute/ieee/20001122-1.c compilation, -O3 -fomit-frame-pointer
UNRESOLVED: gcc.c-torture/execute/ieee/20001122-1.c execution, -O3 -fomit-frame-pointer
FAIL: gcc.c-torture/execute/ieee/20001122-1.c compilation, -O3 -fomit-frame-pointer -funroll-loops
UNRESOLVED: gcc.c-torture/execute/ieee/20001122-1.c execution, -O3 -fomit-frame-pointer -funroll-loops
FAIL: gcc.c-torture/execute/ieee/20001122-1.c compilation, -O3 -fomit-frame-pointer -funroll-all-loops -finline-functions
UNRESOLVED: gcc.c-torture/execute/ieee/20001122-1.c execution, -O3 -fomit-frame-pointer -funroll-all-loops -finline-functions
FAIL: gcc.c-torture/execute/ieee/20001122-1.c compilation, -O3 -g
UNRESOLVED: gcc.c-torture/execute/ieee/20001122-1.c execution, -O3 -g
FAIL: gcc.c-torture/execute/ieee/20001122-1.c compilation, -Os
UNRESOLVED: gcc.c-torture/execute/ieee/20001122-1.c execution, -Os
FAIL: gcc.c-torture/execute/ieee/20010114-2.c compilation, -O0
UNRESOLVED: gcc.c-torture/execute/ieee/20010114-2.c execution, -O0
FAIL: gcc.c-torture/execute/ieee/20010114-2.c compilation, -O1
UNRESOLVED: gcc.c-torture/execute/ieee/20010114-2.c execution, -O1
FAIL: gcc.c-torture/execute/ieee/20010114-2.c compilation, -O2
UNRESOLVED: gcc.c-torture/execute/ieee/20010114-2.c execution, -O2
FAIL: gcc.c-torture/execute/ieee/20010114-2.c compilation, -O3 -fomit-frame-pointer
UNRESOLVED: gcc.c-torture/execute/ieee/20010114-2.c execution, -O3 -fomit-frame-pointer
FAIL: gcc.c-torture/execute/ieee/20010114-2.c compilation, -O3 -g
UNRESOLVED: gcc.c-torture/execute/ieee/20010114-2.c execution, -O3 -g
FAIL: gcc.c-torture/execute/ieee/20010114-2.c compilation, -Os
UNRESOLVED: gcc.c-torture/execute/ieee/20010114-2.c execution, -Os
FAIL: gcc.c-torture/execute/ieee/20010226-1.c compilation, -O0
UNRESOLVED: gcc.c-torture/execute/ieee/20010226-1.c execution, -O0
FAIL: gcc.c-torture/execute/ieee/20010226-1.c compilation, -O1
UNRESOLVED: gcc.c-torture/execute/ieee/20010226-1.c execution, -O1
FAIL: gcc.c-torture/execute/ieee/20010226-1.c compilation, -O2
UNRESOLVED: gcc.c-torture/execute/ieee/20010226-1.c execution, -O2
FAIL: gcc.c-torture/execute/ieee/20010226-1.c compilation, -O3 -fomit-frame-pointer
UNRESOLVED: gcc.c-torture/execute/ieee/20010226-1.c execution, -O3 -fomit-frame-pointer
FAIL: gcc.c-torture/execute/ieee/20010226-1.c compilation, -O3 -g
UNRESOLVED: gcc.c-torture/execute/ieee/20010226-1.c execution, -O3 -g
FAIL: gcc.c-torture/execute/ieee/20010226-1.c compilation, -Os
UNRESOLVED: gcc.c-torture/execute/ieee/20010226-1.c execution, -Os
FAIL: gcc.c-torture/execute/ieee/20011123-1.c compilation, -O0
UNRESOLVED: gcc.c-torture/execute/ieee/20011123-1.c execution, -O0
FAIL: gcc.c-torture/execute/ieee/20011123-1.c compilation, -O1
UNRESOLVED: gcc.c-torture/execute/ieee/20011123-1.c execution, -O1
FAIL: gcc.c-torture/execute/ieee/20011123-1.c compilation, -O2
UNRESOLVED: gcc.c-torture/execute/ieee/20011123-1.c execution, -O2
FAIL: gcc.c-torture/execute/ieee/20011123-1.c compilation, -O3 -fomit-frame-pointer
UNRESOLVED: gcc.c-torture/execute/ieee/20011123-1.c execution, -O3 -fomit-frame-pointer
FAIL: gcc.c-torture/execute/ieee/20011123-1.c compilation, -O3 -g
UNRESOLVED: gcc.c-torture/execute/ieee/20011123-1.c execution, -O3 -g
FAIL: gcc.c-torture/execute/ieee/20011123-1.c compilation, -Os
UNRESOLVED: gcc.c-torture/execute/ieee/20011123-1.c execution, -Os
FAIL: gcc.c-torture/execute/ieee/920518-1.c compilation, -O0
UNRESOLVED: gcc.c-torture/execute/ieee/920518-1.c execution, -O0
FAIL: gcc.c-torture/execute/ieee/920518-1.c compilation, -O1
UNRESOLVED: gcc.c-torture/execute/ieee/920518-1.c execution, -O1
FAIL: gcc.c-torture/execute/ieee/920518-1.c compilation, -O2
UNRESOLVED: gcc.c-torture/execute/ieee/920518-1.c execution, -O2
FAIL: gcc.c-torture/execute/ieee/920518-1.c compilation, -O3 -fomit-frame-pointer
UNRESOLVED: gcc.c-torture/execute/ieee/920518-1.c execution, -O3 -fomit-frame-pointer
FAIL: gcc.c-torture/execute/ieee/920518-1.c compilation, -O3 -g
UNRESOLVED: gcc.c-torture/execute/ieee/920518-1.c execution, -O3 -g
FAIL: gcc.c-torture/execute/ieee/920518-1.c compilation, -Os
UNRESOLVED: gcc.c-torture/execute/ieee/920518-1.c execution, -Os
FAIL: gcc.c-torture/execute/ieee/920810-1.c compilation, -O0
UNRESOLVED: gcc.c-torture/execute/ieee/920810-1.c execution, -O0
FAIL: gcc.c-torture/execute/ieee/920810-1.c compilation, -O1
UNRESOLVED: gcc.c-torture/execute/ieee/920810-1.c execution, -O1
FAIL: gcc.c-torture/execute/ieee/920810-1.c compilation, -O2
UNRESOLVED: gcc.c-torture/execute/ieee/920810-1.c execution, -O2
FAIL: gcc.c-torture/execute/ieee/920810-1.c compilation, -O3 -fomit-frame-pointer
UNRESOLVED: gcc.c-torture/execute/ieee/920810-1.c execution, -O3 -fomit-frame-pointer
FAIL: gcc.c-torture/execute/ieee/920810-1.c compilation, -O3 -g
UNRESOLVED: gcc.c-torture/execute/ieee/920810-1.c execution, -O3 -g
FAIL: gcc.c-torture/execute/ieee/920810-1.c compilation, -Os
UNRESOLVED: gcc.c-torture/execute/ieee/920810-1.c execution, -Os
FAIL: gcc.c-torture/execute/ieee/930529-1.c compilation, -O0
UNRESOLVED: gcc.c-torture/execute/ieee/930529-1.c execution, -O0
FAIL: gcc.c-torture/execute/ieee/930529-1.c compilation, -O1
UNRESOLVED: gcc.c-torture/execute/ieee/930529-1.c execution, -O1
FAIL: gcc.c-torture/execute/ieee/930529-1.c compilation, -O2
UNRESOLVED: gcc.c-torture/execute/ieee/930529-1.c execution, -O2
FAIL: gcc.c-torture/execute/ieee/930529-1.c compilation, -O3 -fomit-frame-pointer
UNRESOLVED: gcc.c-torture/execute/ieee/930529-1.c execution, -O3 -fomit-frame-pointer
FAIL: gcc.c-torture/execute/ieee/930529-1.c compilation, -O3 -g
UNRESOLVED: gcc.c-torture/execute/ieee/930529-1.c execution, -O3 -g
FAIL: gcc.c-torture/execute/ieee/930529-1.c compilation, -Os
UNRESOLVED: gcc.c-torture/execute/ieee/930529-1.c execution, -Os
FAIL: gcc.c-torture/execute/ieee/980619-1.c compilation, -O0
UNRESOLVED: gcc.c-torture/execute/ieee/980619-1.c execution, -O0
FAIL: gcc.c-torture/execute/ieee/980619-1.c compilation, -O1
UNRESOLVED: gcc.c-torture/execute/ieee/980619-1.c execution, -O1
FAIL: gcc.c-torture/execute/ieee/980619-1.c compilation, -O2
UNRESOLVED: gcc.c-torture/execute/ieee/980619-1.c execution, -O2
FAIL: gcc.c-torture/execute/ieee/980619-1.c compilation, -O3 -fomit-frame-pointer
UNRESOLVED: gcc.c-torture/execute/ieee/980619-1.c execution, -O3 -fomit-frame-pointer
FAIL: gcc.c-torture/execute/ieee/980619-1.c compilation, -O3 -fomit-frame-pointer -funroll-loops
UNRESOLVED: gcc.c-torture/execute/ieee/980619-1.c execution, -O3 -fomit-frame-pointer -funroll-loops
FAIL: gcc.c-torture/execute/ieee/980619-1.c compilation, -O3 -fomit-frame-pointer -funroll-all-loops -finline-functions
UNRESOLVED: gcc.c-torture/execute/ieee/980619-1.c execution, -O3 -fomit-frame-pointer -funroll-all-loops -finline-functions
FAIL: gcc.c-torture/execute/ieee/980619-1.c compilation, -O3 -g
UNRESOLVED: gcc.c-torture/execute/ieee/980619-1.c execution, -O3 -g
FAIL: gcc.c-torture/execute/ieee/980619-1.c compilation, -Os
UNRESOLVED: gcc.c-torture/execute/ieee/980619-1.c execution, -Os
FAIL: gcc.c-torture/execute/ieee/fp-cmp-1.c compilation, -O0
UNRESOLVED: gcc.c-torture/execute/ieee/fp-cmp-1.c execution, -O0
FAIL: gcc.c-torture/execute/ieee/fp-cmp-1.c compilation, -O1
UNRESOLVED: gcc.c-torture/execute/ieee/fp-cmp-1.c execution, -O1
FAIL: gcc.c-torture/execute/ieee/fp-cmp-1.c compilation, -O2
UNRESOLVED: gcc.c-torture/execute/ieee/fp-cmp-1.c execution, -O2
FAIL: gcc.c-torture/execute/ieee/fp-cmp-1.c compilation, -O3 -fomit-frame-pointer
UNRESOLVED: gcc.c-torture/execute/ieee/fp-cmp-1.c execution, -O3 -fomit-frame-pointer
FAIL: gcc.c-torture/execute/ieee/fp-cmp-1.c compilation, -O3 -fomit-frame-pointer -funroll-loops
UNRESOLVED: gcc.c-torture/execute/ieee/fp-cmp-1.c execution, -O3 -fomit-frame-pointer -funroll-loops
FAIL: gcc.c-torture/execute/ieee/fp-cmp-1.c compilation, -O3 -fomit-frame-pointer -funroll-all-loops -finline-functions
UNRESOLVED: gcc.c-torture/execute/ieee/fp-cmp-1.c execution, -O3 -fomit-frame-pointer -funroll-all-loops -finline-functions
FAIL: gcc.c-torture/execute/ieee/fp-cmp-1.c compilation, -O3 -g
UNRESOLVED: gcc.c-torture/execute/ieee/fp-cmp-1.c execution, -O3 -g
FAIL: gcc.c-torture/execute/ieee/fp-cmp-1.c compilation, -Os
UNRESOLVED: gcc.c-torture/execute/ieee/fp-cmp-1.c execution, -Os
FAIL: gcc.c-torture/execute/ieee/fp-cmp-2.c compilation, -O0
UNRESOLVED: gcc.c-torture/execute/ieee/fp-cmp-2.c execution, -O0
FAIL: gcc.c-torture/execute/ieee/fp-cmp-2.c compilation, -O1
UNRESOLVED: gcc.c-torture/execute/ieee/fp-cmp-2.c execution, -O1
FAIL: gcc.c-torture/execute/ieee/fp-cmp-2.c compilation, -O2
UNRESOLVED: gcc.c-torture/execute/ieee/fp-cmp-2.c execution, -O2
FAIL: gcc.c-torture/execute/ieee/fp-cmp-2.c compilation, -O3 -fomit-frame-pointer
UNRESOLVED: gcc.c-torture/execute/ieee/fp-cmp-2.c execution, -O3 -fomit-frame-pointer
FAIL: gcc.c-torture/execute/ieee/fp-cmp-2.c compilation, -O3 -fomit-frame-pointer -funroll-loops
UNRESOLVED: gcc.c-torture/execute/ieee/fp-cmp-2.c execution, -O3 -fomit-frame-pointer -funroll-loops
FAIL: gcc.c-torture/execute/ieee/fp-cmp-2.c compilation, -O3 -fomit-frame-pointer -funroll-all-loops -finline-functions
UNRESOLVED: gcc.c-torture/execute/ieee/fp-cmp-2.c execution, -O3 -fomit-frame-pointer -funroll-all-loops -finline-functions
FAIL: gcc.c-torture/execute/ieee/fp-cmp-2.c compilation, -O3 -g
UNRESOLVED: gcc.c-torture/execute/ieee/fp-cmp-2.c execution, -O3 -g
FAIL: gcc.c-torture/execute/ieee/fp-cmp-2.c compilation, -Os
UNRESOLVED: gcc.c-torture/execute/ieee/fp-cmp-2.c execution, -Os
FAIL: gcc.c-torture/execute/ieee/fp-cmp-3.c compilation, -O0
UNRESOLVED: gcc.c-torture/execute/ieee/fp-cmp-3.c execution, -O0
FAIL: gcc.c-torture/execute/ieee/fp-cmp-3.c compilation, -O1
UNRESOLVED: gcc.c-torture/execute/ieee/fp-cmp-3.c execution, -O1
FAIL: gcc.c-torture/execute/ieee/fp-cmp-3.c compilation, -O2
UNRESOLVED: gcc.c-torture/execute/ieee/fp-cmp-3.c execution, -O2
FAIL: gcc.c-torture/execute/ieee/fp-cmp-3.c compilation, -O3 -fomit-frame-pointer
UNRESOLVED: gcc.c-torture/execute/ieee/fp-cmp-3.c execution, -O3 -fomit-frame-pointer
FAIL: gcc.c-torture/execute/ieee/fp-cmp-3.c compilation, -O3 -fomit-frame-pointer -funroll-loops
UNRESOLVED: gcc.c-torture/execute/ieee/fp-cmp-3.c execution, -O3 -fomit-frame-pointer -funroll-loops
FAIL: gcc.c-torture/execute/ieee/fp-cmp-3.c compilation, -O3 -fomit-frame-pointer -funroll-all-loops -finline-functions
UNRESOLVED: gcc.c-torture/execute/ieee/fp-cmp-3.c execution, -O3 -fomit-frame-pointer -funroll-all-loops -finline-functions
FAIL: gcc.c-torture/execute/ieee/fp-cmp-3.c compilation, -O3 -g
UNRESOLVED: gcc.c-torture/execute/ieee/fp-cmp-3.c execution, -O3 -g
FAIL: gcc.c-torture/execute/ieee/fp-cmp-3.c compilation, -Os
UNRESOLVED: gcc.c-torture/execute/ieee/fp-cmp-3.c execution, -Os
FAIL: gcc.c-torture/execute/ieee/fp-cmp-4.c compilation, -O0
UNRESOLVED: gcc.c-torture/execute/ieee/fp-cmp-4.c execution, -O0
FAIL: gcc.c-torture/execute/ieee/fp-cmp-4.c compilation, -O1
UNRESOLVED: gcc.c-torture/execute/ieee/fp-cmp-4.c execution, -O1
FAIL: gcc.c-torture/execute/ieee/fp-cmp-4.c compilation, -O2
UNRESOLVED: gcc.c-torture/execute/ieee/fp-cmp-4.c execution, -O2
FAIL: gcc.c-torture/execute/ieee/fp-cmp-4.c compilation, -O3 -fomit-frame-pointer
UNRESOLVED: gcc.c-torture/execute/ieee/fp-cmp-4.c execution, -O3 -fomit-frame-pointer
FAIL: gcc.c-torture/execute/ieee/fp-cmp-4.c compilation, -O3 -fomit-frame-pointer -funroll-loops
UNRESOLVED: gcc.c-torture/execute/ieee/fp-cmp-4.c execution, -O3 -fomit-frame-pointer -funroll-loops
FAIL: gcc.c-torture/execute/ieee/fp-cmp-4.c compilation, -O3 -fomit-frame-pointer -funroll-all-loops -finline-functions
UNRESOLVED: gcc.c-torture/execute/ieee/fp-cmp-4.c execution, -O3 -fomit-frame-pointer -funroll-all-loops -finline-functions
FAIL: gcc.c-torture/execute/ieee/fp-cmp-4.c compilation, -O3 -g
UNRESOLVED: gcc.c-torture/execute/ieee/fp-cmp-4.c execution, -O3 -g
FAIL: gcc.c-torture/execute/ieee/fp-cmp-4.c compilation, -Os
UNRESOLVED: gcc.c-torture/execute/ieee/fp-cmp-4.c execution, -Os
FAIL: gcc.c-torture/execute/ieee/fp-cmp-5.c compilation, -O0
UNRESOLVED: gcc.c-torture/execute/ieee/fp-cmp-5.c execution, -O0
FAIL: gcc.c-torture/execute/ieee/fp-cmp-5.c compilation, -O1
UNRESOLVED: gcc.c-torture/execute/ieee/fp-cmp-5.c execution, -O1
FAIL: gcc.c-torture/execute/ieee/fp-cmp-5.c compilation, -O2
UNRESOLVED: gcc.c-torture/execute/ieee/fp-cmp-5.c execution, -O2
FAIL: gcc.c-torture/execute/ieee/fp-cmp-5.c compilation, -O3 -fomit-frame-pointer
UNRESOLVED: gcc.c-torture/execute/ieee/fp-cmp-5.c execution, -O3 -fomit-frame-pointer
FAIL: gcc.c-torture/execute/ieee/fp-cmp-5.c compilation, -O3 -fomit-frame-pointer -funroll-loops
UNRESOLVED: gcc.c-torture/execute/ieee/fp-cmp-5.c execution, -O3 -fomit-frame-pointer -funroll-loops
FAIL: gcc.c-torture/execute/ieee/fp-cmp-5.c compilation, -O3 -fomit-frame-pointer -funroll-all-loops -finline-functions
UNRESOLVED: gcc.c-torture/execute/ieee/fp-cmp-5.c execution, -O3 -fomit-frame-pointer -funroll-all-loops -finline-functions
FAIL: gcc.c-torture/execute/ieee/fp-cmp-5.c compilation, -O3 -g
UNRESOLVED: gcc.c-torture/execute/ieee/fp-cmp-5.c execution, -O3 -g
FAIL: gcc.c-torture/execute/ieee/fp-cmp-5.c compilation, -Os
UNRESOLVED: gcc.c-torture/execute/ieee/fp-cmp-5.c execution, -Os
FAIL: gcc.c-torture/execute/ieee/hugeval.c compilation, -O0
UNRESOLVED: gcc.c-torture/execute/ieee/hugeval.c execution, -O0
FAIL: gcc.c-torture/execute/ieee/hugeval.c compilation, -O1
UNRESOLVED: gcc.c-torture/execute/ieee/hugeval.c execution, -O1
FAIL: gcc.c-torture/execute/ieee/hugeval.c compilation, -O2
UNRESOLVED: gcc.c-torture/execute/ieee/hugeval.c execution, -O2
FAIL: gcc.c-torture/execute/ieee/hugeval.c compilation, -O3 -fomit-frame-pointer
UNRESOLVED: gcc.c-torture/execute/ieee/hugeval.c execution, -O3 -fomit-frame-pointer
FAIL: gcc.c-torture/execute/ieee/hugeval.c compilation, -O3 -g
UNRESOLVED: gcc.c-torture/execute/ieee/hugeval.c execution, -O3 -g
FAIL: gcc.c-torture/execute/ieee/hugeval.c compilation, -Os
UNRESOLVED: gcc.c-torture/execute/ieee/hugeval.c execution, -Os
FAIL: gcc.c-torture/execute/ieee/inf-1.c compilation, -O0
UNRESOLVED: gcc.c-torture/execute/ieee/inf-1.c execution, -O0
FAIL: gcc.c-torture/execute/ieee/inf-1.c compilation, -O1
UNRESOLVED: gcc.c-torture/execute/ieee/inf-1.c execution, -O1
FAIL: gcc.c-torture/execute/ieee/inf-1.c compilation, -O2
UNRESOLVED: gcc.c-torture/execute/ieee/inf-1.c execution, -O2
FAIL: gcc.c-torture/execute/ieee/inf-1.c compilation, -O3 -fomit-frame-pointer
UNRESOLVED: gcc.c-torture/execute/ieee/inf-1.c execution, -O3 -fomit-frame-pointer
FAIL: gcc.c-torture/execute/ieee/inf-1.c compilation, -O3 -g
UNRESOLVED: gcc.c-torture/execute/ieee/inf-1.c execution, -O3 -g
FAIL: gcc.c-torture/execute/ieee/inf-1.c compilation, -Os
UNRESOLVED: gcc.c-torture/execute/ieee/inf-1.c execution, -Os
FAIL: gcc.c-torture/execute/ieee/minuszero.c compilation, -O0
UNRESOLVED: gcc.c-torture/execute/ieee/minuszero.c execution, -O0
FAIL: gcc.c-torture/execute/ieee/minuszero.c compilation, -O1
UNRESOLVED: gcc.c-torture/execute/ieee/minuszero.c execution, -O1
FAIL: gcc.c-torture/execute/ieee/minuszero.c compilation, -O2
UNRESOLVED: gcc.c-torture/execute/ieee/minuszero.c execution, -O2
FAIL: gcc.c-torture/execute/ieee/minuszero.c compilation, -O3 -fomit-frame-pointer
UNRESOLVED: gcc.c-torture/execute/ieee/minuszero.c execution, -O3 -fomit-frame-pointer
FAIL: gcc.c-torture/execute/ieee/minuszero.c compilation, -O3 -fomit-frame-pointer -funroll-loops
UNRESOLVED: gcc.c-torture/execute/ieee/minuszero.c execution, -O3 -fomit-frame-pointer -funroll-loops
FAIL: gcc.c-torture/execute/ieee/minuszero.c compilation, -O3 -fomit-frame-pointer -funroll-all-loops -finline-functions
UNRESOLVED: gcc.c-torture/execute/ieee/minuszero.c execution, -O3 -fomit-frame-pointer -funroll-all-loops -finline-functions
FAIL: gcc.c-torture/execute/ieee/minuszero.c compilation, -O3 -g
UNRESOLVED: gcc.c-torture/execute/ieee/minuszero.c execution, -O3 -g
FAIL: gcc.c-torture/execute/ieee/minuszero.c compilation, -Os
UNRESOLVED: gcc.c-torture/execute/ieee/minuszero.c execution, -Os
FAIL: gcc.c-torture/execute/ieee/mzero2.c compilation, -O0
UNRESOLVED: gcc.c-torture/execute/ieee/mzero2.c execution, -O0
FAIL: gcc.c-torture/execute/ieee/mzero2.c compilation, -O1
UNRESOLVED: gcc.c-torture/execute/ieee/mzero2.c execution, -O1
FAIL: gcc.c-torture/execute/ieee/mzero2.c compilation, -O2
UNRESOLVED: gcc.c-torture/execute/ieee/mzero2.c execution, -O2
FAIL: gcc.c-torture/execute/ieee/mzero2.c compilation, -O3 -fomit-frame-pointer
UNRESOLVED: gcc.c-torture/execute/ieee/mzero2.c execution, -O3 -fomit-frame-pointer
FAIL: gcc.c-torture/execute/ieee/mzero2.c compilation, -O3 -g
UNRESOLVED: gcc.c-torture/execute/ieee/mzero2.c execution, -O3 -g
FAIL: gcc.c-torture/execute/ieee/mzero2.c compilation, -Os
UNRESOLVED: gcc.c-torture/execute/ieee/mzero2.c execution, -Os
FAIL: gcc.c-torture/execute/ieee/mzero3.c compilation, -O0
UNRESOLVED: gcc.c-torture/execute/ieee/mzero3.c execution, -O0
FAIL: gcc.c-torture/execute/ieee/mzero3.c compilation, -O1
UNRESOLVED: gcc.c-torture/execute/ieee/mzero3.c execution, -O1
FAIL: gcc.c-torture/execute/ieee/mzero3.c compilation, -O2
UNRESOLVED: gcc.c-torture/execute/ieee/mzero3.c execution, -O2
FAIL: gcc.c-torture/execute/ieee/mzero3.c compilation, -O3 -fomit-frame-pointer
UNRESOLVED: gcc.c-torture/execute/ieee/mzero3.c execution, -O3 -fomit-frame-pointer
FAIL: gcc.c-torture/execute/ieee/mzero3.c compilation, -O3 -g
UNRESOLVED: gcc.c-torture/execute/ieee/mzero3.c execution, -O3 -g
FAIL: gcc.c-torture/execute/ieee/mzero3.c compilation, -Os
UNRESOLVED: gcc.c-torture/execute/ieee/mzero3.c execution, -Os
FAIL: gcc.c-torture/execute/ieee/rbug.c compilation, -O0
UNRESOLVED: gcc.c-torture/execute/ieee/rbug.c execution, -O0
FAIL: gcc.c-torture/execute/ieee/rbug.c compilation, -O1
UNRESOLVED: gcc.c-torture/execute/ieee/rbug.c execution, -O1
FAIL: gcc.c-torture/execute/ieee/rbug.c compilation, -O2
UNRESOLVED: gcc.c-torture/execute/ieee/rbug.c execution, -O2
FAIL: gcc.c-torture/execute/ieee/rbug.c compilation, -O3 -fomit-frame-pointer
UNRESOLVED: gcc.c-torture/execute/ieee/rbug.c execution, -O3 -fomit-frame-pointer
FAIL: gcc.c-torture/execute/ieee/rbug.c compilation, -O3 -g
UNRESOLVED: gcc.c-torture/execute/ieee/rbug.c execution, -O3 -g
FAIL: gcc.c-torture/execute/ieee/rbug.c compilation, -Os
UNRESOLVED: gcc.c-torture/execute/ieee/rbug.c execution, -Os
FAIL: gcc.dg/cpp/19990407-1.c (test for excess errors)
WARNING: gcc.dg/cpp/19990407-1.c compilation failed to produce executable
FAIL: gcc.dg/cpp/charconst-3.c (test for excess errors)
WARNING: gcc.dg/cpp/charconst-3.c compilation failed to produce executable
FAIL: gcc.dg/cpp/charconst-4.c (test for excess errors)
WARNING: gcc.dg/cpp/charconst-4.c compilation failed to produce executable
FAIL: gcc.dg/cpp/digraphs.c (test for excess errors)
WARNING: gcc.dg/cpp/digraphs.c compilation failed to produce executable
FAIL: gcc.dg/cpp/lexnum.c (test for excess errors)
WARNING: gcc.dg/cpp/lexnum.c compilation failed to produce executable
FAIL: gcc.dg/cpp/lexstrng.c (test for excess errors)
WARNING: gcc.dg/cpp/lexstrng.c compilation failed to produce executable
FAIL: gcc.dg/cpp/mac-dir-1.c (test for excess errors)
WARNING: gcc.dg/cpp/mac-dir-1.c compilation failed to produce executable
FAIL: gcc.dg/cpp/macro1.c (test for excess errors)
WARNING: gcc.dg/cpp/macro1.c compilation failed to produce executable
FAIL: gcc.dg/cpp/macro3.c (test for excess errors)
WARNING: gcc.dg/cpp/macro3.c compilation failed to produce executable
FAIL: gcc.dg/cpp/macro6.c (test for excess errors)
WARNING: gcc.dg/cpp/macro6.c compilation failed to produce executable
FAIL: gcc.dg/cpp/paste2.c (test for excess errors)
WARNING: gcc.dg/cpp/paste2.c compilation failed to produce executable
FAIL: gcc.dg/cpp/paste7.c (test for excess errors)
WARNING: gcc.dg/cpp/paste7.c compilation failed to produce executable
FAIL: gcc.dg/cpp/paste9.c (test for excess errors)
WARNING: gcc.dg/cpp/paste9.c compilation failed to produce executable
FAIL: gcc.dg/cpp/strify2.c (test for excess errors)
WARNING: gcc.dg/cpp/strify2.c compilation failed to produce executable
FAIL: gcc.dg/cpp/strify3.c (test for excess errors)
WARNING: gcc.dg/cpp/strify3.c compilation failed to produce executable
FAIL: gcc.dg/cpp/strp1.c (test for excess errors)
WARNING: gcc.dg/cpp/strp1.c compilation failed to produce executable
FAIL: gcc.dg/cpp/strp2.c (test for excess errors)
WARNING: gcc.dg/cpp/strp2.c compilation failed to produce executable
FAIL: gcc.dg/cpp/trigraphs.c (test for excess errors)
WARNING: gcc.dg/cpp/trigraphs.c compilation failed to produce executable
FAIL: gcc.dg/cpp/vararg1.c (test for excess errors)
WARNING: gcc.dg/cpp/vararg1.c compilation failed to produce executable
FAIL: gcc.dg/cpp/wchar-1.c (test for excess errors)
WARNING: gcc.dg/cpp/wchar-1.c compilation failed to produce executable
FAIL: gcc.dg/cpp/trad/builtins.c (test for excess errors)
WARNING: gcc.dg/cpp/trad/builtins.c compilation failed to produce executable
FAIL: gcc.dg/cpp/trad/funlike-4.c (test for excess errors)
WARNING: gcc.dg/cpp/trad/funlike-4.c compilation failed to produce executable
FAIL: gcc.dg/cpp/trad/literals-1.c (test for excess errors)
WARNING: gcc.dg/cpp/trad/literals-1.c compilation failed to produce executable
FAIL: gcc.dg/cpp/trad/macroargs.c (test for excess errors)
WARNING: gcc.dg/cpp/trad/macroargs.c compilation failed to produce executable
FAIL: gcc.dg/cpp/trad/strify.c (test for excess errors)
WARNING: gcc.dg/cpp/trad/strify.c compilation failed to produce executable
FAIL: gcc.dg/cpp/trad/builtins.c (test for excess errors)
WARNING: gcc.dg/cpp/trad/builtins.c compilation failed to produce executable
FAIL: gcc.dg/cpp/trad/funlike-4.c (test for excess errors)
WARNING: gcc.dg/cpp/trad/funlike-4.c compilation failed to produce executable
FAIL: gcc.dg/cpp/trad/literals-1.c (test for excess errors)
WARNING: gcc.dg/cpp/trad/literals-1.c compilation failed to produce executable
FAIL: gcc.dg/cpp/trad/macroargs.c (test for excess errors)
WARNING: gcc.dg/cpp/trad/macroargs.c compilation failed to produce executable
FAIL: gcc.dg/cpp/trad/strify.c (test for excess errors)
WARNING: gcc.dg/cpp/trad/strify.c compilation failed to produce executable
FAIL: gcc.dg/debug/20020220-1.c (test for excess errors)
WARNING: gcc.dg/debug/20020220-1.c compilation failed to produce executable
FAIL: gcc.dg/debug/20020220-1.c (test for excess errors)
WARNING: gcc.dg/debug/20020220-1.c compilation failed to produce executable
FAIL: gcc.dg/debug/20020220-1.c (test for excess errors)
WARNING: gcc.dg/debug/20020220-1.c compilation failed to produce executable
FAIL: gcc.dg/debug/20020220-1.c (test for excess errors)
WARNING: gcc.dg/debug/20020220-1.c compilation failed to produce executable
FAIL: gcc.dg/debug/20020220-1.c (test for excess errors)
WARNING: gcc.dg/debug/20020220-1.c compilation failed to produce executable
FAIL: gcc.dg/debug/20020220-1.c (test for excess errors)
WARNING: gcc.dg/debug/20020220-1.c compilation failed to produce executable
FAIL: gcc.dg/debug/20020220-1.c (test for excess errors)
WARNING: gcc.dg/debug/20020220-1.c compilation failed to produce executable
FAIL: gcc.dg/debug/20020220-1.c (test for excess errors)
WARNING: gcc.dg/debug/20020220-1.c compilation failed to produce executable
FAIL: gcc.dg/debug/20020220-1.c (test for excess errors)
WARNING: gcc.dg/debug/20020220-1.c compilation failed to produce executable
FAIL: gcc.dg/debug/20020220-1.c (test for excess errors)
WARNING: gcc.dg/debug/20020220-1.c compilation failed to produce executable
FAIL: gcc.dg/debug/20020220-1.c (test for excess errors)
WARNING: gcc.dg/debug/20020220-1.c compilation failed to produce executable
FAIL: gcc.dg/debug/20020220-1.c (test for excess errors)
WARNING: gcc.dg/debug/20020220-1.c compilation failed to produce executable
FAIL: gcc.dg/debug/20020220-1.c (test for excess errors)
WARNING: gcc.dg/debug/20020220-1.c compilation failed to produce executable
FAIL: gcc.dg/debug/20020220-1.c (test for excess errors)
WARNING: gcc.dg/debug/20020220-1.c compilation failed to produce executable
FAIL: gcc.dg/debug/20020220-1.c (test for excess errors)
WARNING: gcc.dg/debug/20020220-1.c compilation failed to produce executable
FAIL: gcc.dg/debug/20020220-1.c (test for excess errors)
WARNING: gcc.dg/debug/20020220-1.c compilation failed to produce executable
FAIL: gcc.dg/debug/20020220-1.c (test for excess errors)
WARNING: gcc.dg/debug/20020220-1.c compilation failed to produce executable
FAIL: gcc.dg/debug/20020220-1.c (test for excess errors)
WARNING: gcc.dg/debug/20020220-1.c compilation failed to produce executable
FAIL: gcc.dg/debug/20020220-1.c (test for excess errors)
WARNING: gcc.dg/debug/20020220-1.c compilation failed to produce executable
FAIL: gcc.dg/debug/20020220-1.c (test for excess errors)
WARNING: gcc.dg/debug/20020220-1.c compilation failed to produce executable
FAIL: gcc.dg/debug/20020220-1.c (test for excess errors)
WARNING: gcc.dg/debug/20020220-1.c compilation failed to produce executable
FAIL: gcc.dg/debug/20020220-1.c (test for excess errors)
WARNING: gcc.dg/debug/20020220-1.c compilation failed to produce executable
FAIL: gcc.dg/debug/20020220-1.c (test for excess errors)
WARNING: gcc.dg/debug/20020220-1.c compilation failed to produce executable
FAIL: gcc.dg/debug/20020220-1.c (test for excess errors)
WARNING: gcc.dg/debug/20020220-1.c compilation failed to produce executable
FAIL: gcc.dg/debug/20020220-1.c (test for excess errors)
WARNING: gcc.dg/debug/20020220-1.c compilation failed to produce executable
FAIL: gcc.dg/debug/20020220-1.c (test for excess errors)
WARNING: gcc.dg/debug/20020220-1.c compilation failed to produce executable
FAIL: gcc.dg/debug/20020220-1.c (test for excess errors)
WARNING: gcc.dg/debug/20020220-1.c compilation failed to produce executable
FAIL: gcc.dg/debug/20020327-1.c (test for excess errors)
FAIL: gcc.dg/debug/20020327-1.c (test for excess errors)
FAIL: gcc.dg/debug/20020327-1.c (test for excess errors)
FAIL: gcc.dg/debug/20020327-1.c (test for excess errors)
FAIL: gcc.dg/debug/20020327-1.c (test for excess errors)
FAIL: gcc.dg/debug/20020327-1.c (test for excess errors)
FAIL: gcc.dg/debug/20020327-1.c (test for excess errors)
FAIL: gcc.dg/debug/20020327-1.c (test for excess errors)
FAIL: gcc.dg/debug/20020327-1.c (test for excess errors)
FAIL: gcc.dg/debug/20020327-1.c (test for excess errors)
FAIL: gcc.dg/debug/20020327-1.c (test for excess errors)
FAIL: gcc.dg/debug/20020327-1.c (test for excess errors)
FAIL: gcc.dg/debug/20020327-1.c (test for excess errors)
FAIL: gcc.dg/debug/20020327-1.c (test for excess errors)
FAIL: gcc.dg/debug/20020327-1.c (test for excess errors)
FAIL: gcc.dg/debug/20020327-1.c (test for excess errors)
FAIL: gcc.dg/debug/20020327-1.c (test for excess errors)
FAIL: gcc.dg/debug/20020327-1.c (test for excess errors)
FAIL: gcc.dg/debug/20020327-1.c (test for excess errors)
FAIL: gcc.dg/debug/20020327-1.c (test for excess errors)
FAIL: gcc.dg/debug/20020327-1.c (test for excess errors)
FAIL: gcc.dg/debug/20020327-1.c (test for excess errors)
FAIL: gcc.dg/debug/20020327-1.c (test for excess errors)
FAIL: gcc.dg/debug/20020327-1.c (test for excess errors)
FAIL: gcc.dg/debug/20020327-1.c (test for excess errors)
FAIL: gcc.dg/debug/20020327-1.c (test for excess errors)
FAIL: gcc.dg/debug/20020327-1.c (test for excess errors)
FAIL: gcc.dg/debug/trivial.c (test for excess errors)
WARNING: gcc.dg/debug/trivial.c compilation failed to produce executable
FAIL: gcc.dg/debug/trivial.c (test for excess errors)
WARNING: gcc.dg/debug/trivial.c compilation failed to produce executable
FAIL: gcc.dg/debug/trivial.c (test for excess errors)
WARNING: gcc.dg/debug/trivial.c compilation failed to produce executable
FAIL: gcc.dg/debug/trivial.c (test for excess errors)
WARNING: gcc.dg/debug/trivial.c compilation failed to produce executable
FAIL: gcc.dg/debug/trivial.c (test for excess errors)
WARNING: gcc.dg/debug/trivial.c compilation failed to produce executable
FAIL: gcc.dg/debug/trivial.c (test for excess errors)
WARNING: gcc.dg/debug/trivial.c compilation failed to produce executable
FAIL: gcc.dg/debug/trivial.c (test for excess errors)
WARNING: gcc.dg/debug/trivial.c compilation failed to produce executable
FAIL: gcc.dg/debug/trivial.c (test for excess errors)
WARNING: gcc.dg/debug/trivial.c compilation failed to produce executable
FAIL: gcc.dg/debug/trivial.c (test for excess errors)
WARNING: gcc.dg/debug/trivial.c compilation failed to produce executable
FAIL: gcc.dg/debug/trivial.c (test for excess errors)
WARNING: gcc.dg/debug/trivial.c compilation failed to produce executable
FAIL: gcc.dg/debug/trivial.c (test for excess errors)
WARNING: gcc.dg/debug/trivial.c compilation failed to produce executable
FAIL: gcc.dg/debug/trivial.c (test for excess errors)
WARNING: gcc.dg/debug/trivial.c compilation failed to produce executable
FAIL: gcc.dg/debug/trivial.c (test for excess errors)
WARNING: gcc.dg/debug/trivial.c compilation failed to produce executable
FAIL: gcc.dg/debug/trivial.c (test for excess errors)
WARNING: gcc.dg/debug/trivial.c compilation failed to produce executable
FAIL: gcc.dg/debug/trivial.c (test for excess errors)
WARNING: gcc.dg/debug/trivial.c compilation failed to produce executable
FAIL: gcc.dg/debug/trivial.c (test for excess errors)
WARNING: gcc.dg/debug/trivial.c compilation failed to produce executable
FAIL: gcc.dg/debug/trivial.c (test for excess errors)
WARNING: gcc.dg/debug/trivial.c compilation failed to produce executable
FAIL: gcc.dg/debug/trivial.c (test for excess errors)
WARNING: gcc.dg/debug/trivial.c compilation failed to produce executable
FAIL: gcc.dg/debug/trivial.c (test for excess errors)
WARNING: gcc.dg/debug/trivial.c compilation failed to produce executable
FAIL: gcc.dg/debug/trivial.c (test for excess errors)
WARNING: gcc.dg/debug/trivial.c compilation failed to produce executable
FAIL: gcc.dg/debug/trivial.c (test for excess errors)
WARNING: gcc.dg/debug/trivial.c compilation failed to produce executable
FAIL: gcc.dg/debug/trivial.c (test for excess errors)
WARNING: gcc.dg/debug/trivial.c compilation failed to produce executable
FAIL: gcc.dg/debug/trivial.c (test for excess errors)
WARNING: gcc.dg/debug/trivial.c compilation failed to produce executable
FAIL: gcc.dg/debug/trivial.c (test for excess errors)
WARNING: gcc.dg/debug/trivial.c compilation failed to produce executable
FAIL: gcc.dg/debug/trivial.c (test for excess errors)
WARNING: gcc.dg/debug/trivial.c compilation failed to produce executable
FAIL: gcc.dg/debug/trivial.c (test for excess errors)
WARNING: gcc.dg/debug/trivial.c compilation failed to produce executable
FAIL: gcc.dg/debug/trivial.c (test for excess errors)
WARNING: gcc.dg/debug/trivial.c compilation failed to produce executable
FAIL: gcc.dg/20000108-1.c (test for excess errors)
WARNING: gcc.dg/20000108-1.c compilation failed to produce executable
FAIL: gcc.dg/20000623-1.c (test for excess errors)
WARNING: gcc.dg/20000623-1.c compilation failed to produce executable
FAIL: gcc.dg/20000906-1.c (test for excess errors)
WARNING: gcc.dg/20000906-1.c compilation failed to produce executable
FAIL: gcc.dg/20001023-1.c (test for excess errors)
WARNING: gcc.dg/20001023-1.c compilation failed to produce executable
FAIL: gcc.dg/20001108-1.c (test for excess errors)
WARNING: gcc.dg/20001108-1.c compilation failed to produce executable
FAIL: gcc.dg/20001117-1.c (test for excess errors)
WARNING: gcc.dg/20001117-1.c compilation failed to produce executable
FAIL: gcc.dg/20010822-1.c (test for excess errors)
WARNING: gcc.dg/20010822-1.c compilation failed to produce executable
FAIL: gcc.dg/20010912-1.c (test for excess errors)
WARNING: gcc.dg/20010912-1.c compilation failed to produce executable
FAIL: gcc.dg/20011008-2.c (test for excess errors)
WARNING: gcc.dg/20011008-2.c compilation failed to produce executable
FAIL: gcc.dg/20011214-1.c (test for excess errors)
WARNING: gcc.dg/20011214-1.c compilation failed to produce executable
FAIL: gcc.dg/20020103-1.c scan-assembler-not LC
FAIL: gcc.dg/20020118-1.c (test for excess errors)
WARNING: gcc.dg/20020118-1.c compilation failed to produce executable
FAIL: gcc.dg/20020201-1.c (test for excess errors)
WARNING: gcc.dg/20020201-1.c compilation failed to produce executable
FAIL: gcc.dg/20020206-1.c (test for excess errors)
WARNING: gcc.dg/20020206-1.c compilation failed to produce executable
FAIL: gcc.dg/20020210-1.c (test for excess errors)
WARNING: gcc.dg/20020210-1.c compilation failed to produce executable
FAIL: gcc.dg/20020219-1.c (test for excess errors)
WARNING: gcc.dg/20020219-1.c compilation failed to produce executable
FAIL: gcc.dg/20020310-1.c (test for excess errors)
WARNING: gcc.dg/20020310-1.c compilation failed to produce executable
FAIL: gcc.dg/20020312-2.c (test for excess errors)
WARNING: gcc.dg/20020312-2.c compilation failed to produce executable
FAIL: gcc.dg/20020426-2.c (test for excess errors)
WARNING: gcc.dg/20020426-2.c compilation failed to produce executable
FAIL: gcc.dg/20020517-1.c (test for excess errors)
WARNING: gcc.dg/20020517-1.c compilation failed to produce executable
FAIL: gcc.dg/20020607-1.c (test for excess errors)
WARNING: gcc.dg/20020607-1.c compilation failed to produce executable
FAIL: gcc.dg/20020607-2.c (test for excess errors)
WARNING: gcc.dg/20020607-2.c compilation failed to produce executable
FAIL: gcc.dg/20021014-1.c (test for excess errors)
WARNING: gcc.dg/20021014-1.c compilation failed to produce executable
FAIL: gcc.dg/20021018-1.c (test for excess errors)
WARNING: gcc.dg/20021018-1.c compilation failed to produce executable
FAIL: gcc.dg/20030213-1.c (test for excess errors)
FAIL: gcc.dg/20030225-1.c (test for excess errors)
WARNING: gcc.dg/20030225-1.c compilation failed to produce executable
FAIL: gcc.dg/20030309-1.c (test for excess errors)
FAIL: gcc.dg/20030323-1.c (test for excess errors)
WARNING: gcc.dg/20030323-1.c compilation failed to produce executable
FAIL: gcc.dg/20030324-1.c (test for excess errors)
WARNING: gcc.dg/20030324-1.c compilation failed to produce executable
FAIL: gcc.dg/20030708-1.c (test for excess errors)
FAIL: gcc.dg/20030717-1.c (test for excess errors)
WARNING: gcc.dg/20030717-1.c compilation failed to produce executable
FAIL: gcc.dg/20031202-1.c (test for excess errors)
WARNING: gcc.dg/20031202-1.c compilation failed to produce executable
FAIL: gcc.dg/980523-1.c (test for excess errors)
WARNING: gcc.dg/980523-1.c compilation failed to produce executable
FAIL: gcc.dg/980827-1.c (test for excess errors)
WARNING: gcc.dg/980827-1.c compilation failed to produce executable
FAIL: gcc.dg/altivec-5.c (test for excess errors)
FAIL: gcc.dg/array-4.c (test for excess errors)
WARNING: gcc.dg/array-4.c compilation failed to produce executable
FAIL: gcc.dg/asm-names.c (test for excess errors)
FAIL: gcc.dg/bitfld-3.c (test for excess errors)
WARNING: gcc.dg/bitfld-3.c compilation failed to produce executable
FAIL: gcc.dg/bitfld-4.c (test for excess errors)
WARNING: gcc.dg/bitfld-4.c compilation failed to produce executable
FAIL: gcc.dg/builtin-choose-expr.c (test for excess errors)
WARNING: gcc.dg/builtin-choose-expr.c compilation failed to produce executable
FAIL: gcc.dg/builtin-prefetch-1.c (test for excess errors)
WARNING: gcc.dg/builtin-prefetch-1.c compilation failed to produce executable
FAIL: gcc.dg/c90-digraph-1.c (test for excess errors)
WARNING: gcc.dg/c90-digraph-1.c compilation failed to produce executable
FAIL: gcc.dg/c90-hexfloat-2.c (test for excess errors)
WARNING: gcc.dg/c90-hexfloat-2.c compilation failed to produce executable
FAIL: gcc.dg/c90-scope-1.c (test for excess errors)
WARNING: gcc.dg/c90-scope-1.c compilation failed to produce executable
FAIL: gcc.dg/c94-digraph-1.c (test for excess errors)
WARNING: gcc.dg/c94-digraph-1.c compilation failed to produce executable
FAIL: gcc.dg/c99-bool-1.c (test for excess errors)
WARNING: gcc.dg/c99-bool-1.c compilation failed to produce executable
FAIL: gcc.dg/c99-complit-1.c (test for excess errors)
WARNING: gcc.dg/c99-complit-1.c compilation failed to produce executable
FAIL: gcc.dg/c99-digraph-1.c (test for excess errors)
WARNING: gcc.dg/c99-digraph-1.c compilation failed to produce executable
FAIL: gcc.dg/c99-fordecl-1.c (test for excess errors)
WARNING: gcc.dg/c99-fordecl-1.c compilation failed to produce executable
FAIL: gcc.dg/c99-func-1.c (test for excess errors)
WARNING: gcc.dg/c99-func-1.c compilation failed to produce executable
FAIL: gcc.dg/c99-func-3.c (test for excess errors)
WARNING: gcc.dg/c99-func-3.c compilation failed to produce executable
FAIL: gcc.dg/c99-hexfloat-2.c (test for excess errors)
WARNING: gcc.dg/c99-hexfloat-2.c compilation failed to produce executable
FAIL: gcc.dg/c99-init-1.c (test for excess errors)
WARNING: gcc.dg/c99-init-1.c compilation failed to produce executable
FAIL: gcc.dg/c99-main-1.c (test for excess errors)
WARNING: gcc.dg/c99-main-1.c compilation failed to produce executable
FAIL: gcc.dg/c99-mixdecl-1.c (test for excess errors)
WARNING: gcc.dg/c99-mixdecl-1.c compilation failed to produce executable
FAIL: gcc.dg/c99-scope-1.c (test for excess errors)
WARNING: gcc.dg/c99-scope-1.c compilation failed to produce executable
FAIL: gcc.dg/c99-scope-2.c (test for excess errors)
WARNING: gcc.dg/c99-scope-2.c compilation failed to produce executable
FAIL: gcc.dg/cleanup-2.c (test for excess errors)
WARNING: gcc.dg/cleanup-2.c compilation failed to produce executable
FAIL: gcc.dg/cleanup-3.c (test for excess errors)
WARNING: gcc.dg/cleanup-3.c compilation failed to produce executable
FAIL: gcc.dg/cleanup-4.c (test for excess errors)
WARNING: gcc.dg/cleanup-4.c compilation failed to produce executable
FAIL: gcc.dg/cleanup-5.c (test for excess errors)
WARNING: gcc.dg/cleanup-5.c compilation failed to produce executable
FAIL: gcc.dg/cleanup-7.c (test for excess errors)
WARNING: gcc.dg/cleanup-7.c compilation failed to produce executable
FAIL: gcc.dg/complete-port.c (test for excess errors)
FAIL: gcc.dg/const-1.c (test for excess errors)
WARNING: gcc.dg/const-1.c compilation failed to produce executable
FAIL: gcc.dg/duff-1.c (test for excess errors)
WARNING: gcc.dg/duff-1.c compilation failed to produce executable
FAIL: gcc.dg/duff-2.c (test for excess errors)
WARNING: gcc.dg/duff-2.c compilation failed to produce executable
FAIL: gcc.dg/duff-3.c (test for excess errors)
WARNING: gcc.dg/duff-3.c compilation failed to produce executable
FAIL: gcc.dg/empty1.c (test for excess errors)
WARNING: gcc.dg/empty1.c compilation failed to produce executable
FAIL: gcc.dg/enum1.c (test for excess errors)
WARNING: gcc.dg/enum1.c compilation failed to produce executable
FAIL: gcc.dg/fastmath-1.c (test for excess errors)
WARNING: gcc.dg/fastmath-1.c compilation failed to produce executable
FAIL: gcc.dg/fnegate-1.c (test for excess errors)
WARNING: gcc.dg/fnegate-1.c compilation failed to produce executable
FAIL: gcc.dg/fshort-wchar.c (test for excess errors)
WARNING: gcc.dg/fshort-wchar.c compilation failed to produce executable
FAIL: gcc.dg/gnu89-init-1.c (test for excess errors)
WARNING: gcc.dg/gnu89-init-1.c compilation failed to produce executable
FAIL: gcc.dg/gnu99-init-1.c (test for excess errors)
WARNING: gcc.dg/gnu99-init-1.c compilation failed to produce executable
FAIL: gcc.dg/nest.c (test for excess errors)
WARNING: gcc.dg/nest.c compilation failed to produce executable
FAIL: gcc.dg/no-builtin-1.c (test for excess errors)
WARNING: gcc.dg/no-builtin-1.c compilation failed to produce executable
FAIL: gcc.dg/ppc-ldstruct.c (test for excess errors)
WARNING: gcc.dg/ppc-ldstruct.c compilation failed to produce executable
FAIL: gcc.dg/ppc-stackalign-1.c (test for excess errors)
WARNING: gcc.dg/ppc-stackalign-1.c compilation failed to produce executable
FAIL: gcc.dg/sibcall-1.c (test for excess errors)
WARNING: gcc.dg/sibcall-1.c compilation failed to produce executable
FAIL: gcc.dg/sibcall-2.c (test for excess errors)
WARNING: gcc.dg/sibcall-2.c compilation failed to produce executable
FAIL: gcc.dg/sibcall-3.c (test for excess errors)
WARNING: gcc.dg/sibcall-3.c compilation failed to produce executable
FAIL: gcc.dg/sibcall-4.c (test for excess errors)
WARNING: gcc.dg/sibcall-4.c compilation failed to produce executable
FAIL: gcc.dg/struct-alias-1.c (test for excess errors)
FAIL: gcc.dg/struct-by-value-1.c (test for excess errors)
WARNING: gcc.dg/struct-by-value-1.c compilation failed to produce executable
FAIL: gcc.dg/struct-ret-libc.c (test for excess errors)
WARNING: gcc.dg/struct-ret-libc.c compilation failed to produce executable
FAIL: gcc.dg/trampoline-1.c (test for excess errors)
WARNING: gcc.dg/trampoline-1.c compilation failed to produce executable
FAIL: gcc.dg/special/weak-1.c (test for excess errors)
WARNING: gcc.dg/special/weak-1.c compilation failed to produce executable
FAIL: gcc.dg/special/weak-2.c (test for excess errors)
WARNING: gcc.dg/special/weak-2.c compilation failed to produce executable
FAIL: gcc.dg/special/alias-1.c (test for excess errors)
FAIL: gcc.dg/special/alias-2.c (test for excess errors)
WARNING: gcc.dg/special/alias-2.c compilation failed to produce executable
FAIL: gcc.dg/special/wkali-1.c (test for excess errors)
FAIL: gcc.dg/special/wkali-2.c (test for excess errors)
WARNING: gcc.dg/special/wkali-2.c compilation failed to produce executable
FAIL: gcc.misc-tests/bprob-1.c compilation, -g -fprofile-arcs
UNRESOLVED: gcc.misc-tests/bprob-1.c execution, -g -fprofile-arcs
UNRESOLVED: gcc.misc-tests/bprob-1.c compilation, -g -fbranch-probabilities
UNRESOLVED: gcc.misc-tests/bprob-1.c execution, -g -fbranch-probabilities
FAIL: gcc.misc-tests/bprob-1.c compilation, -O0 -fprofile-arcs
UNRESOLVED: gcc.misc-tests/bprob-1.c execution, -O0 -fprofile-arcs
UNRESOLVED: gcc.misc-tests/bprob-1.c compilation, -O0 -fbranch-probabilities
UNRESOLVED: gcc.misc-tests/bprob-1.c execution, -O0 -fbranch-probabilities
FAIL: gcc.misc-tests/bprob-1.c compilation, -O1 -fprofile-arcs
UNRESOLVED: gcc.misc-tests/bprob-1.c execution, -O1 -fprofile-arcs
UNRESOLVED: gcc.misc-tests/bprob-1.c compilation, -O1 -fbranch-probabilities
UNRESOLVED: gcc.misc-tests/bprob-1.c execution, -O1 -fbranch-probabilities
FAIL: gcc.misc-tests/bprob-1.c compilation, -O2 -DPERFTIME -fprofile-arcs
UNRESOLVED: gcc.misc-tests/bprob-1.c execution, -O2 -DPERFTIME -fprofile-arcs
UNRESOLVED: gcc.misc-tests/bprob-1.c compilation, -O2 -DPERFTIME -fbranch-probabilities
UNRESOLVED: gcc.misc-tests/bprob-1.c execution, -O2 -DPERFTIME -fbranch-probabilities
FAIL: gcc.misc-tests/bprob-1.c compilation, -O3 -DPERFTIME -fprofile-arcs
UNRESOLVED: gcc.misc-tests/bprob-1.c execution, -O3 -DPERFTIME -fprofile-arcs
UNRESOLVED: gcc.misc-tests/bprob-1.c compilation, -O3 -DPERFTIME -fbranch-probabilities
UNRESOLVED: gcc.misc-tests/bprob-1.c execution, -O3 -DPERFTIME -fbranch-probabilities
FAIL: gcc.misc-tests/bprob-1.c compilation, -O3 -g -DPERFTIME -fprofile-arcs
UNRESOLVED: gcc.misc-tests/bprob-1.c execution, -O3 -g -DPERFTIME -fprofile-arcs
UNRESOLVED: gcc.misc-tests/bprob-1.c compilation, -O3 -g -DPERFTIME -fbranch-probabilities
UNRESOLVED: gcc.misc-tests/bprob-1.c execution, -O3 -g -DPERFTIME -fbranch-probabilities
FAIL: gcc.misc-tests/bprob-1.c compilation, -Os -fprofile-arcs
UNRESOLVED: gcc.misc-tests/bprob-1.c execution, -Os -fprofile-arcs
UNRESOLVED: gcc.misc-tests/bprob-1.c compilation, -Os -fbranch-probabilities
UNRESOLVED: gcc.misc-tests/bprob-1.c execution, -Os -fbranch-probabilities
FAIL: gcc.misc-tests/bprob-2.c compilation, -g -fprofile-arcs
UNRESOLVED: gcc.misc-tests/bprob-2.c execution, -g -fprofile-arcs
UNRESOLVED: gcc.misc-tests/bprob-2.c compilation, -g -fbranch-probabilities
UNRESOLVED: gcc.misc-tests/bprob-2.c execution, -g -fbranch-probabilities
FAIL: gcc.misc-tests/bprob-2.c compilation, -O0 -fprofile-arcs
UNRESOLVED: gcc.misc-tests/bprob-2.c execution, -O0 -fprofile-arcs
UNRESOLVED: gcc.misc-tests/bprob-2.c compilation, -O0 -fbranch-probabilities
UNRESOLVED: gcc.misc-tests/bprob-2.c execution, -O0 -fbranch-probabilities
FAIL: gcc.misc-tests/bprob-2.c compilation, -O1 -fprofile-arcs
UNRESOLVED: gcc.misc-tests/bprob-2.c execution, -O1 -fprofile-arcs
UNRESOLVED: gcc.misc-tests/bprob-2.c compilation, -O1 -fbranch-probabilities
UNRESOLVED: gcc.misc-tests/bprob-2.c execution, -O1 -fbranch-probabilities
FAIL: gcc.misc-tests/bprob-2.c compilation, -O2 -DPERFTIME -fprofile-arcs
UNRESOLVED: gcc.misc-tests/bprob-2.c execution, -O2 -DPERFTIME -fprofile-arcs
UNRESOLVED: gcc.misc-tests/bprob-2.c compilation, -O2 -DPERFTIME -fbranch-probabilities
UNRESOLVED: gcc.misc-tests/bprob-2.c execution, -O2 -DPERFTIME -fbranch-probabilities
FAIL: gcc.misc-tests/bprob-2.c compilation, -O3 -DPERFTIME -fprofile-arcs
UNRESOLVED: gcc.misc-tests/bprob-2.c execution, -O3 -DPERFTIME -fprofile-arcs
UNRESOLVED: gcc.misc-tests/bprob-2.c compilation, -O3 -DPERFTIME -fbranch-probabilities
UNRESOLVED: gcc.misc-tests/bprob-2.c execution, -O3 -DPERFTIME -fbranch-probabilities
FAIL: gcc.misc-tests/bprob-2.c compilation, -O3 -g -DPERFTIME -fprofile-arcs
UNRESOLVED: gcc.misc-tests/bprob-2.c execution, -O3 -g -DPERFTIME -fprofile-arcs
UNRESOLVED: gcc.misc-tests/bprob-2.c compilation, -O3 -g -DPERFTIME -fbranch-probabilities
UNRESOLVED: gcc.misc-tests/bprob-2.c execution, -O3 -g -DPERFTIME -fbranch-probabilities
FAIL: gcc.misc-tests/bprob-2.c compilation, -Os -fprofile-arcs
UNRESOLVED: gcc.misc-tests/bprob-2.c execution, -Os -fprofile-arcs
UNRESOLVED: gcc.misc-tests/bprob-2.c compilation, -Os -fbranch-probabilities
UNRESOLVED: gcc.misc-tests/bprob-2.c execution, -Os -fbranch-probabilities
FAIL: gcc.misc-tests/gcov-1.c (test for excess errors)
WARNING: gcc.misc-tests/gcov-1.c compilation failed to produce executable
FAIL: 14:is #####:should be 11
FAIL: 15:is #####:should be 10
FAIL: 17:is #####:should be 1
FAIL: gcc.misc-tests/gcov-1.c gcov: 3 failures in line counts, 0 in branch percentages, 0 in return percentages
FAIL: gcc.misc-tests/gcov-2.c (test for excess errors)
WARNING: gcc.misc-tests/gcov-2.c compilation failed to produce executable
FAIL: 14:is #####:should be 11
FAIL: 15:is #####:should be 10
FAIL: 17:is #####:should be 1
FAIL: gcc.misc-tests/gcov-2.c gcov: 3 failures in line counts, 0 in branch percentages, 0 in return percentages
FAIL: gcc.misc-tests/gcov-3.c (test for excess errors)
WARNING: gcc.misc-tests/gcov-3.c compilation failed to produce executable
FAIL: 37:is #####:should be 1
FAIL: 42:is #####:should be 1
FAIL: gcc.misc-tests/gcov-3.c gcov: 2 failures in line counts, 0 in branch percentages, 0 in return percentages
FAIL: gcc.misc-tests/gcov-4.c (test for excess errors)
WARNING: gcc.misc-tests/gcov-4.c compilation failed to produce executable
FAIL: 31:is #####:should be 1
FAIL: 37:is #####:should be 1
FAIL: 39:is #####:should be 1
FAIL: 53:is #####:should be 3
FAIL: 55:is #####:should be 9
FAIL: 56:is #####:should be 3
FAIL: 63:is #####:should be 6
FAIL: 67:is #####:should be 81
FAIL: 68:is #####:should be 6
FAIL: 93:is #####:should be 2
FAIL: 94:is #####:should be 1
FAIL: 95:is #####:should be 1
FAIL: 97:is #####:should be 1
FAIL: 104:is #####:should be 15
FAIL: 105:is #####:should be 14
FAIL: 106:is #####:should be 1
FAIL: 108:is #####:should be 1
FAIL: 130:is #####:should be 5
FAIL: 131:is #####:should be 3
FAIL: 132:is #####:should be 3
FAIL: 136:is #####:should be 2
FAIL: 137:is #####:should be 1
FAIL: 139:is #####:should be 1
FAIL: 140:is #####:should be 5
FAIL: 141:is #####:should be 1
FAIL: 142:is #####:should be 5
FAIL: 143:is #####:should be 1
FAIL: 144:is #####:should be 1
FAIL: 145:is #####:should be 5
FAIL: 152:is #####:should be 6
FAIL: 153:is #####:should be 1
FAIL: 154:is #####:should be 6
FAIL: 156:is #####:should be 6
FAIL: 157:is #####:should be 3
FAIL: 158:is #####:should be 6
FAIL: 159:is #####:should be 2
FAIL: 160:is #####:should be 4
FAIL: 162:is #####:should be 4
FAIL: 169:is #####:should be 11
FAIL: 170:is #####:should be 1
FAIL: 171:is #####:should be 11
FAIL: 172:is #####:should be 5
FAIL: 173:is #####:should be 2
FAIL: 174:is #####:should be 1
FAIL: 175:is #####:should be 11
FAIL: 176:is #####:should be 3
FAIL: 177:is #####:should be 11
FAIL: 216:is #####:should be 5
FAIL: 218:is #####:should be 5
FAIL: 221:is #####:should be 1
FAIL: 228:is #####:should be 3
FAIL: 229:is #####:should be 1
FAIL: 230:is #####:should be 2
FAIL: 233:is #####:should be 1
FAIL: 234:is #####:should be 1
FAIL: 237:is #####:should be 4
FAIL: gcc.misc-tests/gcov-4.c gcov: 56 failures in line counts, 0 in branch percentages, 0 in return percentages
FAIL: gcc.misc-tests/gcov-4b.c (test for excess errors)
WARNING: gcc.misc-tests/gcov-4b.c compilation failed to produce executable
FAIL: 24: expected branch percentages not found: 25
FAIL: 35: expected branch percentages not found: 30
FAIL: 37: expected branch percentages not found: 32
FAIL: 39: expected branch percentages not found: 27
FAIL: 67: expected branch percentages not found: 50
FAIL: 79: expected branch percentages not found: 7
FAIL: 106: expected branch percentages not found: 40
FAIL: 108: expected branch percentages not found: 0
FAIL: 114: expected branch percentages not found: 50
FAIL: 119: expected branch percentages not found: 20
FAIL: 122: expected branch percentages not found: 20
FAIL: 132: expected branch percentages not found: 0
FAIL: 133: expected branch percentages not found: 17
FAIL: 136: expected branch percentages not found: 0
FAIL: 139: expected branch percentages not found: 50
FAIL: 142: expected branch percentages not found: 33
FAIL: 145: expected branch percentages not found: 0
FAIL: 155: expected branch percentages not found: 27 50 25
FAIL: 158: expected branch percentages not found: 45
FAIL: 160: expected branch percentages not found: 40
FAIL: 162: expected branch percentages not found: 50
FAIL: 165: expected branch percentages not found: 9 10 11
FAIL: 209: expected branch percentages not found: 20 25
FAIL: 220: expected branch percentages not found: 33
FAIL: gcc.misc-tests/gcov-4b.c gcov: 0 failures in line counts, 24 in branch percentages, 0 in return percentages
FAIL: gcc.misc-tests/gcov-5b.c (test for excess errors)
WARNING: gcc.misc-tests/gcov-5b.c compilation failed to produce executable
FAIL: gcc.misc-tests/gcov-6.c (test for excess errors)
WARNING: gcc.misc-tests/gcov-6.c compilation failed to produce executable
FAIL: 15:is #####:should be 5
FAIL: 18:is #####:should be 1
FAIL: 20:is #####:should be 4
FAIL: 29:is #####:should be 1
FAIL: 33:is #####:should be 4
FAIL: 16: expected branch percentages not found: 20
FAIL: 19: expected return percentages not found: 0
FAIL: 30: expected return percentages not found: 100
FAIL: 34: expected return percentages not found: 75
FAIL: gcc.misc-tests/gcov-6.c gcov: 5 failures in line counts, 1 in branch percentages, 3 in return percentages
FAIL: gcc.misc-tests/gcov-7.c (test for excess errors)
WARNING: gcc.misc-tests/gcov-7.c compilation failed to produce executable
FAIL: 17:is #####:should be 3
FAIL: 21:is #####:should be 1
FAIL: 25:is #####:should be 2
FAIL: 30:is #####:should be 3
FAIL: 34:is #####:should be 1
FAIL: 38:is #####:should be 2
FAIL: 40:is #####:should be 1
FAIL: 43:is #####:should be 1
FAIL: 75:is #####:should be 2
FAIL: 78:is #####:should be 3
FAIL: 80:is #####:should be 1
FAIL: 20: expected branch percentages not found: 33
FAIL: 33: expected branch percentages not found: 33
FAIL: 74: expected branch percentages not found: 33
FAIL: 39: expected return percentages not found: 50
FAIL: 41: expected return percentages not found: 100
FAIL: 79: expected return percentages not found: 33
FAIL: 81: expected return percentages not found: 0
FAIL: gcc.misc-tests/gcov-7.c gcov: 11 failures in line counts, 3 in branch percentages, 4 in return percentages
FAIL: gcc.misc-tests/gcov-8.c (test for excess errors)
WARNING: gcc.misc-tests/gcov-8.c compilation failed to produce executable
FAIL: 20: expected branch percentages not found: 1
FAIL: 28: expected branch percentages not found: 0
FAIL: 30: expected branch percentages not found: 1
FAIL: 47: expected branch percentages not found: 0
FAIL: gcc.misc-tests/gcov-8.c gcov: 0 failures in line counts, 4 in branch percentages, 0 in return percentages
FAIL: linkage.c
=== gcc Summary ===
# of expected passes 8773
# of unexpected failures 570
# of expected failures 50
# of unresolved testcases 211
# of unsupported tests 176
/abuild/gcc_cvs_build/obj/obj-gcc33/gcc/xgcc version 3.3.4 20040512 (prerelease)
=== objc tests ===
Running target unix
=== objc Summary ===
# of expected passes 1166
/abuild/gcc_cvs_build/obj/obj-gcc33/gcc/xgcc version 3.3.4 20040512 (prerelease)
=== libjava tests ===
Running target unix
FAIL: calls.c compilation
FAIL: cxxtest.c compilation
FAIL: field.c compilation
FAIL: final_method.c compilation
FAIL: findclass.c compilation
FAIL: invoke.c compilation
FAIL: martin.c compilation
FAIL: noclass.c compilation
FAIL: overload.c compilation
FAIL: register.c compilation
FAIL: simple_int.c compilation
FAIL: throwit.c compilation
FAIL: virtual.c compilation
FAIL: Array_3 -O execution - source compiled test
WARNING: program timed out.
FAIL: SyncTest execution - gij test
WARNING: program timed out.
FAIL: SyncTest execution - gij test
=== libjava Summary ===
# of expected passes 2946
# of unexpected failures 16
# of expected failures 16
# of untested testcases 15
=== libstdc++-v3 tests ===
Running target unix
XPASS: 22_locale/collate_byname.cc execution test
XPASS: 22_locale/collate_members_char.cc execution test
XPASS: 22_locale/collate_members_wchar_t.cc execution test
XPASS: 22_locale/ctype_is_char.cc execution test
XPASS: 22_locale/ctype_is_wchar_t.cc execution test
XPASS: 22_locale/members.cc execution test
XPASS: 22_locale/messages_byname.cc execution test
XPASS: 22_locale/messages_members_char.cc execution test
XPASS: 22_locale/money_get_members_char.cc execution test
XPASS: 22_locale/money_get_members_wchar_t.cc execution test
XPASS: 22_locale/money_put_members_char.cc execution test
XPASS: 22_locale/money_put_members_wchar_t.cc execution test
XPASS: 22_locale/moneypunct_byname.cc execution test
XPASS: 22_locale/moneypunct_members_char.cc execution test
XPASS: 22_locale/moneypunct_members_wchar_t.cc execution test
XPASS: 22_locale/num_get_members_char.cc execution test
XPASS: 22_locale/num_get_members_wchar_t.cc execution test
XPASS: 22_locale/num_put_members_char.cc execution test
XPASS: 22_locale/num_put_members_wchar_t.cc execution test
XPASS: 22_locale/numpunct_byname.cc execution test
XPASS: 22_locale/numpunct_members_char.cc execution test
XPASS: 22_locale/numpunct_members_wchar_t.cc execution test
XPASS: 22_locale/time_get_members_char.cc execution test
XPASS: 22_locale/time_get_members_wchar_t.cc execution test
XPASS: 22_locale/time_put_members_char.cc execution test
XPASS: 22_locale/time_put_members_wchar_t.cc execution test
=== libstdc++-v3 Summary ===
# of expected passes 453
# of unexpected successes 26
# of expected failures 2
Compiler version: 3.3.4 20040512 (prerelease)
Platform: powerpc-unknown-linux-gnu
configure flags: --host=powerpc-unknown-linux-gnu --enable-checking --enable-libgcj --enable-shared --enable-__cxa_atexit --enable-threads --enable-languages=c,c++,f77,java,objc,ada --prefix=/abuild/gcc_cvs_build/obj/install-gcc33 --with-system-zlib
GNU ld version 2.14.90 20030704 (SuSE Linux)
FAIL: calls.c compilation
output is:
/usr/bin/ld: unrecognized option '--as-needed'
/usr/bin/ld: use the --help option for usage information
collect2: ld returned 1 exit status
FAIL: cxxtest.c compilation
output is:
/usr/bin/ld: unrecognized option '--as-needed'
/usr/bin/ld: use the --help option for usage information
collect2: ld returned 1 exit status
FAIL: field.c compilation
output is:
/usr/bin/ld: unrecognized option '--as-needed'
/usr/bin/ld: use the --help option for usage information
collect2: ld returned 1 exit status
FAIL: final_method.c compilation
output is:
/usr/bin/ld: unrecognized option '--as-needed'
/usr/bin/ld: use the --help option for usage information
collect2: ld returned 1 exit status
FAIL: findclass.c compilation
output is:
/usr/bin/ld: unrecognized option '--as-needed'
/usr/bin/ld: use the --help option for usage information
collect2: ld returned 1 exit status
FAIL: invoke.c compilation
output is:
/usr/bin/ld: unrecognized option '--as-needed'
/usr/bin/ld: use the --help option for usage information
collect2: ld returned 1 exit status
FAIL: martin.c compilation
output is:
/usr/bin/ld: unrecognized option '--as-needed'
/usr/bin/ld: use the --help option for usage information
collect2: ld returned 1 exit status
FAIL: noclass.c compilation
output is:
/usr/bin/ld: unrecognized option '--as-needed'
/usr/bin/ld: use the --help option for usage information
collect2: ld returned 1 exit status
FAIL: overload.c compilation
output is:
/usr/bin/ld: unrecognized option '--as-needed'
/usr/bin/ld: use the --help option for usage information
collect2: ld returned 1 exit status
FAIL: register.c compilation
output is:
/usr/bin/ld: unrecognized option '--as-needed'
/usr/bin/ld: use the --help option for usage information
collect2: ld returned 1 exit status
FAIL: simple_int.c compilation
output is:
/usr/bin/ld: unrecognized option '--as-needed'
/usr/bin/ld: use the --help option for usage information
collect2: ld returned 1 exit status
FAIL: throwit.c compilation
output is:
/usr/bin/ld: unrecognized option '--as-needed'
/usr/bin/ld: use the --help option for usage information
collect2: ld returned 1 exit status
FAIL: virtual.c compilation
output is:
/usr/bin/ld: unrecognized option '--as-needed'
/usr/bin/ld: use the --help option for usage information
collect2: ld returned 1 exit status
FAIL: gcc.c-torture/compile/20001226-1.c, -O3 -fomit-frame-pointer
output is:
/abuild/gcc_cvs_build/obj/obj-gcc33/gcc/testsuite/20001226-1.o: No space left on device
/tmp/ccea7wE7.s: Assembler messages:
/tmp/ccea7wE7.s:18903: FATAL: Can't write /abuild/gcc_cvs_build/obj/obj-gcc33/gcc/testsuite/20001226-1.o: Illegal seek
FAIL: gcc.c-torture/compile/20001226-1.c, -O3 -g
output is:
/abuild/gcc_cvs_build/obj/obj-gcc33/gcc/testsuite/20001226-1.o: No space left on device
/tmp/ccNDUrSz.s: Assembler messages:
/tmp/ccNDUrSz.s:19239: FATAL: Can't write /abuild/gcc_cvs_build/obj/obj-gcc33/gcc/testsuite/20001226-1.o: Illegal seek
FAIL: gcc.c-torture/compile/20001226-1.c, -Os
output is:
/abuild/gcc_cvs_build/obj/obj-gcc33/gcc/testsuite/20001226-1.o: No space left on device
/tmp/ccNX8k0K.s: Assembler messages:
/tmp/ccNX8k0K.s:19258: FATAL: Can't write /abuild/gcc_cvs_build/obj/obj-gcc33/gcc/testsuite/20001226-1.o: Illegal seek
FAIL: gcc.c-torture/compile/20010102-1.c, -O0
output is:
/abuild/gcc_cvs_build/obj/obj-gcc33/gcc/testsuite/20010102-1.o: No space left on device
/tmp/ccB9ONsR.s: Assembler messages:
/tmp/ccB9ONsR.s:202: FATAL: Can't write /abuild/gcc_cvs_build/obj/obj-gcc33/gcc/testsuite/20010102-1.o: Illegal seek
FAIL: gcc.c-torture/execute/ieee/20001122-1.c compilation, -O0
output is:
/usr/bin/ld: unrecognized option '--as-needed'
/usr/bin/ld: use the --help option for usage information
collect2: ld returned 1 exit status
FAIL: gcc.c-torture/execute/ieee/20001122-1.c compilation, -O1
output is:
/usr/bin/ld: unrecognized option '--as-needed'
/usr/bin/ld: use the --help option for usage information
collect2: ld returned 1 exit status
FAIL: gcc.c-torture/execute/ieee/20001122-1.c compilation, -O2
output is:
/usr/bin/ld: unrecognized option '--as-needed'
/usr/bin/ld: use the --help option for usage information
collect2: ld returned 1 exit status
FAIL: gcc.c-torture/execute/ieee/20001122-1.c compilation, -O3 -fomit-frame-pointer
output is:
/usr/bin/ld: unrecognized option '--as-needed'
/usr/bin/ld: use the --help option for usage information
collect2: ld returned 1 exit status
FAIL: gcc.c-torture/execute/ieee/20001122-1.c compilation, -O3 -fomit-frame-pointer -funroll-loops
output is:
/usr/bin/ld: unrecognized option '--as-needed'
/usr/bin/ld: use the --help option for usage information
collect2: ld returned 1 exit status
FAIL: gcc.c-torture/execute/ieee/20001122-1.c compilation, -O3 -fomit-frame-pointer -funroll-all-loops -finline-functions
output is:
/usr/bin/ld: unrecognized option '--as-needed'
/usr/bin/ld: use the --help option for usage information
collect2: ld returned 1 exit status
FAIL: gcc.c-torture/execute/ieee/20001122-1.c compilation, -O3 -g
output is:
/usr/bin/ld: unrecognized option '--as-needed'
/usr/bin/ld: use the --help option for usage information
collect2: ld returned 1 exit status
FAIL: gcc.c-torture/execute/ieee/20001122-1.c compilation, -Os
output is:
/usr/bin/ld: unrecognized option '--as-needed'
/usr/bin/ld: use the --help option for usage information
collect2: ld returned 1 exit status
FAIL: gcc.c-torture/execute/ieee/20010114-2.c compilation, -O0
output is:
/usr/bin/ld: unrecognized option '--as-needed'
/usr/bin/ld: use the --help option for usage information
collect2: ld returned 1 exit status
FAIL: gcc.c-torture/execute/ieee/20010114-2.c compilation, -O1
output is:
/usr/bin/ld: unrecognized option '--as-needed'
/usr/bin/ld: use the --help option for usage information
collect2: ld returned 1 exit status
FAIL: gcc.c-torture/execute/ieee/20010114-2.c compilation, -O2
output is:
/usr/bin/ld: unrecognized option '--as-needed'
/usr/bin/ld: use the --help option for usage information
collect2: ld returned 1 exit status
FAIL: gcc.c-torture/execute/ieee/20010114-2.c compilation, -O3 -fomit-frame-pointer
output is:
/usr/bin/ld: unrecognized option '--as-needed'
/usr/bin/ld: use the --help option for usage information
collect2: ld returned 1 exit status
FAIL: gcc.c-torture/execute/ieee/20010114-2.c compilation, -O3 -g
output is:
/usr/bin/ld: unrecognized option '--as-needed'
/usr/bin/ld: use the --help option for usage information
collect2: ld returned 1 exit status
FAIL: gcc.c-torture/execute/ieee/20010114-2.c compilation, -Os
output is:
/usr/bin/ld: unrecognized option '--as-needed'
/usr/bin/ld: use the --help option for usage information
collect2: ld returned 1 exit status
FAIL: gcc.c-torture/execute/ieee/20010226-1.c compilation, -O0
output is:
/usr/bin/ld: unrecognized option '--as-needed'
/usr/bin/ld: use the --help option for usage information
collect2: ld returned 1 exit status
FAIL: gcc.c-torture/execute/ieee/20010226-1.c compilation, -O1
output is:
/usr/bin/ld: unrecognized option '--as-needed'
/usr/bin/ld: use the --help option for usage information
collect2: ld returned 1 exit status
FAIL: gcc.c-torture/execute/ieee/20010226-1.c compilation, -O2
output is:
/usr/bin/ld: unrecognized option '--as-needed'
/usr/bin/ld: use the --help option for usage information
collect2: ld returned 1 exit status
FAIL: gcc.c-torture/execute/ieee/20010226-1.c compilation, -O3 -fomit-frame-pointer
output is:
/usr/bin/ld: unrecognized option '--as-needed'
/usr/bin/ld: use the --help option for usage information
collect2: ld returned 1 exit status
FAIL: gcc.c-torture/execute/ieee/20010226-1.c compilation, -O3 -g
output is:
/usr/bin/ld: unrecognized option '--as-needed'
/usr/bin/ld: use the --help option for usage information
collect2: ld returned 1 exit status
FAIL: gcc.c-torture/execute/ieee/20010226-1.c compilation, -Os
output is:
/usr/bin/ld: unrecognized option '--as-needed'
/usr/bin/ld: use the --help option for usage information
collect2: ld returned 1 exit status
FAIL: gcc.c-torture/execute/ieee/20011123-1.c compilation, -O0
output is:
/usr/bin/ld: unrecognized option '--as-needed'
/usr/bin/ld: use the --help option for usage information
collect2: ld returned 1 exit status
FAIL: gcc.c-torture/execute/ieee/20011123-1.c compilation, -O1
output is:
/usr/bin/ld: unrecognized option '--as-needed'
/usr/bin/ld: use the --help option for usage information
collect2: ld returned 1 exit status
FAIL: gcc.c-torture/execute/ieee/20011123-1.c compilation, -O2
output is:
/usr/bin/ld: unrecognized option '--as-needed'
/usr/bin/ld: use the --help option for usage information
collect2: ld returned 1 exit status
FAIL: gcc.c-torture/execute/ieee/20011123-1.c compilation, -O3 -fomit-frame-pointer
output is:
/usr/bin/ld: unrecognized option '--as-needed'
/usr/bin/ld: use the --help option for usage information
collect2: ld returned 1 exit status
FAIL: gcc.c-torture/execute/ieee/20011123-1.c compilation, -O3 -g
output is:
/usr/bin/ld: unrecognized option '--as-needed'
/usr/bin/ld: use the --help option for usage information
collect2: ld returned 1 exit status
FAIL: gcc.c-torture/execute/ieee/20011123-1.c compilation, -Os
output is:
/usr/bin/ld: unrecognized option '--as-needed'
/usr/bin/ld: use the --help option for usage information
collect2: ld returned 1 exit status
FAIL: gcc.c-torture/execute/ieee/920518-1.c compilation, -O0
output is:
/usr/bin/ld: unrecognized option '--as-needed'
/usr/bin/ld: use the --help option for usage information
collect2: ld returned 1 exit status
FAIL: gcc.c-torture/execute/ieee/920518-1.c compilation, -O1
output is:
/usr/bin/ld: unrecognized option '--as-needed'
/usr/bin/ld: use the --help option for usage information
collect2: ld returned 1 exit status
FAIL: gcc.c-torture/execute/ieee/920518-1.c compilation, -O2
output is:
/usr/bin/ld: unrecognized option '--as-needed'
/usr/bin/ld: use the --help option for usage information
collect2: ld returned 1 exit status
FAIL: gcc.c-torture/execute/ieee/920518-1.c compilation, -O3 -fomit-frame-pointer
output is:
/usr/bin/ld: unrecognized option '--as-needed'
/usr/bin/ld: use the --help option for usage information
collect2: ld returned 1 exit status
FAIL: gcc.c-torture/execute/ieee/920518-1.c compilation, -O3 -g
output is:
/usr/bin/ld: unrecognized option '--as-needed'
/usr/bin/ld: use the --help option for usage information
collect2: ld returned 1 exit status
FAIL: gcc.c-torture/execute/ieee/920518-1.c compilation, -Os
output is:
/usr/bin/ld: unrecognized option '--as-needed'
/usr/bin/ld: use the --help option for usage information
collect2: ld returned 1 exit status
FAIL: gcc.c-torture/execute/ieee/920810-1.c compilation, -O0
output is:
/usr/bin/ld: unrecognized option '--as-needed'
/usr/bin/ld: use the --help option for usage information
collect2: ld returned 1 exit status
FAIL: gcc.c-torture/execute/ieee/920810-1.c compilation, -O1
output is:
/usr/bin/ld: unrecognized option '--as-needed'
/usr/bin/ld: use the --help option for usage information
collect2: ld returned 1 exit status
FAIL: gcc.c-torture/execute/ieee/920810-1.c compilation, -O2
output is:
/usr/bin/ld: unrecognized option '--as-needed'
/usr/bin/ld: use the --help option for usage information
collect2: ld returned 1 exit status
FAIL: gcc.c-torture/execute/ieee/920810-1.c compilation, -O3 -fomit-frame-pointer
output is:
/usr/bin/ld: unrecognized option '--as-needed'
/usr/bin/ld: use the --help option for usage information
collect2: ld returned 1 exit status
FAIL: gcc.c-torture/execute/ieee/920810-1.c compilation, -O3 -g
output is:
/usr/bin/ld: unrecognized option '--as-needed'
/usr/bin/ld: use the --help option for usage information
collect2: ld returned 1 exit status
FAIL: gcc.c-torture/execute/ieee/920810-1.c compilation, -Os
output is:
/usr/bin/ld: unrecognized option '--as-needed'
/usr/bin/ld: use the --help option for usage information
collect2: ld returned 1 exit status
FAIL: gcc.c-torture/execute/ieee/930529-1.c compilation, -O0
output is:
/usr/bin/ld: unrecognized option '--as-needed'
/usr/bin/ld: use the --help option for usage information
collect2: ld returned 1 exit status
FAIL: gcc.c-torture/execute/ieee/930529-1.c compilation, -O1
output is:
/usr/bin/ld: unrecognized option '--as-needed'
/usr/bin/ld: use the --help option for usage information
collect2: ld returned 1 exit status
FAIL: gcc.c-torture/execute/ieee/930529-1.c compilation, -O2
output is:
/usr/bin/ld: unrecognized option '--as-needed'
/usr/bin/ld: use the --help option for usage information
collect2: ld returned 1 exit status
FAIL: gcc.c-torture/execute/ieee/930529-1.c compilation, -O3 -fomit-frame-pointer
output is:
/usr/bin/ld: unrecognized option '--as-needed'
/usr/bin/ld: use the --help option for usage information
collect2: ld returned 1 exit status
FAIL: gcc.c-torture/execute/ieee/930529-1.c compilation, -O3 -g
output is:
/usr/bin/ld: unrecognized option '--as-needed'
/usr/bin/ld: use the --help option for usage information
collect2: ld returned 1 exit status
FAIL: gcc.c-torture/execute/ieee/930529-1.c compilation, -Os
output is:
/usr/bin/ld: unrecognized option '--as-needed'
/usr/bin/ld: use the --help option for usage information
collect2: ld returned 1 exit status
FAIL: gcc.c-torture/execute/ieee/980619-1.c compilation, -O0
output is:
/usr/bin/ld: unrecognized option '--as-needed'
/usr/bin/ld: use the --help option for usage information
collect2: ld returned 1 exit status
FAIL: gcc.c-torture/execute/ieee/980619-1.c compilation, -O1
output is:
/usr/bin/ld: unrecognized option '--as-needed'
/usr/bin/ld: use the --help option for usage information
collect2: ld returned 1 exit status
FAIL: gcc.c-torture/execute/ieee/980619-1.c compilation, -O2
output is:
/usr/bin/ld: unrecognized option '--as-needed'
/usr/bin/ld: use the --help option for usage information
collect2: ld returned 1 exit status
FAIL: gcc.c-torture/execute/ieee/980619-1.c compilation, -O3 -fomit-frame-pointer
output is:
/usr/bin/ld: unrecognized option '--as-needed'
/usr/bin/ld: use the --help option for usage information
collect2: ld returned 1 exit status
FAIL: gcc.c-torture/execute/ieee/980619-1.c compilation, -O3 -fomit-frame-pointer -funroll-loops
output is:
/usr/bin/ld: unrecognized option '--as-needed'
/usr/bin/ld: use the --help option for usage information
collect2: ld returned 1 exit status
FAIL: gcc.c-torture/execute/ieee/980619-1.c compilation, -O3 -fomit-frame-pointer -funroll-all-loops -finline-functions
output is:
/usr/bin/ld: unrecognized option '--as-needed'
/usr/bin/ld: use the --help option for usage information
collect2: ld returned 1 exit status
FAIL: gcc.c-torture/execute/ieee/980619-1.c compilation, -O3 -g
output is:
/usr/bin/ld: unrecognized option '--as-needed'
/usr/bin/ld: use the --help option for usage information
collect2: ld returned 1 exit status
FAIL: gcc.c-torture/execute/ieee/980619-1.c compilation, -Os
output is:
/usr/bin/ld: unrecognized option '--as-needed'
/usr/bin/ld: use the --help option for usage information
collect2: ld returned 1 exit status
FAIL: gcc.c-torture/execute/ieee/fp-cmp-1.c compilation, -O0
output is:
/usr/bin/ld: unrecognized option '--as-needed'
/usr/bin/ld: use the --help option for usage information
collect2: ld returned 1 exit status
FAIL: gcc.c-torture/execute/ieee/fp-cmp-1.c compilation, -O1
output is:
/usr/bin/ld: unrecognized option '--as-needed'
/usr/bin/ld: use the --help option for usage information
collect2: ld returned 1 exit status
FAIL: gcc.c-torture/execute/ieee/fp-cmp-1.c compilation, -O2
output is:
/usr/bin/ld: unrecognized option '--as-needed'
/usr/bin/ld: use the --help option for usage information
collect2: ld returned 1 exit status
FAIL: gcc.c-torture/execute/ieee/fp-cmp-1.c compilation, -O3 -fomit-frame-pointer
output is:
/usr/bin/ld: unrecognized option '--as-needed'
/usr/bin/ld: use the --help option for usage information
collect2: ld returned 1 exit status
FAIL: gcc.c-torture/execute/ieee/fp-cmp-1.c compilation, -O3 -fomit-frame-pointer -funroll-loops
output is:
/usr/bin/ld: unrecognized option '--as-needed'
/usr/bin/ld: use the --help option for usage information
collect2: ld returned 1 exit status
FAIL: gcc.c-torture/execute/ieee/fp-cmp-1.c compilation, -O3 -fomit-frame-pointer -funroll-all-loops -finline-functions
output is:
/usr/bin/ld: unrecognized option '--as-needed'
/usr/bin/ld: use the --help option for usage information
collect2: ld returned 1 exit status
FAIL: gcc.c-torture/execute/ieee/fp-cmp-1.c compilation, -O3 -g
output is:
/usr/bin/ld: unrecognized option '--as-needed'
/usr/bin/ld: use the --help option for usage information
collect2: ld returned 1 exit status
FAIL: gcc.c-torture/execute/ieee/fp-cmp-1.c compilation, -Os
output is:
/usr/bin/ld: unrecognized option '--as-needed'
/usr/bin/ld: use the --help option for usage information
collect2: ld returned 1 exit status
FAIL: gcc.c-torture/execute/ieee/fp-cmp-2.c compilation, -O0
output is:
/usr/bin/ld: unrecognized option '--as-needed'
/usr/bin/ld: use the --help option for usage information
collect2: ld returned 1 exit status
FAIL: gcc.c-torture/execute/ieee/fp-cmp-2.c compilation, -O1
output is:
/usr/bin/ld: unrecognized option '--as-needed'
/usr/bin/ld: use the --help option for usage information
collect2: ld returned 1 exit status
FAIL: gcc.c-torture/execute/ieee/fp-cmp-2.c compilation, -O2
output is:
/usr/bin/ld: unrecognized option '--as-needed'
/usr/bin/ld: use the --help option for usage information
collect2: ld returned 1 exit status
FAIL: gcc.c-torture/execute/ieee/fp-cmp-2.c compilation, -O3 -fomit-frame-pointer
output is:
/usr/bin/ld: unrecognized option '--as-needed'
/usr/bin/ld: use the --help option for usage information
collect2: ld returned 1 exit status
FAIL: gcc.c-torture/execute/ieee/fp-cmp-2.c compilation, -O3 -fomit-frame-pointer -funroll-loops
output is:
/usr/bin/ld: unrecognized option '--as-needed'
/usr/bin/ld: use the --help option for usage information
collect2: ld returned 1 exit status
FAIL: gcc.c-torture/execute/ieee/fp-cmp-2.c compilation, -O3 -fomit-frame-pointer -funroll-all-loops -finline-functions
output is:
/usr/bin/ld: unrecognized option '--as-needed'
/usr/bin/ld: use the --help option for usage information
collect2: ld returned 1 exit status
FAIL: gcc.c-torture/execute/ieee/fp-cmp-2.c compilation, -O3 -g
output is:
/usr/bin/ld: unrecognized option '--as-needed'
/usr/bin/ld: use the --help option for usage information
collect2: ld returned 1 exit status
FAIL: gcc.c-torture/execute/ieee/fp-cmp-2.c compilation, -Os
output is:
/usr/bin/ld: unrecognized option '--as-needed'
/usr/bin/ld: use the --help option for usage information
collect2: ld returned 1 exit status
FAIL: gcc.c-torture/execute/ieee/fp-cmp-3.c compilation, -O0
output is:
/usr/bin/ld: unrecognized option '--as-needed'
/usr/bin/ld: use the --help option for usage information
collect2: ld returned 1 exit status
FAIL: gcc.c-torture/execute/ieee/fp-cmp-3.c compilation, -O1
output is:
/usr/bin/ld: unrecognized option '--as-needed'
/usr/bin/ld: use the --help option for usage information
collect2: ld returned 1 exit status
FAIL: gcc.c-torture/execute/ieee/fp-cmp-3.c compilation, -O2
output is:
/usr/bin/ld: unrecognized option '--as-needed'
/usr/bin/ld: use the --help option for usage information
collect2: ld returned 1 exit status
FAIL: gcc.c-torture/execute/ieee/fp-cmp-3.c compilation, -O3 -fomit-frame-pointer
output is:
/usr/bin/ld: unrecognized option '--as-needed'
/usr/bin/ld: use the --help option for usage information
collect2: ld returned 1 exit status
FAIL: gcc.c-torture/execute/ieee/fp-cmp-3.c compilation, -O3 -fomit-frame-pointer -funroll-loops
output is:
/usr/bin/ld: unrecognized option '--as-needed'
/usr/bin/ld: use the --help option for usage information
collect2: ld returned 1 exit status
FAIL: gcc.c-torture/execute/ieee/fp-cmp-3.c compilation, -O3 -fomit-frame-pointer -funroll-all-loops -finline-functions
output is:
/usr/bin/ld: unrecognized option '--as-needed'
/usr/bin/ld: use the --help option for usage information
collect2: ld returned 1 exit status
FAIL: gcc.c-torture/execute/ieee/fp-cmp-3.c compilation, -O3 -g
output is:
/usr/bin/ld: unrecognized option '--as-needed'
/usr/bin/ld: use the --help option for usage information
collect2: ld returned 1 exit status
FAIL: gcc.c-torture/execute/ieee/fp-cmp-3.c compilation, -Os
output is:
/usr/bin/ld: unrecognized option '--as-needed'
/usr/bin/ld: use the --help option for usage information
collect2: ld returned 1 exit status
FAIL: gcc.c-torture/execute/ieee/fp-cmp-4.c compilation, -O0
output is:
/usr/bin/ld: unrecognized option '--as-needed'
/usr/bin/ld: use the --help option for usage information
collect2: ld returned 1 exit status
FAIL: gcc.c-torture/execute/ieee/fp-cmp-4.c compilation, -O1
output is:
/usr/bin/ld: unrecognized option '--as-needed'
/usr/bin/ld: use the --help option for usage information
collect2: ld returned 1 exit status
FAIL: gcc.c-torture/execute/ieee/fp-cmp-4.c compilation, -O2
output is:
/usr/bin/ld: unrecognized option '--as-needed'
/usr/bin/ld: use the --help option for usage information
collect2: ld returned 1 exit status
FAIL: gcc.c-torture/execute/ieee/fp-cmp-4.c compilation, -O3 -fomit-frame-pointer
output is:
/usr/bin/ld: unrecognized option '--as-needed'
/usr/bin/ld: use the --help option for usage information
collect2: ld returned 1 exit status
FAIL: gcc.c-torture/execute/ieee/fp-cmp-4.c compilation, -O3 -fomit-frame-pointer -funroll-loops
output is:
/usr/bin/ld: unrecognized option '--as-needed'
/usr/bin/ld: use the --help option for usage information
collect2: ld returned 1 exit status
FAIL: gcc.c-torture/execute/ieee/fp-cmp-4.c compilation, -O3 -fomit-frame-pointer -funroll-all-loops -finline-functions
output is:
/usr/bin/ld: unrecognized option '--as-needed'
/usr/bin/ld: use the --help option for usage information
collect2: ld returned 1 exit status
FAIL: gcc.c-torture/execute/ieee/fp-cmp-4.c compilation, -O3 -g
output is:
/usr/bin/ld: unrecognized option '--as-needed'
/usr/bin/ld: use the --help option for usage information
collect2: ld returned 1 exit status
FAIL: gcc.c-torture/execute/ieee/fp-cmp-4.c compilation, -Os
output is:
/usr/bin/ld: unrecognized option '--as-needed'
/usr/bin/ld: use the --help option for usage information
collect2: ld returned 1 exit status
FAIL: gcc.c-torture/execute/ieee/fp-cmp-5.c compilation, -O0
output is:
/usr/bin/ld: unrecognized option '--as-needed'
/usr/bin/ld: use the --help option for usage information
collect2: ld returned 1 exit status
FAIL: gcc.c-torture/execute/ieee/fp-cmp-5.c compilation, -O1
output is:
/usr/bin/ld: unrecognized option '--as-needed'
/usr/bin/ld: use the --help option for usage information
collect2: ld returned 1 exit status
FAIL: gcc.c-torture/execute/ieee/fp-cmp-5.c compilation, -O2
output is:
/usr/bin/ld: unrecognized option '--as-needed'
/usr/bin/ld: use the --help option for usage information
collect2: ld returned 1 exit status
FAIL: gcc.c-torture/execute/ieee/fp-cmp-5.c compilation, -O3 -fomit-frame-pointer
output is:
/usr/bin/ld: unrecognized option '--as-needed'
/usr/bin/ld: use the --help option for usage information
collect2: ld returned 1 exit status
FAIL: gcc.c-torture/execute/ieee/fp-cmp-5.c compilation, -O3 -fomit-frame-pointer -funroll-loops
output is:
/usr/bin/ld: unrecognized option '--as-needed'
/usr/bin/ld: use the --help option for usage information
collect2: ld returned 1 exit status
FAIL: gcc.c-torture/execute/ieee/fp-cmp-5.c compilation, -O3 -fomit-frame-pointer -funroll-all-loops -finline-functions
output is:
/usr/bin/ld: unrecognized option '--as-needed'
/usr/bin/ld: use the --help option for usage information
collect2: ld returned 1 exit status
FAIL: gcc.c-torture/execute/ieee/fp-cmp-5.c compilation, -O3 -g
output is:
/usr/bin/ld: unrecognized option '--as-needed'
/usr/bin/ld: use the --help option for usage information
collect2: ld returned 1 exit status
FAIL: gcc.c-torture/execute/ieee/fp-cmp-5.c compilation, -Os
output is:
/usr/bin/ld: unrecognized option '--as-needed'
/usr/bin/ld: use the --help option for usage information
collect2: ld returned 1 exit status
FAIL: gcc.c-torture/execute/ieee/hugeval.c compilation, -O0
output is:
/usr/bin/ld: unrecognized option '--as-needed'
/usr/bin/ld: use the --help option for usage information
collect2: ld returned 1 exit status
FAIL: gcc.c-torture/execute/ieee/hugeval.c compilation, -O1
output is:
/usr/bin/ld: unrecognized option '--as-needed'
/usr/bin/ld: use the --help option for usage information
collect2: ld returned 1 exit status
FAIL: gcc.c-torture/execute/ieee/hugeval.c compilation, -O2
output is:
/usr/bin/ld: unrecognized option '--as-needed'
/usr/bin/ld: use the --help option for usage information
collect2: ld returned 1 exit status
FAIL: gcc.c-torture/execute/ieee/hugeval.c compilation, -O3 -fomit-frame-pointer
output is:
/usr/bin/ld: unrecognized option '--as-needed'
/usr/bin/ld: use the --help option for usage information
collect2: ld returned 1 exit status
FAIL: gcc.c-torture/execute/ieee/hugeval.c compilation, -O3 -g
output is:
/usr/bin/ld: unrecognized option '--as-needed'
/usr/bin/ld: use the --help option for usage information
collect2: ld returned 1 exit status
FAIL: gcc.c-torture/execute/ieee/hugeval.c compilation, -Os
output is:
/usr/bin/ld: unrecognized option '--as-needed'
/usr/bin/ld: use the --help option for usage information
collect2: ld returned 1 exit status
FAIL: gcc.c-torture/execute/ieee/inf-1.c compilation, -O0
output is:
/usr/bin/ld: unrecognized option '--as-needed'
/usr/bin/ld: use the --help option for usage information
collect2: ld returned 1 exit status
FAIL: gcc.c-torture/execute/ieee/inf-1.c compilation, -O1
output is:
/usr/bin/ld: unrecognized option '--as-needed'
/usr/bin/ld: use the --help option for usage information
collect2: ld returned 1 exit status
FAIL: gcc.c-torture/execute/ieee/inf-1.c compilation, -O2
output is:
/usr/bin/ld: unrecognized option '--as-needed'
/usr/bin/ld: use the --help option for usage information
collect2: ld returned 1 exit status
FAIL: gcc.c-torture/execute/ieee/inf-1.c compilation, -O3 -fomit-frame-pointer
output is:
/usr/bin/ld: unrecognized option '--as-needed'
/usr/bin/ld: use the --help option for usage information
collect2: ld returned 1 exit status
FAIL: gcc.c-torture/execute/ieee/inf-1.c compilation, -O3 -g
output is:
/usr/bin/ld: unrecognized option '--as-needed'
/usr/bin/ld: use the --help option for usage information
collect2: ld returned 1 exit status
FAIL: gcc.c-torture/execute/ieee/inf-1.c compilation, -Os
output is:
/usr/bin/ld: unrecognized option '--as-needed'
/usr/bin/ld: use the --help option for usage information
collect2: ld returned 1 exit status
FAIL: gcc.c-torture/execute/ieee/minuszero.c compilation, -O0
output is:
/usr/bin/ld: unrecognized option '--as-needed'
/usr/bin/ld: use the --help option for usage information
collect2: ld returned 1 exit status
FAIL: gcc.c-torture/execute/ieee/minuszero.c compilation, -O1
output is:
/usr/bin/ld: unrecognized option '--as-needed'
/usr/bin/ld: use the --help option for usage information
collect2: ld returned 1 exit status
FAIL: gcc.c-torture/execute/ieee/minuszero.c compilation, -O2
output is:
/usr/bin/ld: unrecognized option '--as-needed'
/usr/bin/ld: use the --help option for usage information
collect2: ld returned 1 exit status
FAIL: gcc.c-torture/execute/ieee/minuszero.c compilation, -O3 -fomit-frame-pointer
output is:
/usr/bin/ld: unrecognized option '--as-needed'
/usr/bin/ld: use the --help option for usage information
collect2: ld returned 1 exit status
FAIL: gcc.c-torture/execute/ieee/minuszero.c compilation, -O3 -fomit-frame-pointer -funroll-loops
output is:
/usr/bin/ld: unrecognized option '--as-needed'
/usr/bin/ld: use the --help option for usage information
collect2: ld returned 1 exit status
FAIL: gcc.c-torture/execute/ieee/minuszero.c compilation, -O3 -fomit-frame-pointer -funroll-all-loops -finline-functions
output is:
/usr/bin/ld: unrecognized option '--as-needed'
/usr/bin/ld: use the --help option for usage information
collect2: ld returned 1 exit status
FAIL: gcc.c-torture/execute/ieee/minuszero.c compilation, -O3 -g
output is:
/usr/bin/ld: unrecognized option '--as-needed'
/usr/bin/ld: use the --help option for usage information
collect2: ld returned 1 exit status
FAIL: gcc.c-torture/execute/ieee/minuszero.c compilation, -Os
output is:
/usr/bin/ld: unrecognized option '--as-needed'
/usr/bin/ld: use the --help option for usage information
collect2: ld returned 1 exit status
FAIL: gcc.c-torture/execute/ieee/mzero2.c compilation, -O0
output is:
/usr/bin/ld: unrecognized option '--as-needed'
/usr/bin/ld: use the --help option for usage information
collect2: ld returned 1 exit status
FAIL: gcc.c-torture/execute/ieee/mzero2.c compilation, -O1
output is:
/usr/bin/ld: unrecognized option '--as-needed'
/usr/bin/ld: use the --help option for usage information
collect2: ld returned 1 exit status
FAIL: gcc.c-torture/execute/ieee/mzero2.c compilation, -O2
output is:
/usr/bin/ld: unrecognized option '--as-needed'
/usr/bin/ld: use the --help option for usage information
collect2: ld returned 1 exit status
FAIL: gcc.c-torture/execute/ieee/mzero2.c compilation, -O3 -fomit-frame-pointer
output is:
/usr/bin/ld: unrecognized option '--as-needed'
/usr/bin/ld: use the --help option for usage information
collect2: ld returned 1 exit status
FAIL: gcc.c-torture/execute/ieee/mzero2.c compilation, -O3 -g
output is:
/usr/bin/ld: unrecognized option '--as-needed'
/usr/bin/ld: use the --help option for usage information
collect2: ld returned 1 exit status
FAIL: gcc.c-torture/execute/ieee/mzero2.c compilation, -Os
output is:
/usr/bin/ld: unrecognized option '--as-needed'
/usr/bin/ld: use the --help option for usage information
collect2: ld returned 1 exit status
FAIL: gcc.c-torture/execute/ieee/mzero3.c compilation, -O0
output is:
/usr/bin/ld: unrecognized option '--as-needed'
/usr/bin/ld: use the --help option for usage information
collect2: ld returned 1 exit status
FAIL: gcc.c-torture/execute/ieee/mzero3.c compilation, -O1
output is:
/usr/bin/ld: unrecognized option '--as-needed'
/usr/bin/ld: use the --help option for usage information
collect2: ld returned 1 exit status
FAIL: gcc.c-torture/execute/ieee/mzero3.c compilation, -O2
output is:
/usr/bin/ld: unrecognized option '--as-needed'
/usr/bin/ld: use the --help option for usage information
collect2: ld returned 1 exit status
FAIL: gcc.c-torture/execute/ieee/mzero3.c compilation, -O3 -fomit-frame-pointer
output is:
/usr/bin/ld: unrecognized option '--as-needed'
/usr/bin/ld: use the --help option for usage information
collect2: ld returned 1 exit status
FAIL: gcc.c-torture/execute/ieee/mzero3.c compilation, -O3 -g
output is:
/usr/bin/ld: unrecognized option '--as-needed'
/usr/bin/ld: use the --help option for usage information
collect2: ld returned 1 exit status
FAIL: gcc.c-torture/execute/ieee/mzero3.c compilation, -Os
output is:
/usr/bin/ld: unrecognized option '--as-needed'
/usr/bin/ld: use the --help option for usage information
collect2: ld returned 1 exit status
FAIL: gcc.c-torture/execute/ieee/rbug.c compilation, -O0
output is:
/usr/bin/ld: unrecognized option '--as-needed'
/usr/bin/ld: use the --help option for usage information
collect2: ld returned 1 exit status
FAIL: gcc.c-torture/execute/ieee/rbug.c compilation, -O1
output is:
/usr/bin/ld: unrecognized option '--as-needed'
/usr/bin/ld: use the --help option for usage information
collect2: ld returned 1 exit status
FAIL: gcc.c-torture/execute/ieee/rbug.c compilation, -O2
output is:
/usr/bin/ld: unrecognized option '--as-needed'
/usr/bin/ld: use the --help option for usage information
collect2: ld returned 1 exit status
FAIL: gcc.c-torture/execute/ieee/rbug.c compilation, -O3 -fomit-frame-pointer
output is:
/usr/bin/ld: unrecognized option '--as-needed'
/usr/bin/ld: use the --help option for usage information
collect2: ld returned 1 exit status
FAIL: gcc.c-torture/execute/ieee/rbug.c compilation, -O3 -g
output is:
/usr/bin/ld: unrecognized option '--as-needed'
/usr/bin/ld: use the --help option for usage information
collect2: ld returned 1 exit status
FAIL: gcc.c-torture/execute/ieee/rbug.c compilation, -Os
output is:
/usr/bin/ld: unrecognized option '--as-needed'
/usr/bin/ld: use the --help option for usage information
collect2: ld returned 1 exit status
FAIL: gcc.dg/cpp/19990407-1.c (test for excess errors)
output is:
/usr/bin/ld: unrecognized option '--as-needed'
/usr/bin/ld: use the --help option for usage information
collect2: ld returned 1 exit status
FAIL: gcc.dg/cpp/charconst-3.c (test for excess errors)
output is:
/usr/bin/ld: unrecognized option '--as-needed'
/usr/bin/ld: use the --help option for usage information
collect2: ld returned 1 exit status
FAIL: gcc.dg/cpp/digraphs.c (test for excess errors)
output is:
/usr/bin/ld: unrecognized option '--as-needed'
/usr/bin/ld: use the --help option for usage information
collect2: ld returned 1 exit status
FAIL: gcc.dg/cpp/lexnum.c (test for excess errors)
output is:
/usr/bin/ld: unrecognized option '--as-needed'
/usr/bin/ld: use the --help option for usage information
collect2: ld returned 1 exit status
FAIL: gcc.dg/cpp/lexstrng.c (test for excess errors)
output is:
/usr/bin/ld: unrecognized option '--as-needed'
/usr/bin/ld: use the --help option for usage information
collect2: ld returned 1 exit status
FAIL: gcc.dg/cpp/mac-dir-1.c (test for excess errors)
output is:
/usr/bin/ld: unrecognized option '--as-needed'
/usr/bin/ld: use the --help option for usage information
collect2: ld returned 1 exit status
FAIL: gcc.dg/cpp/macro1.c (test for excess errors)
output is:
/usr/bin/ld: unrecognized option '--as-needed'
/usr/bin/ld: use the --help option for usage information
collect2: ld returned 1 exit status
FAIL: gcc.dg/cpp/macro3.c (test for excess errors)
output is:
/usr/bin/ld: unrecognized option '--as-needed'
/usr/bin/ld: use the --help option for usage information
collect2: ld returned 1 exit status
FAIL: gcc.dg/cpp/macro6.c (test for excess errors)
output is:
/usr/bin/ld: unrecognized option '--as-needed'
/usr/bin/ld: use the --help option for usage information
collect2: ld returned 1 exit status
FAIL: gcc.dg/cpp/paste2.c (test for excess errors)
output is:
/usr/bin/ld: unrecognized option '--as-needed'
/usr/bin/ld: use the --help option for usage information
collect2: ld returned 1 exit status
FAIL: gcc.dg/cpp/paste7.c (test for excess errors)
output is:
/usr/bin/ld: unrecognized option '--as-needed'
/usr/bin/ld: use the --help option for usage information
collect2: ld returned 1 exit status
FAIL: gcc.dg/cpp/paste9.c (test for excess errors)
output is:
/usr/bin/ld: unrecognized option '--as-needed'
/usr/bin/ld: use the --help option for usage information
collect2: ld returned 1 exit status
FAIL: gcc.dg/cpp/strify3.c (test for excess errors)
output is:
/usr/bin/ld: unrecognized option '--as-needed'
/usr/bin/ld: use the --help option for usage information
collect2: ld returned 1 exit status
FAIL: gcc.dg/cpp/strp1.c (test for excess errors)
output is:
/usr/bin/ld: unrecognized option '--as-needed'
/usr/bin/ld: use the --help option for usage information
collect2: ld returned 1 exit status
FAIL: gcc.dg/cpp/strp2.c (test for excess errors)
output is:
/usr/bin/ld: unrecognized option '--as-needed'
/usr/bin/ld: use the --help option for usage information
collect2: ld returned 1 exit status
FAIL: gcc.dg/cpp/trigraphs.c (test for excess errors)
output is:
/usr/bin/ld: unrecognized option '--as-needed'
/usr/bin/ld: use the --help option for usage information
collect2: ld returned 1 exit status
FAIL: gcc.dg/cpp/vararg1.c (test for excess errors)
output is:
/usr/bin/ld: unrecognized option '--as-needed'
/usr/bin/ld: use the --help option for usage information
collect2: ld returned 1 exit status
FAIL: gcc.dg/cpp/wchar-1.c (test for excess errors)
output is:
/usr/bin/ld: unrecognized option '--as-needed'
/usr/bin/ld: use the --help option for usage information
collect2: ld returned 1 exit status
FAIL: gcc.dg/cpp/trad/funlike-4.c (test for excess errors)
output is:
/usr/bin/ld: unrecognized option '--as-needed'
/usr/bin/ld: use the --help option for usage information
collect2: ld returned 1 exit status
FAIL: gcc.dg/cpp/trad/strify.c (test for excess errors)
output is:
/usr/bin/ld: unrecognized option '--as-needed'
/usr/bin/ld: use the --help option for usage information
collect2: ld returned 1 exit status
FAIL: gcc.dg/cpp/trad/funlike-4.c (test for excess errors)
output is:
/usr/bin/ld: unrecognized option '--as-needed'
/usr/bin/ld: use the --help option for usage information
collect2: ld returned 1 exit status
FAIL: gcc.dg/cpp/trad/strify.c (test for excess errors)
output is:
/usr/bin/ld: unrecognized option '--as-needed'
/usr/bin/ld: use the --help option for usage information
collect2: ld returned 1 exit status
FAIL: gcc.dg/debug/20020220-1.c (test for excess errors)
output is:
/usr/bin/ld: unrecognized option '--as-needed'
/usr/bin/ld: use the --help option for usage information
collect2: ld returned 1 exit status
FAIL: gcc.dg/debug/20020220-1.c (test for excess errors)
output is:
/usr/bin/ld: unrecognized option '--as-needed'
/usr/bin/ld: use the --help option for usage information
collect2: ld returned 1 exit status
FAIL: gcc.dg/debug/20020220-1.c (test for excess errors)
output is:
/usr/bin/ld: unrecognized option '--as-needed'
/usr/bin/ld: use the --help option for usage information
collect2: ld returned 1 exit status
FAIL: gcc.dg/debug/20020220-1.c (test for excess errors)
output is:
/usr/bin/ld: unrecognized option '--as-needed'
/usr/bin/ld: use the --help option for usage information
collect2: ld returned 1 exit status
FAIL: gcc.dg/debug/20020220-1.c (test for excess errors)
output is:
/usr/bin/ld: unrecognized option '--as-needed'
/usr/bin/ld: use the --help option for usage information
collect2: ld returned 1 exit status
FAIL: gcc.dg/debug/20020220-1.c (test for excess errors)
output is:
/usr/bin/ld: unrecognized option '--as-needed'
/usr/bin/ld: use the --help option for usage information
collect2: ld returned 1 exit status
FAIL: gcc.dg/debug/20020220-1.c (test for excess errors)
output is:
/usr/bin/ld: unrecognized option '--as-needed'
/usr/bin/ld: use the --help option for usage information
collect2: ld returned 1 exit status
FAIL: gcc.dg/debug/20020220-1.c (test for excess errors)
output is:
/usr/bin/ld: unrecognized option '--as-needed'
/usr/bin/ld: use the --help option for usage information
collect2: ld returned 1 exit status
FAIL: gcc.dg/debug/20020220-1.c (test for excess errors)
output is:
/usr/bin/ld: unrecognized option '--as-needed'
/usr/bin/ld: use the --help option for usage information
collect2: ld returned 1 exit status
FAIL: gcc.dg/debug/20020220-1.c (test for excess errors)
output is:
/usr/bin/ld: unrecognized option '--as-needed'
/usr/bin/ld: use the --help option for usage information
collect2: ld returned 1 exit status
FAIL: gcc.dg/debug/20020220-1.c (test for excess errors)
output is:
/usr/bin/ld: unrecognized option '--as-needed'
/usr/bin/ld: use the --help option for usage information
collect2: ld returned 1 exit status
FAIL: gcc.dg/debug/20020220-1.c (test for excess errors)
output is:
/usr/bin/ld: unrecognized option '--as-needed'
/usr/bin/ld: use the --help option for usage information
collect2: ld returned 1 exit status
FAIL: gcc.dg/debug/20020220-1.c (test for excess errors)
output is:
/usr/bin/ld: unrecognized option '--as-needed'
/usr/bin/ld: use the --help option for usage information
collect2: ld returned 1 exit status
FAIL: gcc.dg/debug/20020220-1.c (test for excess errors)
output is:
/usr/bin/ld: unrecognized option '--as-needed'
/usr/bin/ld: use the --help option for usage information
collect2: ld returned 1 exit status
FAIL: gcc.dg/debug/20020220-1.c (test for excess errors)
output is:
/usr/bin/ld: unrecognized option '--as-needed'
/usr/bin/ld: use the --help option for usage information
collect2: ld returned 1 exit status
FAIL: gcc.dg/debug/20020220-1.c (test for excess errors)
output is:
/usr/bin/ld: unrecognized option '--as-needed'
/usr/bin/ld: use the --help option for usage information
collect2: ld returned 1 exit status
FAIL: gcc.dg/debug/20020220-1.c (test for excess errors)
output is:
/usr/bin/ld: unrecognized option '--as-needed'
/usr/bin/ld: use the --help option for usage information
collect2: ld returned 1 exit status
FAIL: gcc.dg/debug/20020220-1.c (test for excess errors)
output is:
/usr/bin/ld: unrecognized option '--as-needed'
/usr/bin/ld: use the --help option for usage information
collect2: ld returned 1 exit status
FAIL: gcc.dg/debug/20020220-1.c (test for excess errors)
output is:
/usr/bin/ld: unrecognized option '--as-needed'
/usr/bin/ld: use the --help option for usage information
collect2: ld returned 1 exit status
FAIL: gcc.dg/debug/20020220-1.c (test for excess errors)
output is:
/usr/bin/ld: unrecognized option '--as-needed'
/usr/bin/ld: use the --help option for usage information
collect2: ld returned 1 exit status
FAIL: gcc.dg/debug/20020220-1.c (test for excess errors)
output is:
/usr/bin/ld: unrecognized option '--as-needed'
/usr/bin/ld: use the --help option for usage information
collect2: ld returned 1 exit status
FAIL: gcc.dg/debug/20020220-1.c (test for excess errors)
output is:
/usr/bin/ld: unrecognized option '--as-needed'
/usr/bin/ld: use the --help option for usage information
collect2: ld returned 1 exit status
FAIL: gcc.dg/debug/20020220-1.c (test for excess errors)
output is:
/usr/bin/ld: unrecognized option '--as-needed'
/usr/bin/ld: use the --help option for usage information
collect2: ld returned 1 exit status
FAIL: gcc.dg/debug/20020220-1.c (test for excess errors)
output is:
/usr/bin/ld: unrecognized option '--as-needed'
/usr/bin/ld: use the --help option for usage information
collect2: ld returned 1 exit status
FAIL: gcc.dg/debug/20020220-1.c (test for excess errors)
output is:
/usr/bin/ld: unrecognized option '--as-needed'
/usr/bin/ld: use the --help option for usage information
collect2: ld returned 1 exit status
FAIL: gcc.dg/debug/20020220-1.c (test for excess errors)
output is:
/usr/bin/ld: unrecognized option '--as-needed'
/usr/bin/ld: use the --help option for usage information
collect2: ld returned 1 exit status
FAIL: gcc.dg/debug/20020220-1.c (test for excess errors)
output is:
/usr/bin/ld: unrecognized option '--as-needed'
/usr/bin/ld: use the --help option for usage information
collect2: ld returned 1 exit status
FAIL: gcc.dg/debug/20020327-1.c (test for excess errors)
output is:
/usr/bin/ld: unrecognized option '--as-needed'
/usr/bin/ld: use the --help option for usage information
collect2: ld returned 1 exit status
FAIL: gcc.dg/debug/20020327-1.c (test for excess errors)
output is:
/usr/bin/ld: unrecognized option '--as-needed'
/usr/bin/ld: use the --help option for usage information
collect2: ld returned 1 exit status
FAIL: gcc.dg/debug/20020327-1.c (test for excess errors)
output is:
/usr/bin/ld: unrecognized option '--as-needed'
/usr/bin/ld: use the --help option for usage information
collect2: ld returned 1 exit status
FAIL: gcc.dg/debug/20020327-1.c (test for excess errors)
output is:
/usr/bin/ld: unrecognized option '--as-needed'
/usr/bin/ld: use the --help option for usage information
collect2: ld returned 1 exit status
FAIL: gcc.dg/debug/20020327-1.c (test for excess errors)
output is:
/usr/bin/ld: unrecognized option '--as-needed'
/usr/bin/ld: use the --help option for usage information
collect2: ld returned 1 exit status
FAIL: gcc.dg/debug/20020327-1.c (test for excess errors)
output is:
/usr/bin/ld: unrecognized option '--as-needed'
/usr/bin/ld: use the --help option for usage information
collect2: ld returned 1 exit status
FAIL: gcc.dg/debug/20020327-1.c (test for excess errors)
output is:
/usr/bin/ld: unrecognized option '--as-needed'
/usr/bin/ld: use the --help option for usage information
collect2: ld returned 1 exit status
FAIL: gcc.dg/debug/20020327-1.c (test for excess errors)
output is:
/usr/bin/ld: unrecognized option '--as-needed'
/usr/bin/ld: use the --help option for usage information
collect2: ld returned 1 exit status
FAIL: gcc.dg/debug/20020327-1.c (test for excess errors)
output is:
/usr/bin/ld: unrecognized option '--as-needed'
/usr/bin/ld: use the --help option for usage information
collect2: ld returned 1 exit status
FAIL: gcc.dg/debug/20020327-1.c (test for excess errors)
output is:
/usr/bin/ld: unrecognized option '--as-needed'
/usr/bin/ld: use the --help option for usage information
collect2: ld returned 1 exit status
FAIL: gcc.dg/debug/20020327-1.c (test for excess errors)
output is:
/usr/bin/ld: unrecognized option '--as-needed'
/usr/bin/ld: use the --help option for usage information
collect2: ld returned 1 exit status
FAIL: gcc.dg/debug/20020327-1.c (test for excess errors)
output is:
/usr/bin/ld: unrecognized option '--as-needed'
/usr/bin/ld: use the --help option for usage information
collect2: ld returned 1 exit status
FAIL: gcc.dg/debug/20020327-1.c (test for excess errors)
output is:
/usr/bin/ld: unrecognized option '--as-needed'
/usr/bin/ld: use the --help option for usage information
collect2: ld returned 1 exit status
FAIL: gcc.dg/debug/20020327-1.c (test for excess errors)
output is:
/usr/bin/ld: unrecognized option '--as-needed'
/usr/bin/ld: use the --help option for usage information
collect2: ld returned 1 exit status
FAIL: gcc.dg/debug/20020327-1.c (test for excess errors)
output is:
/usr/bin/ld: unrecognized option '--as-needed'
/usr/bin/ld: use the --help option for usage information
collect2: ld returned 1 exit status
FAIL: gcc.dg/debug/20020327-1.c (test for excess errors)
output is:
/usr/bin/ld: unrecognized option '--as-needed'
/usr/bin/ld: use the --help option for usage information
collect2: ld returned 1 exit status
FAIL: gcc.dg/debug/20020327-1.c (test for excess errors)
output is:
/usr/bin/ld: unrecognized option '--as-needed'
/usr/bin/ld: use the --help option for usage information
collect2: ld returned 1 exit status
FAIL: gcc.dg/debug/20020327-1.c (test for excess errors)
output is:
/usr/bin/ld: unrecognized option '--as-needed'
/usr/bin/ld: use the --help option for usage information
collect2: ld returned 1 exit status
FAIL: gcc.dg/debug/20020327-1.c (test for excess errors)
output is:
/usr/bin/ld: unrecognized option '--as-needed'
/usr/bin/ld: use the --help option for usage information
collect2: ld returned 1 exit status
FAIL: gcc.dg/debug/20020327-1.c (test for excess errors)
output is:
/usr/bin/ld: unrecognized option '--as-needed'
/usr/bin/ld: use the --help option for usage information
collect2: ld returned 1 exit status
FAIL: gcc.dg/debug/20020327-1.c (test for excess errors)
output is:
/usr/bin/ld: unrecognized option '--as-needed'
/usr/bin/ld: use the --help option for usage information
collect2: ld returned 1 exit status
FAIL: gcc.dg/debug/20020327-1.c (test for excess errors)
output is:
/usr/bin/ld: unrecognized option '--as-needed'
/usr/bin/ld: use the --help option for usage information
collect2: ld returned 1 exit status
FAIL: gcc.dg/debug/20020327-1.c (test for excess errors)
output is:
/usr/bin/ld: unrecognized option '--as-needed'
/usr/bin/ld: use the --help option for usage information
collect2: ld returned 1 exit status
FAIL: gcc.dg/debug/20020327-1.c (test for excess errors)
output is:
/usr/bin/ld: unrecognized option '--as-needed'
/usr/bin/ld: use the --help option for usage information
collect2: ld returned 1 exit status
FAIL: gcc.dg/debug/20020327-1.c (test for excess errors)
output is:
/usr/bin/ld: unrecognized option '--as-needed'
/usr/bin/ld: use the --help option for usage information
collect2: ld returned 1 exit status
FAIL: gcc.dg/debug/20020327-1.c (test for excess errors)
output is:
/usr/bin/ld: unrecognized option '--as-needed'
/usr/bin/ld: use the --help option for usage information
collect2: ld returned 1 exit status
FAIL: gcc.dg/debug/20020327-1.c (test for excess errors)
output is:
/usr/bin/ld: unrecognized option '--as-needed'
/usr/bin/ld: use the --help option for usage information
collect2: ld returned 1 exit status
FAIL: gcc.dg/debug/trivial.c (test for excess errors)
output is:
/usr/bin/ld: unrecognized option '--as-needed'
/usr/bin/ld: use the --help option for usage information
collect2: ld returned 1 exit status
FAIL: gcc.dg/debug/trivial.c (test for excess errors)
output is:
/usr/bin/ld: unrecognized option '--as-needed'
/usr/bin/ld: use the --help option for usage information
collect2: ld returned 1 exit status
FAIL: gcc.dg/debug/trivial.c (test for excess errors)
output is:
/usr/bin/ld: unrecognized option '--as-needed'
/usr/bin/ld: use the --help option for usage information
collect2: ld returned 1 exit status
FAIL: gcc.dg/debug/trivial.c (test for excess errors)
output is:
/usr/bin/ld: unrecognized option '--as-needed'
/usr/bin/ld: use the --help option for usage information
collect2: ld returned 1 exit status
FAIL: gcc.dg/debug/trivial.c (test for excess errors)
output is:
/usr/bin/ld: unrecognized option '--as-needed'
/usr/bin/ld: use the --help option for usage information
collect2: ld returned 1 exit status
FAIL: gcc.dg/debug/trivial.c (test for excess errors)
output is:
/usr/bin/ld: unrecognized option '--as-needed'
/usr/bin/ld: use the --help option for usage information
collect2: ld returned 1 exit status
FAIL: gcc.dg/debug/trivial.c (test for excess errors)
output is:
/usr/bin/ld: unrecognized option '--as-needed'
/usr/bin/ld: use the --help option for usage information
collect2: ld returned 1 exit status
FAIL: gcc.dg/debug/trivial.c (test for excess errors)
output is:
/usr/bin/ld: unrecognized option '--as-needed'
/usr/bin/ld: use the --help option for usage information
collect2: ld returned 1 exit status
FAIL: gcc.dg/debug/trivial.c (test for excess errors)
output is:
/usr/bin/ld: unrecognized option '--as-needed'
/usr/bin/ld: use the --help option for usage information
collect2: ld returned 1 exit status
FAIL: gcc.dg/debug/trivial.c (test for excess errors)
output is:
/usr/bin/ld: unrecognized option '--as-needed'
/usr/bin/ld: use the --help option for usage information
collect2: ld returned 1 exit status
FAIL: gcc.dg/debug/trivial.c (test for excess errors)
output is:
/usr/bin/ld: unrecognized option '--as-needed'
/usr/bin/ld: use the --help option for usage information
collect2: ld returned 1 exit status
FAIL: gcc.dg/debug/trivial.c (test for excess errors)
output is:
/usr/bin/ld: unrecognized option '--as-needed'
/usr/bin/ld: use the --help option for usage information
collect2: ld returned 1 exit status
FAIL: gcc.dg/debug/trivial.c (test for excess errors)
output is:
/usr/bin/ld: unrecognized option '--as-needed'
/usr/bin/ld: use the --help option for usage information
collect2: ld returned 1 exit status
FAIL: gcc.dg/debug/trivial.c (test for excess errors)
output is:
/usr/bin/ld: unrecognized option '--as-needed'
/usr/bin/ld: use the --help option for usage information
collect2: ld returned 1 exit status
FAIL: gcc.dg/debug/trivial.c (test for excess errors)
output is:
/usr/bin/ld: unrecognized option '--as-needed'
/usr/bin/ld: use the --help option for usage information
collect2: ld returned 1 exit status
FAIL: gcc.dg/debug/trivial.c (test for excess errors)
output is:
/usr/bin/ld: unrecognized option '--as-needed'
/usr/bin/ld: use the --help option for usage information
collect2: ld returned 1 exit status
FAIL: gcc.dg/debug/trivial.c (test for excess errors)
output is:
/usr/bin/ld: unrecognized option '--as-needed'
/usr/bin/ld: use the --help option for usage information
collect2: ld returned 1 exit status
FAIL: gcc.dg/debug/trivial.c (test for excess errors)
output is:
/usr/bin/ld: unrecognized option '--as-needed'
/usr/bin/ld: use the --help option for usage information
collect2: ld returned 1 exit status
FAIL: gcc.dg/debug/trivial.c (test for excess errors)
output is:
/usr/bin/ld: unrecognized option '--as-needed'
/usr/bin/ld: use the --help option for usage information
collect2: ld returned 1 exit status
FAIL: gcc.dg/debug/trivial.c (test for excess errors)
output is:
/usr/bin/ld: unrecognized option '--as-needed'
/usr/bin/ld: use the --help option for usage information
collect2: ld returned 1 exit status
FAIL: gcc.dg/debug/trivial.c (test for excess errors)
output is:
/usr/bin/ld: unrecognized option '--as-needed'
/usr/bin/ld: use the --help option for usage information
collect2: ld returned 1 exit status
FAIL: gcc.dg/debug/trivial.c (test for excess errors)
output is:
/usr/bin/ld: unrecognized option '--as-needed'
/usr/bin/ld: use the --help option for usage information
collect2: ld returned 1 exit status
FAIL: gcc.dg/debug/trivial.c (test for excess errors)
output is:
/usr/bin/ld: unrecognized option '--as-needed'
/usr/bin/ld: use the --help option for usage information
collect2: ld returned 1 exit status
FAIL: gcc.dg/debug/trivial.c (test for excess errors)
output is:
/usr/bin/ld: unrecognized option '--as-needed'
/usr/bin/ld: use the --help option for usage information
collect2: ld returned 1 exit status
FAIL: gcc.dg/debug/trivial.c (test for excess errors)
output is:
/usr/bin/ld: unrecognized option '--as-needed'
/usr/bin/ld: use the --help option for usage information
collect2: ld returned 1 exit status
FAIL: gcc.dg/debug/trivial.c (test for excess errors)
output is:
/usr/bin/ld: unrecognized option '--as-needed'
/usr/bin/ld: use the --help option for usage information
collect2: ld returned 1 exit status
FAIL: gcc.dg/debug/trivial.c (test for excess errors)
output is:
/usr/bin/ld: unrecognized option '--as-needed'
/usr/bin/ld: use the --help option for usage information
collect2: ld returned 1 exit status
FAIL: gcc.dg/20000108-1.c (test for excess errors)
output is:
/usr/bin/ld: unrecognized option '--as-needed'
/usr/bin/ld: use the --help option for usage information
collect2: ld returned 1 exit status
FAIL: gcc.dg/20000623-1.c (test for excess errors)
output is:
/usr/bin/ld: unrecognized option '--as-needed'
/usr/bin/ld: use the --help option for usage information
collect2: ld returned 1 exit status
FAIL: gcc.dg/20000906-1.c (test for excess errors)
output is:
/usr/bin/ld: unrecognized option '--as-needed'
/usr/bin/ld: use the --help option for usage information
collect2: ld returned 1 exit status
FAIL: gcc.dg/20001023-1.c (test for excess errors)
output is:
/usr/bin/ld: unrecognized option '--as-needed'
/usr/bin/ld: use the --help option for usage information
collect2: ld returned 1 exit status
FAIL: gcc.dg/20001108-1.c (test for excess errors)
output is:
/usr/bin/ld: unrecognized option '--as-needed'
/usr/bin/ld: use the --help option for usage information
collect2: ld returned 1 exit status
FAIL: gcc.dg/20001117-1.c (test for excess errors)
output is:
/usr/bin/ld: unrecognized option '--as-needed'
/usr/bin/ld: use the --help option for usage information
collect2: ld returned 1 exit status
FAIL: gcc.dg/20010822-1.c (test for excess errors)
output is:
/usr/bin/ld: unrecognized option '--as-needed'
/usr/bin/ld: use the --help option for usage information
collect2: ld returned 1 exit status
FAIL: gcc.dg/20010912-1.c (test for excess errors)
output is:
/usr/bin/ld: unrecognized option '--as-needed'
/usr/bin/ld: use the --help option for usage information
collect2: ld returned 1 exit status
FAIL: gcc.dg/20011008-2.c (test for excess errors)
output is:
/usr/bin/ld: unrecognized option '--as-needed'
/usr/bin/ld: use the --help option for usage information
collect2: ld returned 1 exit status
FAIL: gcc.dg/20020118-1.c (test for excess errors)
output is:
/usr/bin/ld: unrecognized option '--as-needed'
/usr/bin/ld: use the --help option for usage information
collect2: ld returned 1 exit status
FAIL: gcc.dg/20020201-1.c (test for excess errors)
output is:
/usr/bin/ld: unrecognized option '--as-needed'
/usr/bin/ld: use the --help option for usage information
collect2: ld returned 1 exit status
FAIL: gcc.dg/20020206-1.c (test for excess errors)
output is:
/usr/bin/ld: unrecognized option '--as-needed'
/usr/bin/ld: use the --help option for usage information
collect2: ld returned 1 exit status
FAIL: gcc.dg/20020210-1.c (test for excess errors)
output is:
/usr/bin/ld: unrecognized option '--as-needed'
/usr/bin/ld: use the --help option for usage information
collect2: ld returned 1 exit status
FAIL: gcc.dg/20020219-1.c (test for excess errors)
output is:
/usr/bin/ld: unrecognized option '--as-needed'
/usr/bin/ld: use the --help option for usage information
collect2: ld returned 1 exit status
FAIL: gcc.dg/20020310-1.c (test for excess errors)
output is:
/usr/bin/ld: unrecognized option '--as-needed'
/usr/bin/ld: use the --help option for usage information
collect2: ld returned 1 exit status
FAIL: gcc.dg/20020312-2.c (test for excess errors)
output is:
/usr/bin/ld: unrecognized option '--as-needed'
/usr/bin/ld: use the --help option for usage information
collect2: ld returned 1 exit status
FAIL: gcc.dg/20020426-2.c (test for excess errors)
output is:
/usr/bin/ld: unrecognized option '--as-needed'
/usr/bin/ld: use the --help option for usage information
collect2: ld returned 1 exit status
FAIL: gcc.dg/20020517-1.c (test for excess errors)
output is:
/usr/bin/ld: unrecognized option '--as-needed'
/usr/bin/ld: use the --help option for usage information
collect2: ld returned 1 exit status
FAIL: gcc.dg/20020607-1.c (test for excess errors)
output is:
/usr/bin/ld: unrecognized option '--as-needed'
/usr/bin/ld: use the --help option for usage information
collect2: ld returned 1 exit status
FAIL: gcc.dg/20020607-2.c (test for excess errors)
output is:
/usr/bin/ld: unrecognized option '--as-needed'
/usr/bin/ld: use the --help option for usage information
collect2: ld returned 1 exit status
FAIL: gcc.dg/20021014-1.c (test for excess errors)
output is:
/usr/bin/ld: unrecognized option '--as-needed'
/usr/bin/ld: use the --help option for usage information
collect2: ld returned 1 exit status
FAIL: gcc.dg/20021018-1.c (test for excess errors)
output is:
/usr/bin/ld: unrecognized option '--as-needed'
/usr/bin/ld: use the --help option for usage information
collect2: ld returned 1 exit status
FAIL: gcc.dg/20030213-1.c (test for excess errors)
output is:
/usr/bin/ld: unrecognized option '--as-needed'
/usr/bin/ld: use the --help option for usage information
collect2: ld returned 1 exit status
FAIL: gcc.dg/20030225-1.c (test for excess errors)
output is:
/usr/bin/ld: unrecognized option '--as-needed'
/usr/bin/ld: use the --help option for usage information
collect2: ld returned 1 exit status
FAIL: gcc.dg/20030309-1.c (test for excess errors)
output is:
/usr/bin/ld: unrecognized option '--as-needed'
/usr/bin/ld: use the --help option for usage information
collect2: ld returned 1 exit status
FAIL: gcc.dg/20030323-1.c (test for excess errors)
output is:
/usr/bin/ld: unrecognized option '--as-needed'
/usr/bin/ld: use the --help option for usage information
collect2: ld returned 1 exit status
FAIL: gcc.dg/20030324-1.c (test for excess errors)
output is:
/usr/bin/ld: unrecognized option '--as-needed'
/usr/bin/ld: use the --help option for usage information
collect2: ld returned 1 exit status
FAIL: gcc.dg/20030708-1.c (test for excess errors)
output is:
/usr/bin/ld: unrecognized option '--as-needed'
/usr/bin/ld: use the --help option for usage information
collect2: ld returned 1 exit status
FAIL: gcc.dg/20030717-1.c (test for excess errors)
output is:
/usr/bin/ld: unrecognized option '--as-needed'
/usr/bin/ld: use the --help option for usage information
collect2: ld returned 1 exit status
FAIL: gcc.dg/20031202-1.c (test for excess errors)
output is:
/usr/bin/ld: unrecognized option '--as-needed'
/usr/bin/ld: use the --help option for usage information
collect2: ld returned 1 exit status
FAIL: gcc.dg/980523-1.c (test for excess errors)
output is:
/usr/bin/ld: unrecognized option '--as-needed'
/usr/bin/ld: use the --help option for usage information
collect2: ld returned 1 exit status
FAIL: gcc.dg/980827-1.c (test for excess errors)
output is:
/usr/bin/ld: unrecognized option '--as-needed'
/usr/bin/ld: use the --help option for usage information
collect2: ld returned 1 exit status
FAIL: gcc.dg/altivec-5.c (test for excess errors)
output is:
/home/foo/src/gcc-3_3-branch/gcc/testsuite/gcc.dg/altivec-5.c: In function \`foo':
/home/foo/src/gcc-3_3-branch/gcc/testsuite/gcc.dg/altivec-5.c:12: error: unrecognizable insn:
(insn:HI 5 19 6 0 (nil) (set (reg/v:V4SI 120)
(mem/f:V4SI (plus:SI (reg/f:SI 67 ap)
(const_int 8 [0x8])) [4 b+0 S16 A128])) -1 (nil)
(nil))
/home/foo/src/gcc-3_3-branch/gcc/testsuite/gcc.dg/altivec-5.c:12: internal compiler error: in extract_insn, at recog.c:2175
Please submit a full bug report,
with preprocessed source if appropriate.
See <URL:http://gcc.gnu.org/bugs.html> for instructions.
FAIL: gcc.dg/asm-names.c (test for excess errors)
output is:
/usr/bin/ld: unrecognized option '--as-needed'
/usr/bin/ld: use the --help option for usage information
collect2: ld returned 1 exit status
FAIL: gcc.dg/bitfld-3.c (test for excess errors)
output is:
/usr/bin/ld: unrecognized option '--as-needed'
/usr/bin/ld: use the --help option for usage information
collect2: ld returned 1 exit status
FAIL: gcc.dg/bitfld-4.c (test for excess errors)
output is:
/usr/bin/ld: unrecognized option '--as-needed'
/usr/bin/ld: use the --help option for usage information
collect2: ld returned 1 exit status
FAIL: gcc.dg/builtin-choose-expr.c (test for excess errors)
output is:
/usr/bin/ld: unrecognized option '--as-needed'
/usr/bin/ld: use the --help option for usage information
collect2: ld returned 1 exit status
FAIL: gcc.dg/c90-digraph-1.c (test for excess errors)
output is:
/usr/bin/ld: unrecognized option '--as-needed'
/usr/bin/ld: use the --help option for usage information
collect2: ld returned 1 exit status
FAIL: gcc.dg/c90-hexfloat-2.c (test for excess errors)
output is:
/usr/bin/ld: unrecognized option '--as-needed'
/usr/bin/ld: use the --help option for usage information
collect2: ld returned 1 exit status
FAIL: gcc.dg/c90-scope-1.c (test for excess errors)
output is:
/usr/bin/ld: unrecognized option '--as-needed'
/usr/bin/ld: use the --help option for usage information
collect2: ld returned 1 exit status
FAIL: gcc.dg/c94-digraph-1.c (test for excess errors)
output is:
/usr/bin/ld: unrecognized option '--as-needed'
/usr/bin/ld: use the --help option for usage information
collect2: ld returned 1 exit status
FAIL: gcc.dg/c99-complit-1.c (test for excess errors)
output is:
/usr/bin/ld: unrecognized option '--as-needed'
/usr/bin/ld: use the --help option for usage information
collect2: ld returned 1 exit status
FAIL: gcc.dg/c99-digraph-1.c (test for excess errors)
output is:
/usr/bin/ld: unrecognized option '--as-needed'
/usr/bin/ld: use the --help option for usage information
collect2: ld returned 1 exit status
FAIL: gcc.dg/c99-fordecl-1.c (test for excess errors)
output is:
/usr/bin/ld: unrecognized option '--as-needed'
/usr/bin/ld: use the --help option for usage information
collect2: ld returned 1 exit status
FAIL: gcc.dg/c99-func-1.c (test for excess errors)
output is:
/usr/bin/ld: unrecognized option '--as-needed'
/usr/bin/ld: use the --help option for usage information
collect2: ld returned 1 exit status
FAIL: gcc.dg/c99-func-3.c (test for excess errors)
output is:
/usr/bin/ld: unrecognized option '--as-needed'
/usr/bin/ld: use the --help option for usage information
collect2: ld returned 1 exit status
FAIL: gcc.dg/c99-hexfloat-2.c (test for excess errors)
output is:
/usr/bin/ld: unrecognized option '--as-needed'
/usr/bin/ld: use the --help option for usage information
collect2: ld returned 1 exit status
FAIL: gcc.dg/c99-init-1.c (test for excess errors)
output is:
/usr/bin/ld: unrecognized option '--as-needed'
/usr/bin/ld: use the --help option for usage information
collect2: ld returned 1 exit status
FAIL: gcc.dg/c99-mixdecl-1.c (test for excess errors)
output is:
/usr/bin/ld: unrecognized option '--as-needed'
/usr/bin/ld: use the --help option for usage information
collect2: ld returned 1 exit status
FAIL: gcc.dg/c99-scope-1.c (test for excess errors)
output is:
/usr/bin/ld: unrecognized option '--as-needed'
/usr/bin/ld: use the --help option for usage information
collect2: ld returned 1 exit status
FAIL: gcc.dg/c99-scope-2.c (test for excess errors)
output is:
/usr/bin/ld: unrecognized option '--as-needed'
/usr/bin/ld: use the --help option for usage information
collect2: ld returned 1 exit status
FAIL: gcc.dg/cleanup-2.c (test for excess errors)
output is:
/usr/bin/ld: unrecognized option '--as-needed'
/usr/bin/ld: use the --help option for usage information
collect2: ld returned 1 exit status
FAIL: gcc.dg/cleanup-3.c (test for excess errors)
output is:
/usr/bin/ld: unrecognized option '--as-needed'
/usr/bin/ld: use the --help option for usage information
collect2: ld returned 1 exit status
FAIL: gcc.dg/cleanup-4.c (test for excess errors)
output is:
/usr/bin/ld: unrecognized option '--as-needed'
/usr/bin/ld: use the --help option for usage information
collect2: ld returned 1 exit status
FAIL: gcc.dg/cleanup-5.c (test for excess errors)
output is:
/usr/bin/ld: unrecognized option '--as-needed'
/usr/bin/ld: use the --help option for usage information
collect2: ld returned 1 exit status
FAIL: gcc.dg/cleanup-7.c (test for excess errors)
output is:
/usr/bin/ld: unrecognized option '--as-needed'
/usr/bin/ld: use the --help option for usage information
collect2: ld returned 1 exit status
FAIL: gcc.dg/complete-port.c (test for excess errors)
output is:
/usr/bin/ld: unrecognized option '--as-needed'
/usr/bin/ld: use the --help option for usage information
collect2: ld returned 1 exit status
FAIL: gcc.dg/const-1.c (test for excess errors)
output is:
/usr/bin/ld: unrecognized option '--as-needed'
/usr/bin/ld: use the --help option for usage information
collect2: ld returned 1 exit status
FAIL: gcc.dg/duff-1.c (test for excess errors)
output is:
/usr/bin/ld: unrecognized option '--as-needed'
/usr/bin/ld: use the --help option for usage information
collect2: ld returned 1 exit status
FAIL: gcc.dg/duff-2.c (test for excess errors)
output is:
/home/foo/src/gcc-3_3-branch/gcc/testsuite/gcc.dg/duff-2.c: In function \`cksum':
/home/foo/src/gcc-3_3-branch/gcc/testsuite/gcc.dg/duff-2.c:28: warning: unreachable code at beginning of switch statement
/usr/bin/ld: unrecognized option '--as-needed'
/usr/bin/ld: use the --help option for usage information
collect2: ld returned 1 exit status
FAIL: gcc.dg/duff-3.c (test for excess errors)
output is:
/usr/bin/ld: unrecognized option '--as-needed'
/usr/bin/ld: use the --help option for usage information
collect2: ld returned 1 exit status
FAIL: gcc.dg/empty1.c (test for excess errors)
output is:
/usr/bin/ld: unrecognized option '--as-needed'
/usr/bin/ld: use the --help option for usage information
collect2: ld returned 1 exit status
FAIL: gcc.dg/enum1.c (test for excess errors)
output is:
/usr/bin/ld: unrecognized option '--as-needed'
/usr/bin/ld: use the --help option for usage information
collect2: ld returned 1 exit status
FAIL: gcc.dg/fastmath-1.c (test for excess errors)
output is:
/usr/bin/ld: unrecognized option '--as-needed'
/usr/bin/ld: use the --help option for usage information
collect2: ld returned 1 exit status
FAIL: gcc.dg/fnegate-1.c (test for excess errors)
output is:
/usr/bin/ld: unrecognized option '--as-needed'
/usr/bin/ld: use the --help option for usage information
collect2: ld returned 1 exit status
FAIL: gcc.dg/fshort-wchar.c (test for excess errors)
output is:
/usr/bin/ld: unrecognized option '--as-needed'
/usr/bin/ld: use the --help option for usage information
collect2: ld returned 1 exit status
FAIL: gcc.dg/gnu89-init-1.c (test for excess errors)
output is:
/usr/bin/ld: unrecognized option '--as-needed'
/usr/bin/ld: use the --help option for usage information
collect2: ld returned 1 exit status
FAIL: gcc.dg/gnu99-init-1.c (test for excess errors)
output is:
/usr/bin/ld: unrecognized option '--as-needed'
/usr/bin/ld: use the --help option for usage information
collect2: ld returned 1 exit status
FAIL: gcc.dg/nest.c (test for excess errors)
output is:
/usr/bin/ld: unrecognized option '--as-needed'
/usr/bin/ld: use the --help option for usage information
collect2: ld returned 1 exit status
FAIL: gcc.dg/ppc-ldstruct.c (test for excess errors)
output is:
/usr/bin/ld: unrecognized option '--as-needed'
/usr/bin/ld: use the --help option for usage information
collect2: ld returned 1 exit status
FAIL: gcc.dg/ppc-stackalign-1.c (test for excess errors)
output is:
/usr/bin/ld: unrecognized option '--as-needed'
/usr/bin/ld: use the --help option for usage information
collect2: ld returned 1 exit status
FAIL: gcc.dg/sibcall-1.c (test for excess errors)
output is:
/usr/bin/ld: unrecognized option '--as-needed'
/usr/bin/ld: use the --help option for usage information
collect2: ld returned 1 exit status
FAIL: gcc.dg/sibcall-2.c (test for excess errors)
output is:
/usr/bin/ld: unrecognized option '--as-needed'
/usr/bin/ld: use the --help option for usage information
collect2: ld returned 1 exit status
FAIL: gcc.dg/sibcall-3.c (test for excess errors)
output is:
/usr/bin/ld: unrecognized option '--as-needed'
/usr/bin/ld: use the --help option for usage information
collect2: ld returned 1 exit status
FAIL: gcc.dg/sibcall-4.c (test for excess errors)
output is:
/usr/bin/ld: unrecognized option '--as-needed'
/usr/bin/ld: use the --help option for usage information
collect2: ld returned 1 exit status
FAIL: gcc.dg/struct-alias-1.c (test for excess errors)
output is:
/usr/bin/ld: unrecognized option '--as-needed'
/usr/bin/ld: use the --help option for usage information
collect2: ld returned 1 exit status
FAIL: gcc.dg/struct-by-value-1.c (test for excess errors)
output is:
/usr/bin/ld: unrecognized option '--as-needed'
/usr/bin/ld: use the --help option for usage information
collect2: ld returned 1 exit status
FAIL: gcc.dg/struct-ret-libc.c (test for excess errors)
output is:
/usr/bin/ld: unrecognized option '--as-needed'
/usr/bin/ld: use the --help option for usage information
collect2: ld returned 1 exit status
FAIL: gcc.dg/trampoline-1.c (test for excess errors)
output is:
/usr/bin/ld: unrecognized option '--as-needed'
/usr/bin/ld: use the --help option for usage information
collect2: ld returned 1 exit status
FAIL: gcc.dg/special/weak-1.c (test for excess errors)
output is:
/usr/bin/ld: unrecognized option '--as-needed'
/usr/bin/ld: use the --help option for usage information
collect2: ld returned 1 exit status
FAIL: gcc.dg/special/weak-2.c (test for excess errors)
output is:
/usr/bin/ld: unrecognized option '--as-needed'
/usr/bin/ld: use the --help option for usage information
collect2: ld returned 1 exit status
FAIL: gcc.dg/special/alias-1.c (test for excess errors)
output is:
/usr/bin/ld: unrecognized option '--as-needed'
/usr/bin/ld: use the --help option for usage information
collect2: ld returned 1 exit status
FAIL: gcc.dg/special/alias-2.c (test for excess errors)
output is:
/usr/bin/ld: unrecognized option '--as-needed'
/usr/bin/ld: use the --help option for usage information
collect2: ld returned 1 exit status
FAIL: gcc.dg/special/wkali-1.c (test for excess errors)
output is:
/usr/bin/ld: unrecognized option '--as-needed'
/usr/bin/ld: use the --help option for usage information
collect2: ld returned 1 exit status
FAIL: gcc.dg/special/wkali-2.c (test for excess errors)
output is:
/usr/bin/ld: unrecognized option '--as-needed'
/usr/bin/ld: use the --help option for usage information
collect2: ld returned 1 exit status
FAIL: gcc.misc-tests/bprob-1.c compilation, -g -fprofile-arcs
output is:
/usr/bin/ld: unrecognized option '--as-needed'
/usr/bin/ld: use the --help option for usage information
collect2: ld returned 1 exit status
FAIL: gcc.misc-tests/bprob-1.c compilation, -O0 -fprofile-arcs
output is:
/usr/bin/ld: unrecognized option '--as-needed'
/usr/bin/ld: use the --help option for usage information
collect2: ld returned 1 exit status
FAIL: gcc.misc-tests/bprob-1.c compilation, -O1 -fprofile-arcs
output is:
/usr/bin/ld: unrecognized option '--as-needed'
/usr/bin/ld: use the --help option for usage information
collect2: ld returned 1 exit status
FAIL: gcc.misc-tests/bprob-1.c compilation, -O2 -DPERFTIME -fprofile-arcs
output is:
/usr/bin/ld: unrecognized option '--as-needed'
/usr/bin/ld: use the --help option for usage information
collect2: ld returned 1 exit status
FAIL: gcc.misc-tests/bprob-1.c compilation, -O3 -DPERFTIME -fprofile-arcs
output is:
/usr/bin/ld: unrecognized option '--as-needed'
/usr/bin/ld: use the --help option for usage information
collect2: ld returned 1 exit status
FAIL: gcc.misc-tests/bprob-1.c compilation, -O3 -g -DPERFTIME -fprofile-arcs
output is:
/usr/bin/ld: unrecognized option '--as-needed'
/usr/bin/ld: use the --help option for usage information
collect2: ld returned 1 exit status
FAIL: gcc.misc-tests/bprob-1.c compilation, -Os -fprofile-arcs
output is:
/usr/bin/ld: unrecognized option '--as-needed'
/usr/bin/ld: use the --help option for usage information
collect2: ld returned 1 exit status
FAIL: gcc.misc-tests/bprob-2.c compilation, -g -fprofile-arcs
output is:
/usr/bin/ld: unrecognized option '--as-needed'
/usr/bin/ld: use the --help option for usage information
collect2: ld returned 1 exit status
FAIL: gcc.misc-tests/bprob-2.c compilation, -O0 -fprofile-arcs
output is:
/usr/bin/ld: unrecognized option '--as-needed'
/usr/bin/ld: use the --help option for usage information
collect2: ld returned 1 exit status
FAIL: gcc.misc-tests/bprob-2.c compilation, -O1 -fprofile-arcs
output is:
/usr/bin/ld: unrecognized option '--as-needed'
/usr/bin/ld: use the --help option for usage information
collect2: ld returned 1 exit status
FAIL: gcc.misc-tests/bprob-2.c compilation, -O2 -DPERFTIME -fprofile-arcs
output is:
/usr/bin/ld: unrecognized option '--as-needed'
/usr/bin/ld: use the --help option for usage information
collect2: ld returned 1 exit status
FAIL: gcc.misc-tests/bprob-2.c compilation, -O3 -DPERFTIME -fprofile-arcs
output is:
/usr/bin/ld: unrecognized option '--as-needed'
/usr/bin/ld: use the --help option for usage information
collect2: ld returned 1 exit status
FAIL: gcc.misc-tests/bprob-2.c compilation, -O3 -g -DPERFTIME -fprofile-arcs
output is:
/usr/bin/ld: unrecognized option '--as-needed'
/usr/bin/ld: use the --help option for usage information
collect2: ld returned 1 exit status
FAIL: gcc.misc-tests/bprob-2.c compilation, -Os -fprofile-arcs
output is:
/usr/bin/ld: unrecognized option '--as-needed'
/usr/bin/ld: use the --help option for usage information
collect2: ld returned 1 exit status
FAIL: gcc.misc-tests/gcov-1.c (test for excess errors)
output is:
/usr/bin/ld: unrecognized option '--as-needed'
/usr/bin/ld: use the --help option for usage information
collect2: ld returned 1 exit status
FAIL: gcc.misc-tests/gcov-2.c (test for excess errors)
output is:
/usr/bin/ld: unrecognized option '--as-needed'
/usr/bin/ld: use the --help option for usage information
collect2: ld returned 1 exit status
FAIL: gcc.misc-tests/gcov-3.c (test for excess errors)
output is:
/usr/bin/ld: unrecognized option '--as-needed'
/usr/bin/ld: use the --help option for usage information
collect2: ld returned 1 exit status
FAIL: gcc.misc-tests/gcov-4.c (test for excess errors)
output is:
/usr/bin/ld: unrecognized option '--as-needed'
/usr/bin/ld: use the --help option for usage information
collect2: ld returned 1 exit status
FAIL: gcc.misc-tests/gcov-4b.c (test for excess errors)
output is:
/usr/bin/ld: unrecognized option '--as-needed'
/usr/bin/ld: use the --help option for usage information
collect2: ld returned 1 exit status
FAIL: gcc.misc-tests/gcov-5b.c (test for excess errors)
output is:
/usr/bin/ld: unrecognized option '--as-needed'
/usr/bin/ld: use the --help option for usage information
collect2: ld returned 1 exit status
FAIL: gcc.misc-tests/gcov-6.c (test for excess errors)
output is:
/usr/bin/ld: unrecognized option '--as-needed'
/usr/bin/ld: use the --help option for usage information
collect2: ld returned 1 exit status
FAIL: gcc.misc-tests/gcov-7.c (test for excess errors)
output is:
/usr/bin/ld: unrecognized option '--as-needed'
/usr/bin/ld: use the --help option for usage information
collect2: ld returned 1 exit status
FAIL: gcc.misc-tests/gcov-8.c (test for excess errors)
output is:
/usr/bin/ld: unrecognized option '--as-needed'
/usr/bin/ld: use the --help option for usage information
collect2: ld returned 1 exit status
FAIL: linkage.c
output is:
/usr/bin/ld: unrecognized option '--as-needed'
/usr/bin/ld: use the --help option for usage information
collect2: ld returned 1 exit status
FAIL: g++.other/decl5.C caused compiler crash
output is:
/home/foo/src/gcc-3_3-branch/gcc/testsuite/g++.old-deja/g++.other/decl5.C:11: error: extra qualification \`A::' on member \`fn' ignored
/home/foo/src/gcc-3_3-branch/gcc/testsuite/g++.old-deja/g++.other/decl5.C:12: error: extra qualification \`A::' on member \`m' ignored
/home/foo/src/gcc-3_3-branch/gcc/testsuite/g++.old-deja/g++.other/decl5.C:15: error: no type named \`expand' in \`struct A'
/home/foo/src/gcc-3_3-branch/gcc/testsuite/g++.old-deja/g++.other/decl5.C:21: error: no type named \`z' in \`struct A'
/home/foo/src/gcc-3_3-branch/gcc/testsuite/g++.old-deja/g++.other/decl5.C:26: error: no type named \`fink' in \`struct A'
/home/foo/src/gcc-3_3-branch/gcc/testsuite/g++.old-deja/g++.other/decl5.C:29: error: declaration of \`struct A::Z' in \`struct B' which does not enclose \`struct A'
/home/foo/src/gcc-3_3-branch/gcc/testsuite/g++.old-deja/g++.other/decl5.C:29: internal compiler error: Segmentation fault
Please submit a full bug report,
with preprocessed source if appropriate.
See <URL:http://gcc.gnu.org/bugs.html> for instructions.