This is the mail archive of the
gcc-testresults@gcc.gnu.org
mailing list for the GCC project.
Results for 3.5-tree-ssa 20040512 (merged 20040512) testsuite on alpha-unknown-freebsd5.2
- From: Loren James Rittle <ljrittle at FreeBSD dot org>
- To: gcc-testresults at gcc dot gnu dot org, ljrittle at FreeBSD dot org,obrien at freebsd dot org
- Date: Wed, 12 May 2004 19:23:54 -0700 (PDT)
- Subject: Results for 3.5-tree-ssa 20040512 (merged 20040512) testsuite on alpha-unknown-freebsd5.2
Using gmake with objdir configuration on beast (see key)
NOTE: Failed to install without error
LAST_UPDATED: Wed May 12 20:55:32 GMT 2004
Native configuration is alpha-unknown-freebsd5.2
=== libmudflap tests ===
Running target unix
FAIL: libmudflap.c/fail17-frag.c output pattern test
FAIL: libmudflap.c/fail17-frag.c (-static) output pattern test
FAIL: libmudflap.c/fail17-frag.c (-O2) output pattern test
FAIL: libmudflap.c/fail17-frag.c (-O3) output pattern test
FAIL: libmudflap.c++/pass41-frag.cxx (test for excess errors)
WARNING: libmudflap.c++/pass41-frag.cxx compilation failed to produce executable
FAIL: libmudflap.c++/pass41-frag.cxx (-static) (test for excess errors)
WARNING: libmudflap.c++/pass41-frag.cxx (-static) compilation failed to produce executable
FAIL: libmudflap.c++/pass41-frag.cxx (-O2) (test for excess errors)
WARNING: libmudflap.c++/pass41-frag.cxx (-O2) compilation failed to produce executable
FAIL: libmudflap.c++/pass41-frag.cxx (-O3) (test for excess errors)
WARNING: libmudflap.c++/pass41-frag.cxx (-O3) compilation failed to produce executable
FAIL: libmudflap.cth/pass37-frag.c execution test
FAIL: libmudflap.cth/pass37-frag.c output pattern test
FAIL: libmudflap.cth/pass37-frag.c (rerun 1) execution test
FAIL: libmudflap.cth/pass37-frag.c (rerun 1) output pattern test
FAIL: libmudflap.cth/pass37-frag.c (rerun 2) execution test
FAIL: libmudflap.cth/pass37-frag.c (rerun 2) output pattern test
FAIL: libmudflap.cth/pass37-frag.c (rerun 3) execution test
FAIL: libmudflap.cth/pass37-frag.c (rerun 3) output pattern test
FAIL: libmudflap.cth/pass37-frag.c (rerun 4) execution test
FAIL: libmudflap.cth/pass37-frag.c (rerun 4) output pattern test
FAIL: libmudflap.cth/pass37-frag.c (rerun 5) execution test
FAIL: libmudflap.cth/pass37-frag.c (rerun 5) output pattern test
FAIL: libmudflap.cth/pass37-frag.c (rerun 6) execution test
FAIL: libmudflap.cth/pass37-frag.c (rerun 6) output pattern test
FAIL: libmudflap.cth/pass37-frag.c (rerun 7) execution test
FAIL: libmudflap.cth/pass37-frag.c (rerun 7) output pattern test
FAIL: libmudflap.cth/pass37-frag.c (rerun 8) execution test
FAIL: libmudflap.cth/pass37-frag.c (rerun 8) output pattern test
FAIL: libmudflap.cth/pass37-frag.c (rerun 9) execution test
FAIL: libmudflap.cth/pass37-frag.c (rerun 9) output pattern test
FAIL: libmudflap.cth/pass37-frag.c (rerun 10) execution test
FAIL: libmudflap.cth/pass37-frag.c (rerun 10) output pattern test
FAIL: libmudflap.cth/pass37-frag.c (rerun 11) execution test
FAIL: libmudflap.cth/pass37-frag.c (rerun 11) output pattern test
FAIL: libmudflap.cth/pass37-frag.c (rerun 12) execution test
FAIL: libmudflap.cth/pass37-frag.c (rerun 12) output pattern test
FAIL: libmudflap.cth/pass37-frag.c (rerun 13) execution test
FAIL: libmudflap.cth/pass37-frag.c (rerun 13) output pattern test
FAIL: libmudflap.cth/pass37-frag.c (rerun 14) execution test
FAIL: libmudflap.cth/pass37-frag.c (rerun 14) output pattern test
FAIL: libmudflap.cth/pass37-frag.c (rerun 15) execution test
FAIL: libmudflap.cth/pass37-frag.c (rerun 15) output pattern test
FAIL: libmudflap.cth/pass37-frag.c (rerun 16) execution test
FAIL: libmudflap.cth/pass37-frag.c (rerun 16) output pattern test
FAIL: libmudflap.cth/pass37-frag.c (rerun 17) execution test
FAIL: libmudflap.cth/pass37-frag.c (rerun 17) output pattern test
FAIL: libmudflap.cth/pass37-frag.c (rerun 18) execution test
FAIL: libmudflap.cth/pass37-frag.c (rerun 18) output pattern test
FAIL: libmudflap.cth/pass37-frag.c (rerun 19) execution test
FAIL: libmudflap.cth/pass37-frag.c (rerun 19) output pattern test
FAIL: libmudflap.cth/pass39-frag.c (test for excess errors)
WARNING: libmudflap.cth/pass39-frag.c compilation failed to produce executable
FAIL: libmudflap.cth/pass40-frag.c (test for excess errors)
WARNING: libmudflap.cth/pass40-frag.c compilation failed to produce executable
ERROR: tcl error sourcing /home/ljrittle/beast/tmp/outside-cvs-src/gcc/libmudflap/testsuite/libmudflap.cth/cthfrags.exp.
ERROR: couldn't create output pipe for command: file table overflow
=== libmudflap Summary ===
# of expected passes 741
# of unexpected failures 50
=== libstdc++ tests ===
Running target unix/-pthread
FAIL: 22_locale/ctype/is/wchar_t/1.cc execution test
FAIL: 22_locale/ctype/scan/wchar_t/1.cc execution test
FAIL: 23_containers/deque/cons/2.cc execution test
FAIL: 26_numerics/complex/pow.cc execution test
WARNING: program timed out.
FAIL: 27_io/basic_filebuf/open/char/9507.cc execution test
WARNING: program timed out.
FAIL: 27_io/basic_filebuf/showmanyc/char/9533-1.cc execution test
XPASS: 27_io/fpos/14320-1.cc execution test
=== libstdc++ Summary ===
# of expected passes 2615
# of unexpected failures 6
# of unexpected successes 1
# of expected failures 5
# of unsupported tests 9
=== g++ tests ===
Running target unix/-pthread
XPASS: g++.dg/eh/elide1.C execution test
FAIL: g++.dg/parse/stack1.C (test for excess errors)
FAIL: 258: expected branch percentages not found: 25
FAIL: g++.dg/gcov/gcov-1.C gcov: 0 failures in line counts, 1 in branch percentages, 0 in return percentages
FAIL: 23:is 2:should be 1
FAIL: g++.dg/gcov/gcov-2.C gcov: 1 failures in line counts, 0 in branch percentages, 0 in return percentages
FAIL: g++.old-deja/g++.brendan/crash13.C (test for errors, line 34)
FAIL: g++.old-deja/g++.bugs/900205_03.C (test for errors, line 21)
FAIL: g++.old-deja/g++.bugs/900205_03.C (test for errors, line 24)
FAIL: g++.old-deja/g++.bugs/900205_03.C (test for errors, line 44)
FAIL: g++.old-deja/g++.bugs/900205_03.C (test for errors, line 47)
FAIL: g++.old-deja/g++.eh/badalloc1.C execution test
FAIL: g++.old-deja/g++.law/friend5.C (test for errors, line 19)
FAIL: g++.old-deja/g++.law/friend5.C (test for errors, line 24)
FAIL: g++.old-deja/g++.law/profile1.C (test for excess errors)
WARNING: g++.old-deja/g++.law/profile1.C compilation failed to produce executable
WARNING: g++.old-deja/g++.mike/p10769a.C compilation failed to produce executable
FAIL: g++.old-deja/g++.mike/p646.C (test for warnings, line 104)
FAIL: g++.old-deja/g++.mike/p646.C (test for warnings, line 112)
FAIL: g++.old-deja/g++.mike/p646.C (test for warnings, line 120)
FAIL: g++.old-deja/g++.mike/p646.C (test for warnings, line 127)
FAIL: g++.old-deja/g++.mike/p646.C (test for warnings, line 133)
WARNING: g++.old-deja/g++.other/enum5.C compilation failed to produce executable
FAIL: g++.old-deja/g++.other/warn7.C (test for warnings, line 38)
WARNING: g++.old-deja/g++.pt/friend44.C compilation failed to produce executable
=== g++ Summary ===
# of expected passes 9661
# of unexpected failures 20
# of unexpected successes 1
# of expected failures 83
# of unsupported tests 89
/j/ljrittle/gcc-build-beast-0512/gcc/testsuite/../g++ version 3.5-tree-ssa 20040512 (merged 20040512)
=== gcc tests ===
Running target unix/-pthread
FAIL: gcc.c-torture/execute/loop-14.c execution, -Os
FAIL: gcc.c-torture/unsorted/bit.c, -O1
FAIL: gcc.c-torture/unsorted/bit.c, -O2
FAIL: gcc.c-torture/unsorted/bit.c, -O3 -fomit-frame-pointer
FAIL: gcc.c-torture/unsorted/bit.c, -O3 -g
FAIL: gcc.c-torture/unsorted/bit.c, -Os
FAIL: gcc.dg/debug/dwarf2/dwarf-die7.c scan-assembler 1.*DW_AT_inline
FAIL: gcc.dg/debug/dwarf2/dwarf-die7.c scan-assembler 1.*DW_AT_inline
FAIL: gcc.dg/20020607-2.c (test for excess errors)
WARNING: gcc.dg/20020607-2.c compilation failed to produce executable
FAIL: gcc.dg/20030414-2.c (test for excess errors)
WARNING: gcc.dg/20030414-2.c compilation failed to produce executable
FAIL: gcc.dg/20030804-1.c (test for excess errors)
FAIL: gcc.dg/20030826-1.c (test for excess errors)
WARNING: gcc.dg/20030826-1.c compilation failed to produce executable
FAIL: gcc.dg/builtins-10.c (test for excess errors)
FAIL: gcc.dg/builtins-11.c (test for excess errors)
FAIL: gcc.dg/builtins-17.c (test for excess errors)
FAIL: gcc.dg/builtins-18.c (test for excess errors)
FAIL: gcc.dg/builtins-19.c (test for excess errors)
FAIL: gcc.dg/builtins-20.c (test for excess errors)
FAIL: gcc.dg/builtins-24.c (test for excess errors)
WARNING: gcc.dg/builtins-24.c compilation failed to produce executable
FAIL: gcc.dg/builtins-26.c (test for excess errors)
FAIL: gcc.dg/builtins-27.c (test for excess errors)
FAIL: gcc.dg/builtins-6.c (test for excess errors)
WARNING: gcc.dg/builtins-6.c compilation failed to produce executable
FAIL: gcc.dg/builtins-7.c (test for excess errors)
FAIL: gcc.dg/builtins-8.c (test for excess errors)
WARNING: gcc.dg/builtins-8.c compilation failed to produce executable
FAIL: gcc.dg/c90-const-expr-3.c (test for excess errors)
FAIL: gcc.dg/c99-const-expr-3.c (test for excess errors)
FAIL: gcc.dg/fastmath-1.c (test for excess errors)
WARNING: gcc.dg/fastmath-1.c compilation failed to produce executable
FAIL: gcc.dg/fnegate-1.c (test for excess errors)
WARNING: gcc.dg/fnegate-1.c compilation failed to produce executable
FAIL: gcc.dg/nest.c (test for excess errors)
WARNING: gcc.dg/nest.c compilation failed to produce executable
XPASS: gcc.dg/setjmp-1.c spurious clobbered warning (test for bogus messages, line 16)
FAIL: largefile.c -O0 -g (test for excess errors)
FAIL: largefile.c -O0 (test for excess errors)
FAIL: largefile.c -O1 (test for excess errors)
FAIL: largefile.c -O2 (test for excess errors)
FAIL: largefile.c -O3 -fomit-frame-pointer (test for excess errors)
FAIL: largefile.c -O3 -g (test for excess errors)
FAIL: largefile.c -Os (test for excess errors)
FAIL: gcc.dg/torture/builtin-attr-1.c -O0 (test for excess errors)
FAIL: gcc.dg/torture/builtin-attr-1.c -O1 (test for excess errors)
FAIL: gcc.dg/torture/builtin-attr-1.c -O2 (test for excess errors)
FAIL: gcc.dg/torture/builtin-attr-1.c -O3 -fomit-frame-pointer (test for excess errors)
FAIL: gcc.dg/torture/builtin-attr-1.c -O3 -g (test for excess errors)
FAIL: gcc.dg/torture/builtin-attr-1.c -Os (test for excess errors)
FAIL: gcc.dg/torture/builtin-convert-1.c -O0 (test for excess errors)
FAIL: gcc.dg/torture/builtin-convert-1.c -O1 (test for excess errors)
FAIL: gcc.dg/torture/builtin-convert-1.c -O2 (test for excess errors)
FAIL: gcc.dg/torture/builtin-convert-1.c -O3 -fomit-frame-pointer (test for excess errors)
FAIL: gcc.dg/torture/builtin-convert-1.c -O3 -g (test for excess errors)
FAIL: gcc.dg/torture/builtin-convert-1.c -Os (test for excess errors)
FAIL: gcc.dg/torture/builtin-convert-2.c -O0 (test for excess errors)
FAIL: gcc.dg/torture/builtin-convert-2.c -O1 (test for excess errors)
FAIL: gcc.dg/torture/builtin-convert-2.c -O2 (test for excess errors)
FAIL: gcc.dg/torture/builtin-convert-2.c -O3 -fomit-frame-pointer (test for excess errors)
FAIL: gcc.dg/torture/builtin-convert-2.c -O3 -g (test for excess errors)
FAIL: gcc.dg/torture/builtin-convert-2.c -Os (test for excess errors)
FAIL: gcc.dg/torture/builtin-convert-3.c -O0 (test for excess errors)
FAIL: gcc.dg/torture/builtin-convert-3.c -O1 (test for excess errors)
FAIL: gcc.dg/torture/builtin-convert-3.c -O2 (test for excess errors)
FAIL: gcc.dg/torture/builtin-convert-3.c -O3 -fomit-frame-pointer (test for excess errors)
FAIL: gcc.dg/torture/builtin-convert-3.c -O3 -g (test for excess errors)
FAIL: gcc.dg/torture/builtin-convert-3.c -Os (test for excess errors)
FAIL: gcc.dg/torture/builtin-explog-1.c -O0 (test for excess errors)
FAIL: gcc.dg/torture/builtin-explog-1.c -O1 (test for excess errors)
FAIL: gcc.dg/torture/builtin-explog-1.c -O2 (test for excess errors)
FAIL: gcc.dg/torture/builtin-explog-1.c -O3 -fomit-frame-pointer (test for excess errors)
FAIL: gcc.dg/torture/builtin-explog-1.c -O3 -g (test for excess errors)
FAIL: gcc.dg/torture/builtin-explog-1.c -Os (test for excess errors)
FAIL: gcc.dg/torture/builtin-integral-1.c -O0 (test for excess errors)
FAIL: gcc.dg/torture/builtin-integral-1.c -O1 (test for excess errors)
FAIL: gcc.dg/torture/builtin-integral-1.c -O2 (test for excess errors)
FAIL: gcc.dg/torture/builtin-integral-1.c -O3 -fomit-frame-pointer (test for excess errors)
FAIL: gcc.dg/torture/builtin-integral-1.c -O3 -g (test for excess errors)
FAIL: gcc.dg/torture/builtin-integral-1.c -Os (test for excess errors)
FAIL: gcc.dg/torture/builtin-nonneg-1.c -O0 (test for excess errors)
FAIL: gcc.dg/torture/builtin-nonneg-1.c -O1 (test for excess errors)
FAIL: gcc.dg/torture/builtin-nonneg-1.c -O2 (test for excess errors)
FAIL: gcc.dg/torture/builtin-nonneg-1.c -O3 -fomit-frame-pointer (test for excess errors)
FAIL: gcc.dg/torture/builtin-nonneg-1.c -O3 -g (test for excess errors)
FAIL: gcc.dg/torture/builtin-nonneg-1.c -Os (test for excess errors)
FAIL: gcc.dg/torture/builtin-power-1.c -O0 (test for excess errors)
FAIL: gcc.dg/torture/builtin-power-1.c -O1 (test for excess errors)
FAIL: gcc.dg/torture/builtin-power-1.c -O2 (test for excess errors)
FAIL: gcc.dg/torture/builtin-power-1.c -O3 -fomit-frame-pointer (test for excess errors)
FAIL: gcc.dg/torture/builtin-power-1.c -O3 -g (test for excess errors)
FAIL: gcc.dg/torture/builtin-power-1.c -Os (test for excess errors)
FAIL: 209: expected branch percentages not found: 25
FAIL: gcc.misc-tests/gcov-4b.c gcov: 0 failures in line counts, 1 in branch percentages, 0 in return percentages
=== gcc Summary ===
# of expected passes 26380
# of unexpected failures 86
# of unexpected successes 1
# of expected failures 70
# of untested testcases 35
# of unsupported tests 342
/j/ljrittle/gcc-build-beast-0512/gcc/xgcc version 3.5-tree-ssa 20040512 (merged 20040512)
=== gfortran tests ===
Running target unix/-pthread
FAIL: gfortran.fortran-torture/compile/actual.f90, -O0
FAIL: gfortran.fortran-torture/compile/actual.f90, -O1
FAIL: gfortran.fortran-torture/compile/actual.f90, -O2
FAIL: gfortran.fortran-torture/compile/actual.f90, -O2 -fomit-frame-pointer -finline-functions
FAIL: gfortran.fortran-torture/compile/actual.f90, -O2 -fomit-frame-pointer -finline-functions -funroll-loops
FAIL: gfortran.fortran-torture/compile/actual.f90, -O2 -fomit-frame-pointer -finline-functions -funroll-all-loops
FAIL: gfortran.fortran-torture/compile/actual.f90, -O2 -fno-repack-arrays
FAIL: gfortran.fortran-torture/compile/actual.f90, -O3 -g
FAIL: gfortran.fortran-torture/compile/actual.f90, -Os
FAIL: gfortran.fortran-torture/compile/allocate.f90, -O0
FAIL: gfortran.fortran-torture/compile/allocate.f90, -O1
FAIL: gfortran.fortran-torture/compile/allocate.f90, -O2
FAIL: gfortran.fortran-torture/compile/allocate.f90, -O2 -fomit-frame-pointer -finline-functions
FAIL: gfortran.fortran-torture/compile/allocate.f90, -O2 -fomit-frame-pointer -finline-functions -funroll-loops
FAIL: gfortran.fortran-torture/compile/allocate.f90, -O2 -fomit-frame-pointer -finline-functions -funroll-all-loops
FAIL: gfortran.fortran-torture/compile/allocate.f90, -O2 -fno-repack-arrays
FAIL: gfortran.fortran-torture/compile/allocate.f90, -O3 -g
FAIL: gfortran.fortran-torture/compile/allocate.f90, -Os
FAIL: gfortran.fortran-torture/compile/ambig.f90, -O0
FAIL: gfortran.fortran-torture/compile/ambig.f90, -O1
FAIL: gfortran.fortran-torture/compile/ambig.f90, -O2
FAIL: gfortran.fortran-torture/compile/ambig.f90, -O2 -fomit-frame-pointer -finline-functions
FAIL: gfortran.fortran-torture/compile/ambig.f90, -O2 -fomit-frame-pointer -finline-functions -funroll-loops
FAIL: gfortran.fortran-torture/compile/ambig.f90, -O2 -fomit-frame-pointer -finline-functions -funroll-all-loops
FAIL: gfortran.fortran-torture/compile/ambig.f90, -O2 -fno-repack-arrays
FAIL: gfortran.fortran-torture/compile/ambig.f90, -O3 -g
FAIL: gfortran.fortran-torture/compile/ambig.f90, -Os
FAIL: gfortran.fortran-torture/compile/arrayio.f90, -O0
FAIL: gfortran.fortran-torture/compile/arrayio.f90, -O1
FAIL: gfortran.fortran-torture/compile/arrayio.f90, -O2
FAIL: gfortran.fortran-torture/compile/arrayio.f90, -O2 -fomit-frame-pointer -finline-functions
FAIL: gfortran.fortran-torture/compile/arrayio.f90, -O2 -fomit-frame-pointer -finline-functions -funroll-loops
FAIL: gfortran.fortran-torture/compile/arrayio.f90, -O2 -fomit-frame-pointer -finline-functions -funroll-all-loops
FAIL: gfortran.fortran-torture/compile/arrayio.f90, -O2 -fno-repack-arrays
FAIL: gfortran.fortran-torture/compile/arrayio.f90, -O3 -g
FAIL: gfortran.fortran-torture/compile/arrayio.f90, -Os
FAIL: gfortran.fortran-torture/compile/bergervoet2.f90, -O0
FAIL: gfortran.fortran-torture/compile/bergervoet2.f90, -O1
FAIL: gfortran.fortran-torture/compile/bergervoet2.f90, -O2
FAIL: gfortran.fortran-torture/compile/bergervoet2.f90, -O2 -fomit-frame-pointer -finline-functions
FAIL: gfortran.fortran-torture/compile/bergervoet2.f90, -O2 -fomit-frame-pointer -finline-functions -funroll-loops
FAIL: gfortran.fortran-torture/compile/bergervoet2.f90, -O2 -fomit-frame-pointer -finline-functions -funroll-all-loops
FAIL: gfortran.fortran-torture/compile/bergervoet2.f90, -O2 -fno-repack-arrays
FAIL: gfortran.fortran-torture/compile/bergervoet2.f90, -O3 -g
FAIL: gfortran.fortran-torture/compile/bergervoet2.f90, -Os
FAIL: gfortran.fortran-torture/compile/contained_1.f90, -O0
FAIL: gfortran.fortran-torture/compile/contained_1.f90, -O1
FAIL: gfortran.fortran-torture/compile/contained_1.f90, -O2
FAIL: gfortran.fortran-torture/compile/contained_1.f90, -O2 -fomit-frame-pointer -finline-functions
FAIL: gfortran.fortran-torture/compile/contained_1.f90, -O2 -fomit-frame-pointer -finline-functions -funroll-loops
FAIL: gfortran.fortran-torture/compile/contained_1.f90, -O2 -fomit-frame-pointer -finline-functions -funroll-all-loops
FAIL: gfortran.fortran-torture/compile/contained_1.f90, -O2 -fno-repack-arrays
FAIL: gfortran.fortran-torture/compile/contained_1.f90, -O3 -g
FAIL: gfortran.fortran-torture/compile/contained_1.f90, -Os
FAIL: gfortran.fortran-torture/compile/contained_2.f90, -O0
FAIL: gfortran.fortran-torture/compile/contained_2.f90, -O1
FAIL: gfortran.fortran-torture/compile/contained_2.f90, -O2
FAIL: gfortran.fortran-torture/compile/contained_2.f90, -O2 -fomit-frame-pointer -finline-functions
FAIL: gfortran.fortran-torture/compile/contained_2.f90, -O2 -fomit-frame-pointer -finline-functions -funroll-loops
FAIL: gfortran.fortran-torture/compile/contained_2.f90, -O2 -fomit-frame-pointer -finline-functions -funroll-all-loops
FAIL: gfortran.fortran-torture/compile/contained_2.f90, -O2 -fno-repack-arrays
FAIL: gfortran.fortran-torture/compile/contained_2.f90, -O3 -g
FAIL: gfortran.fortran-torture/compile/contained_2.f90, -Os
FAIL: gfortran.fortran-torture/compile/contained_3.f90, -O0
FAIL: gfortran.fortran-torture/compile/contained_3.f90, -O1
FAIL: gfortran.fortran-torture/compile/contained_3.f90, -O2
FAIL: gfortran.fortran-torture/compile/contained_3.f90, -O2 -fomit-frame-pointer -finline-functions
FAIL: gfortran.fortran-torture/compile/contained_3.f90, -O2 -fomit-frame-pointer -finline-functions -funroll-loops
FAIL: gfortran.fortran-torture/compile/contained_3.f90, -O2 -fomit-frame-pointer -finline-functions -funroll-all-loops
FAIL: gfortran.fortran-torture/compile/contained_3.f90, -O2 -fno-repack-arrays
FAIL: gfortran.fortran-torture/compile/contained_3.f90, -O3 -g
FAIL: gfortran.fortran-torture/compile/contained_3.f90, -Os
FAIL: gfortran.fortran-torture/compile/contained_4.f90, -O0
FAIL: gfortran.fortran-torture/compile/contained_4.f90, -O1
FAIL: gfortran.fortran-torture/compile/contained_4.f90, -O2
FAIL: gfortran.fortran-torture/compile/contained_4.f90, -O2 -fomit-frame-pointer -finline-functions
FAIL: gfortran.fortran-torture/compile/contained_4.f90, -O2 -fomit-frame-pointer -finline-functions -funroll-loops
FAIL: gfortran.fortran-torture/compile/contained_4.f90, -O2 -fomit-frame-pointer -finline-functions -funroll-all-loops
FAIL: gfortran.fortran-torture/compile/contained_4.f90, -O2 -fno-repack-arrays
FAIL: gfortran.fortran-torture/compile/contained_4.f90, -O3 -g
FAIL: gfortran.fortran-torture/compile/contained_4.f90, -Os
FAIL: gfortran.fortran-torture/compile/contained_5.f90, -O0
FAIL: gfortran.fortran-torture/compile/contained_5.f90, -O1
FAIL: gfortran.fortran-torture/compile/contained_5.f90, -O2
FAIL: gfortran.fortran-torture/compile/contained_5.f90, -O2 -fomit-frame-pointer -finline-functions
FAIL: gfortran.fortran-torture/compile/contained_5.f90, -O2 -fomit-frame-pointer -finline-functions -funroll-loops
FAIL: gfortran.fortran-torture/compile/contained_5.f90, -O2 -fomit-frame-pointer -finline-functions -funroll-all-loops
FAIL: gfortran.fortran-torture/compile/contained_5.f90, -O2 -fno-repack-arrays
FAIL: gfortran.fortran-torture/compile/contained_5.f90, -O3 -g
FAIL: gfortran.fortran-torture/compile/contained_5.f90, -Os
FAIL: gfortran.fortran-torture/compile/convert.f90, -O0
FAIL: gfortran.fortran-torture/compile/convert.f90, -O1
FAIL: gfortran.fortran-torture/compile/convert.f90, -O2
FAIL: gfortran.fortran-torture/compile/convert.f90, -O2 -fomit-frame-pointer -finline-functions
FAIL: gfortran.fortran-torture/compile/convert.f90, -O2 -fomit-frame-pointer -finline-functions -funroll-loops
FAIL: gfortran.fortran-torture/compile/convert.f90, -O2 -fomit-frame-pointer -finline-functions -funroll-all-loops
FAIL: gfortran.fortran-torture/compile/convert.f90, -O2 -fno-repack-arrays
FAIL: gfortran.fortran-torture/compile/convert.f90, -O3 -g
FAIL: gfortran.fortran-torture/compile/convert.f90, -Os
FAIL: gfortran.fortran-torture/compile/dummyfn.f90, -O0
FAIL: gfortran.fortran-torture/compile/dummyfn.f90, -O1
FAIL: gfortran.fortran-torture/compile/dummyfn.f90, -O2
FAIL: gfortran.fortran-torture/compile/dummyfn.f90, -O2 -fomit-frame-pointer -finline-functions
FAIL: gfortran.fortran-torture/compile/dummyfn.f90, -O2 -fomit-frame-pointer -finline-functions -funroll-loops
FAIL: gfortran.fortran-torture/compile/dummyfn.f90, -O2 -fomit-frame-pointer -finline-functions -funroll-all-loops
FAIL: gfortran.fortran-torture/compile/dummyfn.f90, -O2 -fno-repack-arrays
FAIL: gfortran.fortran-torture/compile/dummyfn.f90, -O3 -g
FAIL: gfortran.fortran-torture/compile/dummyfn.f90, -Os
FAIL: gfortran.fortran-torture/compile/emptyif.f90, -O0
FAIL: gfortran.fortran-torture/compile/emptyif.f90, -O1
FAIL: gfortran.fortran-torture/compile/emptyif.f90, -O2
FAIL: gfortran.fortran-torture/compile/emptyif.f90, -O2 -fomit-frame-pointer -finline-functions
FAIL: gfortran.fortran-torture/compile/emptyif.f90, -O2 -fomit-frame-pointer -finline-functions -funroll-loops
FAIL: gfortran.fortran-torture/compile/emptyif.f90, -O2 -fomit-frame-pointer -finline-functions -funroll-all-loops
FAIL: gfortran.fortran-torture/compile/emptyif.f90, -O2 -fno-repack-arrays
FAIL: gfortran.fortran-torture/compile/emptyif.f90, -O3 -g
FAIL: gfortran.fortran-torture/compile/emptyif.f90, -Os
FAIL: gfortran.fortran-torture/compile/fnresvar.f90, -O0
FAIL: gfortran.fortran-torture/compile/fnresvar.f90, -O1
FAIL: gfortran.fortran-torture/compile/fnresvar.f90, -O2
FAIL: gfortran.fortran-torture/compile/fnresvar.f90, -O2 -fomit-frame-pointer -finline-functions
FAIL: gfortran.fortran-torture/compile/fnresvar.f90, -O2 -fomit-frame-pointer -finline-functions -funroll-loops
FAIL: gfortran.fortran-torture/compile/fnresvar.f90, -O2 -fomit-frame-pointer -finline-functions -funroll-all-loops
FAIL: gfortran.fortran-torture/compile/fnresvar.f90, -O2 -fno-repack-arrays
FAIL: gfortran.fortran-torture/compile/fnresvar.f90, -O3 -g
FAIL: gfortran.fortran-torture/compile/fnresvar.f90, -Os
FAIL: gfortran.fortran-torture/compile/gen_interf.f90, -O0
FAIL: gfortran.fortran-torture/compile/gen_interf.f90, -O1
FAIL: gfortran.fortran-torture/compile/gen_interf.f90, -O2
FAIL: gfortran.fortran-torture/compile/gen_interf.f90, -O2 -fomit-frame-pointer -finline-functions
FAIL: gfortran.fortran-torture/compile/gen_interf.f90, -O2 -fomit-frame-pointer -finline-functions -funroll-loops
FAIL: gfortran.fortran-torture/compile/gen_interf.f90, -O2 -fomit-frame-pointer -finline-functions -funroll-all-loops
FAIL: gfortran.fortran-torture/compile/gen_interf.f90, -O2 -fno-repack-arrays
FAIL: gfortran.fortran-torture/compile/gen_interf.f90, -O3 -g
FAIL: gfortran.fortran-torture/compile/gen_interf.f90, -Os
FAIL: gfortran.fortran-torture/compile/implicit.f90, -O0
FAIL: gfortran.fortran-torture/compile/implicit.f90, -O1
FAIL: gfortran.fortran-torture/compile/implicit.f90, -O2
FAIL: gfortran.fortran-torture/compile/implicit.f90, -O2 -fomit-frame-pointer -finline-functions
FAIL: gfortran.fortran-torture/compile/implicit.f90, -O2 -fomit-frame-pointer -finline-functions -funroll-loops
FAIL: gfortran.fortran-torture/compile/implicit.f90, -O2 -fomit-frame-pointer -finline-functions -funroll-all-loops
FAIL: gfortran.fortran-torture/compile/implicit.f90, -O2 -fno-repack-arrays
FAIL: gfortran.fortran-torture/compile/implicit.f90, -O3 -g
FAIL: gfortran.fortran-torture/compile/implicit.f90, -Os
FAIL: gfortran.fortran-torture/compile/io_end.f90, -O0
FAIL: gfortran.fortran-torture/compile/io_end.f90, -O1
FAIL: gfortran.fortran-torture/compile/io_end.f90, -O2
FAIL: gfortran.fortran-torture/compile/io_end.f90, -O2 -fomit-frame-pointer -finline-functions
FAIL: gfortran.fortran-torture/compile/io_end.f90, -O2 -fomit-frame-pointer -finline-functions -funroll-loops
FAIL: gfortran.fortran-torture/compile/io_end.f90, -O2 -fomit-frame-pointer -finline-functions -funroll-all-loops
FAIL: gfortran.fortran-torture/compile/io_end.f90, -O2 -fno-repack-arrays
FAIL: gfortran.fortran-torture/compile/io_end.f90, -O3 -g
FAIL: gfortran.fortran-torture/compile/io_end.f90, -Os
FAIL: gfortran.fortran-torture/compile/module_common.f90, -O0
FAIL: gfortran.fortran-torture/compile/module_common.f90, -O1
FAIL: gfortran.fortran-torture/compile/module_common.f90, -O2
FAIL: gfortran.fortran-torture/compile/module_common.f90, -O2 -fomit-frame-pointer -finline-functions
FAIL: gfortran.fortran-torture/compile/module_common.f90, -O2 -fomit-frame-pointer -finline-functions -funroll-loops
FAIL: gfortran.fortran-torture/compile/module_common.f90, -O2 -fomit-frame-pointer -finline-functions -funroll-all-loops
FAIL: gfortran.fortran-torture/compile/module_common.f90, -O2 -fno-repack-arrays
FAIL: gfortran.fortran-torture/compile/module_common.f90, -O3 -g
FAIL: gfortran.fortran-torture/compile/module_common.f90, -Os
FAIL: gfortran.fortran-torture/compile/module_expr.f90, -O0
FAIL: gfortran.fortran-torture/compile/module_expr.f90, -O1
FAIL: gfortran.fortran-torture/compile/module_expr.f90, -O2
FAIL: gfortran.fortran-torture/compile/module_expr.f90, -O2 -fomit-frame-pointer -finline-functions
FAIL: gfortran.fortran-torture/compile/module_expr.f90, -O2 -fomit-frame-pointer -finline-functions -funroll-loops
FAIL: gfortran.fortran-torture/compile/module_expr.f90, -O2 -fomit-frame-pointer -finline-functions -funroll-all-loops
FAIL: gfortran.fortran-torture/compile/module_expr.f90, -O2 -fno-repack-arrays
FAIL: gfortran.fortran-torture/compile/module_expr.f90, -O3 -g
FAIL: gfortran.fortran-torture/compile/module_expr.f90, -Os
FAIL: gfortran.fortran-torture/compile/module_proc.f90, -O0
FAIL: gfortran.fortran-torture/compile/module_proc.f90, -O1
FAIL: gfortran.fortran-torture/compile/module_proc.f90, -O2
FAIL: gfortran.fortran-torture/compile/module_proc.f90, -O2 -fomit-frame-pointer -finline-functions
FAIL: gfortran.fortran-torture/compile/module_proc.f90, -O2 -fomit-frame-pointer -finline-functions -funroll-loops
FAIL: gfortran.fortran-torture/compile/module_proc.f90, -O2 -fomit-frame-pointer -finline-functions -funroll-all-loops
FAIL: gfortran.fortran-torture/compile/module_proc.f90, -O2 -fno-repack-arrays
FAIL: gfortran.fortran-torture/compile/module_proc.f90, -O3 -g
FAIL: gfortran.fortran-torture/compile/module_proc.f90, -Os
FAIL: gfortran.fortran-torture/compile/module_result.f90, -O0
FAIL: gfortran.fortran-torture/compile/module_result.f90, -O1
FAIL: gfortran.fortran-torture/compile/module_result.f90, -O2
FAIL: gfortran.fortran-torture/compile/module_result.f90, -O2 -fomit-frame-pointer -finline-functions
FAIL: gfortran.fortran-torture/compile/module_result.f90, -O2 -fomit-frame-pointer -finline-functions -funroll-loops
FAIL: gfortran.fortran-torture/compile/module_result.f90, -O2 -fomit-frame-pointer -finline-functions -funroll-all-loops
FAIL: gfortran.fortran-torture/compile/module_result.f90, -O2 -fno-repack-arrays
FAIL: gfortran.fortran-torture/compile/module_result.f90, -O3 -g
FAIL: gfortran.fortran-torture/compile/module_result.f90, -Os
FAIL: gfortran.fortran-torture/compile/named_args.f90, -O0
FAIL: gfortran.fortran-torture/compile/named_args.f90, -O1
FAIL: gfortran.fortran-torture/compile/named_args.f90, -O2
FAIL: gfortran.fortran-torture/compile/named_args.f90, -O2 -fomit-frame-pointer -finline-functions
FAIL: gfortran.fortran-torture/compile/named_args.f90, -O2 -fomit-frame-pointer -finline-functions -funroll-loops
FAIL: gfortran.fortran-torture/compile/named_args.f90, -O2 -fomit-frame-pointer -finline-functions -funroll-all-loops
FAIL: gfortran.fortran-torture/compile/named_args.f90, -O2 -fno-repack-arrays
FAIL: gfortran.fortran-torture/compile/named_args.f90, -O3 -g
FAIL: gfortran.fortran-torture/compile/named_args.f90, -Os
FAIL: gfortran.fortran-torture/compile/parameter_1.f90, -O0
FAIL: gfortran.fortran-torture/compile/parameter_1.f90, -O1
FAIL: gfortran.fortran-torture/compile/parameter_1.f90, -O2
FAIL: gfortran.fortran-torture/compile/parameter_1.f90, -O2 -fomit-frame-pointer -finline-functions
FAIL: gfortran.fortran-torture/compile/parameter_1.f90, -O2 -fomit-frame-pointer -finline-functions -funroll-loops
FAIL: gfortran.fortran-torture/compile/parameter_1.f90, -O2 -fomit-frame-pointer -finline-functions -funroll-all-loops
FAIL: gfortran.fortran-torture/compile/parameter_1.f90, -O2 -fno-repack-arrays
FAIL: gfortran.fortran-torture/compile/parameter_1.f90, -O3 -g
FAIL: gfortran.fortran-torture/compile/parameter_1.f90, -Os
FAIL: gfortran.fortran-torture/compile/parameter_2.f90, -O0
FAIL: gfortran.fortran-torture/compile/parameter_2.f90, -O1
FAIL: gfortran.fortran-torture/compile/parameter_2.f90, -O2
FAIL: gfortran.fortran-torture/compile/parameter_2.f90, -O2 -fomit-frame-pointer -finline-functions
FAIL: gfortran.fortran-torture/compile/parameter_2.f90, -O2 -fomit-frame-pointer -finline-functions -funroll-loops
FAIL: gfortran.fortran-torture/compile/parameter_2.f90, -O2 -fomit-frame-pointer -finline-functions -funroll-all-loops
FAIL: gfortran.fortran-torture/compile/parameter_2.f90, -O2 -fno-repack-arrays
FAIL: gfortran.fortran-torture/compile/parameter_2.f90, -O3 -g
FAIL: gfortran.fortran-torture/compile/parameter_2.f90, -Os
FAIL: gfortran.fortran-torture/compile/shape_reshape.f90, -O0
FAIL: gfortran.fortran-torture/compile/shape_reshape.f90, -O1
FAIL: gfortran.fortran-torture/compile/shape_reshape.f90, -O2
FAIL: gfortran.fortran-torture/compile/shape_reshape.f90, -O2 -fomit-frame-pointer -finline-functions
FAIL: gfortran.fortran-torture/compile/shape_reshape.f90, -O2 -fomit-frame-pointer -finline-functions -funroll-loops
FAIL: gfortran.fortran-torture/compile/shape_reshape.f90, -O2 -fomit-frame-pointer -finline-functions -funroll-all-loops
FAIL: gfortran.fortran-torture/compile/shape_reshape.f90, -O2 -fno-repack-arrays
FAIL: gfortran.fortran-torture/compile/shape_reshape.f90, -O3 -g
FAIL: gfortran.fortran-torture/compile/shape_reshape.f90, -Os
FAIL: gfortran.fortran-torture/compile/stoppause.f90, -O0
FAIL: gfortran.fortran-torture/compile/stoppause.f90, -O1
FAIL: gfortran.fortran-torture/compile/stoppause.f90, -O2
FAIL: gfortran.fortran-torture/compile/stoppause.f90, -O2 -fomit-frame-pointer -finline-functions
FAIL: gfortran.fortran-torture/compile/stoppause.f90, -O2 -fomit-frame-pointer -finline-functions -funroll-loops
FAIL: gfortran.fortran-torture/compile/stoppause.f90, -O2 -fomit-frame-pointer -finline-functions -funroll-all-loops
FAIL: gfortran.fortran-torture/compile/stoppause.f90, -O2 -fno-repack-arrays
FAIL: gfortran.fortran-torture/compile/stoppause.f90, -O3 -g
FAIL: gfortran.fortran-torture/compile/stoppause.f90, -Os
FAIL: gfortran.fortran-torture/compile/strparm_1.f90, -O0
FAIL: gfortran.fortran-torture/compile/strparm_1.f90, -O1
FAIL: gfortran.fortran-torture/compile/strparm_1.f90, -O2
FAIL: gfortran.fortran-torture/compile/strparm_1.f90, -O2 -fomit-frame-pointer -finline-functions
FAIL: gfortran.fortran-torture/compile/strparm_1.f90, -O2 -fomit-frame-pointer -finline-functions -funroll-loops
FAIL: gfortran.fortran-torture/compile/strparm_1.f90, -O2 -fomit-frame-pointer -finline-functions -funroll-all-loops
FAIL: gfortran.fortran-torture/compile/strparm_1.f90, -O2 -fno-repack-arrays
FAIL: gfortran.fortran-torture/compile/strparm_1.f90, -O3 -g
FAIL: gfortran.fortran-torture/compile/strparm_1.f90, -Os
FAIL: gfortran.fortran-torture/compile/write.f90, -O0
FAIL: gfortran.fortran-torture/compile/write.f90, -O1
FAIL: gfortran.fortran-torture/compile/write.f90, -O2
FAIL: gfortran.fortran-torture/compile/write.f90, -O2 -fomit-frame-pointer -finline-functions
FAIL: gfortran.fortran-torture/compile/write.f90, -O2 -fomit-frame-pointer -finline-functions -funroll-loops
FAIL: gfortran.fortran-torture/compile/write.f90, -O2 -fomit-frame-pointer -finline-functions -funroll-all-loops
FAIL: gfortran.fortran-torture/compile/write.f90, -O2 -fno-repack-arrays
FAIL: gfortran.fortran-torture/compile/write.f90, -O3 -g
FAIL: gfortran.fortran-torture/compile/write.f90, -Os
FAIL: gfortran.fortran-torture/execute/a_edit_1.f90 compilation, -O0
FAIL: gfortran.fortran-torture/execute/a_edit_1.f90 compilation, -O1
FAIL: gfortran.fortran-torture/execute/a_edit_1.f90 compilation, -O2
FAIL: gfortran.fortran-torture/execute/a_edit_1.f90 compilation, -O2 -fomit-frame-pointer -finline-functions
FAIL: gfortran.fortran-torture/execute/a_edit_1.f90 compilation, -O2 -fomit-frame-pointer -finline-functions -funroll-loops
FAIL: gfortran.fortran-torture/execute/a_edit_1.f90 compilation, -O2 -fomit-frame-pointer -finline-functions -funroll-all-loops
FAIL: gfortran.fortran-torture/execute/a_edit_1.f90 compilation, -O2 -fno-repack-arrays
FAIL: gfortran.fortran-torture/execute/a_edit_1.f90 compilation, -O3 -g
FAIL: gfortran.fortran-torture/execute/a_edit_1.f90 compilation, -Os
FAIL: gfortran.fortran-torture/execute/allocate.f90 compilation, -O0
FAIL: gfortran.fortran-torture/execute/allocate.f90 compilation, -O1
FAIL: gfortran.fortran-torture/execute/allocate.f90 compilation, -O2
FAIL: gfortran.fortran-torture/execute/allocate.f90 compilation, -O2 -fomit-frame-pointer -finline-functions
FAIL: gfortran.fortran-torture/execute/allocate.f90 compilation, -O2 -fomit-frame-pointer -finline-functions -funroll-loops
FAIL: gfortran.fortran-torture/execute/allocate.f90 compilation, -O2 -fomit-frame-pointer -finline-functions -funroll-all-loops
FAIL: gfortran.fortran-torture/execute/allocate.f90 compilation, -O2 -fno-repack-arrays
FAIL: gfortran.fortran-torture/execute/allocate.f90 compilation, -O3 -g
FAIL: gfortran.fortran-torture/execute/allocate.f90 compilation, -Os
FAIL: gfortran.fortran-torture/execute/alternate_return.f90 compilation, -O0
FAIL: gfortran.fortran-torture/execute/alternate_return.f90 compilation, -O1
FAIL: gfortran.fortran-torture/execute/alternate_return.f90 compilation, -O2
FAIL: gfortran.fortran-torture/execute/alternate_return.f90 compilation, -O2 -fomit-frame-pointer -finline-functions
FAIL: gfortran.fortran-torture/execute/alternate_return.f90 compilation, -O2 -fomit-frame-pointer -finline-functions -funroll-loops
FAIL: gfortran.fortran-torture/execute/alternate_return.f90 compilation, -O2 -fomit-frame-pointer -finline-functions -funroll-all-loops
FAIL: gfortran.fortran-torture/execute/alternate_return.f90 compilation, -O2 -fno-repack-arrays
FAIL: gfortran.fortran-torture/execute/alternate_return.f90 compilation, -O3 -g
FAIL: gfortran.fortran-torture/execute/alternate_return.f90 compilation, -Os
FAIL: gfortran.fortran-torture/execute/args.f90 compilation, -O0
FAIL: gfortran.fortran-torture/execute/args.f90 compilation, -O1
FAIL: gfortran.fortran-torture/execute/args.f90 compilation, -O2
FAIL: gfortran.fortran-torture/execute/args.f90 compilation, -O2 -fomit-frame-pointer -finline-functions
FAIL: gfortran.fortran-torture/execute/args.f90 compilation, -O2 -fomit-frame-pointer -finline-functions -funroll-loops
FAIL: gfortran.fortran-torture/execute/args.f90 compilation, -O2 -fomit-frame-pointer -finline-functions -funroll-all-loops
FAIL: gfortran.fortran-torture/execute/args.f90 compilation, -O2 -fno-repack-arrays
FAIL: gfortran.fortran-torture/execute/args.f90 compilation, -O3 -g
FAIL: gfortran.fortran-torture/execute/args.f90 compilation, -Os
FAIL: gfortran.fortran-torture/execute/arithmeticif.f90 compilation, -O0
FAIL: gfortran.fortran-torture/execute/arithmeticif.f90 compilation, -O1
FAIL: gfortran.fortran-torture/execute/arithmeticif.f90 compilation, -O2
FAIL: gfortran.fortran-torture/execute/arithmeticif.f90 compilation, -O2 -fomit-frame-pointer -finline-functions
FAIL: gfortran.fortran-torture/execute/arithmeticif.f90 compilation, -O2 -fomit-frame-pointer -finline-functions -funroll-loops
FAIL: gfortran.fortran-torture/execute/arithmeticif.f90 compilation, -O2 -fomit-frame-pointer -finline-functions -funroll-all-loops
FAIL: gfortran.fortran-torture/execute/arithmeticif.f90 compilation, -O2 -fno-repack-arrays
FAIL: gfortran.fortran-torture/execute/arithmeticif.f90 compilation, -O3 -g
FAIL: gfortran.fortran-torture/execute/arithmeticif.f90 compilation, -Os
FAIL: gfortran.fortran-torture/execute/arrayarg.f90 compilation, -O0
FAIL: gfortran.fortran-torture/execute/arrayarg.f90 compilation, -O1
FAIL: gfortran.fortran-torture/execute/arrayarg.f90 compilation, -O2
FAIL: gfortran.fortran-torture/execute/arrayarg.f90 compilation, -O2 -fomit-frame-pointer -finline-functions
FAIL: gfortran.fortran-torture/execute/arrayarg.f90 compilation, -O2 -fomit-frame-pointer -finline-functions -funroll-loops
FAIL: gfortran.fortran-torture/execute/arrayarg.f90 compilation, -O2 -fomit-frame-pointer -finline-functions -funroll-all-loops
FAIL: gfortran.fortran-torture/execute/arrayarg.f90 compilation, -O2 -fno-repack-arrays
FAIL: gfortran.fortran-torture/execute/arrayarg.f90 compilation, -O3 -g
FAIL: gfortran.fortran-torture/execute/arrayarg.f90 compilation, -Os
FAIL: gfortran.fortran-torture/execute/arrayarg2.f90 compilation, -O0
FAIL: gfortran.fortran-torture/execute/arrayarg2.f90 compilation, -O1
FAIL: gfortran.fortran-torture/execute/arrayarg2.f90 compilation, -O2
FAIL: gfortran.fortran-torture/execute/arrayarg2.f90 compilation, -O2 -fomit-frame-pointer -finline-functions
FAIL: gfortran.fortran-torture/execute/arrayarg2.f90 compilation, -O2 -fomit-frame-pointer -finline-functions -funroll-loops
FAIL: gfortran.fortran-torture/execute/arrayarg2.f90 compilation, -O2 -fomit-frame-pointer -finline-functions -funroll-all-loops
FAIL: gfortran.fortran-torture/execute/arrayarg2.f90 compilation, -O2 -fno-repack-arrays
FAIL: gfortran.fortran-torture/execute/arrayarg2.f90 compilation, -O3 -g
FAIL: gfortran.fortran-torture/execute/arrayarg2.f90 compilation, -Os
FAIL: gfortran.fortran-torture/execute/arraysave.f90 compilation, -O0
FAIL: gfortran.fortran-torture/execute/arraysave.f90 compilation, -O1
FAIL: gfortran.fortran-torture/execute/arraysave.f90 compilation, -O2
FAIL: gfortran.fortran-torture/execute/arraysave.f90 compilation, -O2 -fomit-frame-pointer -finline-functions
FAIL: gfortran.fortran-torture/execute/arraysave.f90 compilation, -O2 -fomit-frame-pointer -finline-functions -funroll-loops
FAIL: gfortran.fortran-torture/execute/arraysave.f90 compilation, -O2 -fomit-frame-pointer -finline-functions -funroll-all-loops
FAIL: gfortran.fortran-torture/execute/arraysave.f90 compilation, -O2 -fno-repack-arrays
FAIL: gfortran.fortran-torture/execute/arraysave.f90 compilation, -O3 -g
FAIL: gfortran.fortran-torture/execute/arraysave.f90 compilation, -Os
FAIL: gfortran.fortran-torture/execute/assumed_size.f90 compilation, -O0
FAIL: gfortran.fortran-torture/execute/assumed_size.f90 compilation, -O1
FAIL: gfortran.fortran-torture/execute/assumed_size.f90 compilation, -O2
FAIL: gfortran.fortran-torture/execute/assumed_size.f90 compilation, -O2 -fomit-frame-pointer -finline-functions
FAIL: gfortran.fortran-torture/execute/assumed_size.f90 compilation, -O2 -fomit-frame-pointer -finline-functions -funroll-loops
FAIL: gfortran.fortran-torture/execute/assumed_size.f90 compilation, -O2 -fomit-frame-pointer -finline-functions -funroll-all-loops
FAIL: gfortran.fortran-torture/execute/assumed_size.f90 compilation, -O2 -fno-repack-arrays
FAIL: gfortran.fortran-torture/execute/assumed_size.f90 compilation, -O3 -g
FAIL: gfortran.fortran-torture/execute/assumed_size.f90 compilation, -Os
FAIL: gfortran.fortran-torture/execute/bounds.f90 compilation, -O0
FAIL: gfortran.fortran-torture/execute/bounds.f90 compilation, -O1
FAIL: gfortran.fortran-torture/execute/bounds.f90 compilation, -O2
FAIL: gfortran.fortran-torture/execute/bounds.f90 compilation, -O2 -fomit-frame-pointer -finline-functions
FAIL: gfortran.fortran-torture/execute/bounds.f90 compilation, -O2 -fomit-frame-pointer -finline-functions -funroll-loops
FAIL: gfortran.fortran-torture/execute/bounds.f90 compilation, -O2 -fomit-frame-pointer -finline-functions -funroll-all-loops
FAIL: gfortran.fortran-torture/execute/bounds.f90 compilation, -O2 -fno-repack-arrays
FAIL: gfortran.fortran-torture/execute/bounds.f90 compilation, -O3 -g
FAIL: gfortran.fortran-torture/execute/bounds.f90 compilation, -Os
FAIL: gfortran.fortran-torture/execute/character_select_1.f90 compilation, -O0
FAIL: gfortran.fortran-torture/execute/character_select_1.f90 compilation, -O1
FAIL: gfortran.fortran-torture/execute/character_select_1.f90 compilation, -O2
FAIL: gfortran.fortran-torture/execute/character_select_1.f90 compilation, -O2 -fomit-frame-pointer -finline-functions
FAIL: gfortran.fortran-torture/execute/character_select_1.f90 compilation, -O2 -fomit-frame-pointer -finline-functions -funroll-loops
FAIL: gfortran.fortran-torture/execute/character_select_1.f90 compilation, -O2 -fomit-frame-pointer -finline-functions -funroll-all-loops
FAIL: gfortran.fortran-torture/execute/character_select_1.f90 compilation, -O2 -fno-repack-arrays
FAIL: gfortran.fortran-torture/execute/character_select_1.f90 compilation, -O3 -g
FAIL: gfortran.fortran-torture/execute/character_select_1.f90 compilation, -Os
FAIL: gfortran.fortran-torture/execute/cmplx.f90 compilation, -O0
FAIL: gfortran.fortran-torture/execute/cmplx.f90 compilation, -O1
FAIL: gfortran.fortran-torture/execute/cmplx.f90 compilation, -O2
FAIL: gfortran.fortran-torture/execute/cmplx.f90 compilation, -O2 -fomit-frame-pointer -finline-functions
FAIL: gfortran.fortran-torture/execute/cmplx.f90 compilation, -O2 -fomit-frame-pointer -finline-functions -funroll-loops
FAIL: gfortran.fortran-torture/execute/cmplx.f90 compilation, -O2 -fomit-frame-pointer -finline-functions -funroll-all-loops
FAIL: gfortran.fortran-torture/execute/cmplx.f90 compilation, -O2 -fno-repack-arrays
FAIL: gfortran.fortran-torture/execute/cmplx.f90 compilation, -O3 -g
FAIL: gfortran.fortran-torture/execute/cmplx.f90 compilation, -Os
FAIL: gfortran.fortran-torture/execute/common.f90 compilation, -O0
FAIL: gfortran.fortran-torture/execute/common.f90 compilation, -O1
FAIL: gfortran.fortran-torture/execute/common.f90 compilation, -O2
FAIL: gfortran.fortran-torture/execute/common.f90 compilation, -O2 -fomit-frame-pointer -finline-functions
FAIL: gfortran.fortran-torture/execute/common.f90 compilation, -O2 -fomit-frame-pointer -finline-functions -funroll-loops
FAIL: gfortran.fortran-torture/execute/common.f90 compilation, -O2 -fomit-frame-pointer -finline-functions -funroll-all-loops
FAIL: gfortran.fortran-torture/execute/common.f90 compilation, -O2 -fno-repack-arrays
FAIL: gfortran.fortran-torture/execute/common.f90 compilation, -O3 -g
FAIL: gfortran.fortran-torture/execute/common.f90 compilation, -Os
FAIL: gfortran.fortran-torture/execute/common_size.f90 compilation, -O0
FAIL: gfortran.fortran-torture/execute/common_size.f90 compilation, -O1
FAIL: gfortran.fortran-torture/execute/common_size.f90 compilation, -O2
FAIL: gfortran.fortran-torture/execute/common_size.f90 compilation, -O2 -fomit-frame-pointer -finline-functions
FAIL: gfortran.fortran-torture/execute/common_size.f90 compilation, -O2 -fomit-frame-pointer -finline-functions -funroll-loops
FAIL: gfortran.fortran-torture/execute/common_size.f90 compilation, -O2 -fomit-frame-pointer -finline-functions -funroll-all-loops
FAIL: gfortran.fortran-torture/execute/common_size.f90 compilation, -O2 -fno-repack-arrays
FAIL: gfortran.fortran-torture/execute/common_size.f90 compilation, -O3 -g
FAIL: gfortran.fortran-torture/execute/common_size.f90 compilation, -Os
FAIL: gfortran.fortran-torture/execute/constructor.f90 compilation, -O0
FAIL: gfortran.fortran-torture/execute/constructor.f90 compilation, -O1
FAIL: gfortran.fortran-torture/execute/constructor.f90 compilation, -O2
FAIL: gfortran.fortran-torture/execute/constructor.f90 compilation, -O2 -fomit-frame-pointer -finline-functions
FAIL: gfortran.fortran-torture/execute/constructor.f90 compilation, -O2 -fomit-frame-pointer -finline-functions -funroll-loops
FAIL: gfortran.fortran-torture/execute/constructor.f90 compilation, -O2 -fomit-frame-pointer -finline-functions -funroll-all-loops
FAIL: gfortran.fortran-torture/execute/constructor.f90 compilation, -O2 -fno-repack-arrays
FAIL: gfortran.fortran-torture/execute/constructor.f90 compilation, -O3 -g
FAIL: gfortran.fortran-torture/execute/constructor.f90 compilation, -Os
FAIL: gfortran.fortran-torture/execute/contained.f90 compilation, -O0
FAIL: gfortran.fortran-torture/execute/contained.f90 compilation, -O1
FAIL: gfortran.fortran-torture/execute/contained.f90 compilation, -O2
FAIL: gfortran.fortran-torture/execute/contained.f90 compilation, -O2 -fomit-frame-pointer -finline-functions
FAIL: gfortran.fortran-torture/execute/contained.f90 compilation, -O2 -fomit-frame-pointer -finline-functions -funroll-loops
FAIL: gfortran.fortran-torture/execute/contained.f90 compilation, -O2 -fomit-frame-pointer -finline-functions -funroll-all-loops
FAIL: gfortran.fortran-torture/execute/contained.f90 compilation, -O2 -fno-repack-arrays
FAIL: gfortran.fortran-torture/execute/contained.f90 compilation, -O3 -g
FAIL: gfortran.fortran-torture/execute/contained.f90 compilation, -Os
FAIL: gfortran.fortran-torture/execute/contained2.f90 compilation, -O0
FAIL: gfortran.fortran-torture/execute/contained2.f90 compilation, -O1
FAIL: gfortran.fortran-torture/execute/contained2.f90 compilation, -O2
FAIL: gfortran.fortran-torture/execute/contained2.f90 compilation, -O2 -fomit-frame-pointer -finline-functions
FAIL: gfortran.fortran-torture/execute/contained2.f90 compilation, -O2 -fomit-frame-pointer -finline-functions -funroll-loops
FAIL: gfortran.fortran-torture/execute/contained2.f90 compilation, -O2 -fomit-frame-pointer -finline-functions -funroll-all-loops
FAIL: gfortran.fortran-torture/execute/contained2.f90 compilation, -O2 -fno-repack-arrays
FAIL: gfortran.fortran-torture/execute/contained2.f90 compilation, -O3 -g
FAIL: gfortran.fortran-torture/execute/contained2.f90 compilation, -Os
FAIL: gfortran.fortran-torture/execute/csqrt_1.f90 compilation, -O0
FAIL: gfortran.fortran-torture/execute/csqrt_1.f90 compilation, -O1
FAIL: gfortran.fortran-torture/execute/csqrt_1.f90 compilation, -O2
FAIL: gfortran.fortran-torture/execute/csqrt_1.f90 compilation, -O2 -fomit-frame-pointer -finline-functions
FAIL: gfortran.fortran-torture/execute/csqrt_1.f90 compilation, -O2 -fomit-frame-pointer -finline-functions -funroll-loops
FAIL: gfortran.fortran-torture/execute/csqrt_1.f90 compilation, -O2 -fomit-frame-pointer -finline-functions -funroll-all-loops
FAIL: gfortran.fortran-torture/execute/csqrt_1.f90 compilation, -O2 -fno-repack-arrays
FAIL: gfortran.fortran-torture/execute/csqrt_1.f90 compilation, -O3 -g
FAIL: gfortran.fortran-torture/execute/csqrt_1.f90 compilation, -Os
FAIL: gfortran.fortran-torture/execute/data.f90 compilation, -O0
FAIL: gfortran.fortran-torture/execute/data.f90 compilation, -O1
FAIL: gfortran.fortran-torture/execute/data.f90 compilation, -O2
FAIL: gfortran.fortran-torture/execute/data.f90 compilation, -O2 -fomit-frame-pointer -finline-functions
FAIL: gfortran.fortran-torture/execute/data.f90 compilation, -O2 -fomit-frame-pointer -finline-functions -funroll-loops
FAIL: gfortran.fortran-torture/execute/data.f90 compilation, -O2 -fomit-frame-pointer -finline-functions -funroll-all-loops
FAIL: gfortran.fortran-torture/execute/data.f90 compilation, -O2 -fno-repack-arrays
FAIL: gfortran.fortran-torture/execute/data.f90 compilation, -O3 -g
FAIL: gfortran.fortran-torture/execute/data.f90 compilation, -Os
FAIL: gfortran.fortran-torture/execute/data_2.f90 compilation, -O0
FAIL: gfortran.fortran-torture/execute/data_2.f90 compilation, -O1
FAIL: gfortran.fortran-torture/execute/data_2.f90 compilation, -O2
FAIL: gfortran.fortran-torture/execute/data_2.f90 compilation, -O2 -fomit-frame-pointer -finline-functions
FAIL: gfortran.fortran-torture/execute/data_2.f90 compilation, -O2 -fomit-frame-pointer -finline-functions -funroll-loops
FAIL: gfortran.fortran-torture/execute/data_2.f90 compilation, -O2 -fomit-frame-pointer -finline-functions -funroll-all-loops
FAIL: gfortran.fortran-torture/execute/data_2.f90 compilation, -O2 -fno-repack-arrays
FAIL: gfortran.fortran-torture/execute/data_2.f90 compilation, -O3 -g
FAIL: gfortran.fortran-torture/execute/data_2.f90 compilation, -Os
FAIL: gfortran.fortran-torture/execute/dep_fails.f90 compilation, -O0
FAIL: gfortran.fortran-torture/execute/dep_fails.f90 compilation, -O1
FAIL: gfortran.fortran-torture/execute/dep_fails.f90 compilation, -O2
FAIL: gfortran.fortran-torture/execute/dep_fails.f90 compilation, -O2 -fomit-frame-pointer -finline-functions
FAIL: gfortran.fortran-torture/execute/dep_fails.f90 compilation, -O2 -fomit-frame-pointer -finline-functions -funroll-loops
FAIL: gfortran.fortran-torture/execute/dep_fails.f90 compilation, -O2 -fomit-frame-pointer -finline-functions -funroll-all-loops
FAIL: gfortran.fortran-torture/execute/dep_fails.f90 compilation, -O2 -fno-repack-arrays
FAIL: gfortran.fortran-torture/execute/dep_fails.f90 compilation, -O3 -g
FAIL: gfortran.fortran-torture/execute/dep_fails.f90 compilation, -Os
FAIL: gfortran.fortran-torture/execute/der_init.f90 compilation, -O0
FAIL: gfortran.fortran-torture/execute/der_init.f90 compilation, -O1
FAIL: gfortran.fortran-torture/execute/der_init.f90 compilation, -O2
FAIL: gfortran.fortran-torture/execute/der_init.f90 compilation, -O2 -fomit-frame-pointer -finline-functions
FAIL: gfortran.fortran-torture/execute/der_init.f90 compilation, -O2 -fomit-frame-pointer -finline-functions -funroll-loops
FAIL: gfortran.fortran-torture/execute/der_init.f90 compilation, -O2 -fomit-frame-pointer -finline-functions -funroll-all-loops
FAIL: gfortran.fortran-torture/execute/der_init.f90 compilation, -O2 -fno-repack-arrays
FAIL: gfortran.fortran-torture/execute/der_init.f90 compilation, -O3 -g
FAIL: gfortran.fortran-torture/execute/der_init.f90 compilation, -Os
FAIL: gfortran.fortran-torture/execute/der_io.f90 compilation, -O0
FAIL: gfortran.fortran-torture/execute/der_io.f90 compilation, -O1
FAIL: gfortran.fortran-torture/execute/der_io.f90 compilation, -O2
FAIL: gfortran.fortran-torture/execute/der_io.f90 compilation, -O2 -fomit-frame-pointer -finline-functions
FAIL: gfortran.fortran-torture/execute/der_io.f90 compilation, -O2 -fomit-frame-pointer -finline-functions -funroll-loops
FAIL: gfortran.fortran-torture/execute/der_io.f90 compilation, -O2 -fomit-frame-pointer -finline-functions -funroll-all-loops
FAIL: gfortran.fortran-torture/execute/der_io.f90 compilation, -O2 -fno-repack-arrays
FAIL: gfortran.fortran-torture/execute/der_io.f90 compilation, -O3 -g
FAIL: gfortran.fortran-torture/execute/der_io.f90 compilation, -Os
FAIL: gfortran.fortran-torture/execute/der_point.f90 compilation, -O0
FAIL: gfortran.fortran-torture/execute/der_point.f90 compilation, -O1
FAIL: gfortran.fortran-torture/execute/der_point.f90 compilation, -O2
FAIL: gfortran.fortran-torture/execute/der_point.f90 compilation, -O2 -fomit-frame-pointer -finline-functions
FAIL: gfortran.fortran-torture/execute/der_point.f90 compilation, -O2 -fomit-frame-pointer -finline-functions -funroll-loops
FAIL: gfortran.fortran-torture/execute/der_point.f90 compilation, -O2 -fomit-frame-pointer -finline-functions -funroll-all-loops
FAIL: gfortran.fortran-torture/execute/der_point.f90 compilation, -O2 -fno-repack-arrays
FAIL: gfortran.fortran-torture/execute/der_point.f90 compilation, -O3 -g
FAIL: gfortran.fortran-torture/execute/der_point.f90 compilation, -Os
FAIL: gfortran.fortran-torture/execute/der_type.f90 compilation, -O0
FAIL: gfortran.fortran-torture/execute/der_type.f90 compilation, -O1
FAIL: gfortran.fortran-torture/execute/der_type.f90 compilation, -O2
FAIL: gfortran.fortran-torture/execute/der_type.f90 compilation, -O2 -fomit-frame-pointer -finline-functions
FAIL: gfortran.fortran-torture/execute/der_type.f90 compilation, -O2 -fomit-frame-pointer -finline-functions -funroll-loops
FAIL: gfortran.fortran-torture/execute/der_type.f90 compilation, -O2 -fomit-frame-pointer -finline-functions -funroll-all-loops
FAIL: gfortran.fortran-torture/execute/der_type.f90 compilation, -O2 -fno-repack-arrays
FAIL: gfortran.fortran-torture/execute/der_type.f90 compilation, -O3 -g
FAIL: gfortran.fortran-torture/execute/der_type.f90 compilation, -Os
FAIL: gfortran.fortran-torture/execute/direct_io.f90 compilation, -O0
FAIL: gfortran.fortran-torture/execute/direct_io.f90 compilation, -O1
FAIL: gfortran.fortran-torture/execute/direct_io.f90 compilation, -O2
FAIL: gfortran.fortran-torture/execute/direct_io.f90 compilation, -O2 -fomit-frame-pointer -finline-functions
FAIL: gfortran.fortran-torture/execute/direct_io.f90 compilation, -O2 -fomit-frame-pointer -finline-functions -funroll-loops
FAIL: gfortran.fortran-torture/execute/direct_io.f90 compilation, -O2 -fomit-frame-pointer -finline-functions -funroll-all-loops
FAIL: gfortran.fortran-torture/execute/direct_io.f90 compilation, -O2 -fno-repack-arrays
FAIL: gfortran.fortran-torture/execute/direct_io.f90 compilation, -O3 -g
FAIL: gfortran.fortran-torture/execute/direct_io.f90 compilation, -Os
FAIL: gfortran.fortran-torture/execute/elemental.f90 compilation, -O0
FAIL: gfortran.fortran-torture/execute/elemental.f90 compilation, -O1
FAIL: gfortran.fortran-torture/execute/elemental.f90 compilation, -O2
FAIL: gfortran.fortran-torture/execute/elemental.f90 compilation, -O2 -fomit-frame-pointer -finline-functions
FAIL: gfortran.fortran-torture/execute/elemental.f90 compilation, -O2 -fomit-frame-pointer -finline-functions -funroll-loops
FAIL: gfortran.fortran-torture/execute/elemental.f90 compilation, -O2 -fomit-frame-pointer -finline-functions -funroll-all-loops
FAIL: gfortran.fortran-torture/execute/elemental.f90 compilation, -O2 -fno-repack-arrays
FAIL: gfortran.fortran-torture/execute/elemental.f90 compilation, -O3 -g
FAIL: gfortran.fortran-torture/execute/elemental.f90 compilation, -Os
FAIL: gfortran.fortran-torture/execute/empty_format.f90 compilation, -O0
FAIL: gfortran.fortran-torture/execute/empty_format.f90 compilation, -O1
FAIL: gfortran.fortran-torture/execute/empty_format.f90 compilation, -O2
FAIL: gfortran.fortran-torture/execute/empty_format.f90 compilation, -O2 -fomit-frame-pointer -finline-functions
FAIL: gfortran.fortran-torture/execute/empty_format.f90 compilation, -O2 -fomit-frame-pointer -finline-functions -funroll-loops
FAIL: gfortran.fortran-torture/execute/empty_format.f90 compilation, -O2 -fomit-frame-pointer -finline-functions -funroll-all-loops
FAIL: gfortran.fortran-torture/execute/empty_format.f90 compilation, -O2 -fno-repack-arrays
FAIL: gfortran.fortran-torture/execute/empty_format.f90 compilation, -O3 -g
FAIL: gfortran.fortran-torture/execute/empty_format.f90 compilation, -Os
FAIL: gfortran.fortran-torture/execute/emptyif.f90 compilation, -O0
FAIL: gfortran.fortran-torture/execute/emptyif.f90 compilation, -O1
FAIL: gfortran.fortran-torture/execute/emptyif.f90 compilation, -O2
FAIL: gfortran.fortran-torture/execute/emptyif.f90 compilation, -O2 -fomit-frame-pointer -finline-functions
FAIL: gfortran.fortran-torture/execute/emptyif.f90 compilation, -O2 -fomit-frame-pointer -finline-functions -funroll-loops
FAIL: gfortran.fortran-torture/execute/emptyif.f90 compilation, -O2 -fomit-frame-pointer -finline-functions -funroll-all-loops
FAIL: gfortran.fortran-torture/execute/emptyif.f90 compilation, -O2 -fno-repack-arrays
FAIL: gfortran.fortran-torture/execute/emptyif.f90 compilation, -O3 -g
FAIL: gfortran.fortran-torture/execute/emptyif.f90 compilation, -Os
FAIL: gfortran.fortran-torture/execute/f2_edit_1.f90 compilation, -O0
FAIL: gfortran.fortran-torture/execute/f2_edit_1.f90 compilation, -O1
FAIL: gfortran.fortran-torture/execute/f2_edit_1.f90 compilation, -O2
FAIL: gfortran.fortran-torture/execute/f2_edit_1.f90 compilation, -O2 -fomit-frame-pointer -finline-functions
FAIL: gfortran.fortran-torture/execute/f2_edit_1.f90 compilation, -O2 -fomit-frame-pointer -finline-functions -funroll-loops
FAIL: gfortran.fortran-torture/execute/f2_edit_1.f90 compilation, -O2 -fomit-frame-pointer -finline-functions -funroll-all-loops
FAIL: gfortran.fortran-torture/execute/f2_edit_1.f90 compilation, -O2 -fno-repack-arrays
FAIL: gfortran.fortran-torture/execute/f2_edit_1.f90 compilation, -O3 -g
FAIL: gfortran.fortran-torture/execute/f2_edit_1.f90 compilation, -Os
FAIL: gfortran.fortran-torture/execute/forall.f90 compilation, -O0
FAIL: gfortran.fortran-torture/execute/forall.f90 compilation, -O1
FAIL: gfortran.fortran-torture/execute/forall.f90 compilation, -O2
FAIL: gfortran.fortran-torture/execute/forall.f90 compilation, -O2 -fomit-frame-pointer -finline-functions
FAIL: gfortran.fortran-torture/execute/forall.f90 compilation, -O2 -fomit-frame-pointer -finline-functions -funroll-loops
FAIL: gfortran.fortran-torture/execute/forall.f90 compilation, -O2 -fomit-frame-pointer -finline-functions -funroll-all-loops
FAIL: gfortran.fortran-torture/execute/forall.f90 compilation, -O2 -fno-repack-arrays
FAIL: gfortran.fortran-torture/execute/forall.f90 compilation, -O3 -g
FAIL: gfortran.fortran-torture/execute/forall.f90 compilation, -Os
FAIL: gfortran.fortran-torture/execute/forall_1.f90 compilation, -O0
FAIL: gfortran.fortran-torture/execute/forall_1.f90 compilation, -O1
FAIL: gfortran.fortran-torture/execute/forall_1.f90 compilation, -O2
FAIL: gfortran.fortran-torture/execute/forall_1.f90 compilation, -O2 -fomit-frame-pointer -finline-functions
FAIL: gfortran.fortran-torture/execute/forall_1.f90 compilation, -O2 -fomit-frame-pointer -finline-functions -funroll-loops
FAIL: gfortran.fortran-torture/execute/forall_1.f90 compilation, -O2 -fomit-frame-pointer -finline-functions -funroll-all-loops
FAIL: gfortran.fortran-torture/execute/forall_1.f90 compilation, -O2 -fno-repack-arrays
FAIL: gfortran.fortran-torture/execute/forall_1.f90 compilation, -O3 -g
FAIL: gfortran.fortran-torture/execute/forall_1.f90 compilation, -Os
FAIL: gfortran.fortran-torture/execute/forall_2.f90 compilation, -O0
FAIL: gfortran.fortran-torture/execute/forall_2.f90 compilation, -O1
FAIL: gfortran.fortran-torture/execute/forall_2.f90 compilation, -O2
FAIL: gfortran.fortran-torture/execute/forall_2.f90 compilation, -O2 -fomit-frame-pointer -finline-functions
FAIL: gfortran.fortran-torture/execute/forall_2.f90 compilation, -O2 -fomit-frame-pointer -finline-functions -funroll-loops
FAIL: gfortran.fortran-torture/execute/forall_2.f90 compilation, -O2 -fomit-frame-pointer -finline-functions -funroll-all-loops
FAIL: gfortran.fortran-torture/execute/forall_2.f90 compilation, -O2 -fno-repack-arrays
FAIL: gfortran.fortran-torture/execute/forall_2.f90 compilation, -O3 -g
FAIL: gfortran.fortran-torture/execute/forall_2.f90 compilation, -Os
FAIL: gfortran.fortran-torture/execute/forall_3.f90 compilation, -O0
FAIL: gfortran.fortran-torture/execute/forall_3.f90 compilation, -O1
FAIL: gfortran.fortran-torture/execute/forall_3.f90 compilation, -O2
FAIL: gfortran.fortran-torture/execute/forall_3.f90 compilation, -O2 -fomit-frame-pointer -finline-functions
FAIL: gfortran.fortran-torture/execute/forall_3.f90 compilation, -O2 -fomit-frame-pointer -finline-functions -funroll-loops
FAIL: gfortran.fortran-torture/execute/forall_3.f90 compilation, -O2 -fomit-frame-pointer -finline-functions -funroll-all-loops
FAIL: gfortran.fortran-torture/execute/forall_3.f90 compilation, -O2 -fno-repack-arrays
FAIL: gfortran.fortran-torture/execute/forall_3.f90 compilation, -O3 -g
FAIL: gfortran.fortran-torture/execute/forall_3.f90 compilation, -Os
FAIL: gfortran.fortran-torture/execute/forall_4.f90 compilation, -O0
FAIL: gfortran.fortran-torture/execute/forall_4.f90 compilation, -O1
FAIL: gfortran.fortran-torture/execute/forall_4.f90 compilation, -O2
FAIL: gfortran.fortran-torture/execute/forall_4.f90 compilation, -O2 -fomit-frame-pointer -finline-functions
FAIL: gfortran.fortran-torture/execute/forall_4.f90 compilation, -O2 -fomit-frame-pointer -finline-functions -funroll-loops
FAIL: gfortran.fortran-torture/execute/forall_4.f90 compilation, -O2 -fomit-frame-pointer -finline-functions -funroll-all-loops
FAIL: gfortran.fortran-torture/execute/forall_4.f90 compilation, -O2 -fno-repack-arrays
FAIL: gfortran.fortran-torture/execute/forall_4.f90 compilation, -O3 -g
FAIL: gfortran.fortran-torture/execute/forall_4.f90 compilation, -Os
FAIL: gfortran.fortran-torture/execute/forall_5.f90 compilation, -O0
FAIL: gfortran.fortran-torture/execute/forall_5.f90 compilation, -O1
FAIL: gfortran.fortran-torture/execute/forall_5.f90 compilation, -O2
FAIL: gfortran.fortran-torture/execute/forall_5.f90 compilation, -O2 -fomit-frame-pointer -finline-functions
FAIL: gfortran.fortran-torture/execute/forall_5.f90 compilation, -O2 -fomit-frame-pointer -finline-functions -funroll-loops
FAIL: gfortran.fortran-torture/execute/forall_5.f90 compilation, -O2 -fomit-frame-pointer -finline-functions -funroll-all-loops
FAIL: gfortran.fortran-torture/execute/forall_5.f90 compilation, -O2 -fno-repack-arrays
FAIL: gfortran.fortran-torture/execute/forall_5.f90 compilation, -O3 -g
FAIL: gfortran.fortran-torture/execute/forall_5.f90 compilation, -Os
FAIL: gfortran.fortran-torture/execute/forall_6.f90 compilation, -O0
FAIL: gfortran.fortran-torture/execute/forall_6.f90 compilation, -O1
FAIL: gfortran.fortran-torture/execute/forall_6.f90 compilation, -O2
FAIL: gfortran.fortran-torture/execute/forall_6.f90 compilation, -O2 -fomit-frame-pointer -finline-functions
FAIL: gfortran.fortran-torture/execute/forall_6.f90 compilation, -O2 -fomit-frame-pointer -finline-functions -funroll-loops
FAIL: gfortran.fortran-torture/execute/forall_6.f90 compilation, -O2 -fomit-frame-pointer -finline-functions -funroll-all-loops
FAIL: gfortran.fortran-torture/execute/forall_6.f90 compilation, -O2 -fno-repack-arrays
FAIL: gfortran.fortran-torture/execute/forall_6.f90 compilation, -O3 -g
FAIL: gfortran.fortran-torture/execute/forall_6.f90 compilation, -Os
FAIL: gfortran.fortran-torture/execute/function_module_1.f90 compilation, -O0
FAIL: gfortran.fortran-torture/execute/function_module_1.f90 compilation, -O1
FAIL: gfortran.fortran-torture/execute/function_module_1.f90 compilation, -O2
FAIL: gfortran.fortran-torture/execute/function_module_1.f90 compilation, -O2 -fomit-frame-pointer -finline-functions
FAIL: gfortran.fortran-torture/execute/function_module_1.f90 compilation, -O2 -fomit-frame-pointer -finline-functions -funroll-loops
FAIL: gfortran.fortran-torture/execute/function_module_1.f90 compilation, -O2 -fomit-frame-pointer -finline-functions -funroll-all-loops
FAIL: gfortran.fortran-torture/execute/function_module_1.f90 compilation, -O2 -fno-repack-arrays
FAIL: gfortran.fortran-torture/execute/function_module_1.f90 compilation, -O3 -g
FAIL: gfortran.fortran-torture/execute/function_module_1.f90 compilation, -Os
FAIL: gfortran.fortran-torture/execute/hollerith.f90 compilation, -O0
FAIL: gfortran.fortran-torture/execute/hollerith.f90 compilation, -O1
FAIL: gfortran.fortran-torture/execute/hollerith.f90 compilation, -O2
FAIL: gfortran.fortran-torture/execute/hollerith.f90 compilation, -O2 -fomit-frame-pointer -finline-functions
FAIL: gfortran.fortran-torture/execute/hollerith.f90 compilation, -O2 -fomit-frame-pointer -finline-functions -funroll-loops
FAIL: gfortran.fortran-torture/execute/hollerith.f90 compilation, -O2 -fomit-frame-pointer -finline-functions -funroll-all-loops
FAIL: gfortran.fortran-torture/execute/hollerith.f90 compilation, -O2 -fno-repack-arrays
FAIL: gfortran.fortran-torture/execute/hollerith.f90 compilation, -O3 -g
FAIL: gfortran.fortran-torture/execute/hollerith.f90 compilation, -Os
FAIL: gfortran.fortran-torture/execute/initializer.f90 compilation, -O0
FAIL: gfortran.fortran-torture/execute/initializer.f90 compilation, -O1
FAIL: gfortran.fortran-torture/execute/initializer.f90 compilation, -O2
FAIL: gfortran.fortran-torture/execute/initializer.f90 compilation, -O2 -fomit-frame-pointer -finline-functions
FAIL: gfortran.fortran-torture/execute/initializer.f90 compilation, -O2 -fomit-frame-pointer -finline-functions -funroll-loops
FAIL: gfortran.fortran-torture/execute/initializer.f90 compilation, -O2 -fomit-frame-pointer -finline-functions -funroll-all-loops
FAIL: gfortran.fortran-torture/execute/initializer.f90 compilation, -O2 -fno-repack-arrays
FAIL: gfortran.fortran-torture/execute/initializer.f90 compilation, -O3 -g
FAIL: gfortran.fortran-torture/execute/initializer.f90 compilation, -Os
FAIL: gfortran.fortran-torture/execute/inquire_1.f90 compilation, -O0
FAIL: gfortran.fortran-torture/execute/inquire_1.f90 compilation, -O1
FAIL: gfortran.fortran-torture/execute/inquire_1.f90 compilation, -O2
FAIL: gfortran.fortran-torture/execute/inquire_1.f90 compilation, -O2 -fomit-frame-pointer -finline-functions
FAIL: gfortran.fortran-torture/execute/inquire_1.f90 compilation, -O2 -fomit-frame-pointer -finline-functions -funroll-loops
FAIL: gfortran.fortran-torture/execute/inquire_1.f90 compilation, -O2 -fomit-frame-pointer -finline-functions -funroll-all-loops
FAIL: gfortran.fortran-torture/execute/inquire_1.f90 compilation, -O2 -fno-repack-arrays
FAIL: gfortran.fortran-torture/execute/inquire_1.f90 compilation, -O3 -g
FAIL: gfortran.fortran-torture/execute/inquire_1.f90 compilation, -Os
FAIL: gfortran.fortran-torture/execute/inquire_2.f90 compilation, -O0
FAIL: gfortran.fortran-torture/execute/inquire_2.f90 compilation, -O1
FAIL: gfortran.fortran-torture/execute/inquire_2.f90 compilation, -O2
FAIL: gfortran.fortran-torture/execute/inquire_2.f90 compilation, -O2 -fomit-frame-pointer -finline-functions
FAIL: gfortran.fortran-torture/execute/inquire_2.f90 compilation, -O2 -fomit-frame-pointer -finline-functions -funroll-loops
FAIL: gfortran.fortran-torture/execute/inquire_2.f90 compilation, -O2 -fomit-frame-pointer -finline-functions -funroll-all-loops
FAIL: gfortran.fortran-torture/execute/inquire_2.f90 compilation, -O2 -fno-repack-arrays
FAIL: gfortran.fortran-torture/execute/inquire_2.f90 compilation, -O3 -g
FAIL: gfortran.fortran-torture/execute/inquire_2.f90 compilation, -Os
FAIL: gfortran.fortran-torture/execute/inquire_3.f90 compilation, -O0
FAIL: gfortran.fortran-torture/execute/inquire_3.f90 compilation, -O1
FAIL: gfortran.fortran-torture/execute/inquire_3.f90 compilation, -O2
FAIL: gfortran.fortran-torture/execute/inquire_3.f90 compilation, -O2 -fomit-frame-pointer -finline-functions
FAIL: gfortran.fortran-torture/execute/inquire_3.f90 compilation, -O2 -fomit-frame-pointer -finline-functions -funroll-loops
FAIL: gfortran.fortran-torture/execute/inquire_3.f90 compilation, -O2 -fomit-frame-pointer -finline-functions -funroll-all-loops
FAIL: gfortran.fortran-torture/execute/inquire_3.f90 compilation, -O2 -fno-repack-arrays
FAIL: gfortran.fortran-torture/execute/inquire_3.f90 compilation, -O3 -g
FAIL: gfortran.fortran-torture/execute/inquire_3.f90 compilation, -Os
FAIL: gfortran.fortran-torture/execute/inquire_4.f90 compilation, -O0
FAIL: gfortran.fortran-torture/execute/inquire_4.f90 compilation, -O1
FAIL: gfortran.fortran-torture/execute/inquire_4.f90 compilation, -O2
FAIL: gfortran.fortran-torture/execute/inquire_4.f90 compilation, -O2 -fomit-frame-pointer -finline-functions
FAIL: gfortran.fortran-torture/execute/inquire_4.f90 compilation, -O2 -fomit-frame-pointer -finline-functions -funroll-loops
FAIL: gfortran.fortran-torture/execute/inquire_4.f90 compilation, -O2 -fomit-frame-pointer -finline-functions -funroll-all-loops
FAIL: gfortran.fortran-torture/execute/inquire_4.f90 compilation, -O2 -fno-repack-arrays
FAIL: gfortran.fortran-torture/execute/inquire_4.f90 compilation, -O3 -g
FAIL: gfortran.fortran-torture/execute/inquire_4.f90 compilation, -Os
FAIL: gfortran.fortran-torture/execute/integer_select.f90 compilation, -O0
FAIL: gfortran.fortran-torture/execute/integer_select.f90 compilation, -O1
FAIL: gfortran.fortran-torture/execute/integer_select.f90 compilation, -O2
FAIL: gfortran.fortran-torture/execute/integer_select.f90 compilation, -O2 -fomit-frame-pointer -finline-functions
FAIL: gfortran.fortran-torture/execute/integer_select.f90 compilation, -O2 -fomit-frame-pointer -finline-functions -funroll-loops
FAIL: gfortran.fortran-torture/execute/integer_select.f90 compilation, -O2 -fomit-frame-pointer -finline-functions -funroll-all-loops
FAIL: gfortran.fortran-torture/execute/integer_select.f90 compilation, -O2 -fno-repack-arrays
FAIL: gfortran.fortran-torture/execute/integer_select.f90 compilation, -O3 -g
FAIL: gfortran.fortran-torture/execute/integer_select.f90 compilation, -Os
FAIL: gfortran.fortran-torture/execute/integer_select_1.f90 compilation, -O0
FAIL: gfortran.fortran-torture/execute/integer_select_1.f90 compilation, -O1
FAIL: gfortran.fortran-torture/execute/integer_select_1.f90 compilation, -O2
FAIL: gfortran.fortran-torture/execute/integer_select_1.f90 compilation, -O2 -fomit-frame-pointer -finline-functions
FAIL: gfortran.fortran-torture/execute/integer_select_1.f90 compilation, -O2 -fomit-frame-pointer -finline-functions -funroll-loops
FAIL: gfortran.fortran-torture/execute/integer_select_1.f90 compilation, -O2 -fomit-frame-pointer -finline-functions -funroll-all-loops
FAIL: gfortran.fortran-torture/execute/integer_select_1.f90 compilation, -O2 -fno-repack-arrays
FAIL: gfortran.fortran-torture/execute/integer_select_1.f90 compilation, -O3 -g
FAIL: gfortran.fortran-torture/execute/integer_select_1.f90 compilation, -Os
FAIL: gfortran.fortran-torture/execute/internal_write.f90 compilation, -O0
FAIL: gfortran.fortran-torture/execute/internal_write.f90 compilation, -O1
FAIL: gfortran.fortran-torture/execute/internal_write.f90 compilation, -O2
FAIL: gfortran.fortran-torture/execute/internal_write.f90 compilation, -O2 -fomit-frame-pointer -finline-functions
FAIL: gfortran.fortran-torture/execute/internal_write.f90 compilation, -O2 -fomit-frame-pointer -finline-functions -funroll-loops
FAIL: gfortran.fortran-torture/execute/internal_write.f90 compilation, -O2 -fomit-frame-pointer -finline-functions -funroll-all-loops
FAIL: gfortran.fortran-torture/execute/internal_write.f90 compilation, -O2 -fno-repack-arrays
FAIL: gfortran.fortran-torture/execute/internal_write.f90 compilation, -O3 -g
FAIL: gfortran.fortran-torture/execute/internal_write.f90 compilation, -Os
FAIL: gfortran.fortran-torture/execute/intrinsic_abs.f90 compilation, -O0
FAIL: gfortran.fortran-torture/execute/intrinsic_abs.f90 compilation, -O1
FAIL: gfortran.fortran-torture/execute/intrinsic_abs.f90 compilation, -O2
FAIL: gfortran.fortran-torture/execute/intrinsic_abs.f90 compilation, -O2 -fomit-frame-pointer -finline-functions
FAIL: gfortran.fortran-torture/execute/intrinsic_abs.f90 compilation, -O2 -fomit-frame-pointer -finline-functions -funroll-loops
FAIL: gfortran.fortran-torture/execute/intrinsic_abs.f90 compilation, -O2 -fomit-frame-pointer -finline-functions -funroll-all-loops
FAIL: gfortran.fortran-torture/execute/intrinsic_abs.f90 compilation, -O2 -fno-repack-arrays
FAIL: gfortran.fortran-torture/execute/intrinsic_abs.f90 compilation, -O3 -g
FAIL: gfortran.fortran-torture/execute/intrinsic_abs.f90 compilation, -Os
FAIL: gfortran.fortran-torture/execute/intrinsic_achar.f90 compilation, -O0
FAIL: gfortran.fortran-torture/execute/intrinsic_achar.f90 compilation, -O1
FAIL: gfortran.fortran-torture/execute/intrinsic_achar.f90 compilation, -O2
FAIL: gfortran.fortran-torture/execute/intrinsic_achar.f90 compilation, -O2 -fomit-frame-pointer -finline-functions
FAIL: gfortran.fortran-torture/execute/intrinsic_achar.f90 compilation, -O2 -fomit-frame-pointer -finline-functions -funroll-loops
FAIL: gfortran.fortran-torture/execute/intrinsic_achar.f90 compilation, -O2 -fomit-frame-pointer -finline-functions -funroll-all-loops
FAIL: gfortran.fortran-torture/execute/intrinsic_achar.f90 compilation, -O2 -fno-repack-arrays
FAIL: gfortran.fortran-torture/execute/intrinsic_achar.f90 compilation, -O3 -g
FAIL: gfortran.fortran-torture/execute/intrinsic_achar.f90 compilation, -Os
FAIL: gfortran.fortran-torture/execute/intrinsic_aint_anint.f90 compilation, -O0
FAIL: gfortran.fortran-torture/execute/intrinsic_aint_anint.f90 compilation, -O1
FAIL: gfortran.fortran-torture/execute/intrinsic_aint_anint.f90 compilation, -O2
FAIL: gfortran.fortran-torture/execute/intrinsic_aint_anint.f90 compilation, -O2 -fomit-frame-pointer -finline-functions
FAIL: gfortran.fortran-torture/execute/intrinsic_aint_anint.f90 compilation, -O2 -fomit-frame-pointer -finline-functions -funroll-loops
FAIL: gfortran.fortran-torture/execute/intrinsic_aint_anint.f90 compilation, -O2 -fomit-frame-pointer -finline-functions -funroll-all-loops
FAIL: gfortran.fortran-torture/execute/intrinsic_aint_anint.f90 compilation, -O2 -fno-repack-arrays
FAIL: gfortran.fortran-torture/execute/intrinsic_aint_anint.f90 compilation, -O3 -g
FAIL: gfortran.fortran-torture/execute/intrinsic_aint_anint.f90 compilation, -Os
FAIL: gfortran.fortran-torture/execute/intrinsic_anyall.f90 compilation, -O0
FAIL: gfortran.fortran-torture/execute/intrinsic_anyall.f90 compilation, -O1
FAIL: gfortran.fortran-torture/execute/intrinsic_anyall.f90 compilation, -O2
FAIL: gfortran.fortran-torture/execute/intrinsic_anyall.f90 compilation, -O2 -fomit-frame-pointer -finline-functions
FAIL: gfortran.fortran-torture/execute/intrinsic_anyall.f90 compilation, -O2 -fomit-frame-pointer -finline-functions -funroll-loops
FAIL: gfortran.fortran-torture/execute/intrinsic_anyall.f90 compilation, -O2 -fomit-frame-pointer -finline-functions -funroll-all-loops
FAIL: gfortran.fortran-torture/execute/intrinsic_anyall.f90 compilation, -O2 -fno-repack-arrays
FAIL: gfortran.fortran-torture/execute/intrinsic_anyall.f90 compilation, -O3 -g
FAIL: gfortran.fortran-torture/execute/intrinsic_anyall.f90 compilation, -Os
FAIL: gfortran.fortran-torture/execute/intrinsic_associated.f90 compilation, -O0
FAIL: gfortran.fortran-torture/execute/intrinsic_associated.f90 compilation, -O1
FAIL: gfortran.fortran-torture/execute/intrinsic_associated.f90 compilation, -O2
FAIL: gfortran.fortran-torture/execute/intrinsic_associated.f90 compilation, -O2 -fomit-frame-pointer -finline-functions
FAIL: gfortran.fortran-torture/execute/intrinsic_associated.f90 compilation, -O2 -fomit-frame-pointer -finline-functions -funroll-loops
FAIL: gfortran.fortran-torture/execute/intrinsic_associated.f90 compilation, -O2 -fomit-frame-pointer -finline-functions -funroll-all-loops
FAIL: gfortran.fortran-torture/execute/intrinsic_associated.f90 compilation, -O2 -fno-repack-arrays
FAIL: gfortran.fortran-torture/execute/intrinsic_associated.f90 compilation, -O3 -g
FAIL: gfortran.fortran-torture/execute/intrinsic_associated.f90 compilation, -Os
FAIL: gfortran.fortran-torture/execute/intrinsic_associated_2.f90 compilation, -O0
FAIL: gfortran.fortran-torture/execute/intrinsic_associated_2.f90 compilation, -O1
FAIL: gfortran.fortran-torture/execute/intrinsic_associated_2.f90 compilation, -O2
FAIL: gfortran.fortran-torture/execute/intrinsic_associated_2.f90 compilation, -O2 -fomit-frame-pointer -finline-functions
FAIL: gfortran.fortran-torture/execute/intrinsic_associated_2.f90 compilation, -O2 -fomit-frame-pointer -finline-functions -funroll-loops
FAIL: gfortran.fortran-torture/execute/intrinsic_associated_2.f90 compilation, -O2 -fomit-frame-pointer -finline-functions -funroll-all-loops
FAIL: gfortran.fortran-torture/execute/intrinsic_associated_2.f90 compilation, -O2 -fno-repack-arrays
FAIL: gfortran.fortran-torture/execute/intrinsic_associated_2.f90 compilation, -O3 -g
FAIL: gfortran.fortran-torture/execute/intrinsic_associated_2.f90 compilation, -Os
FAIL: gfortran.fortran-torture/execute/intrinsic_bitops.f90 compilation, -O0
FAIL: gfortran.fortran-torture/execute/intrinsic_bitops.f90 compilation, -O1
FAIL: gfortran.fortran-torture/execute/intrinsic_bitops.f90 compilation, -O2
FAIL: gfortran.fortran-torture/execute/intrinsic_bitops.f90 compilation, -O2 -fomit-frame-pointer -finline-functions
FAIL: gfortran.fortran-torture/execute/intrinsic_bitops.f90 compilation, -O2 -fomit-frame-pointer -finline-functions -funroll-loops
FAIL: gfortran.fortran-torture/execute/intrinsic_bitops.f90 compilation, -O2 -fomit-frame-pointer -finline-functions -funroll-all-loops
FAIL: gfortran.fortran-torture/execute/intrinsic_bitops.f90 compilation, -O2 -fno-repack-arrays
FAIL: gfortran.fortran-torture/execute/intrinsic_bitops.f90 compilation, -O3 -g
FAIL: gfortran.fortran-torture/execute/intrinsic_bitops.f90 compilation, -Os
FAIL: gfortran.fortran-torture/execute/intrinsic_count.f90 compilation, -O0
FAIL: gfortran.fortran-torture/execute/intrinsic_count.f90 compilation, -O1
FAIL: gfortran.fortran-torture/execute/intrinsic_count.f90 compilation, -O2
FAIL: gfortran.fortran-torture/execute/intrinsic_count.f90 compilation, -O2 -fomit-frame-pointer -finline-functions
FAIL: gfortran.fortran-torture/execute/intrinsic_count.f90 compilation, -O2 -fomit-frame-pointer -finline-functions -funroll-loops
FAIL: gfortran.fortran-torture/execute/intrinsic_count.f90 compilation, -O2 -fomit-frame-pointer -finline-functions -funroll-all-loops
FAIL: gfortran.fortran-torture/execute/intrinsic_count.f90 compilation, -O2 -fno-repack-arrays
FAIL: gfortran.fortran-torture/execute/intrinsic_count.f90 compilation, -O3 -g
FAIL: gfortran.fortran-torture/execute/intrinsic_count.f90 compilation, -Os
FAIL: gfortran.fortran-torture/execute/intrinsic_cshift.f90 compilation, -O0
FAIL: gfortran.fortran-torture/execute/intrinsic_cshift.f90 compilation, -O1
FAIL: gfortran.fortran-torture/execute/intrinsic_cshift.f90 compilation, -O2
FAIL: gfortran.fortran-torture/execute/intrinsic_cshift.f90 compilation, -O2 -fomit-frame-pointer -finline-functions
FAIL: gfortran.fortran-torture/execute/intrinsic_cshift.f90 compilation, -O2 -fomit-frame-pointer -finline-functions -funroll-loops
FAIL: gfortran.fortran-torture/execute/intrinsic_cshift.f90 compilation, -O2 -fomit-frame-pointer -finline-functions -funroll-all-loops
FAIL: gfortran.fortran-torture/execute/intrinsic_cshift.f90 compilation, -O2 -fno-repack-arrays
FAIL: gfortran.fortran-torture/execute/intrinsic_cshift.f90 compilation, -O3 -g
FAIL: gfortran.fortran-torture/execute/intrinsic_cshift.f90 compilation, -Os
FAIL: gfortran.fortran-torture/execute/intrinsic_dim.f90 compilation, -O0
FAIL: gfortran.fortran-torture/execute/intrinsic_dim.f90 compilation, -O1
FAIL: gfortran.fortran-torture/execute/intrinsic_dim.f90 compilation, -O2
FAIL: gfortran.fortran-torture/execute/intrinsic_dim.f90 compilation, -O2 -fomit-frame-pointer -finline-functions
FAIL: gfortran.fortran-torture/execute/intrinsic_dim.f90 compilation, -O2 -fomit-frame-pointer -finline-functions -funroll-loops
FAIL: gfortran.fortran-torture/execute/intrinsic_dim.f90 compilation, -O2 -fomit-frame-pointer -finline-functions -funroll-all-loops
FAIL: gfortran.fortran-torture/execute/intrinsic_dim.f90 compilation, -O2 -fno-repack-arrays
FAIL: gfortran.fortran-torture/execute/intrinsic_dim.f90 compilation, -O3 -g
FAIL: gfortran.fortran-torture/execute/intrinsic_dim.f90 compilation, -Os
FAIL: gfortran.fortran-torture/execute/intrinsic_dotprod.f90 compilation, -O0
FAIL: gfortran.fortran-torture/execute/intrinsic_dotprod.f90 compilation, -O1
FAIL: gfortran.fortran-torture/execute/intrinsic_dotprod.f90 compilation, -O2
FAIL: gfortran.fortran-torture/execute/intrinsic_dotprod.f90 compilation, -O2 -fomit-frame-pointer -finline-functions
FAIL: gfortran.fortran-torture/execute/intrinsic_dotprod.f90 compilation, -O2 -fomit-frame-pointer -finline-functions -funroll-loops
FAIL: gfortran.fortran-torture/execute/intrinsic_dotprod.f90 compilation, -O2 -fomit-frame-pointer -finline-functions -funroll-all-loops
FAIL: gfortran.fortran-torture/execute/intrinsic_dotprod.f90 compilation, -O2 -fno-repack-arrays
FAIL: gfortran.fortran-torture/execute/intrinsic_dotprod.f90 compilation, -O3 -g
FAIL: gfortran.fortran-torture/execute/intrinsic_dotprod.f90 compilation, -Os
FAIL: gfortran.fortran-torture/execute/intrinsic_dprod.f90 compilation, -O0
FAIL: gfortran.fortran-torture/execute/intrinsic_dprod.f90 compilation, -O1
FAIL: gfortran.fortran-torture/execute/intrinsic_dprod.f90 compilation, -O2
FAIL: gfortran.fortran-torture/execute/intrinsic_dprod.f90 compilation, -O2 -fomit-frame-pointer -finline-functions
FAIL: gfortran.fortran-torture/execute/intrinsic_dprod.f90 compilation, -O2 -fomit-frame-pointer -finline-functions -funroll-loops
FAIL: gfortran.fortran-torture/execute/intrinsic_dprod.f90 compilation, -O2 -fomit-frame-pointer -finline-functions -funroll-all-loops
FAIL: gfortran.fortran-torture/execute/intrinsic_dprod.f90 compilation, -O2 -fno-repack-arrays
FAIL: gfortran.fortran-torture/execute/intrinsic_dprod.f90 compilation, -O3 -g
FAIL: gfortran.fortran-torture/execute/intrinsic_dprod.f90 compilation, -Os
FAIL: gfortran.fortran-torture/execute/intrinsic_dummy.f90 compilation, -O0
FAIL: gfortran.fortran-torture/execute/intrinsic_dummy.f90 compilation, -O1
FAIL: gfortran.fortran-torture/execute/intrinsic_dummy.f90 compilation, -O2
FAIL: gfortran.fortran-torture/execute/intrinsic_dummy.f90 compilation, -O2 -fomit-frame-pointer -finline-functions
FAIL: gfortran.fortran-torture/execute/intrinsic_dummy.f90 compilation, -O2 -fomit-frame-pointer -finline-functions -funroll-loops
FAIL: gfortran.fortran-torture/execute/intrinsic_dummy.f90 compilation, -O2 -fomit-frame-pointer -finline-functions -funroll-all-loops
FAIL: gfortran.fortran-torture/execute/intrinsic_dummy.f90 compilation, -O2 -fno-repack-arrays
FAIL: gfortran.fortran-torture/execute/intrinsic_dummy.f90 compilation, -O3 -g
FAIL: gfortran.fortran-torture/execute/intrinsic_dummy.f90 compilation, -Os
FAIL: gfortran.fortran-torture/execute/intrinsic_eoshift.f90 compilation, -O0
FAIL: gfortran.fortran-torture/execute/intrinsic_eoshift.f90 compilation, -O1
FAIL: gfortran.fortran-torture/execute/intrinsic_eoshift.f90 compilation, -O2
FAIL: gfortran.fortran-torture/execute/intrinsic_eoshift.f90 compilation, -O2 -fomit-frame-pointer -finline-functions
FAIL: gfortran.fortran-torture/execute/intrinsic_eoshift.f90 compilation, -O2 -fomit-frame-pointer -finline-functions -funroll-loops
FAIL: gfortran.fortran-torture/execute/intrinsic_eoshift.f90 compilation, -O2 -fomit-frame-pointer -finline-functions -funroll-all-loops
FAIL: gfortran.fortran-torture/execute/intrinsic_eoshift.f90 compilation, -O2 -fno-repack-arrays
FAIL: gfortran.fortran-torture/execute/intrinsic_eoshift.f90 compilation, -O3 -g
FAIL: gfortran.fortran-torture/execute/intrinsic_eoshift.f90 compilation, -Os
FAIL: gfortran.fortran-torture/execute/intrinsic_fraction_exponent.f90 compilation, -O0
FAIL: gfortran.fortran-torture/execute/intrinsic_fraction_exponent.f90 compilation, -O1
FAIL: gfortran.fortran-torture/execute/intrinsic_fraction_exponent.f90 compilation, -O2
FAIL: gfortran.fortran-torture/execute/intrinsic_fraction_exponent.f90 compilation, -O2 -fomit-frame-pointer -finline-functions
FAIL: gfortran.fortran-torture/execute/intrinsic_fraction_exponent.f90 compilation, -O2 -fomit-frame-pointer -finline-functions -funroll-loops
FAIL: gfortran.fortran-torture/execute/intrinsic_fraction_exponent.f90 compilation, -O2 -fomit-frame-pointer -finline-functions -funroll-all-loops
FAIL: gfortran.fortran-torture/execute/intrinsic_fraction_exponent.f90 compilation, -O2 -fno-repack-arrays
FAIL: gfortran.fortran-torture/execute/intrinsic_fraction_exponent.f90 compilation, -O3 -g
FAIL: gfortran.fortran-torture/execute/intrinsic_fraction_exponent.f90 compilation, -Os
FAIL: gfortran.fortran-torture/execute/intrinsic_index.f90 compilation, -O0
FAIL: gfortran.fortran-torture/execute/intrinsic_index.f90 compilation, -O1
FAIL: gfortran.fortran-torture/execute/intrinsic_index.f90 compilation, -O2
FAIL: gfortran.fortran-torture/execute/intrinsic_index.f90 compilation, -O2 -fomit-frame-pointer -finline-functions
FAIL: gfortran.fortran-torture/execute/intrinsic_index.f90 compilation, -O2 -fomit-frame-pointer -finline-functions -funroll-loops
FAIL: gfortran.fortran-torture/execute/intrinsic_index.f90 compilation, -O2 -fomit-frame-pointer -finline-functions -funroll-all-loops
FAIL: gfortran.fortran-torture/execute/intrinsic_index.f90 compilation, -O2 -fno-repack-arrays
FAIL: gfortran.fortran-torture/execute/intrinsic_index.f90 compilation, -O3 -g
FAIL: gfortran.fortran-torture/execute/intrinsic_index.f90 compilation, -Os
FAIL: gfortran.fortran-torture/execute/intrinsic_integer.f90 compilation, -O0
FAIL: gfortran.fortran-torture/execute/intrinsic_integer.f90 compilation, -O1
FAIL: gfortran.fortran-torture/execute/intrinsic_integer.f90 compilation, -O2
FAIL: gfortran.fortran-torture/execute/intrinsic_integer.f90 compilation, -O2 -fomit-frame-pointer -finline-functions
FAIL: gfortran.fortran-torture/execute/intrinsic_integer.f90 compilation, -O2 -fomit-frame-pointer -finline-functions -funroll-loops
FAIL: gfortran.fortran-torture/execute/intrinsic_integer.f90 compilation, -O2 -fomit-frame-pointer -finline-functions -funroll-all-loops
FAIL: gfortran.fortran-torture/execute/intrinsic_integer.f90 compilation, -O2 -fno-repack-arrays
FAIL: gfortran.fortran-torture/execute/intrinsic_integer.f90 compilation, -O3 -g
FAIL: gfortran.fortran-torture/execute/intrinsic_integer.f90 compilation, -Os
FAIL: gfortran.fortran-torture/execute/intrinsic_len.f90 compilation, -O0
FAIL: gfortran.fortran-torture/execute/intrinsic_len.f90 compilation, -O1
FAIL: gfortran.fortran-torture/execute/intrinsic_len.f90 compilation, -O2
FAIL: gfortran.fortran-torture/execute/intrinsic_len.f90 compilation, -O2 -fomit-frame-pointer -finline-functions
FAIL: gfortran.fortran-torture/execute/intrinsic_len.f90 compilation, -O2 -fomit-frame-pointer -finline-functions -funroll-loops
FAIL: gfortran.fortran-torture/execute/intrinsic_len.f90 compilation, -O2 -fomit-frame-pointer -finline-functions -funroll-all-loops
FAIL: gfortran.fortran-torture/execute/intrinsic_len.f90 compilation, -O2 -fno-repack-arrays
FAIL: gfortran.fortran-torture/execute/intrinsic_len.f90 compilation, -O3 -g
FAIL: gfortran.fortran-torture/execute/intrinsic_len.f90 compilation, -Os
FAIL: gfortran.fortran-torture/execute/intrinsic_matmul.f90 compilation, -O0
FAIL: gfortran.fortran-torture/execute/intrinsic_matmul.f90 compilation, -O1
FAIL: gfortran.fortran-torture/execute/intrinsic_matmul.f90 compilation, -O2
FAIL: gfortran.fortran-torture/execute/intrinsic_matmul.f90 compilation, -O2 -fomit-frame-pointer -finline-functions
FAIL: gfortran.fortran-torture/execute/intrinsic_matmul.f90 compilation, -O2 -fomit-frame-pointer -finline-functions -funroll-loops
FAIL: gfortran.fortran-torture/execute/intrinsic_matmul.f90 compilation, -O2 -fomit-frame-pointer -finline-functions -funroll-all-loops
FAIL: gfortran.fortran-torture/execute/intrinsic_matmul.f90 compilation, -O2 -fno-repack-arrays
FAIL: gfortran.fortran-torture/execute/intrinsic_matmul.f90 compilation, -O3 -g
FAIL: gfortran.fortran-torture/execute/intrinsic_matmul.f90 compilation, -Os
FAIL: gfortran.fortran-torture/execute/intrinsic_merge.f90 compilation, -O0
FAIL: gfortran.fortran-torture/execute/intrinsic_merge.f90 compilation, -O1
FAIL: gfortran.fortran-torture/execute/intrinsic_merge.f90 compilation, -O2
FAIL: gfortran.fortran-torture/execute/intrinsic_merge.f90 compilation, -O2 -fomit-frame-pointer -finline-functions
FAIL: gfortran.fortran-torture/execute/intrinsic_merge.f90 compilation, -O2 -fomit-frame-pointer -finline-functions -funroll-loops
FAIL: gfortran.fortran-torture/execute/intrinsic_merge.f90 compilation, -O2 -fomit-frame-pointer -finline-functions -funroll-all-loops
FAIL: gfortran.fortran-torture/execute/intrinsic_merge.f90 compilation, -O2 -fno-repack-arrays
FAIL: gfortran.fortran-torture/execute/intrinsic_merge.f90 compilation, -O3 -g
FAIL: gfortran.fortran-torture/execute/intrinsic_merge.f90 compilation, -Os
FAIL: gfortran.fortran-torture/execute/intrinsic_minmax.f90 compilation, -O0
FAIL: gfortran.fortran-torture/execute/intrinsic_minmax.f90 compilation, -O1
FAIL: gfortran.fortran-torture/execute/intrinsic_minmax.f90 compilation, -O2
FAIL: gfortran.fortran-torture/execute/intrinsic_minmax.f90 compilation, -O2 -fomit-frame-pointer -finline-functions
FAIL: gfortran.fortran-torture/execute/intrinsic_minmax.f90 compilation, -O2 -fomit-frame-pointer -finline-functions -funroll-loops
FAIL: gfortran.fortran-torture/execute/intrinsic_minmax.f90 compilation, -O2 -fomit-frame-pointer -finline-functions -funroll-all-loops
FAIL: gfortran.fortran-torture/execute/intrinsic_minmax.f90 compilation, -O2 -fno-repack-arrays
FAIL: gfortran.fortran-torture/execute/intrinsic_minmax.f90 compilation, -O3 -g
FAIL: gfortran.fortran-torture/execute/intrinsic_minmax.f90 compilation, -Os
FAIL: gfortran.fortran-torture/execute/intrinsic_mmloc.f90 compilation, -O0
FAIL: gfortran.fortran-torture/execute/intrinsic_mmloc.f90 compilation, -O1
FAIL: gfortran.fortran-torture/execute/intrinsic_mmloc.f90 compilation, -O2
FAIL: gfortran.fortran-torture/execute/intrinsic_mmloc.f90 compilation, -O2 -fomit-frame-pointer -finline-functions
FAIL: gfortran.fortran-torture/execute/intrinsic_mmloc.f90 compilation, -O2 -fomit-frame-pointer -finline-functions -funroll-loops
FAIL: gfortran.fortran-torture/execute/intrinsic_mmloc.f90 compilation, -O2 -fomit-frame-pointer -finline-functions -funroll-all-loops
FAIL: gfortran.fortran-torture/execute/intrinsic_mmloc.f90 compilation, -O2 -fno-repack-arrays
FAIL: gfortran.fortran-torture/execute/intrinsic_mmloc.f90 compilation, -O3 -g
FAIL: gfortran.fortran-torture/execute/intrinsic_mmloc.f90 compilation, -Os
FAIL: gfortran.fortran-torture/execute/intrinsic_mmloc_2.f90 compilation, -O0
FAIL: gfortran.fortran-torture/execute/intrinsic_mmloc_2.f90 compilation, -O1
FAIL: gfortran.fortran-torture/execute/intrinsic_mmloc_2.f90 compilation, -O2
FAIL: gfortran.fortran-torture/execute/intrinsic_mmloc_2.f90 compilation, -O2 -fomit-frame-pointer -finline-functions
FAIL: gfortran.fortran-torture/execute/intrinsic_mmloc_2.f90 compilation, -O2 -fomit-frame-pointer -finline-functions -funroll-loops
FAIL: gfortran.fortran-torture/execute/intrinsic_mmloc_2.f90 compilation, -O2 -fomit-frame-pointer -finline-functions -funroll-all-loops
FAIL: gfortran.fortran-torture/execute/intrinsic_mmloc_2.f90 compilation, -O2 -fno-repack-arrays
FAIL: gfortran.fortran-torture/execute/intrinsic_mmloc_2.f90 compilation, -O3 -g
FAIL: gfortran.fortran-torture/execute/intrinsic_mmloc_2.f90 compilation, -Os
FAIL: gfortran.fortran-torture/execute/intrinsic_mmloc_3.f90 compilation, -O0
FAIL: gfortran.fortran-torture/execute/intrinsic_mmloc_3.f90 compilation, -O1
FAIL: gfortran.fortran-torture/execute/intrinsic_mmloc_3.f90 compilation, -O2
FAIL: gfortran.fortran-torture/execute/intrinsic_mmloc_3.f90 compilation, -O2 -fomit-frame-pointer -finline-functions
FAIL: gfortran.fortran-torture/execute/intrinsic_mmloc_3.f90 compilation, -O2 -fomit-frame-pointer -finline-functions -funroll-loops
FAIL: gfortran.fortran-torture/execute/intrinsic_mmloc_3.f90 compilation, -O2 -fomit-frame-pointer -finline-functions -funroll-all-loops
FAIL: gfortran.fortran-torture/execute/intrinsic_mmloc_3.f90 compilation, -O2 -fno-repack-arrays
FAIL: gfortran.fortran-torture/execute/intrinsic_mmloc_3.f90 compilation, -O3 -g
FAIL: gfortran.fortran-torture/execute/intrinsic_mmloc_3.f90 compilation, -Os
FAIL: gfortran.fortran-torture/execute/intrinsic_mmloc_4.f90 compilation, -O0
FAIL: gfortran.fortran-torture/execute/intrinsic_mmloc_4.f90 compilation, -O1
FAIL: gfortran.fortran-torture/execute/intrinsic_mmloc_4.f90 compilation, -O2
FAIL: gfortran.fortran-torture/execute/intrinsic_mmloc_4.f90 compilation, -O2 -fomit-frame-pointer -finline-functions
FAIL: gfortran.fortran-torture/execute/intrinsic_mmloc_4.f90 compilation, -O2 -fomit-frame-pointer -finline-functions -funroll-loops
FAIL: gfortran.fortran-torture/execute/intrinsic_mmloc_4.f90 compilation, -O2 -fomit-frame-pointer -finline-functions -funroll-all-loops
FAIL: gfortran.fortran-torture/execute/intrinsic_mmloc_4.f90 compilation, -O2 -fno-repack-arrays
FAIL: gfortran.fortran-torture/execute/intrinsic_mmloc_4.f90 compilation, -O3 -g
FAIL: gfortran.fortran-torture/execute/intrinsic_mmloc_4.f90 compilation, -Os
FAIL: gfortran.fortran-torture/execute/intrinsic_mmval.f90 compilation, -O0
FAIL: gfortran.fortran-torture/execute/intrinsic_mmval.f90 compilation, -O1
FAIL: gfortran.fortran-torture/execute/intrinsic_mmval.f90 compilation, -O2
FAIL: gfortran.fortran-torture/execute/intrinsic_mmval.f90 compilation, -O2 -fomit-frame-pointer -finline-functions
FAIL: gfortran.fortran-torture/execute/intrinsic_mmval.f90 compilation, -O2 -fomit-frame-pointer -finline-functions -funroll-loops
FAIL: gfortran.fortran-torture/execute/intrinsic_mmval.f90 compilation, -O2 -fomit-frame-pointer -finline-functions -funroll-all-loops
FAIL: gfortran.fortran-torture/execute/intrinsic_mmval.f90 compilation, -O2 -fno-repack-arrays
FAIL: gfortran.fortran-torture/execute/intrinsic_mmval.f90 compilation, -O3 -g
FAIL: gfortran.fortran-torture/execute/intrinsic_mmval.f90 compilation, -Os
FAIL: gfortran.fortran-torture/execute/intrinsic_mod_ulo.f90 compilation, -O0
FAIL: gfortran.fortran-torture/execute/intrinsic_mod_ulo.f90 compilation, -O1
FAIL: gfortran.fortran-torture/execute/intrinsic_mod_ulo.f90 compilation, -O2
FAIL: gfortran.fortran-torture/execute/intrinsic_mod_ulo.f90 compilation, -O2 -fomit-frame-pointer -finline-functions
FAIL: gfortran.fortran-torture/execute/intrinsic_mod_ulo.f90 compilation, -O2 -fomit-frame-pointer -finline-functions -funroll-loops
FAIL: gfortran.fortran-torture/execute/intrinsic_mod_ulo.f90 compilation, -O2 -fomit-frame-pointer -finline-functions -funroll-all-loops
FAIL: gfortran.fortran-torture/execute/intrinsic_mod_ulo.f90 compilation, -O2 -fno-repack-arrays
FAIL: gfortran.fortran-torture/execute/intrinsic_mod_ulo.f90 compilation, -O3 -g
FAIL: gfortran.fortran-torture/execute/intrinsic_mod_ulo.f90 compilation, -Os
FAIL: gfortran.fortran-torture/execute/intrinsic_nearest.f90 compilation, -O0
FAIL: gfortran.fortran-torture/execute/intrinsic_nearest.f90 compilation, -O1
FAIL: gfortran.fortran-torture/execute/intrinsic_nearest.f90 compilation, -O2
FAIL: gfortran.fortran-torture/execute/intrinsic_nearest.f90 compilation, -O2 -fomit-frame-pointer -finline-functions
FAIL: gfortran.fortran-torture/execute/intrinsic_nearest.f90 compilation, -O2 -fomit-frame-pointer -finline-functions -funroll-loops
FAIL: gfortran.fortran-torture/execute/intrinsic_nearest.f90 compilation, -O2 -fomit-frame-pointer -finline-functions -funroll-all-loops
FAIL: gfortran.fortran-torture/execute/intrinsic_nearest.f90 compilation, -O2 -fno-repack-arrays
FAIL: gfortran.fortran-torture/execute/intrinsic_nearest.f90 compilation, -O3 -g
FAIL: gfortran.fortran-torture/execute/intrinsic_nearest.f90 compilation, -Os
FAIL: gfortran.fortran-torture/execute/intrinsic_pack.f90 compilation, -O0
FAIL: gfortran.fortran-torture/execute/intrinsic_pack.f90 compilation, -O1
FAIL: gfortran.fortran-torture/execute/intrinsic_pack.f90 compilation, -O2
FAIL: gfortran.fortran-torture/execute/intrinsic_pack.f90 compilation, -O2 -fomit-frame-pointer -finline-functions
FAIL: gfortran.fortran-torture/execute/intrinsic_pack.f90 compilation, -O2 -fomit-frame-pointer -finline-functions -funroll-loops
FAIL: gfortran.fortran-torture/execute/intrinsic_pack.f90 compilation, -O2 -fomit-frame-pointer -finline-functions -funroll-all-loops
FAIL: gfortran.fortran-torture/execute/intrinsic_pack.f90 compilation, -O2 -fno-repack-arrays
FAIL: gfortran.fortran-torture/execute/intrinsic_pack.f90 compilation, -O3 -g
FAIL: gfortran.fortran-torture/execute/intrinsic_pack.f90 compilation, -Os
FAIL: gfortran.fortran-torture/execute/intrinsic_present.f90 compilation, -O0
FAIL: gfortran.fortran-torture/execute/intrinsic_present.f90 compilation, -O1
FAIL: gfortran.fortran-torture/execute/intrinsic_present.f90 compilation, -O2
FAIL: gfortran.fortran-torture/execute/intrinsic_present.f90 compilation, -O2 -fomit-frame-pointer -finline-functions
FAIL: gfortran.fortran-torture/execute/intrinsic_present.f90 compilation, -O2 -fomit-frame-pointer -finline-functions -funroll-loops
FAIL: gfortran.fortran-torture/execute/intrinsic_present.f90 compilation, -O2 -fomit-frame-pointer -finline-functions -funroll-all-loops
FAIL: gfortran.fortran-torture/execute/intrinsic_present.f90 compilation, -O2 -fno-repack-arrays
FAIL: gfortran.fortran-torture/execute/intrinsic_present.f90 compilation, -O3 -g
FAIL: gfortran.fortran-torture/execute/intrinsic_present.f90 compilation, -Os
FAIL: gfortran.fortran-torture/execute/intrinsic_product.f90 compilation, -O0
FAIL: gfortran.fortran-torture/execute/intrinsic_product.f90 compilation, -O1
FAIL: gfortran.fortran-torture/execute/intrinsic_product.f90 compilation, -O2
FAIL: gfortran.fortran-torture/execute/intrinsic_product.f90 compilation, -O2 -fomit-frame-pointer -finline-functions
FAIL: gfortran.fortran-torture/execute/intrinsic_product.f90 compilation, -O2 -fomit-frame-pointer -finline-functions -funroll-loops
FAIL: gfortran.fortran-torture/execute/intrinsic_product.f90 compilation, -O2 -fomit-frame-pointer -finline-functions -funroll-all-loops
FAIL: gfortran.fortran-torture/execute/intrinsic_product.f90 compilation, -O2 -fno-repack-arrays
FAIL: gfortran.fortran-torture/execute/intrinsic_product.f90 compilation, -O3 -g
FAIL: gfortran.fortran-torture/execute/intrinsic_product.f90 compilation, -Os
FAIL: gfortran.fortran-torture/execute/intrinsic_rrspacing.f90 compilation, -O0
FAIL: gfortran.fortran-torture/execute/intrinsic_rrspacing.f90 compilation, -O1
FAIL: gfortran.fortran-torture/execute/intrinsic_rrspacing.f90 compilation, -O2
FAIL: gfortran.fortran-torture/execute/intrinsic_rrspacing.f90 compilation, -O2 -fomit-frame-pointer -finline-functions
FAIL: gfortran.fortran-torture/execute/intrinsic_rrspacing.f90 compilation, -O2 -fomit-frame-pointer -finline-functions -funroll-loops
FAIL: gfortran.fortran-torture/execute/intrinsic_rrspacing.f90 compilation, -O2 -fomit-frame-pointer -finline-functions -funroll-all-loops
FAIL: gfortran.fortran-torture/execute/intrinsic_rrspacing.f90 compilation, -O2 -fno-repack-arrays
FAIL: gfortran.fortran-torture/execute/intrinsic_rrspacing.f90 compilation, -O3 -g
FAIL: gfortran.fortran-torture/execute/intrinsic_rrspacing.f90 compilation, -Os
FAIL: gfortran.fortran-torture/execute/intrinsic_scale.f90 compilation, -O0
FAIL: gfortran.fortran-torture/execute/intrinsic_scale.f90 compilation, -O1
FAIL: gfortran.fortran-torture/execute/intrinsic_scale.f90 compilation, -O2
FAIL: gfortran.fortran-torture/execute/intrinsic_scale.f90 compilation, -O2 -fomit-frame-pointer -finline-functions
FAIL: gfortran.fortran-torture/execute/intrinsic_scale.f90 compilation, -O2 -fomit-frame-pointer -finline-functions -funroll-loops
FAIL: gfortran.fortran-torture/execute/intrinsic_scale.f90 compilation, -O2 -fomit-frame-pointer -finline-functions -funroll-all-loops
FAIL: gfortran.fortran-torture/execute/intrinsic_scale.f90 compilation, -O2 -fno-repack-arrays
FAIL: gfortran.fortran-torture/execute/intrinsic_scale.f90 compilation, -O3 -g
FAIL: gfortran.fortran-torture/execute/intrinsic_scale.f90 compilation, -Os
FAIL: gfortran.fortran-torture/execute/intrinsic_set_exponent.f90 compilation, -O0
FAIL: gfortran.fortran-torture/execute/intrinsic_set_exponent.f90 compilation, -O1
FAIL: gfortran.fortran-torture/execute/intrinsic_set_exponent.f90 compilation, -O2
FAIL: gfortran.fortran-torture/execute/intrinsic_set_exponent.f90 compilation, -O2 -fomit-frame-pointer -finline-functions
FAIL: gfortran.fortran-torture/execute/intrinsic_set_exponent.f90 compilation, -O2 -fomit-frame-pointer -finline-functions -funroll-loops
FAIL: gfortran.fortran-torture/execute/intrinsic_set_exponent.f90 compilation, -O2 -fomit-frame-pointer -finline-functions -funroll-all-loops
FAIL: gfortran.fortran-torture/execute/intrinsic_set_exponent.f90 compilation, -O2 -fno-repack-arrays
FAIL: gfortran.fortran-torture/execute/intrinsic_set_exponent.f90 compilation, -O3 -g
FAIL: gfortran.fortran-torture/execute/intrinsic_set_exponent.f90 compilation, -Os
FAIL: gfortran.fortran-torture/execute/intrinsic_shape.f90 compilation, -O0
FAIL: gfortran.fortran-torture/execute/intrinsic_shape.f90 compilation, -O1
FAIL: gfortran.fortran-torture/execute/intrinsic_shape.f90 compilation, -O2
FAIL: gfortran.fortran-torture/execute/intrinsic_shape.f90 compilation, -O2 -fomit-frame-pointer -finline-functions
FAIL: gfortran.fortran-torture/execute/intrinsic_shape.f90 compilation, -O2 -fomit-frame-pointer -finline-functions -funroll-loops
FAIL: gfortran.fortran-torture/execute/intrinsic_shape.f90 compilation, -O2 -fomit-frame-pointer -finline-functions -funroll-all-loops
FAIL: gfortran.fortran-torture/execute/intrinsic_shape.f90 compilation, -O2 -fno-repack-arrays
FAIL: gfortran.fortran-torture/execute/intrinsic_shape.f90 compilation, -O3 -g
FAIL: gfortran.fortran-torture/execute/intrinsic_shape.f90 compilation, -Os
FAIL: gfortran.fortran-torture/execute/intrinsic_si_kind.f90 compilation, -O0
FAIL: gfortran.fortran-torture/execute/intrinsic_si_kind.f90 compilation, -O1
FAIL: gfortran.fortran-torture/execute/intrinsic_si_kind.f90 compilation, -O2
FAIL: gfortran.fortran-torture/execute/intrinsic_si_kind.f90 compilation, -O2 -fomit-frame-pointer -finline-functions
FAIL: gfortran.fortran-torture/execute/intrinsic_si_kind.f90 compilation, -O2 -fomit-frame-pointer -finline-functions -funroll-loops
FAIL: gfortran.fortran-torture/execute/intrinsic_si_kind.f90 compilation, -O2 -fomit-frame-pointer -finline-functions -funroll-all-loops
FAIL: gfortran.fortran-torture/execute/intrinsic_si_kind.f90 compilation, -O2 -fno-repack-arrays
FAIL: gfortran.fortran-torture/execute/intrinsic_si_kind.f90 compilation, -O3 -g
FAIL: gfortran.fortran-torture/execute/intrinsic_si_kind.f90 compilation, -Os
FAIL: gfortran.fortran-torture/execute/intrinsic_sign.f90 compilation, -O0
FAIL: gfortran.fortran-torture/execute/intrinsic_sign.f90 compilation, -O1
FAIL: gfortran.fortran-torture/execute/intrinsic_sign.f90 compilation, -O2
FAIL: gfortran.fortran-torture/execute/intrinsic_sign.f90 compilation, -O2 -fomit-frame-pointer -finline-functions
FAIL: gfortran.fortran-torture/execute/intrinsic_sign.f90 compilation, -O2 -fomit-frame-pointer -finline-functions -funroll-loops
FAIL: gfortran.fortran-torture/execute/intrinsic_sign.f90 compilation, -O2 -fomit-frame-pointer -finline-functions -funroll-all-loops
FAIL: gfortran.fortran-torture/execute/intrinsic_sign.f90 compilation, -O2 -fno-repack-arrays
FAIL: gfortran.fortran-torture/execute/intrinsic_sign.f90 compilation, -O3 -g
FAIL: gfortran.fortran-torture/execute/intrinsic_sign.f90 compilation, -Os
FAIL: gfortran.fortran-torture/execute/intrinsic_size.f90 compilation, -O0
FAIL: gfortran.fortran-torture/execute/intrinsic_size.f90 compilation, -O1
FAIL: gfortran.fortran-torture/execute/intrinsic_size.f90 compilation, -O2
FAIL: gfortran.fortran-torture/execute/intrinsic_size.f90 compilation, -O2 -fomit-frame-pointer -finline-functions
FAIL: gfortran.fortran-torture/execute/intrinsic_size.f90 compilation, -O2 -fomit-frame-pointer -finline-functions -funroll-loops
FAIL: gfortran.fortran-torture/execute/intrinsic_size.f90 compilation, -O2 -fomit-frame-pointer -finline-functions -funroll-all-loops
FAIL: gfortran.fortran-torture/execute/intrinsic_size.f90 compilation, -O2 -fno-repack-arrays
FAIL: gfortran.fortran-torture/execute/intrinsic_size.f90 compilation, -O3 -g
FAIL: gfortran.fortran-torture/execute/intrinsic_size.f90 compilation, -Os
FAIL: gfortran.fortran-torture/execute/intrinsic_spacing.f90 compilation, -O0
FAIL: gfortran.fortran-torture/execute/intrinsic_spacing.f90 compilation, -O1
FAIL: gfortran.fortran-torture/execute/intrinsic_spacing.f90 compilation, -O2
FAIL: gfortran.fortran-torture/execute/intrinsic_spacing.f90 compilation, -O2 -fomit-frame-pointer -finline-functions
FAIL: gfortran.fortran-torture/execute/intrinsic_spacing.f90 compilation, -O2 -fomit-frame-pointer -finline-functions -funroll-loops
FAIL: gfortran.fortran-torture/execute/intrinsic_spacing.f90 compilation, -O2 -fomit-frame-pointer -finline-functions -funroll-all-loops
FAIL: gfortran.fortran-torture/execute/intrinsic_spacing.f90 compilation, -O2 -fno-repack-arrays
FAIL: gfortran.fortran-torture/execute/intrinsic_spacing.f90 compilation, -O3 -g
FAIL: gfortran.fortran-torture/execute/intrinsic_spacing.f90 compilation, -Os
FAIL: gfortran.fortran-torture/execute/intrinsic_spread.f90 compilation, -O0
FAIL: gfortran.fortran-torture/execute/intrinsic_spread.f90 compilation, -O1
FAIL: gfortran.fortran-torture/execute/intrinsic_spread.f90 compilation, -O2
FAIL: gfortran.fortran-torture/execute/intrinsic_spread.f90 compilation, -O2 -fomit-frame-pointer -finline-functions
FAIL: gfortran.fortran-torture/execute/intrinsic_spread.f90 compilation, -O2 -fomit-frame-pointer -finline-functions -funroll-loops
FAIL: gfortran.fortran-torture/execute/intrinsic_spread.f90 compilation, -O2 -fomit-frame-pointer -finline-functions -funroll-all-loops
FAIL: gfortran.fortran-torture/execute/intrinsic_spread.f90 compilation, -O2 -fno-repack-arrays
FAIL: gfortran.fortran-torture/execute/intrinsic_spread.f90 compilation, -O3 -g
FAIL: gfortran.fortran-torture/execute/intrinsic_spread.f90 compilation, -Os
FAIL: gfortran.fortran-torture/execute/intrinsic_sr_kind.f90 compilation, -O0
FAIL: gfortran.fortran-torture/execute/intrinsic_sr_kind.f90 compilation, -O1
FAIL: gfortran.fortran-torture/execute/intrinsic_sr_kind.f90 compilation, -O2
FAIL: gfortran.fortran-torture/execute/intrinsic_sr_kind.f90 compilation, -O2 -fomit-frame-pointer -finline-functions
FAIL: gfortran.fortran-torture/execute/intrinsic_sr_kind.f90 compilation, -O2 -fomit-frame-pointer -finline-functions -funroll-loops
FAIL: gfortran.fortran-torture/execute/intrinsic_sr_kind.f90 compilation, -O2 -fomit-frame-pointer -finline-functions -funroll-all-loops
FAIL: gfortran.fortran-torture/execute/intrinsic_sr_kind.f90 compilation, -O2 -fno-repack-arrays
FAIL: gfortran.fortran-torture/execute/intrinsic_sr_kind.f90 compilation, -O3 -g
FAIL: gfortran.fortran-torture/execute/intrinsic_sr_kind.f90 compilation, -Os
FAIL: gfortran.fortran-torture/execute/intrinsic_sum.f90 compilation, -O0
FAIL: gfortran.fortran-torture/execute/intrinsic_sum.f90 compilation, -O1
FAIL: gfortran.fortran-torture/execute/intrinsic_sum.f90 compilation, -O2
FAIL: gfortran.fortran-torture/execute/intrinsic_sum.f90 compilation, -O2 -fomit-frame-pointer -finline-functions
FAIL: gfortran.fortran-torture/execute/intrinsic_sum.f90 compilation, -O2 -fomit-frame-pointer -finline-functions -funroll-loops
FAIL: gfortran.fortran-torture/execute/intrinsic_sum.f90 compilation, -O2 -fomit-frame-pointer -finline-functions -funroll-all-loops
FAIL: gfortran.fortran-torture/execute/intrinsic_sum.f90 compilation, -O2 -fno-repack-arrays
FAIL: gfortran.fortran-torture/execute/intrinsic_sum.f90 compilation, -O3 -g
FAIL: gfortran.fortran-torture/execute/intrinsic_sum.f90 compilation, -Os
FAIL: gfortran.fortran-torture/execute/intrinsic_transpose.f90 compilation, -O0
FAIL: gfortran.fortran-torture/execute/intrinsic_transpose.f90 compilation, -O1
FAIL: gfortran.fortran-torture/execute/intrinsic_transpose.f90 compilation, -O2
FAIL: gfortran.fortran-torture/execute/intrinsic_transpose.f90 compilation, -O2 -fomit-frame-pointer -finline-functions
FAIL: gfortran.fortran-torture/execute/intrinsic_transpose.f90 compilation, -O2 -fomit-frame-pointer -finline-functions -funroll-loops
FAIL: gfortran.fortran-torture/execute/intrinsic_transpose.f90 compilation, -O2 -fomit-frame-pointer -finline-functions -funroll-all-loops
FAIL: gfortran.fortran-torture/execute/intrinsic_transpose.f90 compilation, -O2 -fno-repack-arrays
FAIL: gfortran.fortran-torture/execute/intrinsic_transpose.f90 compilation, -O3 -g
FAIL: gfortran.fortran-torture/execute/intrinsic_transpose.f90 compilation, -Os
FAIL: gfortran.fortran-torture/execute/intrinsic_trim.f90 compilation, -O0
FAIL: gfortran.fortran-torture/execute/intrinsic_trim.f90 compilation, -O1
FAIL: gfortran.fortran-torture/execute/intrinsic_trim.f90 compilation, -O2
FAIL: gfortran.fortran-torture/execute/intrinsic_trim.f90 compilation, -O2 -fomit-frame-pointer -finline-functions
FAIL: gfortran.fortran-torture/execute/intrinsic_trim.f90 compilation, -O2 -fomit-frame-pointer -finline-functions -funroll-loops
FAIL: gfortran.fortran-torture/execute/intrinsic_trim.f90 compilation, -O2 -fomit-frame-pointer -finline-functions -funroll-all-loops
FAIL: gfortran.fortran-torture/execute/intrinsic_trim.f90 compilation, -O2 -fno-repack-arrays
FAIL: gfortran.fortran-torture/execute/intrinsic_trim.f90 compilation, -O3 -g
FAIL: gfortran.fortran-torture/execute/intrinsic_trim.f90 compilation, -Os
FAIL: gfortran.fortran-torture/execute/intrinsic_unpack.f90 compilation, -O0
FAIL: gfortran.fortran-torture/execute/intrinsic_unpack.f90 compilation, -O1
FAIL: gfortran.fortran-torture/execute/intrinsic_unpack.f90 compilation, -O2
FAIL: gfortran.fortran-torture/execute/intrinsic_unpack.f90 compilation, -O2 -fomit-frame-pointer -finline-functions
FAIL: gfortran.fortran-torture/execute/intrinsic_unpack.f90 compilation, -O2 -fomit-frame-pointer -finline-functions -funroll-loops
FAIL: gfortran.fortran-torture/execute/intrinsic_unpack.f90 compilation, -O2 -fomit-frame-pointer -finline-functions -funroll-all-loops
FAIL: gfortran.fortran-torture/execute/intrinsic_unpack.f90 compilation, -O2 -fno-repack-arrays
FAIL: gfortran.fortran-torture/execute/intrinsic_unpack.f90 compilation, -O3 -g
FAIL: gfortran.fortran-torture/execute/intrinsic_unpack.f90 compilation, -Os
FAIL: gfortran.fortran-torture/execute/list_read_1.f90 compilation, -O0
FAIL: gfortran.fortran-torture/execute/list_read_1.f90 compilation, -O1
FAIL: gfortran.fortran-torture/execute/list_read_1.f90 compilation, -O2
FAIL: gfortran.fortran-torture/execute/list_read_1.f90 compilation, -O2 -fomit-frame-pointer -finline-functions
FAIL: gfortran.fortran-torture/execute/list_read_1.f90 compilation, -O2 -fomit-frame-pointer -finline-functions -funroll-loops
FAIL: gfortran.fortran-torture/execute/list_read_1.f90 compilation, -O2 -fomit-frame-pointer -finline-functions -funroll-all-loops
FAIL: gfortran.fortran-torture/execute/list_read_1.f90 compilation, -O2 -fno-repack-arrays
FAIL: gfortran.fortran-torture/execute/list_read_1.f90 compilation, -O3 -g
FAIL: gfortran.fortran-torture/execute/list_read_1.f90 compilation, -Os
FAIL: gfortran.fortran-torture/execute/logical_select_1.f90 compilation, -O0
FAIL: gfortran.fortran-torture/execute/logical_select_1.f90 compilation, -O1
FAIL: gfortran.fortran-torture/execute/logical_select_1.f90 compilation, -O2
FAIL: gfortran.fortran-torture/execute/logical_select_1.f90 compilation, -O2 -fomit-frame-pointer -finline-functions
FAIL: gfortran.fortran-torture/execute/logical_select_1.f90 compilation, -O2 -fomit-frame-pointer -finline-functions -funroll-loops
FAIL: gfortran.fortran-torture/execute/logical_select_1.f90 compilation, -O2 -fomit-frame-pointer -finline-functions -funroll-all-loops
FAIL: gfortran.fortran-torture/execute/logical_select_1.f90 compilation, -O2 -fno-repack-arrays
FAIL: gfortran.fortran-torture/execute/logical_select_1.f90 compilation, -O3 -g
FAIL: gfortran.fortran-torture/execute/logical_select_1.f90 compilation, -Os
FAIL: gfortran.fortran-torture/execute/mainsub.f90 compilation, -O0
FAIL: gfortran.fortran-torture/execute/mainsub.f90 compilation, -O1
FAIL: gfortran.fortran-torture/execute/mainsub.f90 compilation, -O2
FAIL: gfortran.fortran-torture/execute/mainsub.f90 compilation, -O2 -fomit-frame-pointer -finline-functions
FAIL: gfortran.fortran-torture/execute/mainsub.f90 compilation, -O2 -fomit-frame-pointer -finline-functions -funroll-loops
FAIL: gfortran.fortran-torture/execute/mainsub.f90 compilation, -O2 -fomit-frame-pointer -finline-functions -funroll-all-loops
FAIL: gfortran.fortran-torture/execute/mainsub.f90 compilation, -O2 -fno-repack-arrays
FAIL: gfortran.fortran-torture/execute/mainsub.f90 compilation, -O3 -g
FAIL: gfortran.fortran-torture/execute/mainsub.f90 compilation, -Os
FAIL: gfortran.fortran-torture/execute/math.f90 compilation, -O0
FAIL: gfortran.fortran-torture/execute/math.f90 compilation, -O1
FAIL: gfortran.fortran-torture/execute/math.f90 compilation, -O2
FAIL: gfortran.fortran-torture/execute/math.f90 compilation, -O2 -fomit-frame-pointer -finline-functions
FAIL: gfortran.fortran-torture/execute/math.f90 compilation, -O2 -fomit-frame-pointer -finline-functions -funroll-loops
FAIL: gfortran.fortran-torture/execute/math.f90 compilation, -O2 -fomit-frame-pointer -finline-functions -funroll-all-loops
FAIL: gfortran.fortran-torture/execute/math.f90 compilation, -O2 -fno-repack-arrays
FAIL: gfortran.fortran-torture/execute/math.f90 compilation, -O3 -g
FAIL: gfortran.fortran-torture/execute/math.f90 compilation, -Os
FAIL: gfortran.fortran-torture/execute/module_interface.f90 compilation, -O0
FAIL: gfortran.fortran-torture/execute/module_interface.f90 compilation, -O1
FAIL: gfortran.fortran-torture/execute/module_interface.f90 compilation, -O2
FAIL: gfortran.fortran-torture/execute/module_interface.f90 compilation, -O2 -fomit-frame-pointer -finline-functions
FAIL: gfortran.fortran-torture/execute/module_interface.f90 compilation, -O2 -fomit-frame-pointer -finline-functions -funroll-loops
FAIL: gfortran.fortran-torture/execute/module_interface.f90 compilation, -O2 -fomit-frame-pointer -finline-functions -funroll-all-loops
FAIL: gfortran.fortran-torture/execute/module_interface.f90 compilation, -O2 -fno-repack-arrays
FAIL: gfortran.fortran-torture/execute/module_interface.f90 compilation, -O3 -g
FAIL: gfortran.fortran-torture/execute/module_interface.f90 compilation, -Os
FAIL: gfortran.fortran-torture/execute/module_interface_2.f90 compilation, -O0
FAIL: gfortran.fortran-torture/execute/module_interface_2.f90 compilation, -O1
FAIL: gfortran.fortran-torture/execute/module_interface_2.f90 compilation, -O2
FAIL: gfortran.fortran-torture/execute/module_interface_2.f90 compilation, -O2 -fomit-frame-pointer -finline-functions
FAIL: gfortran.fortran-torture/execute/module_interface_2.f90 compilation, -O2 -fomit-frame-pointer -finline-functions -funroll-loops
FAIL: gfortran.fortran-torture/execute/module_interface_2.f90 compilation, -O2 -fomit-frame-pointer -finline-functions -funroll-all-loops
FAIL: gfortran.fortran-torture/execute/module_interface_2.f90 compilation, -O2 -fno-repack-arrays
FAIL: gfortran.fortran-torture/execute/module_interface_2.f90 compilation, -O3 -g
FAIL: gfortran.fortran-torture/execute/module_interface_2.f90 compilation, -Os
FAIL: gfortran.fortran-torture/execute/mystery_proc.f90 compilation, -O0
FAIL: gfortran.fortran-torture/execute/mystery_proc.f90 compilation, -O1
FAIL: gfortran.fortran-torture/execute/mystery_proc.f90 compilation, -O2
FAIL: gfortran.fortran-torture/execute/mystery_proc.f90 compilation, -O2 -fomit-frame-pointer -finline-functions
FAIL: gfortran.fortran-torture/execute/mystery_proc.f90 compilation, -O2 -fomit-frame-pointer -finline-functions -funroll-loops
FAIL: gfortran.fortran-torture/execute/mystery_proc.f90 compilation, -O2 -fomit-frame-pointer -finline-functions -funroll-all-loops
FAIL: gfortran.fortran-torture/execute/mystery_proc.f90 compilation, -O2 -fno-repack-arrays
FAIL: gfortran.fortran-torture/execute/mystery_proc.f90 compilation, -O3 -g
FAIL: gfortran.fortran-torture/execute/mystery_proc.f90 compilation, -Os
FAIL: gfortran.fortran-torture/execute/nestcons.f90 compilation, -O0
FAIL: gfortran.fortran-torture/execute/nestcons.f90 compilation, -O1
FAIL: gfortran.fortran-torture/execute/nestcons.f90 compilation, -O2
FAIL: gfortran.fortran-torture/execute/nestcons.f90 compilation, -O2 -fomit-frame-pointer -finline-functions
FAIL: gfortran.fortran-torture/execute/nestcons.f90 compilation, -O2 -fomit-frame-pointer -finline-functions -funroll-loops
FAIL: gfortran.fortran-torture/execute/nestcons.f90 compilation, -O2 -fomit-frame-pointer -finline-functions -funroll-all-loops
FAIL: gfortran.fortran-torture/execute/nestcons.f90 compilation, -O2 -fno-repack-arrays
FAIL: gfortran.fortran-torture/execute/nestcons.f90 compilation, -O3 -g
FAIL: gfortran.fortran-torture/execute/nestcons.f90 compilation, -Os
FAIL: gfortran.fortran-torture/execute/parameter_1.f90 compilation, -O0
FAIL: gfortran.fortran-torture/execute/parameter_1.f90 compilation, -O1
FAIL: gfortran.fortran-torture/execute/parameter_1.f90 compilation, -O2
FAIL: gfortran.fortran-torture/execute/parameter_1.f90 compilation, -O2 -fomit-frame-pointer -finline-functions
FAIL: gfortran.fortran-torture/execute/parameter_1.f90 compilation, -O2 -fomit-frame-pointer -finline-functions -funroll-loops
FAIL: gfortran.fortran-torture/execute/parameter_1.f90 compilation, -O2 -fomit-frame-pointer -finline-functions -funroll-all-loops
FAIL: gfortran.fortran-torture/execute/parameter_1.f90 compilation, -O2 -fno-repack-arrays
FAIL: gfortran.fortran-torture/execute/parameter_1.f90 compilation, -O3 -g
FAIL: gfortran.fortran-torture/execute/parameter_1.f90 compilation, -Os
FAIL: gfortran.fortran-torture/execute/partparm.f90 compilation, -O0
FAIL: gfortran.fortran-torture/execute/partparm.f90 compilation, -O1
FAIL: gfortran.fortran-torture/execute/partparm.f90 compilation, -O2
FAIL: gfortran.fortran-torture/execute/partparm.f90 compilation, -O2 -fomit-frame-pointer -finline-functions
FAIL: gfortran.fortran-torture/execute/partparm.f90 compilation, -O2 -fomit-frame-pointer -finline-functions -funroll-loops
FAIL: gfortran.fortran-torture/execute/partparm.f90 compilation, -O2 -fomit-frame-pointer -finline-functions -funroll-all-loops
FAIL: gfortran.fortran-torture/execute/partparm.f90 compilation, -O2 -fno-repack-arrays
FAIL: gfortran.fortran-torture/execute/partparm.f90 compilation, -O3 -g
FAIL: gfortran.fortran-torture/execute/partparm.f90 compilation, -Os
FAIL: gfortran.fortran-torture/execute/plusconst_1.f90 compilation, -O0
FAIL: gfortran.fortran-torture/execute/plusconst_1.f90 compilation, -O1
FAIL: gfortran.fortran-torture/execute/plusconst_1.f90 compilation, -O2
FAIL: gfortran.fortran-torture/execute/plusconst_1.f90 compilation, -O2 -fomit-frame-pointer -finline-functions
FAIL: gfortran.fortran-torture/execute/plusconst_1.f90 compilation, -O2 -fomit-frame-pointer -finline-functions -funroll-loops
FAIL: gfortran.fortran-torture/execute/plusconst_1.f90 compilation, -O2 -fomit-frame-pointer -finline-functions -funroll-all-loops
FAIL: gfortran.fortran-torture/execute/plusconst_1.f90 compilation, -O2 -fno-repack-arrays
FAIL: gfortran.fortran-torture/execute/plusconst_1.f90 compilation, -O3 -g
FAIL: gfortran.fortran-torture/execute/plusconst_1.f90 compilation, -Os
FAIL: gfortran.fortran-torture/execute/power.f90 compilation, -O0
FAIL: gfortran.fortran-torture/execute/power.f90 compilation, -O1
FAIL: gfortran.fortran-torture/execute/power.f90 compilation, -O2
FAIL: gfortran.fortran-torture/execute/power.f90 compilation, -O2 -fomit-frame-pointer -finline-functions
FAIL: gfortran.fortran-torture/execute/power.f90 compilation, -O2 -fomit-frame-pointer -finline-functions -funroll-loops
FAIL: gfortran.fortran-torture/execute/power.f90 compilation, -O2 -fomit-frame-pointer -finline-functions -funroll-all-loops
FAIL: gfortran.fortran-torture/execute/power.f90 compilation, -O2 -fno-repack-arrays
FAIL: gfortran.fortran-torture/execute/power.f90 compilation, -O3 -g
FAIL: gfortran.fortran-torture/execute/power.f90 compilation, -Os
FAIL: gfortran.fortran-torture/execute/procarg.f90 compilation, -O0
FAIL: gfortran.fortran-torture/execute/procarg.f90 compilation, -O1
FAIL: gfortran.fortran-torture/execute/procarg.f90 compilation, -O2
FAIL: gfortran.fortran-torture/execute/procarg.f90 compilation, -O2 -fomit-frame-pointer -finline-functions
FAIL: gfortran.fortran-torture/execute/procarg.f90 compilation, -O2 -fomit-frame-pointer -finline-functions -funroll-loops
FAIL: gfortran.fortran-torture/execute/procarg.f90 compilation, -O2 -fomit-frame-pointer -finline-functions -funroll-all-loops
FAIL: gfortran.fortran-torture/execute/procarg.f90 compilation, -O2 -fno-repack-arrays
FAIL: gfortran.fortran-torture/execute/procarg.f90 compilation, -O3 -g
FAIL: gfortran.fortran-torture/execute/procarg.f90 compilation, -Os
FAIL: gfortran.fortran-torture/execute/ptr.f90 compilation, -O0
FAIL: gfortran.fortran-torture/execute/ptr.f90 compilation, -O1
FAIL: gfortran.fortran-torture/execute/ptr.f90 compilation, -O2
FAIL: gfortran.fortran-torture/execute/ptr.f90 compilation, -O2 -fomit-frame-pointer -finline-functions
FAIL: gfortran.fortran-torture/execute/ptr.f90 compilation, -O2 -fomit-frame-pointer -finline-functions -funroll-loops
FAIL: gfortran.fortran-torture/execute/ptr.f90 compilation, -O2 -fomit-frame-pointer -finline-functions -funroll-all-loops
FAIL: gfortran.fortran-torture/execute/ptr.f90 compilation, -O2 -fno-repack-arrays
FAIL: gfortran.fortran-torture/execute/ptr.f90 compilation, -O3 -g
FAIL: gfortran.fortran-torture/execute/ptr.f90 compilation, -Os
FAIL: gfortran.fortran-torture/execute/read_eof.f90 compilation, -O0
FAIL: gfortran.fortran-torture/execute/read_eof.f90 compilation, -O1
FAIL: gfortran.fortran-torture/execute/read_eof.f90 compilation, -O2
FAIL: gfortran.fortran-torture/execute/read_eof.f90 compilation, -O2 -fomit-frame-pointer -finline-functions
FAIL: gfortran.fortran-torture/execute/read_eof.f90 compilation, -O2 -fomit-frame-pointer -finline-functions -funroll-loops
FAIL: gfortran.fortran-torture/execute/read_eof.f90 compilation, -O2 -fomit-frame-pointer -finline-functions -funroll-all-loops
FAIL: gfortran.fortran-torture/execute/read_eof.f90 compilation, -O2 -fno-repack-arrays
FAIL: gfortran.fortran-torture/execute/read_eof.f90 compilation, -O3 -g
FAIL: gfortran.fortran-torture/execute/read_eof.f90 compilation, -Os
FAIL: gfortran.fortran-torture/execute/retarray.f90 compilation, -O0
FAIL: gfortran.fortran-torture/execute/retarray.f90 compilation, -O1
FAIL: gfortran.fortran-torture/execute/retarray.f90 compilation, -O2
FAIL: gfortran.fortran-torture/execute/retarray.f90 compilation, -O2 -fomit-frame-pointer -finline-functions
FAIL: gfortran.fortran-torture/execute/retarray.f90 compilation, -O2 -fomit-frame-pointer -finline-functions -funroll-loops
FAIL: gfortran.fortran-torture/execute/retarray.f90 compilation, -O2 -fomit-frame-pointer -finline-functions -funroll-all-loops
FAIL: gfortran.fortran-torture/execute/retarray.f90 compilation, -O2 -fno-repack-arrays
FAIL: gfortran.fortran-torture/execute/retarray.f90 compilation, -O3 -g
FAIL: gfortran.fortran-torture/execute/retarray.f90 compilation, -Os
FAIL: gfortran.fortran-torture/execute/retarray_2.f90 compilation, -O0
FAIL: gfortran.fortran-torture/execute/retarray_2.f90 compilation, -O1
FAIL: gfortran.fortran-torture/execute/retarray_2.f90 compilation, -O2
FAIL: gfortran.fortran-torture/execute/retarray_2.f90 compilation, -O2 -fomit-frame-pointer -finline-functions
FAIL: gfortran.fortran-torture/execute/retarray_2.f90 compilation, -O2 -fomit-frame-pointer -finline-functions -funroll-loops
FAIL: gfortran.fortran-torture/execute/retarray_2.f90 compilation, -O2 -fomit-frame-pointer -finline-functions -funroll-all-loops
FAIL: gfortran.fortran-torture/execute/retarray_2.f90 compilation, -O2 -fno-repack-arrays
FAIL: gfortran.fortran-torture/execute/retarray_2.f90 compilation, -O3 -g
FAIL: gfortran.fortran-torture/execute/retarray_2.f90 compilation, -Os
FAIL: gfortran.fortran-torture/execute/scalarize.f90 compilation, -O0
FAIL: gfortran.fortran-torture/execute/scalarize.f90 compilation, -O1
FAIL: gfortran.fortran-torture/execute/scalarize.f90 compilation, -O2
FAIL: gfortran.fortran-torture/execute/scalarize.f90 compilation, -O2 -fomit-frame-pointer -finline-functions
FAIL: gfortran.fortran-torture/execute/scalarize.f90 compilation, -O2 -fomit-frame-pointer -finline-functions -funroll-loops
FAIL: gfortran.fortran-torture/execute/scalarize.f90 compilation, -O2 -fomit-frame-pointer -finline-functions -funroll-all-loops
FAIL: gfortran.fortran-torture/execute/scalarize.f90 compilation, -O2 -fno-repack-arrays
FAIL: gfortran.fortran-torture/execute/scalarize.f90 compilation, -O3 -g
FAIL: gfortran.fortran-torture/execute/scalarize.f90 compilation, -Os
FAIL: gfortran.fortran-torture/execute/scalarize2.f90 compilation, -O0
FAIL: gfortran.fortran-torture/execute/scalarize2.f90 compilation, -O1
FAIL: gfortran.fortran-torture/execute/scalarize2.f90 compilation, -O2
FAIL: gfortran.fortran-torture/execute/scalarize2.f90 compilation, -O2 -fomit-frame-pointer -finline-functions
FAIL: gfortran.fortran-torture/execute/scalarize2.f90 compilation, -O2 -fomit-frame-pointer -finline-functions -funroll-loops
FAIL: gfortran.fortran-torture/execute/scalarize2.f90 compilation, -O2 -fomit-frame-pointer -finline-functions -funroll-all-loops
FAIL: gfortran.fortran-torture/execute/scalarize2.f90 compilation, -O2 -fno-repack-arrays
FAIL: gfortran.fortran-torture/execute/scalarize2.f90 compilation, -O3 -g
FAIL: gfortran.fortran-torture/execute/scalarize2.f90 compilation, -Os
FAIL: gfortran.fortran-torture/execute/scalarize3.f90 compilation, -O0
FAIL: gfortran.fortran-torture/execute/scalarize3.f90 compilation, -O1
FAIL: gfortran.fortran-torture/execute/scalarize3.f90 compilation, -O2
FAIL: gfortran.fortran-torture/execute/scalarize3.f90 compilation, -O2 -fomit-frame-pointer -finline-functions
FAIL: gfortran.fortran-torture/execute/scalarize3.f90 compilation, -O2 -fomit-frame-pointer -finline-functions -funroll-loops
FAIL: gfortran.fortran-torture/execute/scalarize3.f90 compilation, -O2 -fomit-frame-pointer -finline-functions -funroll-all-loops
FAIL: gfortran.fortran-torture/execute/scalarize3.f90 compilation, -O2 -fno-repack-arrays
FAIL: gfortran.fortran-torture/execute/scalarize3.f90 compilation, -O3 -g
FAIL: gfortran.fortran-torture/execute/scalarize3.f90 compilation, -Os
FAIL: gfortran.fortran-torture/execute/slash_edit.f90 compilation, -O0
FAIL: gfortran.fortran-torture/execute/slash_edit.f90 compilation, -O1
FAIL: gfortran.fortran-torture/execute/slash_edit.f90 compilation, -O2
FAIL: gfortran.fortran-torture/execute/slash_edit.f90 compilation, -O2 -fomit-frame-pointer -finline-functions
FAIL: gfortran.fortran-torture/execute/slash_edit.f90 compilation, -O2 -fomit-frame-pointer -finline-functions -funroll-loops
FAIL: gfortran.fortran-torture/execute/slash_edit.f90 compilation, -O2 -fomit-frame-pointer -finline-functions -funroll-all-loops
FAIL: gfortran.fortran-torture/execute/slash_edit.f90 compilation, -O2 -fno-repack-arrays
FAIL: gfortran.fortran-torture/execute/slash_edit.f90 compilation, -O3 -g
FAIL: gfortran.fortran-torture/execute/slash_edit.f90 compilation, -Os
FAIL: gfortran.fortran-torture/execute/spec_abs.f90 compilation, -O0
FAIL: gfortran.fortran-torture/execute/spec_abs.f90 compilation, -O1
FAIL: gfortran.fortran-torture/execute/spec_abs.f90 compilation, -O2
FAIL: gfortran.fortran-torture/execute/spec_abs.f90 compilation, -O2 -fomit-frame-pointer -finline-functions
FAIL: gfortran.fortran-torture/execute/spec_abs.f90 compilation, -O2 -fomit-frame-pointer -finline-functions -funroll-loops
FAIL: gfortran.fortran-torture/execute/spec_abs.f90 compilation, -O2 -fomit-frame-pointer -finline-functions -funroll-all-loops
FAIL: gfortran.fortran-torture/execute/spec_abs.f90 compilation, -O2 -fno-repack-arrays
FAIL: gfortran.fortran-torture/execute/spec_abs.f90 compilation, -O3 -g
FAIL: gfortran.fortran-torture/execute/spec_abs.f90 compilation, -Os
FAIL: gfortran.fortran-torture/execute/specifics.f90 compilation, -O0
FAIL: gfortran.fortran-torture/execute/specifics.f90 compilation, -O1
FAIL: gfortran.fortran-torture/execute/specifics.f90 compilation, -O2
FAIL: gfortran.fortran-torture/execute/specifics.f90 compilation, -O2 -fomit-frame-pointer -finline-functions
FAIL: gfortran.fortran-torture/execute/specifics.f90 compilation, -O2 -fomit-frame-pointer -finline-functions -funroll-loops
FAIL: gfortran.fortran-torture/execute/specifics.f90 compilation, -O2 -fomit-frame-pointer -finline-functions -funroll-all-loops
FAIL: gfortran.fortran-torture/execute/specifics.f90 compilation, -O2 -fno-repack-arrays
FAIL: gfortran.fortran-torture/execute/specifics.f90 compilation, -O3 -g
FAIL: gfortran.fortran-torture/execute/specifics.f90 compilation, -Os
FAIL: gfortran.fortran-torture/execute/st_function.f90 compilation, -O0
FAIL: gfortran.fortran-torture/execute/st_function.f90 compilation, -O1
FAIL: gfortran.fortran-torture/execute/st_function.f90 compilation, -O2
FAIL: gfortran.fortran-torture/execute/st_function.f90 compilation, -O2 -fomit-frame-pointer -finline-functions
FAIL: gfortran.fortran-torture/execute/st_function.f90 compilation, -O2 -fomit-frame-pointer -finline-functions -funroll-loops
FAIL: gfortran.fortran-torture/execute/st_function.f90 compilation, -O2 -fomit-frame-pointer -finline-functions -funroll-all-loops
FAIL: gfortran.fortran-torture/execute/st_function.f90 compilation, -O2 -fno-repack-arrays
FAIL: gfortran.fortran-torture/execute/st_function.f90 compilation, -O3 -g
FAIL: gfortran.fortran-torture/execute/st_function.f90 compilation, -Os
FAIL: gfortran.fortran-torture/execute/stack_varsize.f90 compilation, -O0
FAIL: gfortran.fortran-torture/execute/stack_varsize.f90 compilation, -O1
FAIL: gfortran.fortran-torture/execute/stack_varsize.f90 compilation, -O2
FAIL: gfortran.fortran-torture/execute/stack_varsize.f90 compilation, -O2 -fomit-frame-pointer -finline-functions
FAIL: gfortran.fortran-torture/execute/stack_varsize.f90 compilation, -O2 -fomit-frame-pointer -finline-functions -funroll-loops
FAIL: gfortran.fortran-torture/execute/stack_varsize.f90 compilation, -O2 -fomit-frame-pointer -finline-functions -funroll-all-loops
FAIL: gfortran.fortran-torture/execute/stack_varsize.f90 compilation, -O2 -fno-repack-arrays
FAIL: gfortran.fortran-torture/execute/stack_varsize.f90 compilation, -O3 -g
FAIL: gfortran.fortran-torture/execute/stack_varsize.f90 compilation, -Os
FAIL: gfortran.fortran-torture/execute/straret.f90 compilation, -O0
FAIL: gfortran.fortran-torture/execute/straret.f90 compilation, -O1
FAIL: gfortran.fortran-torture/execute/straret.f90 compilation, -O2
FAIL: gfortran.fortran-torture/execute/straret.f90 compilation, -O2 -fomit-frame-pointer -finline-functions
FAIL: gfortran.fortran-torture/execute/straret.f90 compilation, -O2 -fomit-frame-pointer -finline-functions -funroll-loops
FAIL: gfortran.fortran-torture/execute/straret.f90 compilation, -O2 -fomit-frame-pointer -finline-functions -funroll-all-loops
FAIL: gfortran.fortran-torture/execute/straret.f90 compilation, -O2 -fno-repack-arrays
FAIL: gfortran.fortran-torture/execute/straret.f90 compilation, -O3 -g
FAIL: gfortran.fortran-torture/execute/straret.f90 compilation, -Os
FAIL: gfortran.fortran-torture/execute/strarray_1.f90 compilation, -O0
FAIL: gfortran.fortran-torture/execute/strarray_1.f90 compilation, -O1
FAIL: gfortran.fortran-torture/execute/strarray_1.f90 compilation, -O2
FAIL: gfortran.fortran-torture/execute/strarray_1.f90 compilation, -O2 -fomit-frame-pointer -finline-functions
FAIL: gfortran.fortran-torture/execute/strarray_1.f90 compilation, -O2 -fomit-frame-pointer -finline-functions -funroll-loops
FAIL: gfortran.fortran-torture/execute/strarray_1.f90 compilation, -O2 -fomit-frame-pointer -finline-functions -funroll-all-loops
FAIL: gfortran.fortran-torture/execute/strarray_1.f90 compilation, -O2 -fno-repack-arrays
FAIL: gfortran.fortran-torture/execute/strarray_1.f90 compilation, -O3 -g
FAIL: gfortran.fortran-torture/execute/strarray_1.f90 compilation, -Os
FAIL: gfortran.fortran-torture/execute/strarray_2.f90 compilation, -O0
FAIL: gfortran.fortran-torture/execute/strarray_2.f90 compilation, -O1
FAIL: gfortran.fortran-torture/execute/strarray_2.f90 compilation, -O2
FAIL: gfortran.fortran-torture/execute/strarray_2.f90 compilation, -O2 -fomit-frame-pointer -finline-functions
FAIL: gfortran.fortran-torture/execute/strarray_2.f90 compilation, -O2 -fomit-frame-pointer -finline-functions -funroll-loops
FAIL: gfortran.fortran-torture/execute/strarray_2.f90 compilation, -O2 -fomit-frame-pointer -finline-functions -funroll-all-loops
FAIL: gfortran.fortran-torture/execute/strarray_2.f90 compilation, -O2 -fno-repack-arrays
FAIL: gfortran.fortran-torture/execute/strarray_2.f90 compilation, -O3 -g
FAIL: gfortran.fortran-torture/execute/strarray_2.f90 compilation, -Os
FAIL: gfortran.fortran-torture/execute/strarray_3.f90 compilation, -O0
FAIL: gfortran.fortran-torture/execute/strarray_3.f90 compilation, -O1
FAIL: gfortran.fortran-torture/execute/strarray_3.f90 compilation, -O2
FAIL: gfortran.fortran-torture/execute/strarray_3.f90 compilation, -O2 -fomit-frame-pointer -finline-functions
FAIL: gfortran.fortran-torture/execute/strarray_3.f90 compilation, -O2 -fomit-frame-pointer -finline-functions -funroll-loops
FAIL: gfortran.fortran-torture/execute/strarray_3.f90 compilation, -O2 -fomit-frame-pointer -finline-functions -funroll-all-loops
FAIL: gfortran.fortran-torture/execute/strarray_3.f90 compilation, -O2 -fno-repack-arrays
FAIL: gfortran.fortran-torture/execute/strarray_3.f90 compilation, -O3 -g
FAIL: gfortran.fortran-torture/execute/strarray_3.f90 compilation, -Os
FAIL: gfortran.fortran-torture/execute/strarray_4.f90 compilation, -O0
FAIL: gfortran.fortran-torture/execute/strarray_4.f90 compilation, -O1
FAIL: gfortran.fortran-torture/execute/strarray_4.f90 compilation, -O2
FAIL: gfortran.fortran-torture/execute/strarray_4.f90 compilation, -O2 -fomit-frame-pointer -finline-functions
FAIL: gfortran.fortran-torture/execute/strarray_4.f90 compilation, -O2 -fomit-frame-pointer -finline-functions -funroll-loops
FAIL: gfortran.fortran-torture/execute/strarray_4.f90 compilation, -O2 -fomit-frame-pointer -finline-functions -funroll-all-loops
FAIL: gfortran.fortran-torture/execute/strarray_4.f90 compilation, -O2 -fno-repack-arrays
FAIL: gfortran.fortran-torture/execute/strarray_4.f90 compilation, -O3 -g
FAIL: gfortran.fortran-torture/execute/strarray_4.f90 compilation, -Os
FAIL: gfortran.fortran-torture/execute/strcmp.f90 compilation, -O0
FAIL: gfortran.fortran-torture/execute/strcmp.f90 compilation, -O1
FAIL: gfortran.fortran-torture/execute/strcmp.f90 compilation, -O2
FAIL: gfortran.fortran-torture/execute/strcmp.f90 compilation, -O2 -fomit-frame-pointer -finline-functions
FAIL: gfortran.fortran-torture/execute/strcmp.f90 compilation, -O2 -fomit-frame-pointer -finline-functions -funroll-loops
FAIL: gfortran.fortran-torture/execute/strcmp.f90 compilation, -O2 -fomit-frame-pointer -finline-functions -funroll-all-loops
FAIL: gfortran.fortran-torture/execute/strcmp.f90 compilation, -O2 -fno-repack-arrays
FAIL: gfortran.fortran-torture/execute/strcmp.f90 compilation, -O3 -g
FAIL: gfortran.fortran-torture/execute/strcmp.f90 compilation, -Os
FAIL: gfortran.fortran-torture/execute/strcommon_1.f90 compilation, -O0
FAIL: gfortran.fortran-torture/execute/strcommon_1.f90 compilation, -O1
FAIL: gfortran.fortran-torture/execute/strcommon_1.f90 compilation, -O2
FAIL: gfortran.fortran-torture/execute/strcommon_1.f90 compilation, -O2 -fomit-frame-pointer -finline-functions
FAIL: gfortran.fortran-torture/execute/strcommon_1.f90 compilation, -O2 -fomit-frame-pointer -finline-functions -funroll-loops
FAIL: gfortran.fortran-torture/execute/strcommon_1.f90 compilation, -O2 -fomit-frame-pointer -finline-functions -funroll-all-loops
FAIL: gfortran.fortran-torture/execute/strcommon_1.f90 compilation, -O2 -fno-repack-arrays
FAIL: gfortran.fortran-torture/execute/strcommon_1.f90 compilation, -O3 -g
FAIL: gfortran.fortran-torture/execute/strcommon_1.f90 compilation, -Os
FAIL: gfortran.fortran-torture/execute/string.f90 compilation, -O0
FAIL: gfortran.fortran-torture/execute/string.f90 compilation, -O1
FAIL: gfortran.fortran-torture/execute/string.f90 compilation, -O2
FAIL: gfortran.fortran-torture/execute/string.f90 compilation, -O2 -fomit-frame-pointer -finline-functions
FAIL: gfortran.fortran-torture/execute/string.f90 compilation, -O2 -fomit-frame-pointer -finline-functions -funroll-loops
FAIL: gfortran.fortran-torture/execute/string.f90 compilation, -O2 -fomit-frame-pointer -finline-functions -funroll-all-loops
FAIL: gfortran.fortran-torture/execute/string.f90 compilation, -O2 -fno-repack-arrays
FAIL: gfortran.fortran-torture/execute/string.f90 compilation, -O3 -g
FAIL: gfortran.fortran-torture/execute/string.f90 compilation, -Os
FAIL: gfortran.fortran-torture/execute/strlen.f90 compilation, -O0
FAIL: gfortran.fortran-torture/execute/strlen.f90 compilation, -O1
FAIL: gfortran.fortran-torture/execute/strlen.f90 compilation, -O2
FAIL: gfortran.fortran-torture/execute/strlen.f90 compilation, -O2 -fomit-frame-pointer -finline-functions
FAIL: gfortran.fortran-torture/execute/strlen.f90 compilation, -O2 -fomit-frame-pointer -finline-functions -funroll-loops
FAIL: gfortran.fortran-torture/execute/strlen.f90 compilation, -O2 -fomit-frame-pointer -finline-functions -funroll-all-loops
FAIL: gfortran.fortran-torture/execute/strlen.f90 compilation, -O2 -fno-repack-arrays
FAIL: gfortran.fortran-torture/execute/strlen.f90 compilation, -O3 -g
FAIL: gfortran.fortran-torture/execute/strlen.f90 compilation, -Os
FAIL: gfortran.fortran-torture/execute/strret.f90 compilation, -O0
FAIL: gfortran.fortran-torture/execute/strret.f90 compilation, -O1
FAIL: gfortran.fortran-torture/execute/strret.f90 compilation, -O2
FAIL: gfortran.fortran-torture/execute/strret.f90 compilation, -O2 -fomit-frame-pointer -finline-functions
FAIL: gfortran.fortran-torture/execute/strret.f90 compilation, -O2 -fomit-frame-pointer -finline-functions -funroll-loops
FAIL: gfortran.fortran-torture/execute/strret.f90 compilation, -O2 -fomit-frame-pointer -finline-functions -funroll-all-loops
FAIL: gfortran.fortran-torture/execute/strret.f90 compilation, -O2 -fno-repack-arrays
FAIL: gfortran.fortran-torture/execute/strret.f90 compilation, -O3 -g
FAIL: gfortran.fortran-torture/execute/strret.f90 compilation, -Os
FAIL: gfortran.fortran-torture/execute/test_slice.f90 compilation, -O0
FAIL: gfortran.fortran-torture/execute/test_slice.f90 compilation, -O1
FAIL: gfortran.fortran-torture/execute/test_slice.f90 compilation, -O2
FAIL: gfortran.fortran-torture/execute/test_slice.f90 compilation, -O2 -fomit-frame-pointer -finline-functions
FAIL: gfortran.fortran-torture/execute/test_slice.f90 compilation, -O2 -fomit-frame-pointer -finline-functions -funroll-loops
FAIL: gfortran.fortran-torture/execute/test_slice.f90 compilation, -O2 -fomit-frame-pointer -finline-functions -funroll-all-loops
FAIL: gfortran.fortran-torture/execute/test_slice.f90 compilation, -O2 -fno-repack-arrays
FAIL: gfortran.fortran-torture/execute/test_slice.f90 compilation, -O3 -g
FAIL: gfortran.fortran-torture/execute/test_slice.f90 compilation, -Os
FAIL: gfortran.fortran-torture/execute/unopened_unit_1.f90 compilation, -O0
FAIL: gfortran.fortran-torture/execute/unopened_unit_1.f90 compilation, -O1
FAIL: gfortran.fortran-torture/execute/unopened_unit_1.f90 compilation, -O2
FAIL: gfortran.fortran-torture/execute/unopened_unit_1.f90 compilation, -O2 -fomit-frame-pointer -finline-functions
FAIL: gfortran.fortran-torture/execute/unopened_unit_1.f90 compilation, -O2 -fomit-frame-pointer -finline-functions -funroll-loops
FAIL: gfortran.fortran-torture/execute/unopened_unit_1.f90 compilation, -O2 -fomit-frame-pointer -finline-functions -funroll-all-loops
FAIL: gfortran.fortran-torture/execute/unopened_unit_1.f90 compilation, -O2 -fno-repack-arrays
FAIL: gfortran.fortran-torture/execute/unopened_unit_1.f90 compilation, -O3 -g
FAIL: gfortran.fortran-torture/execute/unopened_unit_1.f90 compilation, -Os
FAIL: gfortran.fortran-torture/execute/userop.f90 compilation, -O0
FAIL: gfortran.fortran-torture/execute/userop.f90 compilation, -O1
FAIL: gfortran.fortran-torture/execute/userop.f90 compilation, -O2
FAIL: gfortran.fortran-torture/execute/userop.f90 compilation, -O2 -fomit-frame-pointer -finline-functions
FAIL: gfortran.fortran-torture/execute/userop.f90 compilation, -O2 -fomit-frame-pointer -finline-functions -funroll-loops
FAIL: gfortran.fortran-torture/execute/userop.f90 compilation, -O2 -fomit-frame-pointer -finline-functions -funroll-all-loops
FAIL: gfortran.fortran-torture/execute/userop.f90 compilation, -O2 -fno-repack-arrays
FAIL: gfortran.fortran-torture/execute/userop.f90 compilation, -O3 -g
FAIL: gfortran.fortran-torture/execute/userop.f90 compilation, -Os
FAIL: gfortran.fortran-torture/execute/where_1.f90 compilation, -O0
FAIL: gfortran.fortran-torture/execute/where_1.f90 compilation, -O1
FAIL: gfortran.fortran-torture/execute/where_1.f90 compilation, -O2
FAIL: gfortran.fortran-torture/execute/where_1.f90 compilation, -O2 -fomit-frame-pointer -finline-functions
FAIL: gfortran.fortran-torture/execute/where_1.f90 compilation, -O2 -fomit-frame-pointer -finline-functions -funroll-loops
FAIL: gfortran.fortran-torture/execute/where_1.f90 compilation, -O2 -fomit-frame-pointer -finline-functions -funroll-all-loops
FAIL: gfortran.fortran-torture/execute/where_1.f90 compilation, -O2 -fno-repack-arrays
FAIL: gfortran.fortran-torture/execute/where_1.f90 compilation, -O3 -g
FAIL: gfortran.fortran-torture/execute/where_1.f90 compilation, -Os
FAIL: gfortran.fortran-torture/execute/where_2.f90 compilation, -O0
FAIL: gfortran.fortran-torture/execute/where_2.f90 compilation, -O1
FAIL: gfortran.fortran-torture/execute/where_2.f90 compilation, -O2
FAIL: gfortran.fortran-torture/execute/where_2.f90 compilation, -O2 -fomit-frame-pointer -finline-functions
FAIL: gfortran.fortran-torture/execute/where_2.f90 compilation, -O2 -fomit-frame-pointer -finline-functions -funroll-loops
FAIL: gfortran.fortran-torture/execute/where_2.f90 compilation, -O2 -fomit-frame-pointer -finline-functions -funroll-all-loops
FAIL: gfortran.fortran-torture/execute/where_2.f90 compilation, -O2 -fno-repack-arrays
FAIL: gfortran.fortran-torture/execute/where_2.f90 compilation, -O3 -g
FAIL: gfortran.fortran-torture/execute/where_2.f90 compilation, -Os
FAIL: gfortran.fortran-torture/execute/where_3.f90 compilation, -O0
FAIL: gfortran.fortran-torture/execute/where_3.f90 compilation, -O1
FAIL: gfortran.fortran-torture/execute/where_3.f90 compilation, -O2
FAIL: gfortran.fortran-torture/execute/where_3.f90 compilation, -O2 -fomit-frame-pointer -finline-functions
FAIL: gfortran.fortran-torture/execute/where_3.f90 compilation, -O2 -fomit-frame-pointer -finline-functions -funroll-loops
FAIL: gfortran.fortran-torture/execute/where_3.f90 compilation, -O2 -fomit-frame-pointer -finline-functions -funroll-all-loops
FAIL: gfortran.fortran-torture/execute/where_3.f90 compilation, -O2 -fno-repack-arrays
FAIL: gfortran.fortran-torture/execute/where_3.f90 compilation, -O3 -g
FAIL: gfortran.fortran-torture/execute/where_3.f90 compilation, -Os
FAIL: gfortran.fortran-torture/execute/where_4.f90 compilation, -O0
FAIL: gfortran.fortran-torture/execute/where_4.f90 compilation, -O1
FAIL: gfortran.fortran-torture/execute/where_4.f90 compilation, -O2
FAIL: gfortran.fortran-torture/execute/where_4.f90 compilation, -O2 -fomit-frame-pointer -finline-functions
FAIL: gfortran.fortran-torture/execute/where_4.f90 compilation, -O2 -fomit-frame-pointer -finline-functions -funroll-loops
FAIL: gfortran.fortran-torture/execute/where_4.f90 compilation, -O2 -fomit-frame-pointer -finline-functions -funroll-all-loops
FAIL: gfortran.fortran-torture/execute/where_4.f90 compilation, -O2 -fno-repack-arrays
FAIL: gfortran.fortran-torture/execute/where_4.f90 compilation, -O3 -g
FAIL: gfortran.fortran-torture/execute/where_4.f90 compilation, -Os
FAIL: gfortran.fortran-torture/execute/where_5.f90 compilation, -O0
FAIL: gfortran.fortran-torture/execute/where_5.f90 compilation, -O1
FAIL: gfortran.fortran-torture/execute/where_5.f90 compilation, -O2
FAIL: gfortran.fortran-torture/execute/where_5.f90 compilation, -O2 -fomit-frame-pointer -finline-functions
FAIL: gfortran.fortran-torture/execute/where_5.f90 compilation, -O2 -fomit-frame-pointer -finline-functions -funroll-loops
FAIL: gfortran.fortran-torture/execute/where_5.f90 compilation, -O2 -fomit-frame-pointer -finline-functions -funroll-all-loops
FAIL: gfortran.fortran-torture/execute/where_5.f90 compilation, -O2 -fno-repack-arrays
FAIL: gfortran.fortran-torture/execute/where_5.f90 compilation, -O3 -g
FAIL: gfortran.fortran-torture/execute/where_5.f90 compilation, -Os
FAIL: gfortran.fortran-torture/execute/where_6.f90 compilation, -O0
FAIL: gfortran.fortran-torture/execute/where_6.f90 compilation, -O1
FAIL: gfortran.fortran-torture/execute/where_6.f90 compilation, -O2
FAIL: gfortran.fortran-torture/execute/where_6.f90 compilation, -O2 -fomit-frame-pointer -finline-functions
FAIL: gfortran.fortran-torture/execute/where_6.f90 compilation, -O2 -fomit-frame-pointer -finline-functions -funroll-loops
FAIL: gfortran.fortran-torture/execute/where_6.f90 compilation, -O2 -fomit-frame-pointer -finline-functions -funroll-all-loops
FAIL: gfortran.fortran-torture/execute/where_6.f90 compilation, -O2 -fno-repack-arrays
FAIL: gfortran.fortran-torture/execute/where_6.f90 compilation, -O3 -g
FAIL: gfortran.fortran-torture/execute/where_6.f90 compilation, -Os
FAIL: gfortran.fortran-torture/execute/write_logical.f90 compilation, -O0
FAIL: gfortran.fortran-torture/execute/write_logical.f90 compilation, -O1
FAIL: gfortran.fortran-torture/execute/write_logical.f90 compilation, -O2
FAIL: gfortran.fortran-torture/execute/write_logical.f90 compilation, -O2 -fomit-frame-pointer -finline-functions
FAIL: gfortran.fortran-torture/execute/write_logical.f90 compilation, -O2 -fomit-frame-pointer -finline-functions -funroll-loops
FAIL: gfortran.fortran-torture/execute/write_logical.f90 compilation, -O2 -fomit-frame-pointer -finline-functions -funroll-all-loops
FAIL: gfortran.fortran-torture/execute/write_logical.f90 compilation, -O2 -fno-repack-arrays
FAIL: gfortran.fortran-torture/execute/write_logical.f90 compilation, -O3 -g
FAIL: gfortran.fortran-torture/execute/write_logical.f90 compilation, -Os
=== gfortran Summary ===
# of unexpected failures 1485
# of untested testcases 1233
/j/ljrittle/gcc-build-beast-0512/gcc/testsuite/../gfortran version 3.5-tree-ssa 20040512 (merged 20040512)
=== objc tests ===
Running target unix/-pthread
FAIL: objc.dg/proto-lossage-3.m execution test
=== objc Summary ===
# of expected passes 1338
# of unexpected failures 1
# of unsupported tests 8
/j/ljrittle/gcc-build-beast-0512/gcc/xgcc version 3.5-tree-ssa 20040512 (merged 20040512)
Compiler version: 3.5-tree-ssa 20040512 (merged 20040512)
Platform: alpha-unknown-freebsd5.2
configure flags: --prefix=/home/ljrittle/beast/tmp/install-beast --with-gmp=/home/ljrittle/beast --with-gnu-as --with-as=/usr/bin/as --with-gnu-ld --with-ld=/usr/bin/ld --enable-languages=c,c++,f95,java,objc
BOOT_CFLAGS=-g -O2
Key: gmake is GNU make
srcdir means in-source configuration was done within the gcc source tree
objdir means out-source configuration was done within a fresh directory
See http://people.freebsd.org/~ljrittle/daily-gcc-bootstrap-reports
for all related transcript logs and log.sent files (not staged
until after all daily bootstraps for a machine complete).