This is the mail archive of the
gcc-testresults@gcc.gnu.org
mailing list for the GCC project.
Results for 3.5.0 20040512 (experimental) testsuite on i386-unknown-freebsd4.9
- From: Loren James Rittle <rittle at latour dot rsch dot comm dot mot dot com>
- To: gcc-testresults at gcc dot gnu dot org
- Date: Wed, 12 May 2004 17:47:02 -0500 (CDT)
- Subject: Results for 3.5.0 20040512 (experimental) testsuite on i386-unknown-freebsd4.9
- Reply-to: rittle at labs dot mot dot com
LAST_UPDATED: <soon before ssa-tree merge>
Native configuration is i386-unknown-freebsd4.9
=== g++ tests ===
Running target unix/-pthread
FAIL: g++.old-deja/g++.eh/unwind1.C (test for excess errors)
WARNING: g++.old-deja/g++.mike/p10769a.C compilation failed to produce executable
WARNING: g++.old-deja/g++.other/enum5.C compilation failed to produce executable
FAIL: g++.old-deja/g++.other/warn7.C (test for warnings, line 38)
WARNING: g++.old-deja/g++.pt/friend44.C compilation failed to produce executable
=== g++ Summary ===
# of expected passes 9707
# of unexpected failures 2
# of expected failures 83
# of unsupported tests 62
/usr/users/rittle/tmp/gcc-build-latour-mainline-0512/gcc/testsuite/../g++ version 3.5.0 20040512 (experimental)
=== g77 tests ===
Running target unix/-pthread
=== g77 Summary ===
# of expected passes 1788
# of unsupported tests 6
/usr/users/rittle/tmp/gcc-build-latour-mainline-0512/gcc/testsuite/../g77 version 3.5.0 20040512 (experimental)
=== gcc tests ===
Running target unix/-pthread
FAIL: gcc.c-torture/execute/built-in-setjmp.c compilation, -O1
UNRESOLVED: gcc.c-torture/execute/built-in-setjmp.c execution, -O1
FAIL: gcc.c-torture/execute/conversion.c execution, -O0
FAIL: gcc.c-torture/execute/conversion.c execution, -O1
FAIL: gcc.c-torture/execute/conversion.c execution, -O2
FAIL: gcc.dg/20020523-1.c (test for excess errors)
WARNING: gcc.dg/20020523-1.c compilation failed to produce executable
FAIL: gcc.dg/20020523-2.c (test for excess errors)
WARNING: gcc.dg/20020523-2.c compilation failed to produce executable
FAIL: gcc.dg/builtins-20.c (test for excess errors)
FAIL: gcc.dg/c90-const-expr-3.c (test for excess errors)
FAIL: gcc.dg/c99-const-expr-3.c (test for excess errors)
FAIL: gcc.dg/const-elim-1.c scan-assembler-not L\\\\\$?C[^A-Z]
FAIL: largefile.c -O0 -g (test for excess errors)
FAIL: largefile.c -O0 (test for excess errors)
FAIL: largefile.c -O1 (test for excess errors)
FAIL: largefile.c -O2 (test for excess errors)
FAIL: largefile.c -O3 -fomit-frame-pointer (test for excess errors)
FAIL: largefile.c -O3 -g (test for excess errors)
FAIL: largefile.c -Os (test for excess errors)
FAIL: gcc.dg/torture/builtin-convert-1.c -O1 (test for excess errors)
FAIL: gcc.dg/torture/builtin-convert-1.c -O2 (test for excess errors)
FAIL: gcc.dg/torture/builtin-convert-1.c -O3 -fomit-frame-pointer (test for excess errors)
FAIL: gcc.dg/torture/builtin-convert-1.c -O3 -g (test for excess errors)
FAIL: gcc.dg/torture/builtin-convert-1.c -Os (test for excess errors)
FAIL: gcc.dg/torture/builtin-convert-2.c -O1 (test for excess errors)
FAIL: gcc.dg/torture/builtin-convert-2.c -O2 (test for excess errors)
FAIL: gcc.dg/torture/builtin-convert-2.c -O3 -fomit-frame-pointer (test for excess errors)
FAIL: gcc.dg/torture/builtin-convert-2.c -O3 -g (test for excess errors)
FAIL: gcc.dg/torture/builtin-convert-2.c -Os (test for excess errors)
FAIL: gcc.dg/torture/builtin-convert-3.c -O1 (test for excess errors)
FAIL: gcc.dg/torture/builtin-convert-3.c -O2 (test for excess errors)
FAIL: gcc.dg/torture/builtin-convert-3.c -O3 -fomit-frame-pointer (test for excess errors)
FAIL: gcc.dg/torture/builtin-convert-3.c -O3 -g (test for excess errors)
FAIL: gcc.dg/torture/builtin-convert-3.c -Os (test for excess errors)
FAIL: gcc.dg/torture/builtin-power-1.c -O0 (test for excess errors)
FAIL: gcc.dg/torture/builtin-power-1.c -O1 (test for excess errors)
FAIL: gcc.dg/torture/builtin-power-1.c -O2 (test for excess errors)
FAIL: gcc.dg/torture/builtin-power-1.c -O3 -fomit-frame-pointer (test for excess errors)
FAIL: gcc.dg/torture/builtin-power-1.c -O3 -g (test for excess errors)
FAIL: gcc.dg/torture/builtin-power-1.c -Os (test for excess errors)
=== gcc Summary ===
# of expected passes 26097
# of unexpected failures 38
# of expected failures 60
# of unresolved testcases 1
# of untested testcases 35
# of unsupported tests 220
/usr/users/rittle/tmp/gcc-build-latour-mainline-0512/gcc/xgcc version 3.5.0 20040512 (experimental)
=== objc tests ===
Running target unix/-pthread
=== objc Summary ===
# of expected passes 1339
# of unsupported tests 8
/usr/users/rittle/tmp/gcc-build-latour-mainline-0512/gcc/xgcc version 3.5.0 20040512 (experimental)
=== libffi tests ===
Running target unix/-pthread
FAIL: libffi.call/cls_1_1byte.c output pattern test, is 245 12: 1
FAIL: libffi.call/cls_2byte.c execution test
FAIL: libffi.call/cls_3byte1.c execution test
FAIL: libffi.call/cls_3byte2.c execution test
FAIL: libffi.call/cls_4_1byte.c execution test
FAIL: libffi.call/cls_4byte.c execution test
FAIL: libffi.call/cls_7byte.c execution test
FAIL: libffi.call/cls_8byte.c execution test
FAIL: libffi.call/struct3.c execution test
FAIL: libffi.call/struct5.c execution test
FAIL: libffi.call/struct9.c execution test
=== libffi Summary ===
# of expected passes 194
# of unexpected failures 11
# of unsupported tests 2
=== libjava tests ===
Running target unix/-pthread
WARNING: program timed out.
FAIL: PR218 execution - gij test
FAIL: Throw_2 execution - source compiled test
FAIL: Throw_2 execution - gij test
FAIL: Throw_2 execution - bytecode->native test
FAIL: Throw_2 -O3 execution - source compiled test
FAIL: Throw_2 execution - gij test
FAIL: Throw_2 -O3 execution - bytecode->native test
WARNING: program timed out.
FAIL: klass execution - gij test
=== libjava Summary ===
# of expected passes 3347
# of unexpected failures 8
# of expected failures 14
# of untested testcases 24
=== libstdc++-v3 check-abi Summary ===
# of added symbols: 203
# of missing symbols: 204
# of incompatible symbols: 221
=== libstdc++ tests ===
Running target unix/-pthread
=== libstdc++ Summary ===
# of expected passes 1999
# of expected failures 4
Compiler version: 3.5.0 20040512 (experimental)
Platform: i386-unknown-freebsd4.9
configure flags: --prefix=/usr/local/beta-gcc --with-gnu-as --with-as=/usr/local/beta-gcc/bin/as --with-gnu-ld --with-ld=/usr/local/beta-gcc/bin/ld --enable-languages=c,c++,f77,java,objc
BOOT_CFLAGS=-g -O2