This is the mail archive of the gcc-testresults@gcc.gnu.org mailing list for the GCC project.
Index Nav: | [Date Index] [Subject Index] [Author Index] [Thread Index] | |
---|---|---|
Message Nav: | [Date Prev] [Date Next] | [Thread Prev] [Thread Next] |
Other format: | [Raw text] |
LAST_UPDATED: Mon May 10 17:14:43 UTC 2004 === acats tests === FAIL: c954025 FAIL: c954026 === acats Summary === # of expected passes 2320 # of unexpected failures 2 Native configuration is i386-pc-solaris2.10 === g++ tests === Running target unix FAIL: g++.dg/eh/simd-2.C (test for excess errors) WARNING: g++.dg/eh/simd-2.C compilation failed to produce executable FAIL: g++.dg/special/conpr-1.C execution test FAIL: g++.dg/special/conpr-3.C execution test FAIL: g++.dg/special/conpr-4.C execution test FAIL: g++.old-deja/g++.brendan/prepost3.C (test for errors, line 6) FAIL: g++.old-deja/g++.brendan/prepost3.C (test for excess errors) FAIL: g++.old-deja/g++.eh/badalloc1.C execution test WARNING: g++.old-deja/g++.mike/p10769a.C compilation failed to produce executable WARNING: g++.old-deja/g++.other/enum5.C compilation failed to produce executable FAIL: g++.old-deja/g++.other/pmf2.C (test for errors, line 17) FAIL: g++.old-deja/g++.other/pmf2.C (test for excess errors) FAIL: g++.old-deja/g++.other/warn7.C (test for warnings, line 38) FAIL: g++.old-deja/g++.pt/crash5.C (test for errors, line 10) FAIL: g++.old-deja/g++.pt/crash5.C (test for excess errors) WARNING: g++.old-deja/g++.pt/friend44.C compilation failed to produce executable === g++ Summary === # of expected passes 9674 # of unexpected failures 12 # of expected failures 85 # of unsupported tests 61 /amnt/figaro/volumes/obj-gcc/gcc/obj.sol86/gcc-3.5.0-20040510/10-gcc/gcc/testsuite/../g++ version 3.5.0 20040510 (experimental) === g77 tests === Running target unix === g77 Summary === # of expected passes 1788 # of unsupported tests 6 /amnt/figaro/volumes/obj-gcc/gcc/obj.sol86/gcc-3.5.0-20040510/10-gcc/gcc/testsuite/../g77 version 3.5.0 20040510 (experimental) === gcc tests === Running target unix FAIL: gcc.c-torture/execute/va-arg-25.c execution, -Os FAIL: gcc.dg/compat/vector-1 c_compat_x_tst.o compile FAIL: gcc.dg/compat/vector-1 c_compat_y_tst.o compile UNRESOLVED: gcc.dg/compat/vector-1 c_compat_x_tst.o-c_compat_y_tst.o link UNRESOLVED: gcc.dg/compat/vector-1 c_compat_x_tst.o-c_compat_y_tst.o execute FAIL: gcc.dg/compat/vector-2 c_compat_x_tst.o compile FAIL: gcc.dg/compat/vector-2 c_compat_y_tst.o compile UNRESOLVED: gcc.dg/compat/vector-2 c_compat_x_tst.o-c_compat_y_tst.o link UNRESOLVED: gcc.dg/compat/vector-2 c_compat_x_tst.o-c_compat_y_tst.o execute FAIL: gcc.dg/20011009-1.c (test for excess errors) WARNING: gcc.dg/20011009-1.c compilation failed to produce executable FAIL: gcc.dg/20020523-1.c (test for excess errors) WARNING: gcc.dg/20020523-1.c compilation failed to produce executable FAIL: gcc.dg/20020523-2.c (test for excess errors) WARNING: gcc.dg/20020523-2.c compilation failed to produce executable FAIL: gcc.dg/c90-const-expr-3.c (test for excess errors) FAIL: gcc.dg/c99-const-expr-3.c (test for excess errors) FAIL: gcc.dg/const-elim-1.c scan-assembler-not L\\\\\$?C[^A-Z] FAIL: gcc.dg/i386-sse-6.c (test for excess errors) WARNING: gcc.dg/i386-sse-6.c compilation failed to produce executable FAIL: gcc.dg/visibility-1.c (test for excess errors) FAIL: gcc.dg/visibility-1.c scan-assembler \\\\.hidden.*foo FAIL: gcc.dg/visibility-2.c (test for excess errors) FAIL: gcc.dg/visibility-2.c scan-assembler \\\\.hidden.*foo FAIL: gcc.dg/visibility-3.c (test for excess errors) FAIL: gcc.dg/visibility-3.c scan-assembler \\\\.hidden.*xyzzy FAIL: gcc.dg/visibility-4.c (test for excess errors) FAIL: gcc.dg/visibility-4.c scan-assembler \\\\.hidden.*xyzzy FAIL: gcc.dg/visibility-5.c (test for excess errors) FAIL: gcc.dg/visibility-5.c scan-assembler \\\\.hidden.*foo FAIL: gcc.dg/visibility-6.c (test for excess errors) FAIL: gcc.dg/visibility-6.c scan-assembler \\\\.hidden.*xyzzy FAIL: gcc.dg/visibility-7.c (test for excess errors) FAIL: gcc.dg/visibility-7.c scan-assembler \\\\.hidden.*xyzzy FAIL: gcc.dg/visibility-8.c (test for excess errors) FAIL: gcc.dg/visibility-8.c scan-assembler \\\\.hidden.*__GI_fputs_unlocked FAIL: gcc.dg/wtr-func-def-1.c (test for excess errors) FAIL: largefile.c (test for excess errors) FAIL: largefile.c (test for excess errors) FAIL: largefile.c (test for excess errors) FAIL: largefile.c (test for excess errors) FAIL: largefile.c (test for excess errors) FAIL: largefile.c (test for excess errors) FAIL: largefile.c (test for excess errors) === gcc Summary === # of expected passes 25334 # of unexpected failures 36 # of expected failures 59 # of unresolved testcases 4 # of untested testcases 35 # of unsupported tests 219 /amnt/figaro/volumes/obj-gcc/gcc/obj.sol86/gcc-3.5.0-20040510/10-gcc/gcc/xgcc version 3.5.0 20040510 (experimental) === objc tests === Running target unix === objc Summary === # of expected passes 1339 # of unsupported tests 8 /amnt/figaro/volumes/obj-gcc/gcc/obj.sol86/gcc-3.5.0-20040510/10-gcc/gcc/xgcc version 3.5.0 20040510 (experimental) === libffi tests === Running target unix === libffi Summary === # of expected passes 212 # of unsupported tests 2 === libjava tests === Running target unix FAIL: PR15133 execution - gij test FAIL: calls execution - gij test FAIL: cxxtest.cc compilation FAIL: field execution - gij test FAIL: final_method execution - gij test FAIL: findclass execution - gij test FAIL: invoke execution - gij test FAIL: jniutf execution - gij test FAIL: martin execution - gij test FAIL: noclass execution - gij test FAIL: overload execution - gij test FAIL: pr11951 execution - gij test FAIL: register execution - gij test FAIL: simple_int execution - gij test FAIL: throwit execution - gij test FAIL: virtual execution - gij test ERROR: No \`main' given in program Array_2 UNRESOLVED: Array_2 -O3 compilation from source FAIL: FileHandleGcTest execution - source compiled test FAIL: FileHandleGcTest execution - gij test FAIL: FileHandleGcTest execution - bytecode->native test FAIL: FileHandleGcTest -O3 execution - source compiled test FAIL: FileHandleGcTest execution - gij test FAIL: FileHandleGcTest -O3 execution - bytecode->native test FAIL: SyncTest execution - gij test FAIL: TLtest execution - gij test FAIL: TLtest execution - gij test FAIL: Thread_Join execution - gij test FAIL: Thread_Join execution - gij test FAIL: Thread_Wait_2 execution - gij test FAIL: Thread_Wait_Interrupt execution - gij test FAIL: Throw_2 execution - source compiled test FAIL: Throw_2 execution - gij test FAIL: Throw_2 execution - bytecode->native test FAIL: Throw_2 -O3 execution - source compiled test FAIL: Throw_2 execution - gij test FAIL: Throw_2 -O3 execution - bytecode->native test FAIL: direct_write -O3 compilation from bytecode ERROR: No \`main' given in program negzero UNRESOLVED: nested_with_ctor compilation from source === libjava Summary === # of expected passes 3275 # of unexpected failures 36 # of expected failures 14 # of unresolved testcases 2 # of untested testcases 52 === libstdc++ tests === Running target unix FAIL: 26_numerics/c99_classification_macros_c++.cc (test for excess errors) FAIL: 26_numerics/c99_classification_macros_c.cc (test for excess errors) FAIL: 27_io/basic_istream/extractors_arithmetic/char/12.cc execution test FAIL: 27_io/fpos/14775.cc execution test === libstdc++ Summary === # of expected passes 2664 # of unexpected failures 4 # of expected failures 5 Compiler version: 3.5.0 20040510 (experimental) Platform: i386-pc-solaris2.10 configure flags: --prefix=/vol/gcc --with-local-prefix=/vol/gcc --disable-nls --with-as=/vol/gcc/lib/as-7.0 --enable-languages=c,ada,c++,f77,java,objc BOOT_CFLAGS=-g -O2
Index Nav: | [Date Index] [Subject Index] [Author Index] [Thread Index] | |
---|---|---|
Message Nav: | [Date Prev] [Date Next] | [Thread Prev] [Thread Next] |