This is the mail archive of the
gcc-testresults@gcc.gnu.org
mailing list for the GCC project.
Results for 3.5.0 20040508 (experimental) testsuite on sparc-sun-solaris2.9
- From: "Kaveh R. Ghazi" <ghazi at caip dot rutgers dot edu>
- To: gcc-testresults at gcc dot gnu dot org
- Date: Wed, 12 May 2004 17:50:10 -0400 (EDT)
- Subject: Results for 3.5.0 20040508 (experimental) testsuite on sparc-sun-solaris2.9
LAST_UPDATED:
Native configuration is sparc-sun-solaris2.9
=== g++ tests ===
Running target unix/-m64
WARNING: g++.old-deja/g++.mike/p10769a.C compilation failed to produce executable
WARNING: g++.old-deja/g++.other/enum5.C compilation failed to produce executable
FAIL: g++.old-deja/g++.other/warn7.C (test for warnings, line 38)
WARNING: g++.old-deja/g++.pt/friend44.C compilation failed to produce executable
=== g++ Summary for unix/-m64 ===
# of expected passes 9632
# of unexpected failures 1
# of expected failures 84
# of unsupported tests 84
Running target unix
WARNING: g++.old-deja/g++.mike/p10769a.C compilation failed to produce executable
WARNING: g++.old-deja/g++.other/enum5.C compilation failed to produce executable
FAIL: g++.old-deja/g++.other/warn7.C (test for warnings, line 38)
WARNING: g++.old-deja/g++.pt/friend44.C compilation failed to produce executable
=== g++ Summary for unix ===
# of expected passes 9632
# of unexpected failures 1
# of expected failures 84
# of unsupported tests 84
=== g++ Summary ===
# of expected passes 19264
# of unexpected failures 2
# of expected failures 168
# of unsupported tests 168
/teal/tmpdisk/ghazi/gcc-testing-sol9/35b/build/gcc/testsuite/../g++ version 3.5.0 20040508 (experimental)
=== g77 tests ===
Running target unix/-m64
=== g77 Summary for unix/-m64 ===
# of expected passes 1788
# of unsupported tests 6
Running target unix
=== g77 Summary for unix ===
# of expected passes 1788
# of unsupported tests 6
=== g77 Summary ===
# of expected passes 3576
# of unsupported tests 12
/teal/tmpdisk/ghazi/gcc-testing-sol9/35b/build/gcc/testsuite/../g77 version 3.5.0 20040508 (experimental)
=== gcc tests ===
Running target unix/-m64
FAIL: gcc.dg/c90-const-expr-3.c (test for excess errors)
FAIL: gcc.dg/c99-const-expr-3.c (test for excess errors)
UNRESOLVED: gcc.dg/visibility-1.c
UNRESOLVED: gcc.dg/visibility-2.c
UNRESOLVED: gcc.dg/visibility-3.c
UNRESOLVED: gcc.dg/visibility-4.c
UNRESOLVED: gcc.dg/visibility-5.c
UNRESOLVED: gcc.dg/visibility-6.c
UNRESOLVED: gcc.dg/visibility-7.c
UNRESOLVED: gcc.dg/visibility-8.c
FAIL: largefile.c -O0 -g (test for excess errors)
FAIL: largefile.c -O0 (test for excess errors)
FAIL: largefile.c -O1 (test for excess errors)
FAIL: largefile.c -O2 (test for excess errors)
FAIL: largefile.c -O3 -fomit-frame-pointer (test for excess errors)
FAIL: largefile.c -O3 -g (test for excess errors)
FAIL: largefile.c -Os (test for excess errors)
=== gcc Summary for unix/-m64 ===
# of expected passes 25030
# of unexpected failures 9
# of expected failures 64
# of unresolved testcases 8
# of untested testcases 35
# of unsupported tests 342
Running target unix
FAIL: gcc.dg/c90-const-expr-3.c (test for excess errors)
FAIL: gcc.dg/c99-const-expr-3.c (test for excess errors)
UNRESOLVED: gcc.dg/visibility-1.c
UNRESOLVED: gcc.dg/visibility-2.c
UNRESOLVED: gcc.dg/visibility-3.c
UNRESOLVED: gcc.dg/visibility-4.c
UNRESOLVED: gcc.dg/visibility-5.c
UNRESOLVED: gcc.dg/visibility-6.c
UNRESOLVED: gcc.dg/visibility-7.c
UNRESOLVED: gcc.dg/visibility-8.c
FAIL: largefile.c -O0 -g (test for excess errors)
FAIL: largefile.c -O0 (test for excess errors)
FAIL: largefile.c -O1 (test for excess errors)
FAIL: largefile.c -O2 (test for excess errors)
FAIL: largefile.c -O3 -fomit-frame-pointer (test for excess errors)
FAIL: largefile.c -O3 -g (test for excess errors)
FAIL: largefile.c -Os (test for excess errors)
=== gcc Summary for unix ===
# of expected passes 25038
# of unexpected failures 9
# of expected failures 58
# of unresolved testcases 8
# of untested testcases 35
# of unsupported tests 342
=== gcc Summary ===
# of expected passes 50068
# of unexpected failures 18
# of expected failures 122
# of unresolved testcases 16
# of untested testcases 70
# of unsupported tests 684
/teal/tmpdisk/ghazi/gcc-testing-sol9/35b/build/gcc/xgcc version 3.5.0 20040508 (experimental)
=== objc tests ===
Running target unix/-m64
=== objc Summary for unix/-m64 ===
# of expected passes 1339
# of unsupported tests 8
Running target unix
=== objc Summary for unix ===
# of expected passes 1339
# of unsupported tests 8
=== objc Summary ===
# of expected passes 2678
# of unsupported tests 16
/teal/tmpdisk/ghazi/gcc-testing-sol9/35b/build/gcc/xgcc version 3.5.0 20040508 (experimental)
=== libffi tests ===
Running target unix/-m64
=== libffi Summary for unix/-m64 ===
# of expected passes 212
# of unsupported tests 2
Running target unix
=== libffi Summary for unix ===
# of expected passes 212
# of unsupported tests 2
=== libffi Summary ===
# of expected passes 424
# of unsupported tests 4
=== libjava tests ===
Running target unix/-m64
FAIL: PR15133 output - gij test
FAIL: cxxtest.cc compilation
FAIL: invoke output - gij test
FAIL: overload output - gij test
FAIL: register output - gij test
FAIL: simple_int output - gij test
FAIL: throwit output - gij test
FAIL: Array_3 execution - gij test
FAIL: Array_3 execution - gij test
FAIL: FileHandleGcTest execution - source compiled test
FAIL: FileHandleGcTest execution - gij test
FAIL: FileHandleGcTest execution - bytecode->native test
FAIL: FileHandleGcTest -O3 execution - source compiled test
FAIL: FileHandleGcTest execution - gij test
FAIL: FileHandleGcTest -O3 execution - bytecode->native test
WARNING: program timed out.
FAIL: Thread_Wait_2 execution - gij test
WARNING: program timed out.
FAIL: Thread_Wait_2 execution - gij test
=== libjava Summary for unix/-m64 ===
# of expected passes 3332
# of unexpected failures 17
# of expected failures 14
# of untested testcases 26
Running target unix
FAIL: cxxtest.cc compilation
FAIL: Array_3 execution - gij test
FAIL: Array_3 execution - gij test
FAIL: FileHandleGcTest execution - source compiled test
FAIL: FileHandleGcTest execution - gij test
FAIL: FileHandleGcTest execution - bytecode->native test
FAIL: FileHandleGcTest -O3 execution - source compiled test
FAIL: FileHandleGcTest execution - gij test
FAIL: FileHandleGcTest -O3 execution - bytecode->native test
FAIL: Thread_Join execution - gij test
FAIL: Thread_Wait_2 execution - gij test
=== libjava Summary for unix ===
# of expected passes 3338
# of unexpected failures 11
# of expected failures 14
# of untested testcases 26
=== libjava Summary ===
# of expected passes 6670
# of unexpected failures 28
# of expected failures 28
# of untested testcases 52
=== libstdc++ tests ===
Running target unix/-m64
=== libstdc++ Summary for unix/-m64 ===
# of expected passes 2667
# of expected failures 6
Running target unix
=== libstdc++ Summary for unix ===
# of expected passes 2667
# of expected failures 6
=== libstdc++ Summary ===
# of expected passes 5334
# of expected failures 12
Compiler version: 3.5.0 20040508 (experimental)
Platform: sparc-sun-solaris2.9
configure flags: --verbose --enable-languages=c,c++,f77,java,objc