This is the mail archive of the
gcc-testresults@gcc.gnu.org
mailing list for the GCC project.
Results for 3.4.1 20040503 (prerelease) testsuite on i386-pc-solaris2.10
- From: Rainer Orth <ro at TechFak dot Uni-Bielefeld dot DE>
- To: gcc-testresults at gcc dot gnu dot org
- Date: Wed, 12 May 2004 18:39:04 +0200 (MEST)
- Subject: Results for 3.4.1 20040503 (prerelease) testsuite on i386-pc-solaris2.10
LAST_UPDATED: Mon May 3 15:06:35 UTC 2004
=== acats tests ===
FAIL: c954025
FAIL: c954026
=== acats Summary ===
# of expected passes 2320
# of unexpected failures 2
Native configuration is i386-pc-solaris2.10
=== g++ tests ===
Running target unix
FAIL: g++.dg/eh/simd-2.C (test for excess errors)
WARNING: g++.dg/eh/simd-2.C compilation failed to produce executable
FAIL: g++.dg/special/conpr-1.C execution test
FAIL: g++.dg/special/conpr-3.C execution test
FAIL: g++.dg/special/conpr-4.C execution test
FAIL: g++.old-deja/g++.eh/badalloc1.C execution test
WARNING: g++.old-deja/g++.mike/p10769a.C compilation failed to produce executable
FAIL: g++.old-deja/g++.mike/pt4.C (test for errors, line 4)
FAIL: g++.old-deja/g++.mike/pt4.C (test for excess errors)
FAIL: g++.old-deja/g++.oliva/ctor1.C (test for errors, line 9)
FAIL: g++.old-deja/g++.oliva/ctor1.C (test for excess errors)
WARNING: g++.old-deja/g++.other/enum5.C compilation failed to produce executable
FAIL: g++.old-deja/g++.other/init17.C (test for errors, line 14)
FAIL: g++.old-deja/g++.other/init17.C (test for errors, line 17)
FAIL: g++.old-deja/g++.other/init17.C (test for excess errors)
FAIL: g++.old-deja/g++.pt/crash66.C (test for errors, line 21)
FAIL: g++.old-deja/g++.pt/crash66.C (test for errors, line 38)
FAIL: g++.old-deja/g++.pt/crash66.C (test for excess errors)
WARNING: g++.old-deja/g++.pt/friend44.C compilation failed to produce executable
=== g++ Summary ===
# of expected passes 9520
# of unexpected failures 15
# of expected failures 70
# of unsupported tests 44
/amnt/figaro/volumes/obj-gcc/gcc/obj.sol86/gcc-3.4.1-20040503/10-gcc/gcc/testsuite/../g++ version 3.4.1 20040503 (prerelease)
=== g77 tests ===
Running target unix
=== g77 Summary ===
# of expected passes 1800
# of unsupported tests 6
/amnt/figaro/volumes/obj-gcc/gcc/obj.sol86/gcc-3.4.1-20040503/10-gcc/gcc/testsuite/../g77 version 3.4.1 20040503 (prerelease)
=== gcc tests ===
Running target unix
FAIL: gcc.c-torture/execute/va-arg-25.c execution, -Os
FAIL: gcc.dg/compat/vector-1 c_compat_x_tst.o compile
FAIL: gcc.dg/compat/vector-1 c_compat_y_tst.o compile
UNRESOLVED: gcc.dg/compat/vector-1 c_compat_x_tst.o-c_compat_y_tst.o link
UNRESOLVED: gcc.dg/compat/vector-1 c_compat_x_tst.o-c_compat_y_tst.o execute
FAIL: gcc.dg/compat/vector-2 c_compat_x_tst.o compile
FAIL: gcc.dg/compat/vector-2 c_compat_y_tst.o compile
UNRESOLVED: gcc.dg/compat/vector-2 c_compat_x_tst.o-c_compat_y_tst.o link
UNRESOLVED: gcc.dg/compat/vector-2 c_compat_x_tst.o-c_compat_y_tst.o execute
FAIL: gcc.dg/20011009-1.c (test for excess errors)
WARNING: gcc.dg/20011009-1.c compilation failed to produce executable
FAIL: gcc.dg/const-elim-1.c scan-assembler-not L\\\\\$?C[^A-Z]
FAIL: gcc.dg/i386-sse-6.c (test for excess errors)
WARNING: gcc.dg/i386-sse-6.c compilation failed to produce executable
FAIL: gcc.dg/visibility-1.c (test for excess errors)
FAIL: gcc.dg/visibility-1.c scan-assembler \\\\.hidden.*foo
FAIL: gcc.dg/visibility-2.c (test for excess errors)
FAIL: gcc.dg/visibility-2.c scan-assembler \\\\.hidden.*foo
FAIL: gcc.dg/visibility-3.c (test for excess errors)
FAIL: gcc.dg/visibility-3.c scan-assembler \\\\.hidden.*xyzzy
FAIL: gcc.dg/visibility-4.c (test for excess errors)
FAIL: gcc.dg/visibility-4.c scan-assembler \\\\.hidden.*xyzzy
FAIL: gcc.dg/visibility-5.c (test for excess errors)
FAIL: gcc.dg/visibility-5.c scan-assembler \\\\.hidden.*foo
FAIL: gcc.dg/visibility-6.c (test for excess errors)
FAIL: gcc.dg/visibility-6.c scan-assembler \\\\.hidden.*xyzzy
FAIL: gcc.dg/visibility-7.c (test for excess errors)
FAIL: gcc.dg/visibility-7.c scan-assembler \\\\.hidden.*xyzzy
FAIL: gcc.dg/visibility-8.c (test for excess errors)
FAIL: gcc.dg/visibility-8.c scan-assembler \\\\.hidden.*__GI_fputs_unlocked
=== gcc Summary ===
# of expected passes 24474
# of unexpected failures 24
# of expected failures 69
# of unresolved testcases 4
# of untested testcases 7
# of unsupported tests 191
/amnt/figaro/volumes/obj-gcc/gcc/obj.sol86/gcc-3.4.1-20040503/10-gcc/gcc/xgcc version 3.4.1 20040503 (prerelease)
=== objc tests ===
Running target unix
=== objc Summary ===
# of expected passes 1341
# of unsupported tests 8
/amnt/figaro/volumes/obj-gcc/gcc/obj.sol86/gcc-3.4.1-20040503/10-gcc/gcc/xgcc version 3.4.1 20040503 (prerelease)
=== libffi tests ===
Running target unix
=== libffi Summary ===
# of expected passes 212
# of unsupported tests 2
=== libjava tests ===
Running target unix
ERROR: tcl error sourcing /vol/gnu/src/gcc/gcc-3.4-branch-dist/libjava/testsuite/libjava.compile/compile.exp.
ERROR: can't read "x": no such variable
FAIL: linking simple
FAIL: ArrayStore2 -O3 compilation from bytecode
ERROR: No \`main' given in program Array_1
UNRESOLVED: Array_1 -O3 compilation from source
ERROR: No \`main' given in program Array_3
UNRESOLVED: Array_3 -O3 compilation from source
FAIL: Array_3 -O3 compilation from bytecode
FAIL: FileHandleGcTest execution - source compiled test
FAIL: FileHandleGcTest execution - gij test
FAIL: FileHandleGcTest execution - bytecode->native test
FAIL: FileHandleGcTest -O3 execution - source compiled test
FAIL: FileHandleGcTest execution - gij test
FAIL: FileHandleGcTest -O3 execution - bytecode->native test
ERROR: No \`main' given in program Final
UNRESOLVED: Float_1 compilation from source
ERROR: No \`main' given in program Float_1
UNRESOLVED: G19990301_01 compilation from source
ERROR: No \`main' given in program G19990302_02
UNRESOLVED: G19990302_02 -O3 compilation from source
FAIL: G19990303_02 compilation from bytecode
FAIL: G19990304_01 -O3 compilation from bytecode
FAIL: InterfaceDispatch compilation from bytecode
ERROR: No \`main' given in program InterfaceDispatch
UNRESOLVED: InvokeReturn compilation from source
FAIL: Invoke_1 compilation from bytecode
ERROR: No \`main' given in program Invoke_1
UNRESOLVED: Invoke_2 compilation from source
ERROR: No \`main' given in program Invoke_2
UNRESOLVED: KeepInline compilation from source
FAIL: KeepInline compilation from bytecode
ERROR: No \`main' given in program MathBuiltin
UNRESOLVED: Matrix4f compilation from source
ERROR: No \`main' given in program N19990310_3
UNRESOLVED: N19990310_3 -O3 compilation from source
FAIL: N19990310_3 -O3 compilation from bytecode
ERROR: No \`main' given in program N19990310_5
UNRESOLVED: Overflow compilation from source
FAIL: Overflow compilation from bytecode
ERROR: No \`main' given in program Overflow
UNRESOLVED: PR12350 compilation from source
FAIL: PR12350 compilation from bytecode
ERROR: No \`main' given in program PR160
UNRESOLVED: PR160 -O3 compilation from source
ERROR: No \`main' given in program PR160
UNRESOLVED: PR162 compilation from source
ERROR: No \`main' given in program PR162
UNRESOLVED: PR162 -O3 compilation from source
FAIL: PR218 -O3 compilation from bytecode
FAIL: PR242 -O3 compilation from bytecode
FAIL: PR260 compilation from bytecode
ERROR: No \`main' given in program PR3731
UNRESOLVED: PR3731 -O3 compilation from source
FAIL: PR3731 -O3 compilation from bytecode
ERROR: No \`main' given in program PR5057
UNRESOLVED: PR5057 -O3 compilation from source
ERROR: No \`main' given in program PR55
UNRESOLVED: PR55 -O3 compilation from source
ERROR: No \`main' given in program PR55
UNRESOLVED: PR56 compilation from source
ERROR: No \`main' given in program PR6729
UNRESOLVED: PR6729 -O3 compilation from source
ERROR: No \`main' given in program PR6820
UNRESOLVED: PR7482 compilation from source
FAIL: StaticConstructor -O3 compilation from bytecode
FAIL: StringBuffer_1 compilation from bytecode
FAIL: StringBuffer_overflow -O3 compilation from bytecode
ERROR: No \`main' given in program SyncGlobal
UNRESOLVED: SyncTest compilation from source
FAIL: SyncTest execution - gij test
ERROR: No \`main' given in program Synch
UNRESOLVED: Synch -O3 compilation from source
ERROR: No \`main' given in program TestProxy
UNRESOLVED: TestProxy -O3 compilation from source
ERROR: No \`main' given in program Thread_Interrupt
UNRESOLVED: Thread_Interrupt -O3 compilation from source
ERROR: No \`main' given in program Thread_Interrupt
UNRESOLVED: Thread_Join compilation from source
FAIL: Thread_Join -O3 compilation from bytecode
FAIL: Thread_Monitor execution - gij test
FAIL: Thread_Monitor -O3 compilation from bytecode
ERROR: No \`main' given in program Thread_Sleep
UNRESOLVED: Thread_Sleep -O3 compilation from source
FAIL: Thread_Wait_2 execution - gij test
FAIL: Thread_Wait_Interrupt execution - gij test
FAIL: Thread_Wait_Interrupt execution - gij test
FAIL: Throw_1 -O3 compilation from bytecode
FAIL: Throw_2 execution - source compiled test
FAIL: Throw_2 execution - gij test
FAIL: Throw_2 execution - bytecode->native test
FAIL: Throw_2 -O3 execution - source compiled test
FAIL: Throw_2 execution - gij test
FAIL: Throw_2 -O3 execution - bytecode->native test
FAIL: anfi compilation from bytecode
ERROR: No \`main' given in program anon2
UNRESOLVED: anon2 -O3 compilation from source
FAIL: anon2 -O3 compilation from bytecode
ERROR: No \`main' given in program anon_ctor_itf_arg
UNRESOLVED: anon_ctor_itf_arg -O3 compilation from source
FAIL: assign compilation from bytecode
FAIL: direct_read compilation from bytecode
ERROR: No \`main' given in program direct_read
UNRESOLVED: direct_write compilation from source
ERROR: No \`main' given in program direct_write
UNRESOLVED: emptystring compilation from source
ERROR: No \`main' given in program emptystring
UNRESOLVED: err1 compilation from source
ERROR: No \`main' given in program err1
UNRESOLVED: err1 -O3 compilation from source
FAIL: err10 -O3 compilation from bytecode
ERROR: No \`main' given in program err11
UNRESOLVED: err12 compilation from source
FAIL: err2 compilation from bytecode
ERROR: No \`main' given in program err4
UNRESOLVED: err4 -O3 compilation from source
FAIL: err6 compilation from bytecode
FAIL: final_int -O3 compilation from bytecode
FAIL: final_static_and_friend compilation from bytecode
FAIL: final_static_and_friend -O3 compilation from bytecode
FAIL: indirect compilation from bytecode
FAIL: indirect -O3 compilation from bytecode
FAIL: indirect_write -O3 compilation from bytecode
FAIL: initexc compilation from bytecode
FAIL: initexc -O3 compilation from bytecode
ERROR: No \`main' given in program initfield
UNRESOLVED: initfield -O3 compilation from source
FAIL: initfield -O3 compilation from bytecode
ERROR: No \`main' given in program inner2
UNRESOLVED: inner2 -O3 compilation from source
ERROR: No \`main' given in program inner3
UNRESOLVED: inner3 -O3 compilation from source
FAIL: inner4 -O3 compilation from bytecode
FAIL: instance compilation from bytecode
ERROR: No \`main' given in program nested_with_ctor
UNRESOLVED: nested_with_ctor -O3 compilation from source
ERROR: No \`main' given in program pr109
UNRESOLVED: pr133 compilation from source
ERROR: No \`main' given in program pr133
UNRESOLVED: pr133 -O3 compilation from source
ERROR: No \`main' given in program pr179
UNRESOLVED: pr179 -O3 compilation from source
FAIL: pr179 -O3 compilation from bytecode
ERROR: No \`main' given in program pr184
UNRESOLVED: pr6388 compilation from source
ERROR: No \`main' given in program pr83
UNRESOLVED: pr8415 compilation from source
FAIL: pr8415 -O3 compilation from bytecode
FAIL: pr8823 -O3 compilation from bytecode
ERROR: No \`main' given in program pr8945
UNRESOLVED: pr8945 -O3 compilation from source
ERROR: No \`main' given in program private_direct_read
UNRESOLVED: search_outer compilation from source
ERROR: No \`main' given in program stringconst
UNRESOLVED: stringconst -O3 compilation from source
FAIL: test_long -O3 compilation from bytecode
ERROR: No \`main' given in program tmi
UNRESOLVED: tp compilation from source
ERROR: No \`main' given in program utf8concat
UNRESOLVED: utilTest compilation from source
FAIL: utilTest compilation from bytecode
ERROR: No \`main' given in program utilTest
UNRESOLVED: verify compilation from source
=== libjava Summary ===
# of expected passes 2267
# of unexpected failures 61
# of expected failures 7
# of unresolved testcases 50
# of untested testcases 103
=== libstdc++ tests ===
Running target unix
FAIL: 26_numerics/c99_classification_macros_c++.cc (test for excess errors)
FAIL: 26_numerics/c99_classification_macros_c.cc (test for excess errors)
FAIL: 27_io/basic_istream/extractors_arithmetic/char/12.cc execution test
=== libstdc++ Summary ===
# of expected passes 2659
# of unexpected failures 3
# of expected failures 5
Compiler version: 3.4.1 20040503 (prerelease)
Platform: i386-pc-solaris2.10
configure flags: --prefix=/vol/gcc --with-local-prefix=/vol/gcc --disable-nls --with-as=/vol/gcc/lib/as-7.0