This is the mail archive of the
gcc-testresults@gcc.gnu.org
mailing list for the GCC project.
Results for 3.5.0 20040510 (experimental) testsuite on alpha-dec-osf4.0f
- From: Rainer Orth <ro at TechFak dot Uni-Bielefeld dot DE>
- To: gcc-testresults at gcc dot gnu dot org
- Date: Wed, 12 May 2004 18:25:00 +0200 (MET DST)
- Subject: Results for 3.5.0 20040510 (experimental) testsuite on alpha-dec-osf4.0f
LAST_UPDATED: Mon May 10 17:14:43 UTC 2004
Native configuration is alpha-dec-osf4.0f
=== libffi tests ===
Running target unix
FAIL: libffi.call/cls_align_sint64.c output pattern test, is 12 ld 4951 127 ld 1: 9320 ld 13
FAIL: libffi.call/cls_align_uint64.c output pattern test, is 12 ld 4951 127 ld 1: 9320 ld 13
FAIL: libffi.call/cls_ulonglong.c output pattern test, is lu: lu
FAIL: libffi.special/unwindtest.cc (test for excess errors)
WARNING: libffi.special/unwindtest.cc compilation failed to produce executable
=== libffi Summary ===
# of expected passes 206
# of unexpected failures 4
# of unsupported tests 2
=== libjava tests ===
Running target unix
FAIL: PR295 compilation from source
FAIL: PR295 compilation from bytecode
FAIL: PR295 -O3 compilation from source
FAIL: PR295 -O3 compilation from bytecode
FAIL: Statics compilation from source
FAIL: Statics compilation from bytecode
FAIL: Statics -O3 compilation from source
FAIL: Statics -O3 compilation from bytecode
FAIL: cxxtest.cc compilation
FAIL: noclass execution - gij test
FAIL: pr11951 run
FAIL: throwit execution - gij test
FAIL: ArrayStore execution - gij test
FAIL: ArrayStore execution - gij test
FAIL: Array_3 execution - gij test
FAIL: Array_3 execution - gij test
FAIL: Class_1 compilation from source
FAIL: Class_1 compilation from bytecode
FAIL: Class_1 -O3 compilation from source
FAIL: Class_1 -O3 compilation from bytecode
FAIL: FileHandleGcTest execution - gij test
FAIL: FileHandleGcTest execution - gij test
FAIL: PR12416 compilation from source
FAIL: PR12416 compilation from bytecode
FAIL: PR12416 -O3 compilation from source
FAIL: PR12416 -O3 compilation from bytecode
FAIL: PR218 execution - gij test
FAIL: PR218 execution - gij test
FAIL: PR7482 compilation from source
FAIL: PR7482 compilation from bytecode
FAIL: PR7482 -O3 compilation from source
FAIL: PR7482 -O3 compilation from bytecode
FAIL: StringBuffer_1 execution - gij test
FAIL: StringBuffer_1 execution - gij test
FAIL: StringBuffer_overflow execution - gij test
FAIL: StringBuffer_overflow execution - gij test
FAIL: String_overflow execution - gij test
FAIL: String_overflow execution - gij test
FAIL: Thread_Alive execution - gij test
FAIL: Thread_Alive execution - gij test
FAIL: Thread_Interrupt execution - gij test
FAIL: Thread_Interrupt execution - gij test
FAIL: Thread_Wait_2 execution - gij test
FAIL: Thread_Wait_2 execution - gij test
FAIL: Thread_Wait_Interrupt execution - gij test
FAIL: Thread_Wait_Interrupt execution - gij test
FAIL: Throw_2 execution - source compiled test
FAIL: Throw_2 execution - gij test
FAIL: Throw_2 execution - bytecode->native test
FAIL: Throw_2 -O3 execution - source compiled test
FAIL: Throw_2 execution - gij test
FAIL: Throw_2 -O3 execution - bytecode->native test
FAIL: initexc execution - gij test
FAIL: initexc execution - gij test
FAIL: instinit2 execution - gij test
FAIL: instinit2 execution - gij test
FAIL: invokethrow execution - source compiled test
FAIL: invokethrow execution - gij test
FAIL: invokethrow execution - bytecode->native test
FAIL: invokethrow -O3 execution - source compiled test
FAIL: invokethrow execution - gij test
FAIL: invokethrow -O3 execution - bytecode->native test
FAIL: pr179 compilation from source
FAIL: pr179 compilation from bytecode
FAIL: pr179 -O3 compilation from source
FAIL: pr179 -O3 compilation from bytecode
FAIL: verify compilation from source
FAIL: verify compilation from bytecode
FAIL: verify -O3 compilation from source
FAIL: verify -O3 compilation from bytecode
=== libjava Summary ===
# of expected passes 3207
# of unexpected failures 70
# of expected failures 14
# of untested testcases 97
=== libstdc++ tests ===
Running target unix
FAIL: 27_io/basic_istream/extractors_arithmetic/char/12.cc execution test
FAIL: 27_io/fpos/14320-5.cc (test for excess errors)
WARNING: 27_io/fpos/14320-5.cc compilation failed to produce executable
=== libstdc++ Summary ===
# of expected passes 2647
# of unexpected failures 2
# of expected failures 5
# of unsupported tests 9
=== acats tests ===
=== acats Summary ===
# of expected passes 0
# of unexpected failures 0
=== g++ tests ===
Running target unix
FAIL: g++.dg/parse/stack1.C (test for excess errors)
FAIL: g++.dg/pch/system-1.C -g assembly comparison
FAIL: g++.dg/pch/system-2.C -g assembly comparison
WARNING: g++.old-deja/g++.mike/p10769a.C compilation failed to produce executable
WARNING: g++.old-deja/g++.other/enum5.C compilation failed to produce executable
FAIL: g++.old-deja/g++.other/warn7.C (test for warnings, line 38)
WARNING: g++.old-deja/g++.pt/friend44.C compilation failed to produce executable
=== g++ Summary ===
# of expected passes 9626
# of unexpected failures 4
# of expected failures 83
# of unsupported tests 90
/amnt/figaro/volumes/obj-gcc/gcc/obj.alpha/gcc-3.5.0-20040510/4.0f-gcc/gcc/testsuite/../g++ version 3.5.0 20040510 (experimental)
=== g77 tests ===
Running target unix
=== g77 Summary ===
# of expected passes 1788
# of unsupported tests 6
/amnt/figaro/volumes/obj-gcc/gcc/obj.alpha/gcc-3.5.0-20040510/4.0f-gcc/gcc/testsuite/../g77 version 3.5.0 20040510 (experimental)
=== gcc tests ===
Running target unix
FAIL: gcc.c-torture/compile/20001226-1.c (test for excess errors)
FAIL: gcc.c-torture/compile/20001226-1.c (test for excess errors)
FAIL: gcc.c-torture/compile/20001226-1.c (test for excess errors)
FAIL: gcc.c-torture/compile/20001226-1.c (test for excess errors)
FAIL: gcc.c-torture/compile/labels-3.c (test for excess errors)
FAIL: gcc.c-torture/compile/labels-3.c (test for excess errors)
FAIL: gcc.c-torture/compile/labels-3.c (test for excess errors)
FAIL: gcc.c-torture/compile/labels-3.c (test for excess errors)
FAIL: gcc.c-torture/compile/labels-3.c (test for excess errors)
FAIL: gcc.c-torture/compile/labels-3.c (test for excess errors)
FAIL: gcc.c-torture/unsorted/bit.c, -O1
FAIL: gcc.c-torture/unsorted/bit.c, -O2
FAIL: gcc.c-torture/unsorted/bit.c, -O3 -fomit-frame-pointer
FAIL: gcc.c-torture/unsorted/bit.c, -O3 -g
FAIL: gcc.c-torture/unsorted/bit.c, -Os
FAIL: gcc.dg/array-quals-1.c scan-assembler-not \\\\.data(?!\\\\.rel\\\\.ro)
FAIL: gcc.dg/builtins-18.c (test for excess errors)
FAIL: gcc.dg/builtins-20.c (test for excess errors)
FAIL: gcc.dg/c90-const-expr-3.c (test for excess errors)
FAIL: gcc.dg/c99-const-expr-3.c (test for excess errors)
UNRESOLVED: gcc.dg/visibility-1.c
UNRESOLVED: gcc.dg/visibility-2.c
UNRESOLVED: gcc.dg/visibility-3.c
UNRESOLVED: gcc.dg/visibility-4.c
UNRESOLVED: gcc.dg/visibility-5.c
UNRESOLVED: gcc.dg/visibility-6.c
UNRESOLVED: gcc.dg/visibility-7.c
UNRESOLVED: gcc.dg/visibility-8.c
FAIL: gcc.dg/wtr-func-def-1.c (test for excess errors)
FAIL: gcc.dg/pch/static-1.c -O0 -g assembly comparison
FAIL: gcc.dg/pch/static-2.c -O0 -g assembly comparison
FAIL: gcc.dg/pch/static-3.c -O0 -g assembly comparison
FAIL: largefile.c (test for excess errors)
FAIL: largefile.c (test for excess errors)
FAIL: largefile.c (test for excess errors)
FAIL: largefile.c (test for excess errors)
FAIL: largefile.c (test for excess errors)
FAIL: largefile.c (test for excess errors)
FAIL: largefile.c (test for excess errors)
FAIL: gcc.dg/torture/builtin-convert-1.c (test for excess errors)
FAIL: gcc.dg/torture/builtin-convert-1.c (test for excess errors)
FAIL: gcc.dg/torture/builtin-convert-1.c (test for excess errors)
FAIL: gcc.dg/torture/builtin-convert-1.c (test for excess errors)
FAIL: gcc.dg/torture/builtin-convert-1.c (test for excess errors)
FAIL: gcc.dg/torture/builtin-convert-2.c (test for excess errors)
FAIL: gcc.dg/torture/builtin-convert-2.c (test for excess errors)
FAIL: gcc.dg/torture/builtin-convert-2.c (test for excess errors)
FAIL: gcc.dg/torture/builtin-convert-2.c (test for excess errors)
FAIL: gcc.dg/torture/builtin-convert-2.c (test for excess errors)
FAIL: gcc.dg/torture/builtin-convert-3.c (test for excess errors)
FAIL: gcc.dg/torture/builtin-convert-3.c (test for excess errors)
FAIL: gcc.dg/torture/builtin-convert-3.c (test for excess errors)
FAIL: gcc.dg/torture/builtin-convert-3.c (test for excess errors)
FAIL: gcc.dg/torture/builtin-convert-3.c (test for excess errors)
FAIL: gcc.dg/torture/builtin-power-1.c (test for excess errors)
FAIL: gcc.dg/torture/builtin-power-1.c (test for excess errors)
FAIL: gcc.dg/torture/builtin-power-1.c (test for excess errors)
FAIL: gcc.dg/torture/builtin-power-1.c (test for excess errors)
FAIL: gcc.dg/torture/builtin-power-1.c (test for excess errors)
FAIL: gcc.dg/torture/builtin-power-1.c (test for excess errors)
=== gcc Summary ===
# of expected passes 24940
# of unexpected failures 52
# of expected failures 68
# of unresolved testcases 8
# of untested testcases 35
# of unsupported tests 355
/amnt/figaro/volumes/obj-gcc/gcc/obj.alpha/gcc-3.5.0-20040510/4.0f-gcc/gcc/xgcc version 3.5.0 20040510 (experimental)
=== objc tests ===
Running target unix
=== objc Summary ===
# of expected passes 1339
# of unsupported tests 8
/amnt/figaro/volumes/obj-gcc/gcc/obj.alpha/gcc-3.5.0-20040510/4.0f-gcc/gcc/xgcc version 3.5.0 20040510 (experimental)
Compiler version: 3.5.0 20040510 (experimental)
Platform: alpha-dec-osf4.0f
configure flags: --prefix=/vol/gcc --with-local-prefix=/vol/gcc --disable-nls --host alpha-dec-osf4.0f --build alpha-dec-osf4.0f --target alpha-dec-osf4.0f --enable-languages=c,ada,c++,f77,java,objc
BOOT_CFLAGS=-g -O2