This is the mail archive of the
gcc-testresults@gcc.gnu.org
mailing list for the GCC project.
Results for 3.5.0 20040512 (experimental) testsuite on powerpc-unknown-eabispe
- From: Aldy Hernandez <aldyh at redhat dot com>
- To: aldyh at redhat dot com, gcc-testresults at gcc dot gnu dot org
- Date: Wed, 12 May 2004 16:13:09 GMT
- Subject: Results for 3.5.0 20040512 (experimental) testsuite on powerpc-unknown-eabispe
LAST_UPDATED: Fri Apr 23 00:45:28 UTC 2004
Target is powerpc-unknown-eabispe
Host is i686-pc-linux-gnu
=== gcc tests ===
Running target powerpc-sim
FAIL: gcc.c-torture/compile/simd-2.c (test for excess errors)
FAIL: gcc.c-torture/compile/simd-2.c (test for excess errors)
FAIL: gcc.c-torture/compile/simd-2.c (test for excess errors)
FAIL: gcc.c-torture/compile/simd-2.c (test for excess errors)
FAIL: gcc.c-torture/compile/simd-2.c (test for excess errors)
FAIL: gcc.c-torture/compile/simd-2.c (test for excess errors)
FAIL: gcc.c-torture/compile/simd-5.c (test for excess errors)
FAIL: gcc.c-torture/compile/simd-5.c (test for excess errors)
FAIL: gcc.c-torture/compile/simd-5.c (test for excess errors)
FAIL: gcc.c-torture/compile/simd-5.c (test for excess errors)
UNRESOLVED: gcc.c-torture/execute/20020720-1.c execution, -O1
UNRESOLVED: gcc.c-torture/execute/20020720-1.c execution, -O2
UNRESOLVED: gcc.c-torture/execute/20020720-1.c execution, -O3 -fomit-frame-pointer
UNRESOLVED: gcc.c-torture/execute/20020720-1.c execution, -O3 -g
UNRESOLVED: gcc.c-torture/execute/20020720-1.c execution, -Os
WARNING: program timed out.
FAIL: gcc.c-torture/execute/961017-1.c execution, -O1
FAIL: gcc.c-torture/execute/961017-1.c execution, -O2
FAIL: gcc.c-torture/execute/961017-1.c execution, -O3 -fomit-frame-pointer
WARNING: program timed out.
FAIL: gcc.c-torture/execute/961017-1.c execution, -O3 -g
WARNING: program timed out.
FAIL: gcc.c-torture/execute/961017-1.c execution, -Os
FAIL: gcc.c-torture/execute/simd-1.c compilation, -O2
UNRESOLVED: gcc.c-torture/execute/simd-1.c execution, -O2
FAIL: gcc.c-torture/execute/simd-1.c compilation, -O3 -fomit-frame-pointer
UNRESOLVED: gcc.c-torture/execute/simd-1.c execution, -O3 -fomit-frame-pointer
FAIL: gcc.c-torture/execute/simd-1.c compilation, -O3 -g
UNRESOLVED: gcc.c-torture/execute/simd-1.c execution, -O3 -g
FAIL: gcc.c-torture/execute/simd-1.c compilation, -Os
UNRESOLVED: gcc.c-torture/execute/simd-1.c execution, -Os
FAIL: gcc.c-torture/execute/simd-5.c compilation, -O1
UNRESOLVED: gcc.c-torture/execute/simd-5.c execution, -O1
FAIL: gcc.c-torture/execute/simd-5.c compilation, -O2
UNRESOLVED: gcc.c-torture/execute/simd-5.c execution, -O2
FAIL: gcc.c-torture/execute/simd-5.c compilation, -O3 -fomit-frame-pointer
UNRESOLVED: gcc.c-torture/execute/simd-5.c execution, -O3 -fomit-frame-pointer
FAIL: gcc.c-torture/execute/simd-5.c compilation, -O3 -g
UNRESOLVED: gcc.c-torture/execute/simd-5.c execution, -O3 -g
FAIL: gcc.c-torture/execute/simd-5.c compilation, -Os
UNRESOLVED: gcc.c-torture/execute/simd-5.c execution, -Os
FAIL: gcc.c-torture/execute/ieee/inf-1.c execution, -O0
FAIL: gcc.c-torture/execute/ieee/mul-subnormal-single-1.c execution, -O0
FAIL: gcc.c-torture/execute/ieee/mul-subnormal-single-1.c execution, -O1
FAIL: gcc.c-torture/execute/ieee/mul-subnormal-single-1.c execution, -O2
FAIL: gcc.c-torture/execute/ieee/mul-subnormal-single-1.c execution, -O3 -fomit-frame-pointer
FAIL: gcc.c-torture/execute/ieee/mul-subnormal-single-1.c execution, -O3 -fomit-frame-pointer -funroll-loops
FAIL: gcc.c-torture/execute/ieee/mul-subnormal-single-1.c execution, -O3 -fomit-frame-pointer -funroll-all-loops -finline-functions
FAIL: gcc.c-torture/execute/ieee/mul-subnormal-single-1.c execution, -O3 -g
FAIL: gcc.c-torture/execute/ieee/mul-subnormal-single-1.c execution, -Os
FAIL: gcc.c-torture/execute/ieee/inf-1.c execution, -O0
FAIL: gcc.c-torture/execute/ieee/mul-subnormal-single-1.c execution, -O0
FAIL: gcc.c-torture/execute/ieee/mul-subnormal-single-1.c execution, -O1
FAIL: gcc.c-torture/execute/ieee/mul-subnormal-single-1.c execution, -O2
FAIL: gcc.c-torture/execute/ieee/mul-subnormal-single-1.c execution, -O3 -fomit-frame-pointer
FAIL: gcc.c-torture/execute/ieee/mul-subnormal-single-1.c execution, -O3 -fomit-frame-pointer -funroll-loops
FAIL: gcc.c-torture/execute/ieee/mul-subnormal-single-1.c execution, -O3 -fomit-frame-pointer -funroll-all-loops -finline-functions
FAIL: gcc.c-torture/execute/ieee/mul-subnormal-single-1.c execution, -O3 -g
FAIL: gcc.c-torture/execute/ieee/mul-subnormal-single-1.c execution, -Os
FAIL: gcc.dg/cpp/assert4.c (test for excess errors)
FAIL: gcc.dg/20020103-1.c scan-assembler-not LC
WARNING: gcc.dg/altivec-1.c compilation failed to produce executable
FAIL: gcc.dg/altivec-10.c (test for excess errors)
FAIL: gcc.dg/altivec-11.c (test for excess errors)
ERROR: gcc.dg/altivec-11.c: error executing dg-final: couldn't open "altivec-11.s": no such file or directory
UNRESOLVED: gcc.dg/altivec-11.c: error executing dg-final: couldn't open "altivec-11.s": no such file or directory
FAIL: gcc.dg/altivec-13.c (test for excess errors)
FAIL: gcc.dg/altivec-2.c (test for errors, line 13)
FAIL: gcc.dg/altivec-2.c (test for excess errors)
WARNING: gcc.dg/altivec-3.c compilation failed to produce executable
FAIL: gcc.dg/altivec-4.c (test for excess errors)
FAIL: gcc.dg/altivec-5.c (test for excess errors)
FAIL: gcc.dg/altivec-7.c (test for warnings, line 13)
FAIL: gcc.dg/altivec-7.c (test for warnings, line 16)
FAIL: gcc.dg/altivec-7.c (test for excess errors)
FAIL: gcc.dg/altivec-8.c (test for excess errors)
FAIL: gcc.dg/altivec-9.c (test for excess errors)
WARNING: gcc.dg/altivec-varargs-1.c compilation failed to produce executable
FAIL: gcc.dg/c90-const-expr-3.c (test for excess errors)
FAIL: gcc.dg/c90-intconst-1.c (test for excess errors)
FAIL: gcc.dg/c90-intprom-1.c (test for excess errors)
FAIL: gcc.dg/c99-const-expr-3.c (test for excess errors)
FAIL: gcc.dg/c99-intconst-1.c (test for excess errors)
FAIL: gcc.dg/c99-intprom-1.c (test for excess errors)
FAIL: gcc.dg/darwin-longlong.c execution test
FAIL: gcc.dg/ppc-sdata-1.c scan-assembler sdat@sdarel\\\\(13\\\\)
FAIL: gcc.dg/ppc-sdata-1.c scan-assembler sdat2@sda21\\\\(2\\\\)
FAIL: gcc.dg/ppc-spe.c (test for excess errors)
FAIL: gcc.dg/rs6000-power2-2.c scan-assembler sfq
XPASS: gcc.dg/setjmp-1.c spurious clobbered warning (test for bogus messages, line 16)
FAIL: gcc.dg/spe1.c (test for excess errors)
=== gcc Summary ===
# of expected passes 25693
# of unexpected failures 68
# of unexpected successes 1
# of expected failures 66
# of unresolved testcases 15
# of untested testcases 28
# of unsupported tests 336
/moe/scratch/aldyh/build/nightly-builds/powerpc-eabispe/sierra.ges.redhat.com/gcc/xgcc version 3.5.0 20040512 (experimental)
Host is i686-pc-linux-gnu
=== g++ tests ===
Running target powerpc-sim
FAIL: g++.dg/abi/bitfield4.C (test for excess errors)
WARNING: g++.dg/abi/bitfield4.C compilation failed to produce executable
ERROR: tcl error sourcing /home/cygnus/aldyh/source/untainted-sources/uber/gcc/testsuite/g++.dg/dg.exp.
ERROR: couldn't open "/home/cygnus/aldyh/source/untainted-sources/uber/gcc/testsuite/g++.dg/eh/cleanup2.C": no such file or directory
ERROR: tcl error sourcing /home/cygnus/aldyh/source/untainted-sources/uber/gcc/testsuite/g++.dg/gcov/gcov.exp.
ERROR: couldn't read file "/home/cygnus/aldyh/source/untainted-sources/uber/gcc/testsuite/g++.dg/gcov/gcov.exp": no such file or directory
ERROR: tcl error sourcing /home/cygnus/aldyh/source/untainted-sources/uber/gcc/testsuite/g++.dg/pch/pch.exp.
ERROR: couldn't read file "/home/cygnus/aldyh/source/untainted-sources/uber/gcc/testsuite/g++.dg/pch/pch.exp": no such file or directory
ERROR: tcl error sourcing /home/cygnus/aldyh/source/untainted-sources/uber/gcc/testsuite/g++.dg/special/ecos.exp.
ERROR: couldn't read file "/home/cygnus/aldyh/source/untainted-sources/uber/gcc/testsuite/g++.dg/special/ecos.exp": no such file or directory
ERROR: tcl error sourcing /home/cygnus/aldyh/source/untainted-sources/uber/gcc/testsuite/g++.dg/tls/tls.exp.
ERROR: couldn't read file "/home/cygnus/aldyh/source/untainted-sources/uber/gcc/testsuite/g++.dg/tls/tls.exp": no such file or directory
=== g++ Summary ===
# of expected passes 793
# of unexpected failures 1
# of unsupported tests 26
/moe/scratch/aldyh/build/nightly-builds/powerpc-eabispe/sierra.ges.redhat.com/gcc/testsuite/../g++ version 3.5.0 20040512 (experimental)
Compiler version: 3.5.0 20040512 (experimental)
Platform: powerpc-unknown-eabispe
configure flags: --target=powerpc-eabispe --disable-multilib --enable-languages=c,c++,java,objc