This is the mail archive of the gcc-testresults@gcc.gnu.org mailing list for the GCC project.
Index Nav: | [Date Index] [Subject Index] [Author Index] [Thread Index] | |
---|---|---|
Message Nav: | [Date Prev] [Date Next] | [Thread Prev] [Thread Next] |
Other format: | [Raw text] |
LAST_UPDATED: Thu May 6 17:11:45 UTC 2004 === acats tests === FAIL: c954025 FAIL: c954026 === acats Summary === # of expected passes 2320 # of unexpected failures 2 Native configuration is sparc-sun-solaris2.10 === g++ tests === Running target unix WARNING: g++.dg/eh/simd-1.C compilation failed to produce executable WARNING: g++.dg/eh/simd-2.C compilation failed to produce executable WARNING: program timed out. FAIL: g++.dg/parse/stack1.C (test for excess errors) FAIL: g++.old-deja/g++.eh/badalloc1.C execution test WARNING: g++.old-deja/g++.mike/p10769a.C compilation failed to produce executable WARNING: g++.old-deja/g++.other/enum5.C compilation failed to produce executable WARNING: g++.old-deja/g++.pt/friend44.C compilation failed to produce executable === g++ Summary for unix === # of expected passes 9502 # of unexpected failures 2 # of expected failures 69 # of unsupported tests 67 Running target unix/-m64 WARNING: g++.dg/eh/simd-1.C compilation failed to produce executable WARNING: g++.dg/eh/simd-2.C compilation failed to produce executable WARNING: program timed out. FAIL: g++.dg/parse/stack1.C (test for excess errors) FAIL: g++.old-deja/g++.eh/badalloc1.C execution test WARNING: g++.old-deja/g++.mike/p10769a.C compilation failed to produce executable WARNING: g++.old-deja/g++.other/enum5.C compilation failed to produce executable WARNING: g++.old-deja/g++.pt/friend44.C compilation failed to produce executable === g++ Summary for unix/-m64 === # of expected passes 9502 # of unexpected failures 2 # of expected failures 69 # of unsupported tests 67 === g++ Summary === # of expected passes 19004 # of unexpected failures 4 # of expected failures 138 # of unsupported tests 134 /amnt/figaro/volumes/obj-gcc/gcc/obj.sol2/gcc-3.4.1-20040506/10-gcc/gcc/testsuite/../g++ version 3.4.1 20040506 (prerelease) === g77 tests === Running target unix === g77 Summary for unix === # of expected passes 1800 # of unsupported tests 6 Running target unix/-m64 === g77 Summary for unix/-m64 === # of expected passes 1800 # of unsupported tests 6 === g77 Summary === # of expected passes 3600 # of unsupported tests 12 /amnt/figaro/volumes/obj-gcc/gcc/obj.sol2/gcc-3.4.1-20040506/10-gcc/gcc/testsuite/../g77 version 3.4.1 20040506 (prerelease) === gcc tests === Running target unix WARNING: program timed out. FAIL: gcc.c-torture/compile/20001226-1.c (test for excess errors) WARNING: program timed out. FAIL: gcc.c-torture/compile/20001226-1.c (test for excess errors) WARNING: program timed out. FAIL: gcc.c-torture/compile/20001226-1.c (test for excess errors) WARNING: program timed out. FAIL: gcc.c-torture/compile/20001226-1.c (test for excess errors) WARNING: program timed out. FAIL: gcc.c-torture/compile/20001226-1.c (test for excess errors) UNRESOLVED: gcc.c-torture/execute/simd-4.c execution, -O0 UNRESOLVED: gcc.dg/compat/vector-1 c_compat_x_tst.o-c_compat_y_tst.o link UNRESOLVED: gcc.dg/compat/vector-1 c_compat_x_tst.o-c_compat_y_tst.o execute UNRESOLVED: gcc.dg/compat/vector-2 c_compat_x_tst.o-c_compat_y_tst.o link UNRESOLVED: gcc.dg/compat/vector-2 c_compat_x_tst.o-c_compat_y_tst.o execute WARNING: program timed out. FAIL: gcc.dg/20020425-1.c (test for excess errors) FAIL: gcc.dg/titype-1.c TI (test for errors, line 5) XPASS: gcc.dg/uninit-4.c uninitialized variable warning (test for bogus messages, line 26) FAIL: gcc.dg/uninit-C.c TI (test for errors, line 7) UNRESOLVED: gcc.dg/visibility-1.c UNRESOLVED: gcc.dg/visibility-2.c UNRESOLVED: gcc.dg/visibility-3.c UNRESOLVED: gcc.dg/visibility-4.c UNRESOLVED: gcc.dg/visibility-5.c UNRESOLVED: gcc.dg/visibility-6.c UNRESOLVED: gcc.dg/visibility-7.c UNRESOLVED: gcc.dg/visibility-8.c === gcc Summary for unix === # of expected passes 24210 # of unexpected failures 8 # of unexpected successes 1 # of expected failures 73 # of unresolved testcases 13 # of untested testcases 7 # of unsupported tests 313 Running target unix/-m64 WARNING: program timed out. FAIL: gcc.c-torture/compile/20001226-1.c (test for excess errors) WARNING: program timed out. FAIL: gcc.c-torture/compile/20001226-1.c (test for excess errors) WARNING: program timed out. FAIL: gcc.c-torture/compile/20001226-1.c (test for excess errors) WARNING: program timed out. FAIL: gcc.c-torture/compile/20001226-1.c (test for excess errors) WARNING: program timed out. FAIL: gcc.c-torture/compile/20001226-1.c (test for excess errors) UNRESOLVED: gcc.c-torture/execute/simd-4.c execution, -O0 UNRESOLVED: gcc.c-torture/execute/va-arg-25.c execution, -O0 UNRESOLVED: gcc.c-torture/execute/va-arg-25.c execution, -O1 UNRESOLVED: gcc.c-torture/execute/va-arg-25.c execution, -O2 UNRESOLVED: gcc.c-torture/execute/va-arg-25.c execution, -O3 -fomit-frame-pointer UNRESOLVED: gcc.c-torture/execute/va-arg-25.c execution, -O3 -g UNRESOLVED: gcc.c-torture/execute/va-arg-25.c execution, -Os UNRESOLVED: gcc.dg/compat/vector-1 c_compat_x_tst.o-c_compat_y_tst.o link UNRESOLVED: gcc.dg/compat/vector-1 c_compat_x_tst.o-c_compat_y_tst.o execute UNRESOLVED: gcc.dg/compat/vector-2 c_compat_x_tst.o-c_compat_y_tst.o link UNRESOLVED: gcc.dg/compat/vector-2 c_compat_x_tst.o-c_compat_y_tst.o execute WARNING: program timed out. FAIL: gcc.dg/20020425-1.c (test for excess errors) FAIL: gcc.dg/titype-1.c TI (test for errors, line 5) XPASS: gcc.dg/uninit-4.c uninitialized variable warning (test for bogus messages, line 26) FAIL: gcc.dg/uninit-C.c TI (test for errors, line 7) UNRESOLVED: gcc.dg/visibility-1.c UNRESOLVED: gcc.dg/visibility-2.c UNRESOLVED: gcc.dg/visibility-3.c UNRESOLVED: gcc.dg/visibility-4.c UNRESOLVED: gcc.dg/visibility-5.c UNRESOLVED: gcc.dg/visibility-6.c UNRESOLVED: gcc.dg/visibility-7.c UNRESOLVED: gcc.dg/visibility-8.c === gcc Summary for unix/-m64 === # of expected passes 24190 # of unexpected failures 8 # of unexpected successes 1 # of expected failures 85 # of unresolved testcases 19 # of untested testcases 7 # of unsupported tests 313 === gcc Summary === # of expected passes 48400 # of unexpected failures 16 # of unexpected successes 2 # of expected failures 158 # of unresolved testcases 32 # of untested testcases 14 # of unsupported tests 626 /amnt/figaro/volumes/obj-gcc/gcc/obj.sol2/gcc-3.4.1-20040506/10-gcc/gcc/xgcc version 3.4.1 20040506 (prerelease) === objc tests === Running target unix === objc Summary for unix === # of expected passes 1341 # of unsupported tests 8 Running target unix/-m64 === objc Summary for unix/-m64 === # of expected passes 1341 # of unsupported tests 8 === objc Summary === # of expected passes 2682 # of unsupported tests 16 /amnt/figaro/volumes/obj-gcc/gcc/obj.sol2/gcc-3.4.1-20040506/10-gcc/gcc/xgcc version 3.4.1 20040506 (prerelease) === libffi tests === Running target unix === libffi Summary for unix === # of expected passes 212 # of unsupported tests 2 Running target unix/-m64 === libffi Summary for unix/-m64 === # of expected passes 212 # of unsupported tests 2 === libffi Summary === # of expected passes 424 # of unsupported tests 4 === libjava tests === Running target unix FAIL: linking simple FAIL: Array_3 execution - gij test FAIL: Array_3 execution - gij test FAIL: Thread_Join execution - gij test FAIL: Thread_Join execution - gij test FAIL: Thread_Wait_2 execution - gij test FAIL: Thread_Wait_2 execution - gij test === libjava Summary for unix === # of expected passes 3248 # of unexpected failures 7 # of expected failures 11 # of untested testcases 14 Running target unix/-m64 FAIL: linking simple FAIL: Array_3 execution - gij test FAIL: Array_3 execution - gij test FAIL: FileHandleGcTest execution - source compiled test FAIL: FileHandleGcTest execution - gij test FAIL: FileHandleGcTest execution - bytecode->native test FAIL: FileHandleGcTest -O3 execution - source compiled test FAIL: FileHandleGcTest execution - gij test FAIL: FileHandleGcTest -O3 execution - bytecode->native test WARNING: program timed out. FAIL: Thread_Wait_2 execution - gij test WARNING: program timed out. FAIL: Thread_Wait_2 execution - gij test === libjava Summary for unix/-m64 === # of expected passes 3240 # of unexpected failures 11 # of expected failures 11 # of untested testcases 18 === libjava Summary === # of expected passes 6488 # of unexpected failures 18 # of expected failures 22 # of untested testcases 32 === libstdc++ tests === Running target unix FAIL: 26_numerics/c99_classification_macros_c++.cc (test for excess errors) FAIL: 26_numerics/c99_classification_macros_c.cc (test for excess errors) === libstdc++ Summary for unix === # of expected passes 2659 # of unexpected failures 2 # of expected failures 6 Running target unix/-m64 FAIL: 26_numerics/c99_classification_macros_c++.cc (test for excess errors) FAIL: 26_numerics/c99_classification_macros_c.cc (test for excess errors) XPASS: 27_io/fpos/14320-1.cc execution test === libstdc++ Summary for unix/-m64 === # of expected passes 2659 # of unexpected failures 2 # of unexpected successes 1 # of expected failures 5 === libstdc++ Summary === # of expected passes 5318 # of unexpected failures 4 # of unexpected successes 1 # of expected failures 11 Compiler version: 3.4.1 20040506 (prerelease) Platform: sparc-sun-solaris2.10 configure flags: --prefix=/vol/gcc --with-local-prefix=/vol/gcc --disable-nls
Index Nav: | [Date Index] [Subject Index] [Author Index] [Thread Index] | |
---|---|---|
Message Nav: | [Date Prev] [Date Next] | [Thread Prev] [Thread Next] |