This is the mail archive of the gcc-testresults@gcc.gnu.org mailing list for the GCC project.
Index Nav: | [Date Index] [Subject Index] [Author Index] [Thread Index] | |
---|---|---|
Message Nav: | [Date Prev] [Date Next] | [Thread Prev] [Thread Next] |
Other format: | [Raw text] |
LAST_UPDATED: Wed May 5 17:23:57 UTC 2004 === acats tests === FAIL: c954025 === acats Summary === # of expected passes 2321 # of unexpected failures 1 Native configuration is i386-pc-solaris2.10 === g++ tests === Running target unix FAIL: g++.dg/debug/debug7.C (test for errors, line 10) FAIL: g++.dg/debug/debug7.C (test for excess errors) FAIL: g++.dg/eh/simd-2.C (test for excess errors) WARNING: g++.dg/eh/simd-2.C compilation failed to produce executable FAIL: g++.dg/special/conpr-1.C execution test FAIL: g++.dg/special/conpr-3.C execution test FAIL: g++.dg/special/conpr-4.C execution test FAIL: g++.old-deja/g++.brendan/alignof.C (test for errors, line 8) FAIL: g++.old-deja/g++.brendan/alignof.C (test for excess errors) FAIL: g++.old-deja/g++.eh/badalloc1.C execution test WARNING: g++.old-deja/g++.mike/p10769a.C compilation failed to produce executable FAIL: g++.old-deja/g++.other/anon9.C (test for errors, line 5) FAIL: g++.old-deja/g++.other/anon9.C (test for errors, line 6) FAIL: g++.old-deja/g++.other/anon9.C (test for excess errors) WARNING: g++.old-deja/g++.other/enum5.C compilation failed to produce executable FAIL: g++.old-deja/g++.other/using9.C (test for errors, line 20) FAIL: g++.old-deja/g++.other/using9.C (test for excess errors) FAIL: g++.old-deja/g++.other/warn7.C (test for warnings, line 38) FAIL: g++.old-deja/g++.pt/explicit77.C (test for errors, line 17) FAIL: g++.old-deja/g++.pt/explicit77.C (test for excess errors) WARNING: g++.old-deja/g++.pt/friend44.C compilation failed to produce executable FAIL: g++.old-deja/g++.pt/typename14.C (test for warnings, line 13) FAIL: g++.old-deja/g++.pt/typename14.C (test for excess errors) === g++ Summary === # of expected passes 9664 # of unexpected failures 19 # of expected failures 85 # of unsupported tests 61 /amnt/figaro/volumes/obj-gcc/gcc/obj.sol86/gcc-3.5.0-20040505/10-gcc/gcc/testsuite/../g++ version 3.5.0 20040505 (experimental) === g77 tests === Running target unix === g77 Summary === # of expected passes 1788 # of unsupported tests 6 /amnt/figaro/volumes/obj-gcc/gcc/obj.sol86/gcc-3.5.0-20040505/10-gcc/gcc/testsuite/../g77 version 3.5.0 20040505 (experimental) === gcc tests === Running target unix FAIL: gcc.c-torture/execute/va-arg-25.c execution, -Os FAIL: gcc.dg/compat/vector-1 c_compat_x_tst.o compile FAIL: gcc.dg/compat/vector-1 c_compat_y_tst.o compile UNRESOLVED: gcc.dg/compat/vector-1 c_compat_x_tst.o-c_compat_y_tst.o link UNRESOLVED: gcc.dg/compat/vector-1 c_compat_x_tst.o-c_compat_y_tst.o execute FAIL: gcc.dg/compat/vector-2 c_compat_x_tst.o compile FAIL: gcc.dg/compat/vector-2 c_compat_y_tst.o compile UNRESOLVED: gcc.dg/compat/vector-2 c_compat_x_tst.o-c_compat_y_tst.o link UNRESOLVED: gcc.dg/compat/vector-2 c_compat_x_tst.o-c_compat_y_tst.o execute FAIL: gcc.dg/20011009-1.c (test for excess errors) WARNING: gcc.dg/20011009-1.c compilation failed to produce executable FAIL: gcc.dg/20020523-1.c (test for excess errors) WARNING: gcc.dg/20020523-1.c compilation failed to produce executable FAIL: gcc.dg/20020523-2.c (test for excess errors) WARNING: gcc.dg/20020523-2.c compilation failed to produce executable FAIL: gcc.dg/c90-const-expr-3.c (test for excess errors) FAIL: gcc.dg/c99-const-expr-3.c (test for excess errors) FAIL: gcc.dg/const-elim-1.c scan-assembler-not L\\\\\$?C[^A-Z] FAIL: gcc.dg/i386-sse-6.c (test for excess errors) WARNING: gcc.dg/i386-sse-6.c compilation failed to produce executable FAIL: gcc.dg/visibility-1.c (test for excess errors) FAIL: gcc.dg/visibility-1.c scan-assembler \\\\.hidden.*foo FAIL: gcc.dg/visibility-2.c (test for excess errors) FAIL: gcc.dg/visibility-2.c scan-assembler \\\\.hidden.*foo FAIL: gcc.dg/visibility-3.c (test for excess errors) FAIL: gcc.dg/visibility-3.c scan-assembler \\\\.hidden.*xyzzy FAIL: gcc.dg/visibility-4.c (test for excess errors) FAIL: gcc.dg/visibility-4.c scan-assembler \\\\.hidden.*xyzzy FAIL: gcc.dg/visibility-5.c (test for excess errors) FAIL: gcc.dg/visibility-5.c scan-assembler \\\\.hidden.*foo FAIL: gcc.dg/visibility-6.c (test for excess errors) FAIL: gcc.dg/visibility-6.c scan-assembler \\\\.hidden.*xyzzy FAIL: gcc.dg/visibility-7.c (test for excess errors) FAIL: gcc.dg/visibility-7.c scan-assembler \\\\.hidden.*xyzzy FAIL: gcc.dg/visibility-8.c (test for excess errors) FAIL: gcc.dg/visibility-8.c scan-assembler \\\\.hidden.*__GI_fputs_unlocked FAIL: largefile.c (test for excess errors) FAIL: largefile.c (test for excess errors) FAIL: largefile.c (test for excess errors) FAIL: largefile.c (test for excess errors) FAIL: largefile.c (test for excess errors) FAIL: largefile.c (test for excess errors) FAIL: largefile.c (test for excess errors) === gcc Summary === # of expected passes 25276 # of unexpected failures 35 # of expected failures 59 # of unresolved testcases 4 # of untested testcases 35 # of unsupported tests 219 /amnt/figaro/volumes/obj-gcc/gcc/obj.sol86/gcc-3.5.0-20040505/10-gcc/gcc/xgcc version 3.5.0 20040505 (experimental) === objc tests === Running target unix === objc Summary === # of expected passes 1339 # of unsupported tests 8 /amnt/figaro/volumes/obj-gcc/gcc/obj.sol86/gcc-3.5.0-20040505/10-gcc/gcc/xgcc version 3.5.0 20040505 (experimental) === libffi tests === Running target unix === libffi Summary === # of expected passes 212 # of unsupported tests 2 === libjava tests === Running target unix ERROR: tcl error sourcing /vol/gnu/src/gcc/gcc-dist/libjava/testsuite/libjava.compile/compile.exp. ERROR: can't read "x": no such variable FAIL: ArrayStore2 -O3 compilation from bytecode FAIL: Array_1 compilation from bytecode ERROR: No \`main' given in program Array_1 UNRESOLVED: Array_2 compilation from source FAIL: Array_2 -O3 compilation from bytecode FAIL: Array_3 -O3 compilation from bytecode FAIL: Class_1 compilation from bytecode FAIL: CompareNaN -O3 compilation from bytecode FAIL: Divide_1 -O3 compilation from bytecode FAIL: FileHandleGcTest execution - source compiled test FAIL: FileHandleGcTest execution - gij test FAIL: FileHandleGcTest execution - bytecode->native test FAIL: FileHandleGcTest -O3 execution - source compiled test FAIL: FileHandleGcTest execution - gij test FAIL: FileHandleGcTest -O3 execution - bytecode->native test ERROR: No \`main' given in program Final UNRESOLVED: Final -O3 compilation from source ERROR: No \`main' given in program Float_1 UNRESOLVED: G19990301_01 compilation from source ERROR: No \`main' given in program G19990303_01 UNRESOLVED: G19990303_01 -O3 compilation from source ERROR: No \`main' given in program G19990304_01 UNRESOLVED: G19990310_01 compilation from source FAIL: G19990310_01 -O3 compilation from bytecode ERROR: No \`main' given in program InvokeInterface UNRESOLVED: InvokeReturn compilation from source ERROR: No \`main' given in program InvokeReturn UNRESOLVED: InvokeReturn -O3 compilation from source ERROR: No \`main' given in program Invoke_2 UNRESOLVED: Invoke_2 -O3 compilation from source ERROR: No \`main' given in program KeepInline UNRESOLVED: KeepInline -O3 compilation from source ERROR: No \`main' given in program KeepInline UNRESOLVED: MathBuiltin compilation from source ERROR: No \`main' given in program Matrix4f UNRESOLVED: N19990310_02 compilation from source ERROR: No \`main' given in program N19990310_3 UNRESOLVED: N19990310_3 -O3 compilation from source FAIL: N19990310_4 compilation from bytecode FAIL: N19990310_5 compilation from bytecode ERROR: No \`main' given in program Overflow UNRESOLVED: PR12350 compilation from source ERROR: No \`main' given in program PR12416 UNRESOLVED: PR12416 -O3 compilation from source ERROR: No \`main' given in program PR12416 UNRESOLVED: PR12656 compilation from source FAIL: PR141 -O3 compilation from bytecode ERROR: No \`main' given in program PR162 UNRESOLVED: PR162 -O3 compilation from source FAIL: PR3096 compilation from bytecode FAIL: PR5057 -O3 compilation from bytecode ERROR: No \`main' given in program PR5057_2 UNRESOLVED: PR55 compilation from source ERROR: No \`main' given in program PR56 UNRESOLVED: PR56 -O3 compilation from source ERROR: No \`main' given in program PR56 UNRESOLVED: PR6085 compilation from source ERROR: No \`main' given in program PR6085 UNRESOLVED: PR6085 -O3 compilation from source ERROR: No \`main' given in program PR6085 UNRESOLVED: PR6204 compilation from source ERROR: No \`main' given in program StringBuffer_overflow UNRESOLVED: String_overflow compilation from source FAIL: String_overflow compilation from bytecode ERROR: No \`main' given in program SyncGlobal UNRESOLVED: SyncTest compilation from source ERROR: No \`main' given in program SyncTest UNRESOLVED: Synch compilation from source ERROR: No \`main' given in program Synch UNRESOLVED: Synch -O3 compilation from source FAIL: Synch -O3 compilation from bytecode FAIL: TLtest -O3 compilation from bytecode ERROR: No \`main' given in program Thread_Alive UNRESOLVED: Thread_Alive -O3 compilation from source ERROR: No \`main' given in program Thread_Interrupt UNRESOLVED: Thread_Join compilation from source ERROR: No \`main' given in program Thread_Join UNRESOLVED: Thread_Join -O3 compilation from source ERROR: No \`main' given in program Thread_Join UNRESOLVED: Thread_Monitor compilation from source FAIL: Thread_Monitor execution - gij test FAIL: Thread_Monitor compilation from bytecode ERROR: No \`main' given in program Thread_Monitor UNRESOLVED: Thread_Sleep compilation from source FAIL: Thread_Wait_2 execution - gij test FAIL: Thread_Wait_2 compilation from bytecode FAIL: Thread_Wait_2 execution - gij test FAIL: Thread_Wait_Interrupt execution - gij test FAIL: Throw_2 execution - source compiled test FAIL: Throw_2 execution - gij test FAIL: Throw_2 execution - bytecode->native test FAIL: Throw_2 -O3 execution - source compiled test FAIL: Throw_2 execution - gij test FAIL: Throw_2 -O3 execution - bytecode->native test ERROR: No \`main' given in program anfi UNRESOLVED: anfi -O3 compilation from source ERROR: No \`main' given in program anon UNRESOLVED: anon2 compilation from source FAIL: anon2 compilation from bytecode FAIL: anon3 compilation from bytecode FAIL: anon4 -O3 compilation from bytecode ERROR: No \`main' given in program anon_ctor_itf_arg UNRESOLVED: anon_ctor_itf_arg -O3 compilation from source ERROR: No \`main' given in program anon_ctor_itf_arg UNRESOLVED: anonarray compilation from source FAIL: anonarray -O3 compilation from bytecode ERROR: No \`main' given in program anonarray2 UNRESOLVED: anonarray3 compilation from source FAIL: anonarray3 -O3 compilation from bytecode ERROR: No \`main' given in program assign UNRESOLVED: assign -O3 compilation from source ERROR: No \`main' given in program direct_read UNRESOLVED: direct_read -O3 compilation from source ERROR: No \`main' given in program direct_write UNRESOLVED: direct_write -O3 compilation from source FAIL: direct_write -O3 compilation from bytecode FAIL: emptystring compilation from bytecode ERROR: No \`main' given in program err1 UNRESOLVED: err1 -O3 compilation from source ERROR: No \`main' given in program err10 UNRESOLVED: err11 compilation from source FAIL: err11 compilation from bytecode ERROR: No \`main' given in program err2 UNRESOLVED: err3 compilation from source FAIL: err3 compilation from bytecode ERROR: No \`main' given in program err3 UNRESOLVED: err4 compilation from source ERROR: No \`main' given in program err4 UNRESOLVED: err4 -O3 compilation from source FAIL: err6 -O3 compilation from bytecode FAIL: err7 -O3 compilation from bytecode ERROR: No \`main' given in program err9 UNRESOLVED: final_inner compilation from source ERROR: No \`main' given in program final_inner UNRESOLVED: final_int compilation from source ERROR: No \`main' given in program final_static_and_friend UNRESOLVED: indirect compilation from source ERROR: No \`main' given in program indirect UNRESOLVED: indirect -O3 compilation from source ERROR: No \`main' given in program indirect_read UNRESOLVED: indirect_write compilation from source FAIL: indirect_write compilation from bytecode ERROR: No \`main' given in program initexc UNRESOLVED: initexc -O3 compilation from source FAIL: initfield compilation from bytecode ERROR: No \`main' given in program initfield UNRESOLVED: inline compilation from source ERROR: No \`main' given in program inline UNRESOLVED: inline -O3 compilation from source FAIL: inner2 -O3 compilation from bytecode ERROR: No \`main' given in program inner3 UNRESOLVED: inner4 compilation from source ERROR: No \`main' given in program inner4 UNRESOLVED: inner4 -O3 compilation from source ERROR: No \`main' given in program inner_array UNRESOLVED: inner_interface compilation from source ERROR: No \`main' given in program inner_interface UNRESOLVED: inner_interface -O3 compilation from source ERROR: No \`main' given in program inner_interface UNRESOLVED: instance compilation from source ERROR: No \`main' given in program instance UNRESOLVED: instinit compilation from source FAIL: instinit compilation from bytecode ERROR: No \`main' given in program instinit2 UNRESOLVED: instinit2 -O3 compilation from source ERROR: No \`main' given in program invoke_from_inner UNRESOLVED: invokethrow compilation from source FAIL: invokethrow -O3 compilation from bytecode ERROR: No \`main' given in program negzero UNRESOLVED: nested_with_ctor compilation from source FAIL: nested_with_ctor compilation from bytecode ERROR: No \`main' given in program nested_with_ctor UNRESOLVED: newarray_overflow compilation from source FAIL: pr13107 compilation from bytecode FAIL: pr133 compilation from bytecode FAIL: pr133 -O3 compilation from bytecode FAIL: pr179 -O3 compilation from bytecode ERROR: No \`main' given in program pr83 UNRESOLVED: pr83 -O3 compilation from source ERROR: No \`main' given in program pr83 UNRESOLVED: pr8415 compilation from source ERROR: No \`main' given in program pr8415 UNRESOLVED: pr8415 -O3 compilation from source FAIL: pr8676 compilation from bytecode ERROR: No \`main' given in program private_direct_read UNRESOLVED: search_outer compilation from source FAIL: search_outer compilation from bytecode ERROR: No \`main' given in program stringconst UNRESOLVED: stringconst -O3 compilation from source FAIL: stub -O3 compilation from bytecode ERROR: No \`main' given in program test_long UNRESOLVED: test_long -O3 compilation from source ERROR: No \`main' given in program tmi UNRESOLVED: tp compilation from source ERROR: No \`main' given in program tp UNRESOLVED: update_outer compilation from source ERROR: No \`main' given in program utilTest UNRESOLVED: utilTest -O3 compilation from source ERROR: No \`main' given in program utilTest UNRESOLVED: verify compilation from source FAIL: verify -O3 compilation from bytecode === libjava Summary === # of expected passes 2213 # of unexpected failures 59 # of expected failures 10 # of unresolved testcases 71 # of untested testcases 110 === libstdc++ tests === Running target unix FAIL: 26_numerics/c99_classification_macros_c++.cc (test for excess errors) FAIL: 26_numerics/c99_classification_macros_c.cc (test for excess errors) FAIL: 27_io/basic_istream/extractors_arithmetic/char/12.cc execution test FAIL: 27_io/fpos/14775.cc execution test === libstdc++ Summary === # of expected passes 2664 # of unexpected failures 4 # of expected failures 5 Compiler version: 3.5.0 20040505 (experimental) Platform: i386-pc-solaris2.10 configure flags: --prefix=/vol/gcc --with-local-prefix=/vol/gcc --disable-nls --with-as=/vol/gcc/lib/as-7.0 --enable-languages=c,ada,c++,f77,java,objc BOOT_CFLAGS=-g -O2
Index Nav: | [Date Index] [Subject Index] [Author Index] [Thread Index] | |
---|---|---|
Message Nav: | [Date Prev] [Date Next] | [Thread Prev] [Thread Next] |