This is the mail archive of the
gcc-testresults@gcc.gnu.org
mailing list for the GCC project.
Results for 3.5.0 20040508 (experimental) testsuite on powerpc-unknown-linux-gnualtivec
- From: Aldy Hernandez <aldyh at redhat dot com>
- To: aldyh at redhat dot com, gcc-testresults at gcc dot gnu dot org
- Date: Sun, 9 May 2004 21:10:34 -0400
- Subject: Results for 3.5.0 20040508 (experimental) testsuite on powerpc-unknown-linux-gnualtivec
LAST_UPDATED:
Native configuration is powerpc-unknown-linux-gnualtivec
=== gcc tests ===
Running target unix
FAIL: gcc.c-torture/execute/20030125-1.c execution, -O1
FAIL: gcc.c-torture/execute/20030125-1.c execution, -O2
FAIL: gcc.c-torture/execute/20030125-1.c execution, -O3 -fomit-frame-pointer
FAIL: gcc.c-torture/execute/20030125-1.c execution, -O3 -g
FAIL: gcc.c-torture/execute/20030125-1.c execution, -Os
FAIL: gcc.c-torture/execute/simd-1.c compilation, -O0
UNRESOLVED: gcc.c-torture/execute/simd-1.c execution, -O0
FAIL: gcc.c-torture/execute/simd-1.c compilation, -O1
UNRESOLVED: gcc.c-torture/execute/simd-1.c execution, -O1
FAIL: gcc.c-torture/execute/simd-1.c compilation, -O2
UNRESOLVED: gcc.c-torture/execute/simd-1.c execution, -O2
FAIL: gcc.c-torture/execute/simd-1.c compilation, -O3 -fomit-frame-pointer
UNRESOLVED: gcc.c-torture/execute/simd-1.c execution, -O3 -fomit-frame-pointer
FAIL: gcc.c-torture/execute/simd-1.c compilation, -O3 -g
UNRESOLVED: gcc.c-torture/execute/simd-1.c execution, -O3 -g
FAIL: gcc.c-torture/execute/simd-1.c compilation, -Os
UNRESOLVED: gcc.c-torture/execute/simd-1.c execution, -Os
FAIL: gcc.c-torture/execute/simd-2.c compilation, -O0
UNRESOLVED: gcc.c-torture/execute/simd-2.c execution, -O0
FAIL: gcc.c-torture/execute/simd-2.c compilation, -O1
UNRESOLVED: gcc.c-torture/execute/simd-2.c execution, -O1
FAIL: gcc.c-torture/execute/simd-2.c compilation, -O2
UNRESOLVED: gcc.c-torture/execute/simd-2.c execution, -O2
FAIL: gcc.c-torture/execute/simd-2.c compilation, -O3 -fomit-frame-pointer
UNRESOLVED: gcc.c-torture/execute/simd-2.c execution, -O3 -fomit-frame-pointer
FAIL: gcc.c-torture/execute/simd-2.c compilation, -O3 -g
UNRESOLVED: gcc.c-torture/execute/simd-2.c execution, -O3 -g
FAIL: gcc.c-torture/execute/simd-2.c compilation, -Os
UNRESOLVED: gcc.c-torture/execute/simd-2.c execution, -Os
FAIL: gcc.dg/compat/scalar-by-value-3 c_compat_x_tst.o-c_compat_y_tst.o execute
FAIL: gcc.dg/compat/scalar-return-3 c_compat_x_tst.o-c_compat_y_tst.o execute
FAIL: gcc.dg/compat/vector-1 c_compat_x_tst.o compile
FAIL: gcc.dg/compat/vector-1 c_compat_y_tst.o compile
UNRESOLVED: gcc.dg/compat/vector-1 c_compat_x_tst.o-c_compat_y_tst.o link
UNRESOLVED: gcc.dg/compat/vector-1 c_compat_x_tst.o-c_compat_y_tst.o execute
FAIL: gcc.dg/compat/vector-2 c_compat_x_tst.o compile
FAIL: gcc.dg/compat/vector-2 c_compat_y_tst.o compile
UNRESOLVED: gcc.dg/compat/vector-2 c_compat_x_tst.o-c_compat_y_tst.o link
UNRESOLVED: gcc.dg/compat/vector-2 c_compat_x_tst.o-c_compat_y_tst.o execute
FAIL: gcc.dg/20020103-1.c scan-assembler-not LC
FAIL: gcc.dg/builtins-18.c (test for excess errors)
FAIL: gcc.dg/builtins-20.c (test for excess errors)
FAIL: gcc.dg/c90-const-expr-3.c (test for excess errors)
FAIL: gcc.dg/c99-const-expr-3.c (test for excess errors)
FAIL: gcc.dg/complex-1.c execution test
FAIL: gcc.dg/ppc-sdata-1.c scan-assembler sdat@sdarel\\\\(13\\\\)
FAIL: gcc.dg/ppc-sdata-1.c scan-assembler sdat2@sda21\\\\(2\\\\)
FAIL: gcc.dg/rs6000-power2-2.c scan-assembler sfq
FAIL: gcc.dg/special/gcsec-1.c (test for excess errors)
WARNING: gcc.dg/special/gcsec-1.c compilation failed to produce executable
FAIL: gcc.dg/torture/builtin-convert-1.c (test for excess errors)
FAIL: gcc.dg/torture/builtin-convert-1.c (test for excess errors)
FAIL: gcc.dg/torture/builtin-convert-1.c (test for excess errors)
FAIL: gcc.dg/torture/builtin-convert-1.c (test for excess errors)
FAIL: gcc.dg/torture/builtin-convert-1.c (test for excess errors)
FAIL: gcc.dg/torture/builtin-convert-2.c (test for excess errors)
FAIL: gcc.dg/torture/builtin-convert-2.c (test for excess errors)
FAIL: gcc.dg/torture/builtin-convert-2.c (test for excess errors)
FAIL: gcc.dg/torture/builtin-convert-2.c (test for excess errors)
FAIL: gcc.dg/torture/builtin-convert-2.c (test for excess errors)
FAIL: gcc.dg/torture/builtin-convert-3.c (test for excess errors)
FAIL: gcc.dg/torture/builtin-convert-3.c (test for excess errors)
FAIL: gcc.dg/torture/builtin-convert-3.c (test for excess errors)
FAIL: gcc.dg/torture/builtin-convert-3.c (test for excess errors)
FAIL: gcc.dg/torture/builtin-convert-3.c (test for excess errors)
FAIL: gcc.dg/torture/builtin-power-1.c (test for excess errors)
FAIL: gcc.dg/torture/builtin-power-1.c (test for excess errors)
FAIL: gcc.dg/torture/builtin-power-1.c (test for excess errors)
FAIL: gcc.dg/torture/builtin-power-1.c (test for excess errors)
FAIL: gcc.dg/torture/builtin-power-1.c (test for excess errors)
FAIL: gcc.dg/torture/builtin-power-1.c (test for excess errors)
FAIL: gcc.dg/vmx/7-01a.c (test for excess errors)
FAIL: gcc.dg/vmx/7-01a.c (test for excess errors)
FAIL: gcc.dg/vmx/7-01a.c (test for excess errors)
FAIL: gcc.dg/vmx/7-01a.c (test for excess errors)
FAIL: gcc.dg/vmx/7-01a.c (test for excess errors)
FAIL: gcc.dg/vmx/7-01a.c (test for excess errors)
FAIL: gcc.dg/vmx/7-01a.c (test for excess errors)
FAIL: gcc.dg/vmx/7-01a.c (test for excess errors)
FAIL: gcc.dg/vmx/8-02a.c execution test
FAIL: gcc.dg/vmx/8-02a.c execution test
FAIL: gcc.dg/vmx/8-02a.c execution test
FAIL: gcc.dg/vmx/8-02a.c execution test
FAIL: gcc.dg/vmx/8-02a.c execution test
FAIL: gcc.dg/vmx/8-02a.c execution test
FAIL: gcc.dg/vmx/ira2a.c (test for excess errors)
WARNING: gcc.dg/vmx/ira2a.c compilation failed to produce executable
FAIL: gcc.dg/vmx/ira2a.c (test for excess errors)
WARNING: gcc.dg/vmx/ira2a.c compilation failed to produce executable
FAIL: gcc.dg/vmx/ira2a.c (test for excess errors)
WARNING: gcc.dg/vmx/ira2a.c compilation failed to produce executable
FAIL: gcc.dg/vmx/ira2a.c (test for excess errors)
WARNING: gcc.dg/vmx/ira2a.c compilation failed to produce executable
FAIL: gcc.dg/vmx/ira2a.c (test for excess errors)
WARNING: gcc.dg/vmx/ira2a.c compilation failed to produce executable
FAIL: gcc.dg/vmx/ira2a.c (test for excess errors)
WARNING: gcc.dg/vmx/ira2a.c compilation failed to produce executable
FAIL: gcc.dg/vmx/ops.c (test for excess errors)
FAIL: gcc.dg/vmx/ops.c (test for excess errors)
FAIL: gcc.dg/vmx/ops.c (test for excess errors)
FAIL: gcc.dg/vmx/ops.c (test for excess errors)
FAIL: gcc.dg/vmx/ops.c (test for excess errors)
FAIL: gcc.dg/vmx/ops.c (test for excess errors)
FAIL: gcc.dg/vmx/varargs-1.c output pattern test, is 1, 1, 1, 1
FAIL: gcc.dg/vmx/varargs-4.c execution test
FAIL: gcc.dg/vmx/varargs-4.c execution test
FAIL: gcc.dg/vmx/varargs-4.c execution test
FAIL: gcc.dg/vmx/varargs-4.c execution test
FAIL: gcc.dg/vmx/varargs-4.c execution test
FAIL: gcc.dg/vmx/varargs-4.c execution test
FAIL: gcc.dg/vmx/varargs-4.c execution test
FAIL: gcc.dg/vmx/varargs-4.c execution test
FAIL: gcc.dg/vmx/varargs-7.c execution test
FAIL: gcc.dg/vmx/varargs-7.c execution test
FAIL: gcc.dg/vmx/varargs-7.c execution test
FAIL: gcc.dg/vmx/varargs-7.c execution test
FAIL: gcc.dg/vmx/varargs-7.c execution test
FAIL: gcc.dg/vmx/varargs-7.c execution test
FAIL: gcc.dg/vmx/vprint-1.c execution test
FAIL: gcc.dg/vmx/vprint-1.c execution test
FAIL: gcc.dg/vmx/vprint-1.c execution test
FAIL: gcc.dg/vmx/vprint-1.c execution test
FAIL: gcc.dg/vmx/vprint-1.c execution test
FAIL: gcc.dg/vmx/vprint-1.c execution test
FAIL: gcc.dg/vmx/vprint-1.c execution test
FAIL: gcc.dg/vmx/vprint-1.c execution test
FAIL: gcc.dg/vmx/vscan-1.c execution test
FAIL: gcc.dg/vmx/vscan-1.c execution test
FAIL: gcc.dg/vmx/vscan-1.c execution test
FAIL: gcc.dg/vmx/vscan-1.c execution test
FAIL: gcc.dg/vmx/vscan-1.c execution test
FAIL: gcc.dg/vmx/vscan-1.c execution test
FAIL: gcc.dg/vmx/vscan-1.c execution test
FAIL: gcc.dg/vmx/vscan-1.c execution test
=== gcc Summary ===
# of expected passes 26206
# of unexpected failures 111
# of expected failures 59
# of unresolved testcases 16
# of untested testcases 28
# of unsupported tests 304
/moe/scratch/aldyh/build/nightly-builds/powerpc-unknown-linux-gnualtivec/chimay.ges.redhat.com/gcc/xgcc version 3.5.0 20040508 (experimental)
=== g++ tests ===
Running target unix
FAIL: g++.dg/eh/simd-1.C (test for excess errors)
WARNING: g++.dg/eh/simd-1.C compilation failed to produce executable
XPASS: g++.dg/other/packed1.C execution test
WARNING: g++.old-deja/g++.mike/p10769a.C compilation failed to produce executable
WARNING: g++.old-deja/g++.other/enum5.C compilation failed to produce executable
FAIL: g++.old-deja/g++.other/warn7.C (test for warnings, line 38)
WARNING: g++.old-deja/g++.pt/friend44.C compilation failed to produce executable
=== g++ Summary ===
# of expected passes 9693
# of unexpected failures 2
# of unexpected successes 1
# of expected failures 83
# of unsupported tests 73
/moe/scratch/aldyh/build/nightly-builds/powerpc-unknown-linux-gnualtivec/chimay.ges.redhat.com/gcc/testsuite/../g++ version 3.5.0 20040508 (experimental)
=== objc tests ===
Running target unix
=== objc Summary ===
# of expected passes 1339
# of unsupported tests 8
/moe/scratch/aldyh/build/nightly-builds/powerpc-unknown-linux-gnualtivec/chimay.ges.redhat.com/gcc/xgcc version 3.5.0 20040508 (experimental)
=== libffi tests ===
Running target unix
=== libffi Summary ===
# of expected passes 212
# of unsupported tests 2
=== libjava tests ===
Running target unix
FAIL: cxxtest.cc compilation
=== libjava Summary ===
# of expected passes 3358
# of unexpected failures 1
# of expected failures 14
# of untested testcases 16
=== libstdc++ tests ===
Running target unix
=== libstdc++ Summary ===
# of expected passes 2668
# of expected failures 5
Compiler version: 3.5.0 20040508 (experimental)
Platform: powerpc-unknown-linux-gnualtivec
configure flags: --host=powerpc-unknown-linux-gnualtivec --enable-languages=c,c++,java,objc