This is the mail archive of the
gcc-testresults@gcc.gnu.org
mailing list for the GCC project.
Results for 3.5.0 20040502 (experimental) testsuite on i686-pc-linux-gnu
- From: David Kredba <kredba at ibot dot cas dot cz>
- To: gcc-testresults at gcc dot gnu dot org
- Date: Sun, 09 May 2004 17:59:13 +0200
- Subject: Results for 3.5.0 20040502 (experimental) testsuite on i686-pc-linux-gnu
LAST_UPDATED: Obtained from CVS: -D2004-05-02 17:43 UTC
=== acats tests ===
=== acats Summary ===
# of expected passes 2322
# of unexpected failures 0
Native configuration is i686-pc-linux-gnu
=== gcc tests ===
Running target unix
FAIL: gcc.c-torture/execute/builtins/string-asm-2.c execution, -O0
FAIL: gcc.c-torture/execute/builtins/string-asm-2.c execution, -O1
FAIL: gcc.c-torture/execute/builtins/string-asm-2.c execution, -O2
FAIL: gcc.c-torture/execute/builtins/string-asm-2.c execution, -O3
-fomit-frame-pointer
FAIL: gcc.c-torture/execute/builtins/string-asm-2.c execution, -O3 -g
FAIL: gcc.c-torture/execute/builtins/string-asm-2.c execution, -O0
FAIL: gcc.c-torture/execute/builtins/string-asm-2.c execution, -O1
FAIL: gcc.c-torture/execute/builtins/string-asm-2.c execution, -O2
FAIL: gcc.c-torture/execute/builtins/string-asm-2.c execution, -O3
-fomit-frame-pointer
FAIL: gcc.c-torture/execute/builtins/string-asm-2.c execution, -O3 -g
FAIL: gcc.c-torture/execute/va-arg-25.c execution, -Os
FAIL: gcc.dg/c90-const-expr-3.c (test for excess errors)
FAIL: gcc.dg/c99-const-expr-3.c (test for excess errors)
=== gcc Summary ===
# of expected passes 26134
# of unexpected failures 13
# of expected failures 60
# of untested testcases 28
# of unsupported tests 196
/home/dave/gcc/gcc-3.5/gcc/xgcc version 3.5.0 20040502 (experimental)
=== g++ tests ===
Running target unix
WARNING: g++.old-deja/g++.mike/p10769a.C compilation failed to produce
executable
WARNING: g++.old-deja/g++.other/enum5.C compilation failed to produce
executable
XPASS: g++.old-deja/g++.other/init5.C execution test
FAIL: g++.old-deja/g++.other/warn7.C (test for warnings, line 38)
WARNING: g++.old-deja/g++.pt/friend44.C compilation failed to produce
executable
=== g++ Summary ===
# of expected passes 9750
# of unexpected failures 1
# of unexpected successes 1
# of expected failures 82
# of unsupported tests 37
/home/dave/gcc/gcc-3.5/gcc/testsuite/../g++ version 3.5.0 20040502
(experimental)
=== g77 tests ===
Running target unix
=== g77 Summary ===
# of expected passes 1800
/home/dave/gcc/gcc-3.5/gcc/testsuite/../g77 version 3.5.0 20040502
(experimental)
=== objc tests ===
Running target unix
=== objc Summary ===
# of expected passes 1339
# of unsupported tests 8
/home/dave/gcc/gcc-3.5/gcc/xgcc version 3.5.0 20040502 (experimental)
=== libffi tests ===
Running target unix
=== libffi Summary ===
# of expected passes 212
# of unsupported tests 2
=== libjava tests ===
Running target unix
=== libjava Summary ===
# of expected passes 3331
# of expected failures 14
# of untested testcases 16
=== libstdc++-v3 check-abi Summary ===
# of added symbols: 295
# of missing symbols: 289
# of incompatible symbols: 320
=== libstdc++ tests ===
Running target unix
XPASS: 26_numerics/c99_classification_macros_c.cc (test for excess errors)
=== libstdc++ Summary ===
# of expected passes 2667
# of unexpected successes 1
# of expected failures 5
Compiler version: 3.5.0 20040502 (experimental)
Platform: i686-pc-linux-gnu
configure flags: --prefix=/opt --enable-shared --enable-threads=posix
--enable-checking --enable-long-long --enable-__cxa_atexit
--enable-clocale=gnu --with-system-zlib
--enable-languages=c,ada,c++,f77,java,objc
--
David Kredba <kredba at ibot.cas.cz>
GPG: ID 1024D/5B6B02DE
Fingerprint: F0B3312596BEDCF91DFB 0699E06AACD75B6B02DE