This is the mail archive of the
gcc-testresults@gcc.gnu.org
mailing list for the GCC project.
Results for 3.4.1 20040504 (prerelease) testsuite on m68k-unknown-linux-gnu
- From: Bernardo Innocenti <bernie at develer dot com>
- To: gcc-testresults at gcc dot gnu dot org
- Date: Sat, 08 May 2004 03:09:16 +0200
- Subject: Results for 3.4.1 20040504 (prerelease) testsuite on m68k-unknown-linux-gnu
- Organization: Develer S.r.l.
LAST_UPDATED: pe tammikuun 16. 23:49:11 UTC 2004
Native configuration is m68k-unknown-linux-gnu
=== gcc tests ===
Running target unix
WARNING: program timed out.
FAIL: gcc.c-torture/compile/20001226-1.c (test for excess errors)
WARNING: program timed out.
FAIL: gcc.c-torture/compile/20001226-1.c (test for excess errors)
WARNING: program timed out.
FAIL: gcc.c-torture/compile/20001226-1.c (test for excess errors)
WARNING: program timed out.
FAIL: gcc.c-torture/compile/20001226-1.c (test for excess errors)
FAIL: gcc.c-torture/compile/921118-1.c (test for excess errors)
FAIL: gcc.c-torture/compile/921118-1.c (test for excess errors)
FAIL: gcc.c-torture/execute/builtins/string-3.c execution, -O1
FAIL: gcc.c-torture/execute/builtins/string-3.c execution, -O2
FAIL: gcc.c-torture/execute/builtins/string-3.c execution, -O3 -fomit-frame-pointer
FAIL: gcc.c-torture/execute/builtins/string-3.c execution, -O3 -g
FAIL: gcc.c-torture/execute/builtins/string-3.c execution, -Os
FAIL: gcc.c-torture/execute/builtins/string-3.c execution, -O1
FAIL: gcc.c-torture/execute/builtins/string-3.c execution, -O2
FAIL: gcc.c-torture/execute/builtins/string-3.c execution, -O3 -fomit-frame-pointer
FAIL: gcc.c-torture/execute/builtins/string-3.c execution, -O3 -g
FAIL: gcc.c-torture/execute/builtins/string-3.c execution, -Os
FAIL: gcc.c-torture/execute/20001108-1.c execution, -O3 -fomit-frame-pointer
FAIL: gcc.c-torture/execute/20001108-1.c execution, -O3 -g
FAIL: gcc.c-torture/execute/20001203-2.c execution, -O3 -fomit-frame-pointer
FAIL: gcc.c-torture/execute/20001203-2.c execution, -O3 -g
FAIL: gcc.c-torture/execute/20020418-1.c execution, -O1
FAIL: gcc.c-torture/execute/20020418-1.c execution, -O2
FAIL: gcc.c-torture/execute/20020418-1.c execution, -Os
FAIL: gcc.c-torture/execute/20020720-1.c compilation, -O1
UNRESOLVED: gcc.c-torture/execute/20020720-1.c execution, -O1
FAIL: gcc.c-torture/execute/930921-1.c execution, -O3 -fomit-frame-pointer -funroll-loops
FAIL: gcc.c-torture/execute/930921-1.c execution, -O3 -fomit-frame-pointer -funroll-all-loops -finline-functions
FAIL: gcc.c-torture/execute/950511-1.c compilation, -O3 -fomit-frame-pointer
UNRESOLVED: gcc.c-torture/execute/950511-1.c execution, -O3 -fomit-frame-pointer
FAIL: gcc.c-torture/execute/950511-1.c compilation, -O3 -g
UNRESOLVED: gcc.c-torture/execute/950511-1.c execution, -O3 -g
FAIL: gcc.c-torture/execute/961213-1.c execution, -O3 -fomit-frame-pointer -funroll-all-loops -finline-functions
FAIL: gcc.c-torture/execute/loop-2f.c execution, -O0
FAIL: gcc.c-torture/execute/loop-2f.c execution, -O1
FAIL: gcc.c-torture/execute/loop-2f.c execution, -O2
FAIL: gcc.c-torture/execute/loop-2f.c execution, -O3 -fomit-frame-pointer
FAIL: gcc.c-torture/execute/loop-2f.c execution, -O3 -fomit-frame-pointer -funroll-loops
FAIL: gcc.c-torture/execute/loop-2f.c execution, -O3 -fomit-frame-pointer -funroll-all-loops -finline-functions
FAIL: gcc.c-torture/execute/loop-2f.c execution, -O3 -g
FAIL: gcc.c-torture/execute/loop-2f.c execution, -Os
FAIL: gcc.c-torture/execute/loop-2g.c execution, -O0
FAIL: gcc.c-torture/execute/loop-2g.c execution, -O1
FAIL: gcc.c-torture/execute/loop-2g.c execution, -O2
FAIL: gcc.c-torture/execute/loop-2g.c execution, -O3 -fomit-frame-pointer
FAIL: gcc.c-torture/execute/loop-2g.c execution, -O3 -fomit-frame-pointer -funroll-loops
FAIL: gcc.c-torture/execute/loop-2g.c execution, -O3 -fomit-frame-pointer -funroll-all-loops -finline-functions
FAIL: gcc.c-torture/execute/loop-2g.c execution, -O3 -g
FAIL: gcc.c-torture/execute/loop-2g.c execution, -Os
WARNING: program timed out.
FAIL: gcc.dg/20020425-1.c (test for excess errors)
FAIL: gcc.dg/bitfld-3.c execution test
FAIL: gcc.dg/bitfld-4.c execution test
XPASS: gcc.dg/c99-flex-array-4.c sizeof != offsetof (test for bogus messages, line 24)
FAIL: gcc.dg/pack-test-1.c (test for excess errors)
XPASS: gcc.dg/sibcall-3.c execution test
XPASS: gcc.dg/sibcall-4.c execution test
FAIL: gcc.dg/pch/warn-1.c (test for excess errors)
FAIL: gcc.dg/pch/warn-1.c (test for excess errors)
FAIL: gcc.dg/pch/warn-1.c (test for excess errors)
FAIL: gcc.dg/pch/warn-1.c (test for excess errors)
FAIL: gcc.dg/pch/warn-1.c (test for excess errors)
FAIL: gcc.dg/pch/warn-1.c (test for excess errors)
FAIL: gcc.dg/pch/warn-1.c (test for excess errors)
FAIL: gcc.dg/weak/typeof-2.c scan-assembler baz3.*baz3.*baz3.*baz3.*baz3.*baz3
=== gcc Summary ===
# of expected passes 24831
# of unexpected failures 57
# of unexpected successes 3
# of expected failures 67
# of unresolved testcases 3
# of untested testcases 7
# of unsupported tests 319
/warez/gcc/gcc-3.4-build/gcc/xgcc version 3.4.1 20040504 (prerelease)
=== g++ tests ===
Running target unix
FAIL: g++.dg/abi/bitfield4.C execution test
WARNING: program timed out.
FAIL: g++.dg/eh/cleanup1.C (test for excess errors)
FAIL: g++.dg/eh/omit-frame-pointer.C execution test
FAIL: g++.dg/eh/registers1.C execution test
WARNING: program timed out.
FAIL: g++.dg/parse/stack1.C (test for excess errors)
FAIL: g++.old-deja/g++.eh/ia64-1.C execution test
WARNING: g++.old-deja/g++.mike/p10769a.C compilation failed to produce executable
WARNING: g++.old-deja/g++.other/enum5.C compilation failed to produce executable
WARNING: g++.old-deja/g++.pt/friend44.C compilation failed to produce executable
=== g++ Summary ===
# of expected passes 9477
# of unexpected failures 6
# of expected failures 68
# of unsupported tests 71
/warez/gcc/gcc-3.4-build/gcc/testsuite/../g++ version 3.4.1 20040504 (prerelease)
Compiler version: 3.4.1 20040504 (prerelease)
Platform: m68k-unknown-linux-gnu
configure flags: --prefix=/home/bernie/src/gcc-3.4-install --enable-languages=c,c++ --with-gnu-ld --with-gnu-as
--
// Bernardo Innocenti - Develer S.r.l., R&D dept.
\X/ http://www.develer.com/