This is the mail archive of the
gcc-testresults@gcc.gnu.org
mailing list for the GCC project.
Results for 3.5.0 20040506 (experimental) testsuite on i686-pc-linux-gnu
- From: Christian Joensson <chj at j-son dot org>
- To: gcc-testresults at gcc dot gnu dot org
- Date: Thu, 6 May 2004 20:50:01 +0200
- Subject: Results for 3.5.0 20040506 (experimental) testsuite on i686-pc-linux-gnu
Fedora Core 2, test 3 (FC2T3) ia32 pentium III dual i686:
binutils-2.15.90.0.3-2
bison-1.875-7.1
dejagnu-1.4.2-11
expect-5.39.0-96.1
gcc-3.3.3-7
glibc-2.3.3-20
glibc-kernheaders-2.4-8.44
kernel-smp-2.6.5-1.327
tcl-8.4.5-7
LAST_UPDATED: Thu May 6 04:50:11 UTC 2004
=== acats tests ===
FAIL: c954025
=== acats Summary ===
# of expected passes 2321
# of unexpected failures 1
Native configuration is i686-pc-linux-gnu
=== g77 tests ===
Running target unix/-fPIC
=== g77 Summary for unix/-fPIC ===
# of expected passes 1800
Running target unix
=== g77 Summary for unix ===
# of expected passes 1800
=== g77 Summary ===
# of expected passes 3600
/usr/local/src/trunk/objdir/gcc/testsuite/../g77 version 3.5.0 20040506 (experimental)
=== gcc tests ===
Running target unix/-fPIC
FAIL: gcc.c-torture/compile/20000804-1.c (test for excess errors)
FAIL: gcc.c-torture/compile/20000804-1.c (test for excess errors)
FAIL: gcc.c-torture/execute/va-arg-25.c execution, -Os
FAIL: gcc.dg/20011119-1.c (test for excess errors)
WARNING: gcc.dg/20011119-1.c compilation failed to produce executable
WARNING: program timed out.
FAIL: gcc.dg/20020616-1.c execution test
FAIL: gcc.dg/20020919-1.c (test for errors, line 132)
FAIL: gcc.dg/20020919-1.c (test for errors, line 177)
FAIL: gcc.dg/20020919-1.c (test for errors, line 231)
FAIL: gcc.dg/20020919-1.c (test for errors, line 244)
FAIL: gcc.dg/20020919-1.c (test for excess errors)
FAIL: gcc.dg/c90-const-expr-3.c (test for excess errors)
FAIL: gcc.dg/c99-const-expr-3.c (test for excess errors)
FAIL: gcc.dg/clobbers.c (test for excess errors)
WARNING: gcc.dg/clobbers.c compilation failed to produce executable
FAIL: gcc.dg/i386-387-3.c scan-assembler fldpi
FAIL: gcc.dg/i386-387-4.c scan-assembler fldpi
FAIL: gcc.dg/i386-cmov1.c scan-assembler sar[^\\\\n]*magic_namea
FAIL: gcc.dg/i386-cmov1.c scan-assembler sar[^\\\\n]*magic_nameb
FAIL: gcc.dg/i386-cmov1.c scan-assembler sar[^\\\\n]*magic_namec
FAIL: gcc.dg/i386-cmov1.c scan-assembler shr[^\\\\n]*magic_named
FAIL: gcc.dg/i386-cmov1.c scan-assembler shr[^\\\\n]*magic_namee
FAIL: gcc.dg/i386-cmov1.c scan-assembler shr[^\\\\n]*magic_namef
FAIL: gcc.dg/i386-local2.c scan-assembler-not sub[^\\\\n]*sp
FAIL: gcc.dg/i386-mul.c scan-assembler and[^\\\\n]*magic
FAIL: gcc.dg/i386-ssetype-1.c scan-assembler andpd[^\\\\n]*magic
FAIL: gcc.dg/i386-ssetype-1.c scan-assembler andnpd[^\\\\n]*magic
FAIL: gcc.dg/i386-ssetype-1.c scan-assembler xorpd[^\\\\n]*magic
FAIL: gcc.dg/i386-ssetype-1.c scan-assembler orpd[^\\\\n]*magic
FAIL: gcc.dg/i386-ssetype-1.c scan-assembler movapd[^\\\\n]*magic
FAIL: gcc.dg/i386-ssetype-3.c scan-assembler andps[^\\\\n]*magic
FAIL: gcc.dg/i386-ssetype-3.c scan-assembler andnps[^\\\\n]*magic
FAIL: gcc.dg/i386-ssetype-3.c scan-assembler xorps[^\\\\n]*magic
FAIL: gcc.dg/i386-ssetype-3.c scan-assembler orps[^\\\\n]*magic
FAIL: gcc.dg/i386-ssetype-3.c scan-assembler movaps[^\\\\n]*magic
FAIL: gcc.dg/i386-ssetype-5.c scan-assembler pand[^\\\\n]*magic
FAIL: gcc.dg/i386-ssetype-5.c scan-assembler pandn[^\\\\n]*magic
FAIL: gcc.dg/i386-ssetype-5.c scan-assembler pxor[^\\\\n]*magic
FAIL: gcc.dg/i386-ssetype-5.c scan-assembler por[^\\\\n]*magic
FAIL: gcc.dg/sibcall-6.c execution test
=== gcc Summary for unix/-fPIC ===
# of expected passes 25388
# of unexpected failures 38
# of expected failures 60
# of untested testcases 28
# of unsupported tests 202
Running target unix
FAIL: gcc.c-torture/execute/va-arg-25.c execution, -Os
FAIL: gcc.dg/c90-const-expr-3.c (test for excess errors)
FAIL: gcc.dg/c99-const-expr-3.c (test for excess errors)
=== gcc Summary for unix ===
# of expected passes 25425
# of unexpected failures 3
# of expected failures 60
# of untested testcases 28
# of unsupported tests 202
=== gcc Summary ===
# of expected passes 50813
# of unexpected failures 41
# of expected failures 120
# of untested testcases 56
# of unsupported tests 404
/usr/local/src/trunk/objdir/gcc/xgcc version 3.5.0 20040506 (experimental)
=== g++ tests ===
Running target unix/-fPIC
WARNING: program timed out.
FAIL: g++.dg/parse/stack1.C (test for excess errors)
WARNING: g++.old-deja/g++.mike/p10769a.C compilation failed to produce executable
WARNING: g++.old-deja/g++.other/enum5.C compilation failed to produce executable
XPASS: g++.old-deja/g++.other/init5.C execution test
FAIL: g++.old-deja/g++.other/warn7.C (test for warnings, line 38)
FAIL: g++.old-deja/g++.pt/asm1.C (test for excess errors)
FAIL: g++.old-deja/g++.pt/asm2.C (test for excess errors)
WARNING: g++.old-deja/g++.pt/friend44.C compilation failed to produce executable
=== g++ Summary for unix/-fPIC ===
# of expected passes 9749
# of unexpected failures 4
# of unexpected successes 1
# of expected failures 82
# of unsupported tests 38
Running target unix
WARNING: program timed out.
FAIL: g++.dg/parse/stack1.C (test for excess errors)
WARNING: g++.old-deja/g++.mike/p10769a.C compilation failed to produce executable
WARNING: g++.old-deja/g++.other/enum5.C compilation failed to produce executable
XPASS: g++.old-deja/g++.other/init5.C execution test
FAIL: g++.old-deja/g++.other/warn7.C (test for warnings, line 38)
WARNING: g++.old-deja/g++.pt/friend44.C compilation failed to produce executable
=== g++ Summary for unix ===
# of expected passes 9751
# of unexpected failures 2
# of unexpected successes 1
# of expected failures 82
# of unsupported tests 38
=== g++ Summary ===
# of expected passes 19500
# of unexpected failures 6
# of unexpected successes 2
# of expected failures 164
# of unsupported tests 76
/usr/local/src/trunk/objdir/gcc/testsuite/../g++ version 3.5.0 20040506 (experimental)
=== objc tests ===
Running target unix/-fPIC
=== objc Summary for unix/-fPIC ===
# of expected passes 1339
# of unsupported tests 8
Running target unix
=== objc Summary for unix ===
# of expected passes 1339
# of unsupported tests 8
=== objc Summary ===
# of expected passes 2678
# of unsupported tests 16
/usr/local/src/trunk/objdir/gcc/xgcc version 3.5.0 20040506 (experimental)
=== libffi tests ===
Running target unix/-fPIC
=== libffi Summary for unix/-fPIC ===
# of expected passes 212
# of unsupported tests 2
Running target unix
=== libffi Summary for unix ===
# of expected passes 212
# of unsupported tests 2
=== libffi Summary ===
# of expected passes 424
# of unsupported tests 4
=== libjava tests ===
Running target unix/-fPIC
=== libjava Summary for unix/-fPIC ===
# of expected passes 3331
# of expected failures 14
# of untested testcases 16
Running target unix
=== libjava Summary for unix ===
# of expected passes 3331
# of expected failures 14
# of untested testcases 16
=== libjava Summary ===
# of expected passes 6662
# of expected failures 28
# of untested testcases 32
=== libstdc++-v3 check-abi Summary ===
# of added symbols: 297
# of missing symbols: 284
# of incompatible symbols: 315
=== libstdc++ tests ===
Running target unix/-fPIC
FAIL: ext/enc_filebuf/char/13189.cc (test for excess errors)
WARNING: ext/enc_filebuf/char/13189.cc compilation failed to produce executable
FAIL: ext/enc_filebuf/wchar_t/13189.cc (test for excess errors)
WARNING: ext/enc_filebuf/wchar_t/13189.cc compilation failed to produce executable
=== libstdc++ Summary for unix/-fPIC ===
# of expected passes 2663
# of unexpected failures 2
# of expected failures 6
Running target unix
XPASS: 26_numerics/c99_classification_macros_c.cc (test for excess errors)
=== libstdc++ Summary for unix ===
# of expected passes 2667
# of unexpected successes 1
# of expected failures 5
=== libstdc++ Summary ===
# of expected passes 5330
# of unexpected failures 2
# of unexpected successes 1
# of expected failures 11
Compiler version: 3.5.0 20040506 (experimental)
Platform: i686-pc-linux-gnu
configure flags: pentium3-linux --prefix=/usr/local/gcc-binutils --enable-__cxa_atexit --enable-shared --enable-threads=posix --with-system-zlib --enable-clocale=gnu --enable-languages=c,ada,c++,f77,java,objc
Counting all warnings,
there are 75 warnings in stage0 of this bootstrap.
Number of warnings per file:
12 libiberty/regex.c
10 libiberty/concat.c
6 fastjar/jartool.c
5 include/xregex2.h
4 libjava/java/lang/strtod.c
4 libjava/java/lang/dtoa.c
4 include/fibheap.h
3 libf2c/libI77/rsne.c
3 include/java-signal.h
3 <command line>
2 libtool
2 libobjc/encoding.c
2 libjava/java/lang/natClassLoader.cc
2 include/gc_config_macros.h
1 make[5]
1 libobjc/sendmsg.c
1 libjava/java/lang/e_exp.c
1 libjava/gnu/gcj/io/shs.cc
1 libjava/boehm.cc
1 libf2c/libI77/open.c
1 libf2c/libI77/inquire.c
1 java/net/natNetworkInterface.cc
1 include/private/../gc_config_macros.h
1 gcc/defaults.h
1 gcc/coretypes.h
1 gcc/boehm-gc/mark_rts.c
1 gcc/auto-host.h
Number of warning types:
12 signed and unsigned type in conditional expression
10 traditional C rejects ISO C style function definitions
5 this is the location of the previous definition
5 ISO C90 does not support \`static' or type qualifiers in parameter array declarators
4 pointer targets in passing arg ??? of \`???' differ in signedness
4 comparison between signed and unsigned integer expressions
4 bit-field \`???' type invalid in ISO C
3 'void restore()' declared \`static' but never defined
3 \`GC_LINUX_THREADS' redefined
2 string length \`???' is greater than the length \`???' ISO C89 compilers are required to support
1 'x' might be used uninitialized in this function
1 'x0' might be used uninitialized in this function
1 'void byteReverse()' declared \`static' but never defined
1 unused variable \`???'
1 to ensure that POSIX-compatible ar will work
1 'target_flags' defined but not used
1 'spec_case' might be used uninitialized in this function
1 \`rtx' redefined
1 object name conflicts; overriding AR_FLAGS to 'cq'
1 'mlo' might be used uninitialized in this function
1 'k' might be used uninitialized in this function
1 jobserver unavailable: using -j1. Add \`???' to parent make rule.
1 'ilim' might be used uninitialized in this function
1 'ilim1' might be used uninitialized in this function
1 function returns address of local variable
1 'dn' might be used uninitialized in this function
1 'dn0' might be used uninitialized in this function
1 'delta' might be used uninitialized in this function
1 \`DEFAULT_USE_CXA_ATEXIT' redefined
1 comparison between signed and unsigned
1 'bs' might be used uninitialized in this function
1 'bd' might be used uninitialized in this function
1 'bb' might be used uninitialized in this function
Counting all warnings,
there are 21 warnings in stage3 of this bootstrap.
Number of warnings per file:
5 gcc/config/i386/i386.md
3 insn-conditions.c
3 gengtype-lex.c
3 gcc/gcc.c
2 gcc/objc/lang-specs.h
2 gcc/cp/lang-specs.h
1 gcc/java/jvspec.c
1 gcc/ada/tracebak.c
1 gcc/ada/lang-specs.h
Number of warning types:
10 string length \`???' is greater than the length \`???' ISO C89 compilers are required to support
4 source missing a mode?
3 old-style function definition
1 operand 1 missing mode?
1 (near initialization for \`???')
1 missing initializer
1 comparison of unsigned expression < 0 is always false