This is the mail archive of the
gcc-testresults@gcc.gnu.org
mailing list for the GCC project.
Results for 3.2.3 20030502 (Red Hat Linux 3.2.3-14) testsuite on x86_64-pc-linux-gnu
- From: hjl at gnu-20 dot sc dot intel dot com (H.J. Lu)
- To: gcc-testresults at gcc dot gnu dot org
- Date: Thu, 6 May 2004 07:40:11 -0700 (PDT)
- Subject: Results for 3.2.3 20030502 (Red Hat Linux 3.2.3-14) testsuite on x86_64-pc-linux-gnu
LAST_UPDATED: Thu May 6 00:30:50 UTC 2004
Native configuration is x86_64-pc-linux-gnu
=== g++ tests ===
Running target unix/-m32
=== g++ Summary for unix/-m32 ===
# of expected passes 7455
# of expected failures 89
# of untested testcases 23
# of unsupported tests 9
Running target unix
=== g++ Summary for unix ===
# of expected passes 7455
# of expected failures 89
# of untested testcases 23
# of unsupported tests 9
=== g++ Summary ===
# of expected passes 14910
# of expected failures 178
# of untested testcases 46
# of unsupported tests 18
/export/build/gnu/gcc-3.2-redhat/build-x86_64-linux/gcc/testsuite/../g++ version 3.2.3 20030502 (Red Hat Linux 3.2.3-14)
=== g77 tests ===
Running target unix/-m32
=== g77 Summary for unix/-m32 ===
# of expected passes 1458
# of unsupported tests 8
Running target unix
=== g77 Summary for unix ===
# of expected passes 1458
# of unsupported tests 8
=== g77 Summary ===
# of expected passes 2916
# of unsupported tests 16
/export/build/gnu/gcc-3.2-redhat/build-x86_64-linux/gcc/testsuite/../g77 version 3.2.3 20030502 (Red Hat Linux 3.2.3-14)
=== gcc tests ===
Running target unix/-m32
XPASS: gcc.c-torture/execute/20020227-1.c execution, -O0
XPASS: gcc.c-torture/execute/20020227-1.c execution, -O1
XPASS: gcc.c-torture/execute/20020227-1.c execution, -O2
XPASS: gcc.c-torture/execute/20020227-1.c execution, -O3 -fomit-frame-pointer
XPASS: gcc.c-torture/execute/20020227-1.c execution, -O3 -g
XPASS: gcc.c-torture/execute/20020227-1.c execution, -Os
FAIL: gcc.c-torture/execute/loop-2e.c execution, -Os
FAIL: gcc.c-torture/execute/ieee/20010114-2.c execution, -O1
FAIL: gcc.c-torture/execute/ieee/20010114-2.c execution, -O2
FAIL: gcc.c-torture/execute/ieee/20010114-2.c execution, -Os
FAIL: gcc.c-torture/execute/ieee/980619-1.c execution, -O1
FAIL: gcc.c-torture/execute/ieee/980619-1.c execution, -O2
FAIL: gcc.c-torture/execute/ieee/980619-1.c execution, -O3 -fomit-frame-pointer
FAIL: gcc.c-torture/execute/ieee/980619-1.c execution, -O3 -fomit-frame-pointer -funroll-loops
FAIL: gcc.c-torture/execute/ieee/980619-1.c execution, -O3 -fomit-frame-pointer -funroll-all-loops -finline-functions
FAIL: gcc.c-torture/execute/ieee/980619-1.c execution, -O3 -g
FAIL: gcc.c-torture/execute/ieee/980619-1.c execution, -Os
FAIL: linkage.c
=== gcc Summary for unix/-m32 ===
# of expected passes 19123
# of unexpected failures 12
# of unexpected successes 6
# of expected failures 67
# of unsupported tests 134
Running target unix
FAIL: gcc.c-torture/compile/20010227-1.c, -O1
FAIL: gcc.c-torture/compile/20010227-1.c, -O2
FAIL: gcc.c-torture/compile/20010227-1.c, -O3 -fomit-frame-pointer
FAIL: gcc.c-torture/compile/20010227-1.c, -O3 -g
FAIL: gcc.c-torture/compile/20010227-1.c, -Os
XPASS: gcc.c-torture/execute/20020227-1.c execution, -O0
XPASS: gcc.c-torture/execute/20020227-1.c execution, -O1
XPASS: gcc.c-torture/execute/20020227-1.c execution, -O2
XPASS: gcc.c-torture/execute/20020227-1.c execution, -O3 -fomit-frame-pointer
XPASS: gcc.c-torture/execute/20020227-1.c execution, -O3 -g
XPASS: gcc.c-torture/execute/20020227-1.c execution, -Os
FAIL: gcc.c-torture/execute/20020307-2.c execution, -O0
FAIL: gcc.c-torture/execute/20020307-2.c execution, -O1
FAIL: gcc.c-torture/execute/20020307-2.c execution, -O2
FAIL: gcc.c-torture/execute/20020307-2.c execution, -O3 -fomit-frame-pointer
FAIL: gcc.c-torture/execute/20020307-2.c execution, -O3 -fomit-frame-pointer -funroll-loops
FAIL: gcc.c-torture/execute/20020307-2.c execution, -O3 -fomit-frame-pointer -funroll-all-loops -finline-functions
FAIL: gcc.c-torture/execute/20020307-2.c execution, -O3 -g
FAIL: gcc.c-torture/execute/20020307-2.c execution, -Os
FAIL: gcc.c-torture/execute/20020411-1.c compilation, -O0
UNRESOLVED: gcc.c-torture/execute/20020411-1.c execution, -O0
FAIL: gcc.dg/20020312-2.c (test for excess errors)
WARNING: gcc.dg/20020312-2.c compilation failed to produce executable
XPASS: gcc.dg/c99-intconst-1.c (test for excess errors)
=== gcc Summary for unix ===
# of expected passes 19118
# of unexpected failures 15
# of unexpected successes 7
# of expected failures 66
# of unresolved testcases 1
# of unsupported tests 134
=== gcc Summary ===
# of expected passes 38241
# of unexpected failures 27
# of unexpected successes 13
# of expected failures 133
# of unresolved testcases 1
# of unsupported tests 268
/export/build/gnu/gcc-3.2-redhat/build-x86_64-linux/gcc/xgcc version 3.2.3 20030502 (Red Hat Linux 3.2.3-14)
=== objc tests ===
Running target unix/-m32
=== objc Summary for unix/-m32 ===
# of expected passes 1047
# of expected failures 6
Running target unix
=== objc Summary for unix ===
# of expected passes 1047
# of expected failures 6
=== objc Summary ===
# of expected passes 2094
# of expected failures 12
/export/build/gnu/gcc-3.2-redhat/build-x86_64-linux/gcc/xgcc version 3.2.3 20030502 (Red Hat Linux 3.2.3-14)
=== libjava tests ===
Running target unix/-m32
FAIL: Array_3 -O execution from source compiled test
=== libjava Summary for unix/-m32 ===
# of expected passes 2085
# of unexpected failures 1
# of expected failures 18
# of untested testcases 15
Running target unix
FAIL: Array_2 execution from bytecode->native test
FAIL: Array_2 -O execution from source compiled test
FAIL: Array_2 -O execution from bytecode->native test
FAIL: Array_3 -O execution from source compiled test
FAIL: G19990303_02 execution from source compiled test
FAIL: G19990303_02 execution from bytecode->native test
FAIL: G19990303_02 -O execution from source compiled test
FAIL: G19990303_02 -O execution from bytecode->native test
FAIL: N19990310_3 -O execution from source compiled test
FAIL: N19990310_3 -O execution from bytecode->native test
=== libjava Summary for unix ===
# of expected passes 2067
# of unexpected failures 10
# of expected failures 18
# of untested testcases 24
=== libjava Summary ===
# of expected passes 4152
# of unexpected failures 11
# of expected failures 36
# of untested testcases 39
=== libstdc++-v3 tests ===
Running target unix/-m32
FAIL: 18_support/numeric_limits.cc execution test
FAIL: 22_locale/collate.cc (test for excess errors)
XPASS: 22_locale/collate_byname.cc execution test
XPASS: 22_locale/collate_members_char.cc execution test
XPASS: 22_locale/collate_members_wchar_t.cc execution test
XPASS: 22_locale/ctype_is_char.cc execution test
XPASS: 22_locale/ctype_is_wchar_t.cc execution test
XPASS: 22_locale/members.cc execution test
XPASS: 22_locale/money_get_members_char.cc execution test
XPASS: 22_locale/money_get_members_wchar_t.cc execution test
XPASS: 22_locale/money_put_members_char.cc execution test
XPASS: 22_locale/money_put_members_wchar_t.cc execution test
XPASS: 22_locale/moneypunct_byname.cc execution test
XPASS: 22_locale/moneypunct_members_char.cc execution test
XPASS: 22_locale/moneypunct_members_wchar_t.cc execution test
XPASS: 22_locale/num_get_members_char.cc execution test
XPASS: 22_locale/num_get_members_wchar_t.cc execution test
XPASS: 22_locale/num_put_members_char.cc execution test
XPASS: 22_locale/num_put_members_wchar_t.cc execution test
XPASS: 22_locale/numpunct_byname.cc execution test
XPASS: 22_locale/numpunct_members_char.cc execution test
XPASS: 22_locale/numpunct_members_wchar_t.cc execution test
XPASS: 22_locale/time_get_members_char.cc execution test
XPASS: 22_locale/time_get_members_wchar_t.cc execution test
FAIL: 26_numerics/c99_classification_macros_c.cc (test for excess errors)
FAIL: 27_io/ostream_inserter_arith.cc execution test
=== libstdc++-v3 Summary for unix/-m32 ===
# of expected passes 407
# of unexpected failures 4
# of unexpected successes 22
# of expected failures 4
Running target unix
XPASS: 22_locale/collate_byname.cc execution test
XPASS: 22_locale/collate_members_char.cc execution test
XPASS: 22_locale/collate_members_wchar_t.cc execution test
XPASS: 22_locale/ctype_is_char.cc execution test
XPASS: 22_locale/ctype_is_wchar_t.cc execution test
XPASS: 22_locale/members.cc execution test
XPASS: 22_locale/messages_byname.cc execution test
XPASS: 22_locale/messages_members_char.cc execution test
XPASS: 22_locale/money_get_members_char.cc execution test
XPASS: 22_locale/money_get_members_wchar_t.cc execution test
XPASS: 22_locale/money_put_members_char.cc execution test
XPASS: 22_locale/money_put_members_wchar_t.cc execution test
XPASS: 22_locale/moneypunct_byname.cc execution test
XPASS: 22_locale/moneypunct_members_char.cc execution test
XPASS: 22_locale/moneypunct_members_wchar_t.cc execution test
XPASS: 22_locale/num_get_members_char.cc execution test
XPASS: 22_locale/num_get_members_wchar_t.cc execution test
XPASS: 22_locale/num_put_members_char.cc execution test
XPASS: 22_locale/num_put_members_wchar_t.cc execution test
XPASS: 22_locale/numpunct_byname.cc execution test
XPASS: 22_locale/numpunct_members_char.cc execution test
XPASS: 22_locale/numpunct_members_wchar_t.cc execution test
XPASS: 22_locale/time_get_members_char.cc execution test
XPASS: 22_locale/time_get_members_wchar_t.cc execution test
FAIL: 26_numerics/c99_classification_macros_c.cc (test for excess errors)
=== libstdc++-v3 Summary for unix ===
# of expected passes 410
# of unexpected failures 1
# of unexpected successes 24
# of expected failures 2
=== libstdc++-v3 Summary ===
# of expected passes 817
# of unexpected failures 5
# of unexpected successes 46
# of expected failures 6
Compiler version: 3.2.3 20030502 (Red Hat Linux 3.2.3-14)
Platform: x86_64-pc-linux-gnu
configure flags: --host=x86_64-linux --enable-clocale=gnu --with-system-zlib --with-cpu=nocona --enable-shared --enable-threads=posix --enable-haifa --disable-checking --prefix=/usr/gcc-3.2-redhat --with-local-prefix=/usr/local