This is the mail archive of the
gcc-testresults@gcc.gnu.org
mailing list for the GCC project.
Results for 3.5.0 20040505 (experimental) testsuite oni686-pc-linux-gnu
- From: Laurent GUERBY <laurent at guerby dot net>
- To: gcc-testresults at gcc dot gnu dot org
- Date: Wed, 05 May 2004 22:41:58 +0200
- Subject: Results for 3.5.0 20040505 (experimental) testsuite oni686-pc-linux-gnu
LAST_UPDATED: Wed May 5 10:35:04 UTC 2004
=== acats tests ===
=== acats Summary ===
# of expected passes 2322
# of unexpected failures 0
Native configuration is i686-pc-linux-gnu
=== gcc tests ===
Running target unix
FAIL: gcc.c-torture/execute/va-arg-25.c execution, -Os
FAIL: gcc.dg/c90-const-expr-3.c (test for excess errors)
FAIL: gcc.dg/c99-const-expr-3.c (test for excess errors)
=== gcc Summary ===
# of expected passes 25425
# of unexpected failures 3
# of expected failures 60
# of untested testcases 28
# of unsupported tests 202
/home/guerby/work/gcc/build/build-20040505T125305/gcc/xgcc version 3.5.0 20040505 (experimental)
Compiler version: 3.5.0 20040505 (experimental)
Platform: i686-pc-linux-gnu
configure flags: --prefix=/home/guerby/work/gcc/install/install-20040505T125305 --enable-languages=c,ada