This is the mail archive of the
gcc-testresults@gcc.gnu.org
mailing list for the GCC project.
Results for 3.4.0 testsuite on x86_64--netbsdelf2.0
- From: john at johnrshannon dot com
- To: gcc-testresults at gcc dot gnu dot org
- Date: Wed, 5 May 2004 05:05:25 -0600 (MDT)
- Subject: Results for 3.4.0 testsuite on x86_64--netbsdelf2.0
LAST_UPDATED: Obtained from CVS: -rgcc_3_4_0_release
=== acats tests ===
FAIL: c380004
FAIL: cc1225a
FAIL: cxa5015
=== acats Summary ===
# of expected passes 2319
# of unexpected failures 3
Native configuration is x86_64--netbsdelf2.0
=== g++ tests ===
Running target unix
FAIL: g++.dg/parse/stack1.C (test for excess errors)
WARNING: g++.old-deja/g++.mike/p10769a.C compilation failed to produce executable
WARNING: g++.old-deja/g++.other/enum5.C compilation failed to produce executable
XPASS: g++.old-deja/g++.other/init5.C execution test
WARNING: g++.old-deja/g++.pt/friend44.C compilation failed to produce executable
=== g++ Summary ===
# of expected passes 9506
# of unexpected failures 1
# of unexpected successes 1
# of expected failures 67
# of unsupported tests 69
/usr/users/drochner/netbsd/pkg/wip/gcc-3.4/work.x86_64/obj/gcc/testsuite/../g++ version 3.4.0
=== g77 tests ===
Running target unix
=== g77 Summary ===
# of expected passes 1800
# of unsupported tests 6
/usr/users/drochner/netbsd/pkg/wip/gcc-3.4/work.x86_64/obj/gcc/testsuite/../g77 version 3.4.0
=== gcc tests ===
Running target unix
FAIL: gcc.c-torture/execute/conversion.c execution, -O0
FAIL: gcc.c-torture/execute/conversion.c execution, -O1
FAIL: gcc.c-torture/execute/conversion.c execution, -O2
FAIL: gcc.c-torture/execute/conversion.c execution, -Os
FAIL: gcc.dg/compat/vector-1 c_compat_x_tst.o compile
FAIL: gcc.dg/compat/vector-1 c_compat_y_tst.o compile
UNRESOLVED: gcc.dg/compat/vector-1 c_compat_x_tst.o-c_compat_y_tst.o link
UNRESOLVED: gcc.dg/compat/vector-1 c_compat_x_tst.o-c_compat_y_tst.o execute
FAIL: gcc.dg/compat/vector-2 c_compat_x_tst.o compile
FAIL: gcc.dg/compat/vector-2 c_compat_y_tst.o compile
UNRESOLVED: gcc.dg/compat/vector-2 c_compat_x_tst.o-c_compat_y_tst.o link
UNRESOLVED: gcc.dg/compat/vector-2 c_compat_x_tst.o-c_compat_y_tst.o execute
FAIL: gcc.dg/cpp/assert4.c (test for excess errors)
FAIL: gcc.dg/20020103-1.c scan-assembler-not LC
FAIL: gcc.dg/builtins-20.c (test for excess errors)
FAIL: gcc.dg/i386-local.c scan-assembler magic[^\\\\n]*eax
FAIL: gcc.dg/i386-sse-2.c (test for excess errors)
FAIL: gcc.dg/i386-sse-8.c (test for excess errors)
FAIL: gcc.dg/titype-1.c (test for excess errors)
WARNING: gcc.dg/titype-1.c compilation failed to produce executable
FAIL: gcc.dg/special/gcsec-1.c execution test
=== gcc Summary ===
# of expected passes 24305
# of unexpected failures 16
# of expected failures 69
# of unresolved testcases 4
# of untested testcases 7
# of unsupported tests 283
/usr/users/drochner/netbsd/pkg/wip/gcc-3.4/work.x86_64/obj/gcc/xgcc version 3.4.0
=== objc tests ===
Running target unix
=== objc Summary ===
# of expected passes 1341
# of unsupported tests 8
/usr/users/drochner/netbsd/pkg/wip/gcc-3.4/work.x86_64/obj/gcc/xgcc version 3.4.0
=== libstdc++-v3 check-abi Summary ===
# of added symbols: 0
# of missing symbols: 0
# of incompatible symbols: 0
=== libstdc++ tests ===
Running target unix
FAIL: 26_numerics/c99_classification_macros_c++.cc (test for excess errors)
FAIL: 26_numerics/c99_classification_macros_c.cc (test for excess errors)
FAIL: 26_numerics/complex/pow.cc execution test
FAIL: 27_io/basic_istream/extractors_arithmetic/char/12.cc execution test
XPASS: 27_io/fpos/14320-1.cc execution test
=== libstdc++ Summary ===
# of expected passes 1983
# of unexpected failures 4
# of unexpected successes 1
# of expected failures 3
Compiler version: 3.4.0
Platform: x86_64--netbsdelf2.0
configure flags: '--enable-languages='c' 'ada' 'c++' 'f77' 'java' 'objc'' --with-system-zlib --enable-shared --enable-__cxa_atexit --enable-nls --without-included-gettext --enable-long-long --enable-clocale=generic --prefix=/usr/pkg/gcc-3.4.0 --host=x86_64--netbsdelf2.0