This is the mail archive of the
gcc-testresults@gcc.gnu.org
mailing list for the GCC project.
Results for 3.5.0 20040505 (experimental) testsuite on i686-suse9-linux-gnu
- From: Manfred Hollstein <mh at suse dot com>
- To: gcc-testresults at gcc dot gnu dot org
- Date: Wed, 5 May 2004 12:25:21 +0200
- Subject: Results for 3.5.0 20040505 (experimental) testsuite on i686-suse9-linux-gnu
- Reply-to: Manfred Hollstein <manfred dot h at gmx dot net>
Compiler version: 3.5.0 20040505 (experimental)
Platform: i686-suse9-linux-gnu
Sources: HEAD as of 2004/05/05 09:50:27 +0200
LAST_UPDATED: Wed May 5 07:50:27 UTC 2004
Patches: None.
Environment: - autoconf-2.13 (FSF release)
- automake-1.7.6-41
- binutils-2.14 (FSF release)
- dejagnu-1.4.3-217
- expect-5.38-98
- SUSE LINUX 9.0 + recommended updates as of today
- Linux version 2.4.21-215-smp4G (root@i386.suse.de) (gcc version 3.3.1 (SuSE Linux)) #1 SMP Tue Apr 27 00:56:55 UTC 2004
- glibc-2.3.2-88
Remarks: None.
configure flags: --host=i686-suse9-linux-gnu --target=i686-suse9-linux-gnu --build=i686-suse9-linux-gnu --srcdir=../gcc-20040505 --prefix=/opt/gnu --with-gnu-as --with-gnu-ld --enable-__cxa_atexit --disable-checking --enable-clocale=gnu --enable-interpreter --enable-shared --enable-threads=posix --with-system-zlib --with-local-prefix=/opt/gnu --with-cpu=i686 --enable-nls --verbose --enable-languages=c,ada,c++,f77,java,objc
BOOT_CC: gcc version 3.4.0
BOOT_CFLAGS: -O3 -march=i386 -mtune=i686 -fomit-frame-pointer -fno-web
CFLAGS: -O3 -march=i386 -mtune=i686 -fomit-frame-pointer
CXXFLAGS: -O3 -march=i386 -mtune=i686 -fomit-frame-pointer -g
GCJFLAGS: -O3 -march=i386 -mtune=i686 -fomit-frame-pointer -g
Native configuration is i686-suse9-linux-gnu
=== acats tests ===
FAIL: c954026
=== acats Summary ===
# of expected passes 2321
# of unexpected failures 1
=== g++ tests ===
Running target unix
WARNING: g++.old-deja/g++.mike/p10769a.C compilation failed to produce executable
WARNING: g++.old-deja/g++.other/enum5.C compilation failed to produce executable
XPASS: g++.old-deja/g++.other/init5.C execution test
FAIL: g++.old-deja/g++.other/warn7.C (test for warnings, line 38)
WARNING: g++.old-deja/g++.pt/friend44.C compilation failed to produce executable
=== g++ Summary ===
# of expected passes 9752
# of unexpected failures 1
# of unexpected successes 1
# of expected failures 82
# of unsupported tests 38
/home/gnu/work/GNU/gcc-20040505-i686-suse9-linux-gnu/gcc/testsuite/../g++ version 3.5.0 20040505 (experimental)
=== g77 tests ===
Running target unix
=== g77 Summary ===
# of expected passes 1800
/home/gnu/work/GNU/gcc-20040505-i686-suse9-linux-gnu/gcc/testsuite/../g77 version 3.5.0 20040505 (experimental)
=== gcc tests ===
Running target unix
FAIL: gcc.c-torture/execute/va-arg-25.c execution, -Os
FAIL: gcc.dg/c90-const-expr-3.c (test for excess errors)
FAIL: gcc.dg/c99-const-expr-3.c (test for excess errors)
=== gcc Summary ===
# of expected passes 25425
# of unexpected failures 3
# of expected failures 60
# of untested testcases 28
# of unsupported tests 202
/home/gnu/work/GNU/gcc-20040505-i686-suse9-linux-gnu/gcc/xgcc version 3.5.0 20040505 (experimental)
=== objc tests ===
Running target unix
=== objc Summary ===
# of expected passes 1339
# of unsupported tests 8
/home/gnu/work/GNU/gcc-20040505-i686-suse9-linux-gnu/gcc/xgcc version 3.5.0 20040505 (experimental)
=== libffi tests ===
Running target unix
=== libffi Summary ===
# of expected passes 212
# of unsupported tests 2
=== libjava tests ===
Running target unix
=== libjava Summary ===
# of expected passes 3331
# of expected failures 14
# of untested testcases 16
=== libstdc++-v3 check-abi Summary ===
# of added symbols: 294
# of missing symbols: 289
# of incompatible symbols: 320
=== libstdc++ tests ===
Running target unix
XPASS: 26_numerics/c99_classification_macros_c.cc (test for excess errors)
=== libstdc++ Summary ===
# of expected passes 2667
# of unexpected successes 1
# of expected failures 5
Counting all warnings,
there are 24 warnings in stage3 of this bootstrap.
Number of warnings per file:
5 gcc/config/i386/i386.md
3 insn-conditions.c
3 gengtype-lex.c
3 gcc/gcc.c
2 gcc/objc/lang-specs.h
2 gcc/cp/lang-specs.h
1 objc/objc-parse.c
1 gengtype-yacc.c
1 gcc/java/jvspec.c
1 gcc/ada/tracebak.c
1 gcc/ada/lang-specs.h
1 c-parse.c
Number of warning types:
10 string length `???' is greater than the length `???' ISO C89 compilers are required to support
6 old-style function definition
4 source missing a mode?
1 operand 1 missing mode?
1 missing initializer
1 comparison of unsigned expression < 0 is always false
1 (near initialization for `???')