This is the mail archive of the
gcc-testresults@gcc.gnu.org
mailing list for the GCC project.
Results for 3.5.0 20040504 (experimental) testsuite on i686-pc-linux-gnu
- From: hjl at gnu-psc dot sc dot intel dot com (H.J. Lu)
- To: gcc-testresults at gcc dot gnu dot org
- Date: Tue, 4 May 2004 08:12:54 -0700 (PDT)
- Subject: Results for 3.5.0 20040504 (experimental) testsuite on i686-pc-linux-gnu
LAST_UPDATED: Tue May 4 05:14:19 UTC 2004
=== acats tests ===
=== acats Summary ===
# of expected passes 2305
# of unexpected failures 0
Native configuration is i686-pc-linux-gnu
=== g++ tests ===
Running target unix
WARNING: g++.old-deja/g++.mike/p10769a.C compilation failed to produce executable
WARNING: g++.old-deja/g++.other/enum5.C compilation failed to produce executable
FAIL: g++.old-deja/g++.other/warn7.C (test for warnings, line 38)
WARNING: g++.old-deja/g++.pt/friend44.C compilation failed to produce executable
=== g++ Summary ===
# of expected passes 9752
# of unexpected failures 1
# of expected failures 83
# of unsupported tests 37
/export/build/gnu/gcc/build-pentium4-linux/gcc/testsuite/../g++ version 3.5.0 20040504 (experimental)
=== g77 tests ===
Running target unix
=== g77 Summary ===
# of expected passes 1800
/export/build/gnu/gcc/build-pentium4-linux/gcc/testsuite/../g77 version 3.5.0 20040504 (experimental)
=== gcc tests ===
Running target unix
FAIL: gcc.c-torture/execute/va-arg-25.c execution, -Os
FAIL: gcc.dg/c90-const-expr-3.c (test for excess errors)
FAIL: gcc.dg/c99-const-expr-3.c (test for excess errors)
=== gcc Summary ===
# of expected passes 25425
# of unexpected failures 3
# of expected failures 60
# of untested testcases 28
# of unsupported tests 196
/export/build/gnu/gcc/build-pentium4-linux/gcc/xgcc version 3.5.0 20040504 (experimental)
=== objc tests ===
Running target unix
=== objc Summary ===
# of expected passes 1339
# of unsupported tests 8
/export/build/gnu/gcc/build-pentium4-linux/gcc/xgcc version 3.5.0 20040504 (experimental)
=== libffi tests ===
Running target unix
=== libffi Summary ===
# of expected passes 212
# of unsupported tests 2
=== libjava tests ===
Running target unix
=== libjava Summary ===
# of expected passes 3331
# of expected failures 14
# of untested testcases 16
=== libstdc++-v3 check-abi Summary ===
# of added symbols: 297
# of missing symbols: 284
# of incompatible symbols: 315
=== libstdc++ tests ===
Running target unix
XPASS: 26_numerics/c99_classification_macros_c.cc (test for excess errors)
=== libstdc++ Summary ===
# of expected passes 2667
# of unexpected successes 1
# of expected failures 5
Compiler version: 3.5.0 20040504 (experimental)
Platform: i686-pc-linux-gnu
configure flags: --enable-clocale=gnu --with-system-zlib --with-cpu=prescott --enable-shared --enable-threads=posix --enable-haifa --disable-checking --prefix=/usr/gcc-3.5 --with-local-prefix=/usr/local --enable-languages=c,ada,c++,f77,java,objc