This is the mail archive of the
gcc-testresults@gcc.gnu.org
mailing list for the GCC project.
Results for 3.5.0 20040503 (experimental) testsuite on i586-redhat-linux-gnu
- From: Eric Botcazou <eric at localhost dot localdomain>
- To: gcc-testresults at gcc dot gnu dot org
- Date: Tue, 4 May 2004 07:07:10 +0200
- Subject: Results for 3.5.0 20040503 (experimental) testsuite on i586-redhat-linux-gnu
LAST_UPDATED: Mon May 3 14:49:38 UTC 2004
=== acats tests ===
FAIL: c87b32a
=== acats Summary ===
# of expected passes 2321
# of unexpected failures 1
Native configuration is i586-redhat-linux-gnu
=== gcc tests ===
Running target unix
FAIL: gcc.c-torture/execute/va-arg-25.c execution, -Os
XPASS: gcc.dg/cpp/cmdlne-dI-M.c scan-file (^|\\\\n)cmdlne-dI-M.*:[^\\\\n]*cmdlne-dI-M.c
XPASS: gcc.dg/cpp/cmdlne-dM-M.c scan-file (^|\\\\n)cmdlne-dM-M[^\\\\n]*:[^\\\\n]*cmdlne-dM-M.c
FAIL: gcc.dg/c90-const-expr-3.c (test for excess errors)
FAIL: gcc.dg/c99-const-expr-3.c (test for excess errors)
=== gcc Summary ===
# of expected passes 25402
# of unexpected failures 3
# of unexpected successes 2
# of expected failures 58
# of untested testcases 28
# of unsupported tests 205
/home/eric/cvs/gcc/obj.ada/gcc/xgcc version 3.5.0 20040503 (experimental)
=== g++ tests ===
Running target unix
WARNING: g++.old-deja/g++.mike/p10769a.C compilation failed to produce executable
WARNING: g++.old-deja/g++.other/enum5.C compilation failed to produce executable
FAIL: g++.old-deja/g++.other/warn7.C (test for warnings, line 38)
WARNING: g++.old-deja/g++.pt/friend44.C compilation failed to produce executable
=== g++ Summary ===
# of expected passes 9729
# of unexpected failures 1
# of expected failures 83
# of unsupported tests 47
/home/eric/cvs/gcc/obj.ada/gcc/testsuite/../g++ version 3.5.0 20040503 (experimental)
=== libstdc++-v3 check-abi Summary ===
# of added symbols: 297
# of missing symbols: 284
# of incompatible symbols: 315
=== libstdc++ tests ===
Running target unix
FAIL: 22_locale/codecvt/encoding/wchar_t/wrapped_locale.cc execution test
FAIL: 22_locale/codecvt/in/wchar_t/9.cc execution test
FAIL: 22_locale/codecvt/max_length/wchar_t/wrapped_locale.cc execution test
FAIL: 22_locale/ctype/widen/wchar_t/2.cc execution test
FAIL: 22_locale/locale/cons/12438.cc execution test
FAIL: 22_locale/locale/cons/12658_thread.cc execution test
XPASS: 26_numerics/c99_classification_macros_c.cc (test for excess errors)
FAIL: 27_io/basic_filebuf/imbue/wchar_t/12868.cc execution test
FAIL: 27_io/basic_filebuf/overflow/wchar_t/11305-1.cc execution test
FAIL: 27_io/basic_filebuf/overflow/wchar_t/11305-2.cc execution test
FAIL: 27_io/basic_filebuf/overflow/wchar_t/11305-3.cc execution test
FAIL: 27_io/basic_filebuf/overflow/wchar_t/11305-4.cc execution test
FAIL: 27_io/basic_filebuf/seekoff/wchar_t/1.cc execution test
FAIL: 27_io/basic_filebuf/seekoff/wchar_t/2.cc execution test
FAIL: 27_io/basic_filebuf/seekpos/wchar_t/9874.cc execution test
FAIL: 27_io/basic_filebuf/underflow/wchar_t/1.cc execution test
FAIL: 27_io/basic_filebuf/underflow/wchar_t/2.cc execution test
FAIL: 27_io/basic_filebuf/underflow/wchar_t/3.cc execution test
FAIL: 27_io/basic_filebuf/underflow/wchar_t/9520.cc execution test
=== libstdc++ Summary ===
# of expected passes 2649
# of unexpected failures 18
# of unexpected successes 1
# of expected failures 5
Compiler version: 3.5.0 20040503 (experimental)
Platform: i586-redhat-linux-gnu
configure flags: i586-redhat-linux-gnu --prefix=/home/eric/gnat/local --enable-checking=misc,tree,rtlflag --with-ld=/usr/local/bin/ld-new --enable-languages=c,ada,c++
BOOT_CFLAGS=-g -O2